[INFO] fetching crate r2d2_sqlite_neonphog 0.1.0...
[INFO] testing r2d2_sqlite_neonphog-0.1.0 against 1.99.0-beta.8+cargoflags=--release for beta-release-1.100-2
[INFO] extracting crate r2d2_sqlite_neonphog 0.1.0 into /workspace/builds/worker-2-tc1/source
[INFO] started tweaking crates.io crate r2d2_sqlite_neonphog 0.1.0
[INFO] removed 0 missing tests
[INFO] finished tweaking crates.io crate r2d2_sqlite_neonphog 0.1.0
[INFO] tweaked toml for crates.io crate r2d2_sqlite_neonphog 0.1.0 written to /workspace/builds/worker-2-tc1/source/Cargo.toml
[INFO] validating manifest of crates.io crate r2d2_sqlite_neonphog 0.1.0 on toolchain 1.99.0-beta.8
[INFO] running `Command { std: CARGO_HOME="/workspace/cargo-home" RUSTUP_HOME="/workspace/rustup-home" "/workspace/cargo-home/bin/cargo" "+1.99.0-beta.8" "metadata" "--manifest-path" "Cargo.toml" "--no-deps", kill_on_drop: false }`
[INFO] running `Command { std: CARGO_HOME="/workspace/cargo-home" RUSTUP_HOME="/workspace/rustup-home" "/workspace/cargo-home/bin/cargo" "+1.99.0-beta.8" "generate-lockfile" "--manifest-path" "Cargo.toml", kill_on_drop: false }`
[INFO] [stderr]     Updating crates.io index
[INFO] [stderr]      Locking 44 packages to highest compatible versions
[INFO] [stderr]       Adding rusqlite v0.29.0 (available: v0.40.2)
[INFO] running `Command { std: CARGO_HOME="/workspace/cargo-home" RUSTUP_HOME="/workspace/rustup-home" "/workspace/cargo-home/bin/cargo" "+1.99.0-beta.8" "fetch" "--manifest-path" "Cargo.toml", kill_on_drop: false }`
[INFO] [stderr]  Downloading crates ...
[INFO] [stderr]   Downloaded tempdir v0.3.7
[INFO] running `Command { std: "docker" "create" "-v" "/var/lib/crater-agent-workspace/builds/worker-2-tc1/source:/opt/rustwide/workdir:ro,Z" "-v" "/var/lib/crater-agent-workspace/builds/worker-2-tc1/target:/opt/rustwide/target:rw,Z" "-v" "/var/lib/crater-agent-workspace/cargo-home:/opt/rustwide/cargo-home:ro,Z" "-v" "/var/lib/crater-agent-workspace/rustup-home:/opt/rustwide/rustup-home:ro,Z" "-m" "1610612736" "--network" "none" "ghcr.io/rust-lang/crates-build-env/linux@sha256:77db811e55d90add9212f6832c23229e3de5f1c1f9905e8cb07319ea15df73ac" "sleep" "infinity", kill_on_drop: false }`
[INFO] [stdout] fbae5cfc3b926a4ca0e50dd2b9779dbca4baae56fe636640fd786a7290e36b13
[INFO] running `Command { std: "docker" "start" "fbae5cfc3b926a4ca0e50dd2b9779dbca4baae56fe636640fd786a7290e36b13", kill_on_drop: false }`
[INFO] running `Command { std: "docker" "inspect" "fbae5cfc3b926a4ca0e50dd2b9779dbca4baae56fe636640fd786a7290e36b13", kill_on_drop: false }`
[INFO] running `Command { std: "docker" "exec" "-e" "SOURCE_DIR=/opt/rustwide/workdir" "-e" "CARGO_HOME=/opt/rustwide/cargo-home" "-e" "RUSTUP_HOME=/opt/rustwide/rustup-home" "-e" "CARGO_TARGET_DIR=/opt/rustwide/target" "-w" "/opt/rustwide/workdir" "--user" "0:0" "fbae5cfc3b926a4ca0e50dd2b9779dbca4baae56fe636640fd786a7290e36b13" "/opt/rustwide/cargo-home/bin/cargo" "+1.99.0-beta.8" "metadata" "--no-deps" "--format-version=1", kill_on_drop: false }`
[INFO] running `Command { std: "docker" "inspect" "fbae5cfc3b926a4ca0e50dd2b9779dbca4baae56fe636640fd786a7290e36b13", kill_on_drop: false }`
[INFO] running `Command { std: "docker" "exec" "-e" "SOURCE_DIR=/opt/rustwide/workdir" "-e" "CARGO_HOME=/opt/rustwide/cargo-home" "-e" "RUSTUP_HOME=/opt/rustwide/rustup-home" "-e" "CARGO_TARGET_DIR=/opt/rustwide/target" "-e" "CARGO_INCREMENTAL=0" "-e" "RUST_BACKTRACE=full" "-e" "RUSTFLAGS=--cap-lints=warn" "-e" "RUSTDOCFLAGS=--cap-lints=warn" "-w" "/opt/rustwide/workdir" "--user" "0:0" "fbae5cfc3b926a4ca0e50dd2b9779dbca4baae56fe636640fd786a7290e36b13" "/opt/rustwide/cargo-home/bin/cargo" "+1.99.0-beta.8" "build" "--frozen" "--message-format=json" "--release", kill_on_drop: false }`
[INFO] [stderr]    Compiling fallible-iterator v0.2.0
[INFO] [stderr]    Compiling libsqlite3-sys v0.26.0
[INFO] [stderr]    Compiling ahash v0.8.12
[INFO] [stderr]    Compiling parking_lot_core v0.9.12
[INFO] [stderr]    Compiling hashbrown v0.14.5
[INFO] [stderr]    Compiling parking_lot v0.12.5
[INFO] [stderr]    Compiling scheduled-thread-pool v0.2.7
[INFO] [stderr]    Compiling r2d2 v0.8.10
[INFO] [stderr]    Compiling hashlink v0.8.4
[INFO] [stderr]    Compiling rusqlite v0.29.0
[INFO] [stderr]    Compiling r2d2_sqlite_neonphog v0.1.0 (/opt/rustwide/workdir)
[INFO] [stderr]     Finished `release` profile [optimized] target(s) in 3.80s
[INFO] running `Command { std: "docker" "inspect" "fbae5cfc3b926a4ca0e50dd2b9779dbca4baae56fe636640fd786a7290e36b13", kill_on_drop: false }`
[INFO] running `Command { std: "docker" "exec" "-e" "SOURCE_DIR=/opt/rustwide/workdir" "-e" "CARGO_HOME=/opt/rustwide/cargo-home" "-e" "RUSTUP_HOME=/opt/rustwide/rustup-home" "-e" "CARGO_TARGET_DIR=/opt/rustwide/target" "-e" "CARGO_INCREMENTAL=0" "-e" "RUST_BACKTRACE=full" "-e" "RUSTFLAGS=--cap-lints=warn" "-e" "RUSTDOCFLAGS=--cap-lints=warn" "-w" "/opt/rustwide/workdir" "--user" "0:0" "fbae5cfc3b926a4ca0e50dd2b9779dbca4baae56fe636640fd786a7290e36b13" "/opt/rustwide/cargo-home/bin/cargo" "+1.99.0-beta.8" "test" "--frozen" "--no-run" "--message-format=json" "--release", kill_on_drop: false }`
[INFO] [stderr]    Compiling remove_dir_all v0.5.3
[INFO] [stderr]    Compiling tempdir v0.3.7
[INFO] [stderr]    Compiling r2d2_sqlite_neonphog v0.1.0 (/opt/rustwide/workdir)
[INFO] [stdout] warning: calls to `std::mem::drop` with a reference instead of an owned value does nothing
[INFO] [stdout]   --> tests/test.rs:59:9
[INFO] [stdout]    |
[INFO] [stdout] 59 |         drop(conn1);
[INFO] [stdout]    |         ^^^^^-----^
[INFO] [stdout]    |              |
[INFO] [stdout]    |              argument has type `&Connection`
[INFO] [stdout]    |
[INFO] [stdout]    = note: `#[warn(dropping_references)]` on by default
[INFO] [stdout] help: use `let _ = ...` to ignore the expression or result
[INFO] [stdout]    |
[INFO] [stdout] 59 -         drop(conn1);
[INFO] [stdout] 59 +         let _ = conn1;
[INFO] [stdout]    |
[INFO] [stdout] 
[INFO] [stdout] 
[INFO] [stderr]     Finished `release` profile [optimized] target(s) in 1.43s
[INFO] running `Command { std: "docker" "inspect" "fbae5cfc3b926a4ca0e50dd2b9779dbca4baae56fe636640fd786a7290e36b13", kill_on_drop: false }`
[INFO] running `Command { std: "docker" "exec" "-e" "SOURCE_DIR=/opt/rustwide/workdir" "-e" "CARGO_HOME=/opt/rustwide/cargo-home" "-e" "RUSTUP_HOME=/opt/rustwide/rustup-home" "-e" "CARGO_TARGET_DIR=/opt/rustwide/target" "-e" "CARGO_INCREMENTAL=0" "-e" "RUST_BACKTRACE=full" "-e" "RUSTFLAGS=--cap-lints=warn" "-e" "RUSTDOCFLAGS=--cap-lints=warn" "-w" "/opt/rustwide/workdir" "--user" "0:0" "fbae5cfc3b926a4ca0e50dd2b9779dbca4baae56fe636640fd786a7290e36b13" "/opt/rustwide/cargo-home/bin/cargo" "+1.99.0-beta.8" "test" "--frozen" "--release", kill_on_drop: false }`
[INFO] [stderr] warning: calls to `std::mem::drop` with a reference instead of an owned value does nothing
[INFO] [stderr]   --> tests/test.rs:59:9
[INFO] [stderr]    |
[INFO] [stderr] 59 |         drop(conn1);
[INFO] [stderr]    |         ^^^^^-----^
[INFO] [stderr]    |              |
[INFO] [stderr]    |              argument has type `&Connection`
[INFO] [stderr]    |
[INFO] [stderr]    = note: `#[warn(dropping_references)]` on by default
[INFO] [stderr] help: use `let _ = ...` to ignore the expression or result
[INFO] [stderr]    |
[INFO] [stderr] 59 -         drop(conn1);
[INFO] [stderr] 59 +         let _ = conn1;
[INFO] [stderr]    |
[INFO] [stderr] 
[INFO] [stderr] warning: `r2d2_sqlite_neonphog` (test "test") generated 1 warning
[INFO] [stderr]     Finished `release` profile [optimized] target(s) in 0.04s
[INFO] [stderr]      Running tests/test.rs (/opt/rustwide/target/release/deps/test-41ee48f249389820)
[INFO] [stdout] 
[INFO] [stdout] running 6 tests
[INFO] [stdout] test test_error_handling ... ok
[INFO] [stdout] test test_with_init ... FAILED
[INFO] [stdout] test test_file ... FAILED
[INFO] [stdout] test test_with_flags ... FAILED
[INFO] [stdout] test test_basic ... FAILED
[INFO] [stdout] test test_is_valid ... FAILED
[INFO] [stdout] 
[INFO] [stdout] failures:
[INFO] [stdout] 
[INFO] [stdout] ---- test_with_init stdout ----
[INFO] [stdout] 
[INFO] [stdout] thread 'test_with_init' (318) panicked at tests/test.rs:119:65:
[INFO] [stdout] called `Result::unwrap()` on an `Err` value: Error(Some("unable to open database file: file.db"))
[INFO] [stdout] stack backtrace:
[INFO] [stdout]    0:     0x5e7e22544811 - <<std[70759c8f55707aa4]::sys::backtrace::BacktraceLock>::print::DisplayBacktrace as core[df12db4294e9bfd3]::fmt::Display>::fmt
[INFO] [stdout]    1:     0x5e7e2255917a - core[df12db4294e9bfd3]::fmt::write
[INFO] [stdout]    2:     0x5e7e22548fbc - <alloc[2182bb758b4b3781]::vec::Vec<u8> as core[df12db4294e9bfd3]::io::write::Write>::write_fmt
[INFO] [stdout]    3:     0x5e7e2251f9f6 - std[70759c8f55707aa4]::panicking::default_hook::{closure#0}
[INFO] [stdout]    4:     0x5e7e2253c7e9 - std[70759c8f55707aa4]::panicking::default_hook
[INFO] [stdout]    5:     0x5e7e224cc500 - test[9d35eded1c95d3be]::test_main_inner::<test[9d35eded1c95d3be]::test_main_static::{closure#0}>::{closure#0}
[INFO] [stdout]    6:     0x5e7e2253c9a2 - std[70759c8f55707aa4]::panicking::panic_with_hook
[INFO] [stdout]    7:     0x5e7e2251faa2 - std[70759c8f55707aa4]::panicking::panic_handler::{closure#0}
[INFO] [stdout]    8:     0x5e7e225186d9 - std[70759c8f55707aa4]::sys::backtrace::__rust_end_short_backtrace::<std[70759c8f55707aa4]::panicking::panic_handler::{closure#0}, !>
[INFO] [stdout]    9:     0x5e7e2252069d - __rustc[8fa7c3cbc660c2b3]::rust_begin_unwind
[INFO] [stdout]   10:     0x5e7e225598dc - core[df12db4294e9bfd3]::panicking::panic_fmt
[INFO] [stdout]   11:     0x5e7e225596b2 - core[df12db4294e9bfd3]::result::unwrap_failed
[INFO] [stdout]   12:     0x5e7e224b3b42 - <test[eaea22ad2276e9f9]::test_with_init::{closure#0} as core[df12db4294e9bfd3]::ops::function::FnOnce<()>>::call_once
[INFO] [stdout]   13:     0x5e7e224bf7eb - test[9d35eded1c95d3be]::__rust_begin_short_backtrace::<core[df12db4294e9bfd3]::result::Result<(), alloc[2182bb758b4b3781]::string::String>, fn() -> core[df12db4294e9bfd3]::result::Result<(), alloc[2182bb758b4b3781]::string::String>>
[INFO] [stdout]   14:     0x5e7e224cce55 - test[9d35eded1c95d3be]::run_test::{closure#0}
[INFO] [stdout]   15:     0x5e7e224c6714 - std[70759c8f55707aa4]::sys::backtrace::__rust_begin_short_backtrace::<test[9d35eded1c95d3be]::run_test::{closure#1}, ()>
[INFO] [stdout]   16:     0x5e7e224cffb2 - <std[70759c8f55707aa4]::thread::lifecycle::spawn_unchecked<test[9d35eded1c95d3be]::run_test::{closure#1}, ()>::{closure#1} as core[df12db4294e9bfd3]::ops::function::FnOnce<()>>::call_once::{shim:vtable#0}
[INFO] [stdout]   17:     0x5e7e225440e9 - <std[70759c8f55707aa4]::sys::thread::unix::Thread>::new::thread_start
[INFO] [stdout]   18:     0x70793577ddfa - <unknown>
[INFO] [stdout]   19:     0x7079358113d4 - clone
[INFO] [stdout]   20:                0x0 - <unknown>
[INFO] [stdout] 
[INFO] [stdout] ---- test_file stdout ----
[INFO] [stdout] 
[INFO] [stdout] thread 'test_file' (315) panicked at tests/test.rs:48:65:
[INFO] [stdout] called `Result::unwrap()` on an `Err` value: Error(Some("unable to open database file: file.db"))
[INFO] [stdout] stack backtrace:
[INFO] [stdout]    0:     0x5e7e22544811 - <<std[70759c8f55707aa4]::sys::backtrace::BacktraceLock>::print::DisplayBacktrace as core[df12db4294e9bfd3]::fmt::Display>::fmt
[INFO] [stdout]    1:     0x5e7e2255917a - core[df12db4294e9bfd3]::fmt::write
[INFO] [stdout]    2:     0x5e7e22548fbc - <alloc[2182bb758b4b3781]::vec::Vec<u8> as core[df12db4294e9bfd3]::io::write::Write>::write_fmt
[INFO] [stdout]    3:     0x5e7e2251f9f6 - std[70759c8f55707aa4]::panicking::default_hook::{closure#0}
[INFO] [stdout]    4:     0x5e7e2253c7e9 - std[70759c8f55707aa4]::panicking::default_hook
[INFO] [stdout]    5:     0x5e7e224cc500 - test[9d35eded1c95d3be]::test_main_inner::<test[9d35eded1c95d3be]::test_main_static::{closure#0}>::{closure#0}
[INFO] [stdout]    6:     0x5e7e2253c9a2 - std[70759c8f55707aa4]::panicking::panic_with_hook
[INFO] [stdout]    7:     0x5e7e2251faa2 - std[70759c8f55707aa4]::panicking::panic_handler::{closure#0}
[INFO] [stdout]    8:     0x5e7e225186d9 - std[70759c8f55707aa4]::sys::backtrace::__rust_end_short_backtrace::<std[70759c8f55707aa4]::panicking::panic_handler::{closure#0}, !>
[INFO] [stdout]    9:     0x5e7e2252069d - __rustc[8fa7c3cbc660c2b3]::rust_begin_unwind
[INFO] [stdout]   10:     0x5e7e225598dc - core[df12db4294e9bfd3]::panicking::panic_fmt
[INFO] [stdout]   11:     0x5e7e225596b2 - core[df12db4294e9bfd3]::result::unwrap_failed
[INFO] [stdout]   12:     0x5e7e224b4727 - <test[eaea22ad2276e9f9]::test_file::{closure#0} as core[df12db4294e9bfd3]::ops::function::FnOnce<()>>::call_once
[INFO] [stdout]   13:     0x5e7e224bf7eb - test[9d35eded1c95d3be]::__rust_begin_short_backtrace::<core[df12db4294e9bfd3]::result::Result<(), alloc[2182bb758b4b3781]::string::String>, fn() -> core[df12db4294e9bfd3]::result::Result<(), alloc[2182bb758b4b3781]::string::String>>
[INFO] [stdout]   14:     0x5e7e224cce55 - test[9d35eded1c95d3be]::run_test::{closure#0}
[INFO] [stdout]   15:     0x5e7e224c6714 - std[70759c8f55707aa4]::sys::backtrace::__rust_begin_short_backtrace::<test[9d35eded1c95d3be]::run_test::{closure#1}, ()>
[INFO] [stdout]   16:     0x5e7e224cffb2 - <std[70759c8f55707aa4]::thread::lifecycle::spawn_unchecked<test[9d35eded1c95d3be]::run_test::{closure#1}, ()>::{closure#1} as core[df12db4294e9bfd3]::ops::function::FnOnce<()>>::call_once::{shim:vtable#0}
[INFO] [stdout]   17:     0x5e7e225440e9 - <std[70759c8f55707aa4]::sys::thread::unix::Thread>::new::thread_start
[INFO] [stdout]   18:     0x70793577ddfa - <unknown>
[INFO] [stdout]   19:     0x7079358113d4 - clone
[INFO] [stdout]   20:                0x0 - <unknown>
[INFO] [stdout] 
[INFO] [stdout] ---- test_with_flags stdout ----
[INFO] [stdout] 
[INFO] [stdout] thread 'test_with_flags' (317) panicked at tests/test.rs:102:65:
[INFO] [stdout] called `Result::unwrap()` on an `Err` value: Error(Some("unable to open database file: file.db"))
[INFO] [stdout] stack backtrace:
[INFO] [stdout]    0:     0x5e7e22544811 - <<std[70759c8f55707aa4]::sys::backtrace::BacktraceLock>::print::DisplayBacktrace as core[df12db4294e9bfd3]::fmt::Display>::fmt
[INFO] [stdout]    1:     0x5e7e2255917a - core[df12db4294e9bfd3]::fmt::write
[INFO] [stdout]    2:     0x5e7e22548fbc - <alloc[2182bb758b4b3781]::vec::Vec<u8> as core[df12db4294e9bfd3]::io::write::Write>::write_fmt
[INFO] [stdout]    3:     0x5e7e2251f9f6 - std[70759c8f55707aa4]::panicking::default_hook::{closure#0}
[INFO] [stdout]    4:     0x5e7e2253c7e9 - std[70759c8f55707aa4]::panicking::default_hook
[INFO] [stdout]    5:     0x5e7e224cc500 - test[9d35eded1c95d3be]::test_main_inner::<test[9d35eded1c95d3be]::test_main_static::{closure#0}>::{closure#0}
[INFO] [stdout]    6:     0x5e7e2253c9a2 - std[70759c8f55707aa4]::panicking::panic_with_hook
[INFO] [stdout]    7:     0x5e7e2251faa2 - std[70759c8f55707aa4]::panicking::panic_handler::{closure#0}
[INFO] [stdout]    8:     0x5e7e225186d9 - std[70759c8f55707aa4]::sys::backtrace::__rust_end_short_backtrace::<std[70759c8f55707aa4]::panicking::panic_handler::{closure#0}, !>
[INFO] [stdout]    9:     0x5e7e2252069d - __rustc[8fa7c3cbc660c2b3]::rust_begin_unwind
[INFO] [stdout]   10:     0x5e7e225598dc - core[df12db4294e9bfd3]::panicking::panic_fmt
[INFO] [stdout]   11:     0x5e7e225596b2 - core[df12db4294e9bfd3]::result::unwrap_failed
[INFO] [stdout]   12:     0x5e7e224b3ed3 - <test[eaea22ad2276e9f9]::test_with_flags::{closure#0} as core[df12db4294e9bfd3]::ops::function::FnOnce<()>>::call_once
[INFO] [stdout]   13:     0x5e7e224bf7eb - test[9d35eded1c95d3be]::__rust_begin_short_backtrace::<core[df12db4294e9bfd3]::result::Result<(), alloc[2182bb758b4b3781]::string::String>, fn() -> core[df12db4294e9bfd3]::result::Result<(), alloc[2182bb758b4b3781]::string::String>>
[INFO] [stdout]   14:     0x5e7e224cce55 - test[9d35eded1c95d3be]::run_test::{closure#0}
[INFO] [stdout]   15:     0x5e7e224c6714 - std[70759c8f55707aa4]::sys::backtrace::__rust_begin_short_backtrace::<test[9d35eded1c95d3be]::run_test::{closure#1}, ()>
[INFO] [stdout]   16:     0x5e7e224cffb2 - <std[70759c8f55707aa4]::thread::lifecycle::spawn_unchecked<test[9d35eded1c95d3be]::run_test::{closure#1}, ()>::{closure#1} as core[df12db4294e9bfd3]::ops::function::FnOnce<()>>::call_once::{shim:vtable#0}
[INFO] [stdout]   17:     0x5e7e225440e9 - <std[70759c8f55707aa4]::sys::thread::unix::Thread>::new::thread_start
[INFO] [stdout]   18:     0x70793577ddfa - <unknown>
[INFO] [stdout]   19:     0x7079358113d4 - clone
[INFO] [stdout]   20:                0x0 - <unknown>
[INFO] [stdout] 
[INFO] [stdout] ---- test_basic stdout ----
[INFO] [stdout] 
[INFO] [stdout] thread 'test_basic' (313) panicked at tests/test.rs:18:65:
[INFO] [stdout] called `Result::unwrap()` on an `Err` value: Error(Some("unable to open database file: file.db"))
[INFO] [stdout] stack backtrace:
[INFO] [stdout]    0:     0x5e7e22544811 - <<std[70759c8f55707aa4]::sys::backtrace::BacktraceLock>::print::DisplayBacktrace as core[df12db4294e9bfd3]::fmt::Display>::fmt
[INFO] [stdout]    1:     0x5e7e2255917a - core[df12db4294e9bfd3]::fmt::write
[INFO] [stdout]    2:     0x5e7e22548fbc - <alloc[2182bb758b4b3781]::vec::Vec<u8> as core[df12db4294e9bfd3]::io::write::Write>::write_fmt
[INFO] [stdout]    3:     0x5e7e2251f9f6 - std[70759c8f55707aa4]::panicking::default_hook::{closure#0}
[INFO] [stdout]    4:     0x5e7e2253c7e9 - std[70759c8f55707aa4]::panicking::default_hook
[INFO] [stdout]    5:     0x5e7e224cc500 - test[9d35eded1c95d3be]::test_main_inner::<test[9d35eded1c95d3be]::test_main_static::{closure#0}>::{closure#0}
[INFO] [stdout]    6:     0x5e7e2253c9a2 - std[70759c8f55707aa4]::panicking::panic_with_hook
[INFO] [stdout]    7:     0x5e7e2251faa2 - std[70759c8f55707aa4]::panicking::panic_handler::{closure#0}
[INFO] [stdout]    8:     0x5e7e225186d9 - std[70759c8f55707aa4]::sys::backtrace::__rust_end_short_backtrace::<std[70759c8f55707aa4]::panicking::panic_handler::{closure#0}, !>
[INFO] [stdout]    9:     0x5e7e2252069d - __rustc[8fa7c3cbc660c2b3]::rust_begin_unwind
[INFO] [stdout]   10:     0x5e7e225598dc - core[df12db4294e9bfd3]::panicking::panic_fmt
[INFO] [stdout]   11:     0x5e7e225596b2 - core[df12db4294e9bfd3]::result::unwrap_failed
[INFO] [stdout]   12:     0x5e7e224b3247 - <test[eaea22ad2276e9f9]::test_basic::{closure#0} as core[df12db4294e9bfd3]::ops::function::FnOnce<()>>::call_once
[INFO] [stdout]   13:     0x5e7e224bf7eb - test[9d35eded1c95d3be]::__rust_begin_short_backtrace::<core[df12db4294e9bfd3]::result::Result<(), alloc[2182bb758b4b3781]::string::String>, fn() -> core[df12db4294e9bfd3]::result::Result<(), alloc[2182bb758b4b3781]::string::String>>
[INFO] [stdout]   14:     0x5e7e224cce55 - test[9d35eded1c95d3be]::run_test::{closure#0}
[INFO] [stdout]   15:     0x5e7e224c6714 - std[70759c8f55707aa4]::sys::backtrace::__rust_begin_short_backtrace::<test[9d35eded1c95d3be]::run_test::{closure#1}, ()>
[INFO] [stdout]   16:     0x5e7e224cffb2 - <std[70759c8f55707aa4]::thread::lifecycle::spawn_unchecked<test[9d35eded1c95d3be]::run_test::{closure#1}, ()>::{closure#1} as core[df12db4294e9bfd3]::ops::function::FnOnce<()>>::call_once::{shim:vtable#0}
[INFO] [stdout]   17:     0x5e7e225440e9 - <std[70759c8f55707aa4]::sys::thread::unix::Thread>::new::thread_start
[INFO] [stdout]   18:     0x70793577ddfa - <unknown>
[INFO] [stdout]   19:     0x7079358113d4 - clone
[INFO] [stdout]   20:                0x0 - <unknown>
[INFO] [stdout] 
[INFO] [stdout] ---- test_is_valid stdout ----
[INFO] [stdout] 
[INFO] [stdout] thread 'test_is_valid' (316) panicked at tests/test.rs:83:10:
[INFO] [stdout] called `Result::unwrap()` on an `Err` value: Error(Some("unable to open database file: file.db"))
[INFO] [stdout] stack backtrace:
[INFO] [stdout]    0:     0x5e7e22544811 - <<std[70759c8f55707aa4]::sys::backtrace::BacktraceLock>::print::DisplayBacktrace as core[df12db4294e9bfd3]::fmt::Display>::fmt
[INFO] [stdout]    1:     0x5e7e2255917a - core[df12db4294e9bfd3]::fmt::write
[INFO] [stdout]    2:     0x5e7e22548fbc - <alloc[2182bb758b4b3781]::vec::Vec<u8> as core[df12db4294e9bfd3]::io::write::Write>::write_fmt
[INFO] [stdout]    3:     0x5e7e2251f9f6 - std[70759c8f55707aa4]::panicking::default_hook::{closure#0}
[INFO] [stdout]    4:     0x5e7e2253c7e9 - std[70759c8f55707aa4]::panicking::default_hook
[INFO] [stdout]    5:     0x5e7e224cc500 - test[9d35eded1c95d3be]::test_main_inner::<test[9d35eded1c95d3be]::test_main_static::{closure#0}>::{closure#0}
[INFO] [stdout]    6:     0x5e7e2253c9a2 - std[70759c8f55707aa4]::panicking::panic_with_hook
[INFO] [stdout]    7:     0x5e7e2251faa2 - std[70759c8f55707aa4]::panicking::panic_handler::{closure#0}
[INFO] [stdout]    8:     0x5e7e225186d9 - std[70759c8f55707aa4]::sys::backtrace::__rust_end_short_backtrace::<std[70759c8f55707aa4]::panicking::panic_handler::{closure#0}, !>
[INFO] [stdout]    9:     0x5e7e2252069d - __rustc[8fa7c3cbc660c2b3]::rust_begin_unwind
[INFO] [stdout]   10:     0x5e7e225598dc - core[df12db4294e9bfd3]::panicking::panic_fmt
[INFO] [stdout]   11:     0x5e7e225596b2 - core[df12db4294e9bfd3]::result::unwrap_failed
[INFO] [stdout]   12:     0x5e7e224b36c1 - <test[eaea22ad2276e9f9]::test_is_valid::{closure#0} as core[df12db4294e9bfd3]::ops::function::FnOnce<()>>::call_once
[INFO] [stdout]   13:     0x5e7e224bf7eb - test[9d35eded1c95d3be]::__rust_begin_short_backtrace::<core[df12db4294e9bfd3]::result::Result<(), alloc[2182bb758b4b3781]::string::String>, fn() -> core[df12db4294e9bfd3]::result::Result<(), alloc[2182bb758b4b3781]::string::String>>
[INFO] [stdout]   14:     0x5e7e224cce55 - test[9d35eded1c95d3be]::run_test::{closure#0}
[INFO] [stdout]   15:     0x5e7e224c6714 - std[70759c8f55707aa4]::sys::backtrace::__rust_begin_short_backtrace::<test[9d35eded1c95d3be]::run_test::{closure#1}, ()>
[INFO] [stdout]   16:     0x5e7e224cffb2 - <std[70759c8f55707aa4]::thread::lifecycle::spawn_unchecked<test[9d35eded1c95d3be]::run_test::{closure#1}, ()>::{closure#1} as core[df12db4294e9bfd3]::ops::function::FnOnce<()>>::call_once::{shim:vtable#0}
[INFO] [stdout]   17:     0x5e7e225440e9 - <std[70759c8f55707aa4]::sys::thread::unix::Thread>::new::thread_start
[INFO] [stdout]   18:     0x70793577ddfa - <unknown>
[INFO] [stdout]   19:     0x7079358113d4 - clone
[INFO] [stdout]   20:                0x0 - <unknown>
[INFO] [stdout] 
[INFO] [stdout] 
[INFO] [stdout] failures:
[INFO] [stdout]     test_basic
[INFO] [stdout]     test_file
[INFO] [stdout]     test_is_valid
[INFO] [stdout]     test_with_flags
[INFO] [stdout]     test_with_init
[INFO] [stdout] 
[INFO] [stdout] test result: FAILED. 1 passed; 5 failed; 0 ignored; 0 measured; 0 filtered out; finished in 30.01s
[INFO] [stdout] 
[INFO] [stderr] error: test failed, to rerun pass `--test test`
[INFO] running `Command { std: "docker" "inspect" "fbae5cfc3b926a4ca0e50dd2b9779dbca4baae56fe636640fd786a7290e36b13", kill_on_drop: false }`
[INFO] running `Command { std: "docker" "rm" "-f" "fbae5cfc3b926a4ca0e50dd2b9779dbca4baae56fe636640fd786a7290e36b13", kill_on_drop: false }`
[INFO] [stdout] fbae5cfc3b926a4ca0e50dd2b9779dbca4baae56fe636640fd786a7290e36b13
