[INFO] fetching crate r2d2_sqlite 0.35.0...
[INFO] testing r2d2_sqlite-0.35.0 against 1.99.0-beta.8+cargoflags=--release for beta-release-1.100-2
[INFO] extracting crate r2d2_sqlite 0.35.0 into /workspace/builds/worker-6-tc1/source
[INFO] started tweaking crates.io crate r2d2_sqlite 0.35.0
[INFO] removed 0 missing tests
[INFO] finished tweaking crates.io crate r2d2_sqlite 0.35.0
[INFO] tweaked toml for crates.io crate r2d2_sqlite 0.35.0 written to /workspace/builds/worker-6-tc1/source/Cargo.toml
[INFO] validating manifest of crates.io crate r2d2_sqlite 0.35.0 on toolchain 1.99.0-beta.8
[INFO] running `Command { std: CARGO_HOME="/workspace/cargo-home" RUSTUP_HOME="/workspace/rustup-home" "/workspace/cargo-home/bin/cargo" "+1.99.0-beta.8" "metadata" "--manifest-path" "Cargo.toml" "--no-deps", kill_on_drop: false }`
[INFO] crate crates.io crate r2d2_sqlite 0.35.0 already has a lockfile, it will not be regenerated
[INFO] running `Command { std: CARGO_HOME="/workspace/cargo-home" RUSTUP_HOME="/workspace/rustup-home" "/workspace/cargo-home/bin/cargo" "+1.99.0-beta.8" "fetch" "--manifest-path" "Cargo.toml", kill_on_drop: false }`
[INFO] [stderr]  Downloading crates ...
[INFO] [stderr]   Downloaded rusqlite v0.40.1
[INFO] [stderr]   Downloaded libsqlite3-sys v0.38.1
[INFO] running `Command { std: "docker" "create" "-v" "/var/lib/crater-agent-workspace/builds/worker-6-tc1/source:/opt/rustwide/workdir:ro,Z" "-v" "/var/lib/crater-agent-workspace/builds/worker-6-tc1/target:/opt/rustwide/target:rw,Z" "-v" "/var/lib/crater-agent-workspace/cargo-home:/opt/rustwide/cargo-home:ro,Z" "-v" "/var/lib/crater-agent-workspace/rustup-home:/opt/rustwide/rustup-home:ro,Z" "-m" "1610612736" "--network" "none" "ghcr.io/rust-lang/crates-build-env/linux@sha256:77db811e55d90add9212f6832c23229e3de5f1c1f9905e8cb07319ea15df73ac" "sleep" "infinity", kill_on_drop: false }`
[INFO] [stdout] 46b21f4ba3c196ad66debc6c1d33ae76a95350f4fe9d07d21414bb8249e4786e
[INFO] running `Command { std: "docker" "start" "46b21f4ba3c196ad66debc6c1d33ae76a95350f4fe9d07d21414bb8249e4786e", kill_on_drop: false }`
[INFO] running `Command { std: "docker" "inspect" "46b21f4ba3c196ad66debc6c1d33ae76a95350f4fe9d07d21414bb8249e4786e", kill_on_drop: false }`
[INFO] running `Command { std: "docker" "exec" "-e" "SOURCE_DIR=/opt/rustwide/workdir" "-e" "CARGO_HOME=/opt/rustwide/cargo-home" "-e" "RUSTUP_HOME=/opt/rustwide/rustup-home" "-e" "CARGO_TARGET_DIR=/opt/rustwide/target" "-w" "/opt/rustwide/workdir" "--user" "0:0" "46b21f4ba3c196ad66debc6c1d33ae76a95350f4fe9d07d21414bb8249e4786e" "/opt/rustwide/cargo-home/bin/cargo" "+1.99.0-beta.8" "metadata" "--no-deps" "--format-version=1", kill_on_drop: false }`
[INFO] running `Command { std: "docker" "inspect" "46b21f4ba3c196ad66debc6c1d33ae76a95350f4fe9d07d21414bb8249e4786e", kill_on_drop: false }`
[INFO] running `Command { std: "docker" "exec" "-e" "SOURCE_DIR=/opt/rustwide/workdir" "-e" "CARGO_HOME=/opt/rustwide/cargo-home" "-e" "RUSTUP_HOME=/opt/rustwide/rustup-home" "-e" "CARGO_TARGET_DIR=/opt/rustwide/target" "-e" "CARGO_INCREMENTAL=0" "-e" "RUST_BACKTRACE=full" "-e" "RUSTFLAGS=--cap-lints=warn" "-e" "RUSTDOCFLAGS=--cap-lints=warn" "-w" "/opt/rustwide/workdir" "--user" "0:0" "46b21f4ba3c196ad66debc6c1d33ae76a95350f4fe9d07d21414bb8249e4786e" "/opt/rustwide/cargo-home/bin/cargo" "+1.99.0-beta.8" "build" "--frozen" "--message-format=json" "--release", kill_on_drop: false }`
[INFO] [stderr]    Compiling pkg-config v0.3.33
[INFO] [stderr]    Compiling parking_lot_core v0.9.12
[INFO] [stderr]    Compiling getrandom v0.4.3
[INFO] [stderr]    Compiling chacha20 v0.10.1
[INFO] [stderr]    Compiling hashbrown v0.17.1
[INFO] [stderr]    Compiling libsqlite3-sys v0.38.1
[INFO] [stderr]    Compiling parking_lot v0.12.5
[INFO] [stderr]    Compiling rand v0.10.2
[INFO] [stderr]    Compiling scheduled-thread-pool v0.2.7
[INFO] [stderr]    Compiling r2d2 v0.8.10
[INFO] [stderr]    Compiling hashlink v0.12.1
[INFO] [stderr]    Compiling uuid v1.23.4
[INFO] [stderr]    Compiling rusqlite v0.40.1
[INFO] [stderr]    Compiling r2d2_sqlite v0.35.0 (/opt/rustwide/workdir)
[INFO] [stderr]     Finished `release` profile [optimized] target(s) in 5.53s
[INFO] running `Command { std: "docker" "inspect" "46b21f4ba3c196ad66debc6c1d33ae76a95350f4fe9d07d21414bb8249e4786e", kill_on_drop: false }`
[INFO] running `Command { std: "docker" "exec" "-e" "SOURCE_DIR=/opt/rustwide/workdir" "-e" "CARGO_HOME=/opt/rustwide/cargo-home" "-e" "RUSTUP_HOME=/opt/rustwide/rustup-home" "-e" "CARGO_TARGET_DIR=/opt/rustwide/target" "-e" "CARGO_INCREMENTAL=0" "-e" "RUST_BACKTRACE=full" "-e" "RUSTFLAGS=--cap-lints=warn" "-e" "RUSTDOCFLAGS=--cap-lints=warn" "-w" "/opt/rustwide/workdir" "--user" "0:0" "46b21f4ba3c196ad66debc6c1d33ae76a95350f4fe9d07d21414bb8249e4786e" "/opt/rustwide/cargo-home/bin/cargo" "+1.99.0-beta.8" "test" "--frozen" "--no-run" "--message-format=json" "--release", kill_on_drop: false }`
[INFO] [stderr]    Compiling tempfile v3.27.0
[INFO] [stderr]    Compiling r2d2_sqlite v0.35.0 (/opt/rustwide/workdir)
[INFO] [stdout] warning: use of deprecated method `rusqlite::trace::<impl rusqlite::Connection>::trace`: use trace_v2 instead
[INFO] [stdout]    --> tests/test.rs:115:11
[INFO] [stdout]     |
[INFO] [stdout] 115 |         c.trace(Some(trace_sql));
[INFO] [stdout]     |           ^^^^^
[INFO] [stdout]     |
[INFO] [stdout]     = note: `#[warn(deprecated)]` on by default
[INFO] [stdout] 
[INFO] [stdout] 
[INFO] [stderr]     Finished `release` profile [optimized] target(s) in 2.63s
[INFO] running `Command { std: "docker" "inspect" "46b21f4ba3c196ad66debc6c1d33ae76a95350f4fe9d07d21414bb8249e4786e", kill_on_drop: false }`
[INFO] running `Command { std: "docker" "exec" "-e" "SOURCE_DIR=/opt/rustwide/workdir" "-e" "CARGO_HOME=/opt/rustwide/cargo-home" "-e" "RUSTUP_HOME=/opt/rustwide/rustup-home" "-e" "CARGO_TARGET_DIR=/opt/rustwide/target" "-e" "CARGO_INCREMENTAL=0" "-e" "RUST_BACKTRACE=full" "-e" "RUSTFLAGS=--cap-lints=warn" "-e" "RUSTDOCFLAGS=--cap-lints=warn" "-w" "/opt/rustwide/workdir" "--user" "0:0" "46b21f4ba3c196ad66debc6c1d33ae76a95350f4fe9d07d21414bb8249e4786e" "/opt/rustwide/cargo-home/bin/cargo" "+1.99.0-beta.8" "test" "--frozen" "--release", kill_on_drop: false }`
[INFO] [stderr] warning: use of deprecated method `rusqlite::trace::<impl rusqlite::Connection>::trace`: use trace_v2 instead
[INFO] [stderr]    --> tests/test.rs:115:11
[INFO] [stderr]     |
[INFO] [stderr] 115 |         c.trace(Some(trace_sql));
[INFO] [stderr]     |           ^^^^^
[INFO] [stderr]     |
[INFO] [stderr]     = note: `#[warn(deprecated)]` on by default
[INFO] [stderr] 
[INFO] [stderr] warning: `r2d2_sqlite` (test "test") generated 1 warning
[INFO] [stderr]     Finished `release` profile [optimized] target(s) in 0.07s
[INFO] [stderr]      Running tests/test.rs (/opt/rustwide/target/release/deps/test-e965e3e6d720535a)
[INFO] [stdout] 
[INFO] [stdout] running 9 tests
[INFO] [stdout] test test_in_memory_db_persists ... ok
[INFO] [stdout] test test_different_in_memory_dbs_are_not_shared ... ok
[INFO] [stdout] test test_error_handling ... ok
[INFO] [stdout] test test_in_memory_db_is_shared ... ok
[INFO] [stdout] test test_with_init ... FAILED
[INFO] [stdout] test test_basic ... FAILED
[INFO] [stdout] test test_with_flags ... FAILED
[INFO] [stdout] test test_file ... FAILED
[INFO] [stdout] test test_is_valid ... FAILED
[INFO] [stdout] 
[INFO] [stdout] failures:
[INFO] [stdout] 
[INFO] [stdout] ---- test_with_init stdout ----
[INFO] [stdout] 
[INFO] [stdout] thread 'test_with_init' (357) panicked at tests/test.rs:118:65:
[INFO] [stdout] called `Result::unwrap()` on an `Err` value: Error(Some("unable to open database file: file.db"))
[INFO] [stdout] stack backtrace:
[INFO] [stdout]    0:     0x60bf1ff09b21 - <<std[70759c8f55707aa4]::sys::backtrace::BacktraceLock>::print::DisplayBacktrace as core[df12db4294e9bfd3]::fmt::Display>::fmt
[INFO] [stdout]    1:     0x60bf1ff1e48a - core[df12db4294e9bfd3]::fmt::write
[INFO] [stdout]    2:     0x60bf1ff0e2cc - <alloc[2182bb758b4b3781]::vec::Vec<u8> as core[df12db4294e9bfd3]::io::write::Write>::write_fmt
[INFO] [stdout]    3:     0x60bf1fee4c36 - std[70759c8f55707aa4]::panicking::default_hook::{closure#0}
[INFO] [stdout]    4:     0x60bf1ff01ab9 - std[70759c8f55707aa4]::panicking::default_hook
[INFO] [stdout]    5:     0x60bf1fe90c20 - test[9d35eded1c95d3be]::test_main_inner::<test[9d35eded1c95d3be]::test_main_static::{closure#0}>::{closure#0}
[INFO] [stdout]    6:     0x60bf1ff01c72 - std[70759c8f55707aa4]::panicking::panic_with_hook
[INFO] [stdout]    7:     0x60bf1fee4ce2 - std[70759c8f55707aa4]::panicking::panic_handler::{closure#0}
[INFO] [stdout]    8:     0x60bf1fedd919 - std[70759c8f55707aa4]::sys::backtrace::__rust_end_short_backtrace::<std[70759c8f55707aa4]::panicking::panic_handler::{closure#0}, !>
[INFO] [stdout]    9:     0x60bf1fee58dd - __rustc[8fa7c3cbc660c2b3]::rust_begin_unwind
[INFO] [stdout]   10:     0x60bf1ff1ebec - core[df12db4294e9bfd3]::panicking::panic_fmt
[INFO] [stdout]   11:     0x60bf1ff1e9c2 - core[df12db4294e9bfd3]::result::unwrap_failed
[INFO] [stdout]   12:     0x60bf1fe6feb1 - <test[94c46c0cfcdb7b6b]::test_with_init::{closure#0} as core[df12db4294e9bfd3]::ops::function::FnOnce<()>>::call_once
[INFO] [stdout]   13:     0x60bf1fe83f0b - test[9d35eded1c95d3be]::__rust_begin_short_backtrace::<core[df12db4294e9bfd3]::result::Result<(), alloc[2182bb758b4b3781]::string::String>, fn() -> core[df12db4294e9bfd3]::result::Result<(), alloc[2182bb758b4b3781]::string::String>>
[INFO] [stdout]   14:     0x60bf1fe91575 - test[9d35eded1c95d3be]::run_test::{closure#0}
[INFO] [stdout]   15:     0x60bf1fe8ae34 - std[70759c8f55707aa4]::sys::backtrace::__rust_begin_short_backtrace::<test[9d35eded1c95d3be]::run_test::{closure#1}, ()>
[INFO] [stdout]   16:     0x60bf1fe946d2 - <std[70759c8f55707aa4]::thread::lifecycle::spawn_unchecked<test[9d35eded1c95d3be]::run_test::{closure#1}, ()>::{closure#1} as core[df12db4294e9bfd3]::ops::function::FnOnce<()>>::call_once::{shim:vtable#0}
[INFO] [stdout]   17:     0x60bf1ff093f9 - <std[70759c8f55707aa4]::sys::thread::unix::Thread>::new::thread_start
[INFO] [stdout]   18:     0x7f6bc4e27dfa - <unknown>
[INFO] [stdout]   19:     0x7f6bc4ebb3d4 - clone
[INFO] [stdout]   20:                0x0 - <unknown>
[INFO] [stdout] 
[INFO] [stdout] ---- test_basic stdout ----
[INFO] [stdout] 
[INFO] [stdout] thread 'test_basic' (349) panicked at tests/test.rs:18:65:
[INFO] [stdout] called `Result::unwrap()` on an `Err` value: Error(Some("unable to open database file: file.db"))
[INFO] [stdout] stack backtrace:
[INFO] [stdout]    0:     0x60bf1ff09b21 - <<std[70759c8f55707aa4]::sys::backtrace::BacktraceLock>::print::DisplayBacktrace as core[df12db4294e9bfd3]::fmt::Display>::fmt
[INFO] [stdout]    1:     0x60bf1ff1e48a - core[df12db4294e9bfd3]::fmt::write
[INFO] [stdout]    2:     0x60bf1ff0e2cc - <alloc[2182bb758b4b3781]::vec::Vec<u8> as core[df12db4294e9bfd3]::io::write::Write>::write_fmt
[INFO] [stdout]    3:     0x60bf1fee4c36 - std[70759c8f55707aa4]::panicking::default_hook::{closure#0}
[INFO] [stdout]    4:     0x60bf1ff01ab9 - std[70759c8f55707aa4]::panicking::default_hook
[INFO] [stdout]    5:     0x60bf1fe90c20 - test[9d35eded1c95d3be]::test_main_inner::<test[9d35eded1c95d3be]::test_main_static::{closure#0}>::{closure#0}
[INFO] [stdout]    6:     0x60bf1ff01c72 - std[70759c8f55707aa4]::panicking::panic_with_hook
[INFO] [stdout]    7:     0x60bf1fee4ce2 - std[70759c8f55707aa4]::panicking::panic_handler::{closure#0}
[INFO] [stdout]    8:     0x60bf1fedd919 - std[70759c8f55707aa4]::sys::backtrace::__rust_end_short_backtrace::<std[70759c8f55707aa4]::panicking::panic_handler::{closure#0}, !>
[INFO] [stdout]    9:     0x60bf1fee58dd - __rustc[8fa7c3cbc660c2b3]::rust_begin_unwind
[INFO] [stdout]   10:     0x60bf1ff1ebec - core[df12db4294e9bfd3]::panicking::panic_fmt
[INFO] [stdout]   11:     0x60bf1ff1e9c2 - core[df12db4294e9bfd3]::result::unwrap_failed
[INFO] [stdout]   12:     0x60bf1fe6f506 - <test[94c46c0cfcdb7b6b]::test_basic::{closure#0} as core[df12db4294e9bfd3]::ops::function::FnOnce<()>>::call_once
[INFO] [stdout]   13:     0x60bf1fe83f0b - test[9d35eded1c95d3be]::__rust_begin_short_backtrace::<core[df12db4294e9bfd3]::result::Result<(), alloc[2182bb758b4b3781]::string::String>, fn() -> core[df12db4294e9bfd3]::result::Result<(), alloc[2182bb758b4b3781]::string::String>>
[INFO] [stdout]   14:     0x60bf1fe91575 - test[9d35eded1c95d3be]::run_test::{closure#0}
[INFO] [stdout]   15:     0x60bf1fe8ae34 - std[70759c8f55707aa4]::sys::backtrace::__rust_begin_short_backtrace::<test[9d35eded1c95d3be]::run_test::{closure#1}, ()>
[INFO] [stdout]   16:     0x60bf1fe946d2 - <std[70759c8f55707aa4]::thread::lifecycle::spawn_unchecked<test[9d35eded1c95d3be]::run_test::{closure#1}, ()>::{closure#1} as core[df12db4294e9bfd3]::ops::function::FnOnce<()>>::call_once::{shim:vtable#0}
[INFO] [stdout]   17:     0x60bf1ff093f9 - <std[70759c8f55707aa4]::sys::thread::unix::Thread>::new::thread_start
[INFO] [stdout]   18:     0x7f6bc4e27dfa - <unknown>
[INFO] [stdout]   19:     0x7f6bc4ebb3d4 - clone
[INFO] [stdout]   20:                0x0 - <unknown>
[INFO] [stdout] 
[INFO] [stdout] ---- test_with_flags stdout ----
[INFO] [stdout] 
[INFO] [stdout] thread 'test_with_flags' (356) panicked at tests/test.rs:101:65:
[INFO] [stdout] called `Result::unwrap()` on an `Err` value: Error(Some("unable to open database file: file.db"))
[INFO] [stdout] stack backtrace:
[INFO] [stdout]    0:     0x60bf1ff09b21 - <<std[70759c8f55707aa4]::sys::backtrace::BacktraceLock>::print::DisplayBacktrace as core[df12db4294e9bfd3]::fmt::Display>::fmt
[INFO] [stdout]    1:     0x60bf1ff1e48a - core[df12db4294e9bfd3]::fmt::write
[INFO] [stdout]    2:     0x60bf1ff0e2cc - <alloc[2182bb758b4b3781]::vec::Vec<u8> as core[df12db4294e9bfd3]::io::write::Write>::write_fmt
[INFO] [stdout]    3:     0x60bf1fee4c36 - std[70759c8f55707aa4]::panicking::default_hook::{closure#0}
[INFO] [stdout]    4:     0x60bf1ff01ab9 - std[70759c8f55707aa4]::panicking::default_hook
[INFO] [stdout]    5:     0x60bf1fe90c20 - test[9d35eded1c95d3be]::test_main_inner::<test[9d35eded1c95d3be]::test_main_static::{closure#0}>::{closure#0}
[INFO] [stdout]    6:     0x60bf1ff01c72 - std[70759c8f55707aa4]::panicking::panic_with_hook
[INFO] [stdout]    7:     0x60bf1fee4ce2 - std[70759c8f55707aa4]::panicking::panic_handler::{closure#0}
[INFO] [stdout]    8:     0x60bf1fedd919 - std[70759c8f55707aa4]::sys::backtrace::__rust_end_short_backtrace::<std[70759c8f55707aa4]::panicking::panic_handler::{closure#0}, !>
[INFO] [stdout]    9:     0x60bf1fee58dd - __rustc[8fa7c3cbc660c2b3]::rust_begin_unwind
[INFO] [stdout]   10:     0x60bf1ff1ebec - core[df12db4294e9bfd3]::panicking::panic_fmt
[INFO] [stdout]   11:     0x60bf1ff1e9c2 - core[df12db4294e9bfd3]::result::unwrap_failed
[INFO] [stdout]   12:     0x60bf1fe702ef - <test[94c46c0cfcdb7b6b]::test_with_flags::{closure#0} as core[df12db4294e9bfd3]::ops::function::FnOnce<()>>::call_once
[INFO] [stdout]   13:     0x60bf1fe83f0b - test[9d35eded1c95d3be]::__rust_begin_short_backtrace::<core[df12db4294e9bfd3]::result::Result<(), alloc[2182bb758b4b3781]::string::String>, fn() -> core[df12db4294e9bfd3]::result::Result<(), alloc[2182bb758b4b3781]::string::String>>
[INFO] [stdout]   14:     0x60bf1fe91575 - test[9d35eded1c95d3be]::run_test::{closure#0}
[INFO] [stdout]   15:     0x60bf1fe8ae34 - std[70759c8f55707aa4]::sys::backtrace::__rust_begin_short_backtrace::<test[9d35eded1c95d3be]::run_test::{closure#1}, ()>
[INFO] [stdout]   16:     0x60bf1fe946d2 - <std[70759c8f55707aa4]::thread::lifecycle::spawn_unchecked<test[9d35eded1c95d3be]::run_test::{closure#1}, ()>::{closure#1} as core[df12db4294e9bfd3]::ops::function::FnOnce<()>>::call_once::{shim:vtable#0}
[INFO] [stdout]   17:     0x60bf1ff093f9 - <std[70759c8f55707aa4]::sys::thread::unix::Thread>::new::thread_start
[INFO] [stdout]   18:     0x7f6bc4e27dfa - <unknown>
[INFO] [stdout]   19:     0x7f6bc4ebb3d4 - clone
[INFO] [stdout]   20:                0x0 - <unknown>
[INFO] [stdout] 
[INFO] [stdout] ---- test_file stdout ----
[INFO] [stdout] 
[INFO] [stdout] thread 'test_file' (352) panicked at tests/test.rs:48:65:
[INFO] [stdout] called `Result::unwrap()` on an `Err` value: Error(Some("unable to open database file: file.db"))
[INFO] [stdout] stack backtrace:
[INFO] [stdout]    0:     0x60bf1ff09b21 - <<std[70759c8f55707aa4]::sys::backtrace::BacktraceLock>::print::DisplayBacktrace as core[df12db4294e9bfd3]::fmt::Display>::fmt
[INFO] [stdout]    1:     0x60bf1ff1e48a - core[df12db4294e9bfd3]::fmt::write
[INFO] [stdout]    2:     0x60bf1ff0e2cc - <alloc[2182bb758b4b3781]::vec::Vec<u8> as core[df12db4294e9bfd3]::io::write::Write>::write_fmt
[INFO] [stdout]    3:     0x60bf1fee4c36 - std[70759c8f55707aa4]::panicking::default_hook::{closure#0}
[INFO] [stdout]    4:     0x60bf1ff01ab9 - std[70759c8f55707aa4]::panicking::default_hook
[INFO] [stdout]    5:     0x60bf1fe90c20 - test[9d35eded1c95d3be]::test_main_inner::<test[9d35eded1c95d3be]::test_main_static::{closure#0}>::{closure#0}
[INFO] [stdout]    6:     0x60bf1ff01c72 - std[70759c8f55707aa4]::panicking::panic_with_hook
[INFO] [stdout]    7:     0x60bf1fee4ce2 - std[70759c8f55707aa4]::panicking::panic_handler::{closure#0}
[INFO] [stdout]    8:     0x60bf1fedd919 - std[70759c8f55707aa4]::sys::backtrace::__rust_end_short_backtrace::<std[70759c8f55707aa4]::panicking::panic_handler::{closure#0}, !>
[INFO] [stdout]    9:     0x60bf1fee58dd - __rustc[8fa7c3cbc660c2b3]::rust_begin_unwind
[INFO] [stdout]   10:     0x60bf1ff1ebec - core[df12db4294e9bfd3]::panicking::panic_fmt
[INFO] [stdout]   11:     0x60bf1ff1e9c2 - core[df12db4294e9bfd3]::result::unwrap_failed
[INFO] [stdout]   12:     0x60bf1fe72006 - <test[94c46c0cfcdb7b6b]::test_file::{closure#0} as core[df12db4294e9bfd3]::ops::function::FnOnce<()>>::call_once
[INFO] [stdout]   13:     0x60bf1fe83f0b - test[9d35eded1c95d3be]::__rust_begin_short_backtrace::<core[df12db4294e9bfd3]::result::Result<(), alloc[2182bb758b4b3781]::string::String>, fn() -> core[df12db4294e9bfd3]::result::Result<(), alloc[2182bb758b4b3781]::string::String>>
[INFO] [stdout]   14:     0x60bf1fe91575 - test[9d35eded1c95d3be]::run_test::{closure#0}
[INFO] [stdout]   15:     0x60bf1fe8ae34 - std[70759c8f55707aa4]::sys::backtrace::__rust_begin_short_backtrace::<test[9d35eded1c95d3be]::run_test::{closure#1}, ()>
[INFO] [stdout]   16:     0x60bf1fe946d2 - <std[70759c8f55707aa4]::thread::lifecycle::spawn_unchecked<test[9d35eded1c95d3be]::run_test::{closure#1}, ()>::{closure#1} as core[df12db4294e9bfd3]::ops::function::FnOnce<()>>::call_once::{shim:vtable#0}
[INFO] [stdout]   17:     0x60bf1ff093f9 - <std[70759c8f55707aa4]::sys::thread::unix::Thread>::new::thread_start
[INFO] [stdout]   18:     0x7f6bc4e27dfa - <unknown>
[INFO] [stdout]   19:     0x7f6bc4ebb3d4 - clone
[INFO] [stdout]   20:                0x0 - <unknown>
[INFO] [stdout] 
[INFO] [stdout] ---- test_is_valid stdout ----
[INFO] [stdout] 
[INFO] [stdout] thread 'test_is_valid' (355) panicked at tests/test.rs:82:10:
[INFO] [stdout] called `Result::unwrap()` on an `Err` value: Error(Some("unable to open database file: file.db"))
[INFO] [stdout] stack backtrace:
[INFO] [stdout]    0:     0x60bf1ff09b21 - <<std[70759c8f55707aa4]::sys::backtrace::BacktraceLock>::print::DisplayBacktrace as core[df12db4294e9bfd3]::fmt::Display>::fmt
[INFO] [stdout]    1:     0x60bf1ff1e48a - core[df12db4294e9bfd3]::fmt::write
[INFO] [stdout]    2:     0x60bf1ff0e2cc - <alloc[2182bb758b4b3781]::vec::Vec<u8> as core[df12db4294e9bfd3]::io::write::Write>::write_fmt
[INFO] [stdout]    3:     0x60bf1fee4c36 - std[70759c8f55707aa4]::panicking::default_hook::{closure#0}
[INFO] [stdout]    4:     0x60bf1ff01ab9 - std[70759c8f55707aa4]::panicking::default_hook
[INFO] [stdout]    5:     0x60bf1fe90c20 - test[9d35eded1c95d3be]::test_main_inner::<test[9d35eded1c95d3be]::test_main_static::{closure#0}>::{closure#0}
[INFO] [stdout]    6:     0x60bf1ff01c72 - std[70759c8f55707aa4]::panicking::panic_with_hook
[INFO] [stdout]    7:     0x60bf1fee4ce2 - std[70759c8f55707aa4]::panicking::panic_handler::{closure#0}
[INFO] [stdout]    8:     0x60bf1fedd919 - std[70759c8f55707aa4]::sys::backtrace::__rust_end_short_backtrace::<std[70759c8f55707aa4]::panicking::panic_handler::{closure#0}, !>
[INFO] [stdout]    9:     0x60bf1fee58dd - __rustc[8fa7c3cbc660c2b3]::rust_begin_unwind
[INFO] [stdout]   10:     0x60bf1ff1ebec - core[df12db4294e9bfd3]::panicking::panic_fmt
[INFO] [stdout]   11:     0x60bf1ff1e9c2 - core[df12db4294e9bfd3]::result::unwrap_failed
[INFO] [stdout]   12:     0x60bf1fe6f9b4 - <test[94c46c0cfcdb7b6b]::test_is_valid::{closure#0} as core[df12db4294e9bfd3]::ops::function::FnOnce<()>>::call_once
[INFO] [stdout]   13:     0x60bf1fe83f0b - test[9d35eded1c95d3be]::__rust_begin_short_backtrace::<core[df12db4294e9bfd3]::result::Result<(), alloc[2182bb758b4b3781]::string::String>, fn() -> core[df12db4294e9bfd3]::result::Result<(), alloc[2182bb758b4b3781]::string::String>>
[INFO] [stdout]   14:     0x60bf1fe91575 - test[9d35eded1c95d3be]::run_test::{closure#0}
[INFO] [stdout]   15:     0x60bf1fe8ae34 - std[70759c8f55707aa4]::sys::backtrace::__rust_begin_short_backtrace::<test[9d35eded1c95d3be]::run_test::{closure#1}, ()>
[INFO] [stdout]   16:     0x60bf1fe946d2 - <std[70759c8f55707aa4]::thread::lifecycle::spawn_unchecked<test[9d35eded1c95d3be]::run_test::{closure#1}, ()>::{closure#1} as core[df12db4294e9bfd3]::ops::function::FnOnce<()>>::call_once::{shim:vtable#0}
[INFO] [stdout]   17:     0x60bf1ff093f9 - <std[70759c8f55707aa4]::sys::thread::unix::Thread>::new::thread_start
[INFO] [stdout]   18:     0x7f6bc4e27dfa - <unknown>
[INFO] [stdout]   19:     0x7f6bc4ebb3d4 - clone
[INFO] [stdout]   20:                0x0 - <unknown>
[INFO] [stdout] 
[INFO] [stdout] 
[INFO] [stdout] failures:
[INFO] [stdout]     test_basic
[INFO] [stdout]     test_file
[INFO] [stdout]     test_is_valid
[INFO] [stdout]     test_with_flags
[INFO] [stdout]     test_with_init
[INFO] [stdout] 
[INFO] [stdout] test result: FAILED. 4 passed; 5 failed; 0 ignored; 0 measured; 0 filtered out; finished in 30.02s
[INFO] [stdout] 
[INFO] [stderr] error: test failed, to rerun pass `--test test`
[INFO] running `Command { std: "docker" "inspect" "46b21f4ba3c196ad66debc6c1d33ae76a95350f4fe9d07d21414bb8249e4786e", kill_on_drop: false }`
[INFO] running `Command { std: "docker" "rm" "-f" "46b21f4ba3c196ad66debc6c1d33ae76a95350f4fe9d07d21414bb8249e4786e", kill_on_drop: false }`
[INFO] [stdout] 46b21f4ba3c196ad66debc6c1d33ae76a95350f4fe9d07d21414bb8249e4786e
