[INFO] fetching crate r2d2-cryptoki 0.5.0...
[INFO] testing r2d2-cryptoki-0.5.0 against 1.99.0-beta.8+cargoflags=--release for beta-release-1.100-2
[INFO] extracting crate r2d2-cryptoki 0.5.0 into /workspace/builds/worker-2-tc1/source
[INFO] started tweaking crates.io crate r2d2-cryptoki 0.5.0
[INFO] finished tweaking crates.io crate r2d2-cryptoki 0.5.0
[INFO] tweaked toml for crates.io crate r2d2-cryptoki 0.5.0 written to /workspace/builds/worker-2-tc1/source/Cargo.toml
[INFO] validating manifest of crates.io crate r2d2-cryptoki 0.5.0 on toolchain 1.99.0-beta.8
[INFO] running `Command { std: CARGO_HOME="/workspace/cargo-home" RUSTUP_HOME="/workspace/rustup-home" "/workspace/cargo-home/bin/cargo" "+1.99.0-beta.8" "metadata" "--manifest-path" "Cargo.toml" "--no-deps", kill_on_drop: false }`
[INFO] crate crates.io crate r2d2-cryptoki 0.5.0 already has a lockfile, it will not be regenerated
[INFO] running `Command { std: CARGO_HOME="/workspace/cargo-home" RUSTUP_HOME="/workspace/rustup-home" "/workspace/cargo-home/bin/cargo" "+1.99.0-beta.8" "fetch" "--manifest-path" "Cargo.toml", kill_on_drop: false }`
[INFO] [stderr]     Blocking waiting for file lock on package cache
[INFO] [stderr]     Updating crates.io index
[INFO] [stderr]     Blocking waiting for file lock on package cache
[INFO] [stderr]  Downloading crates ...
[INFO] [stderr]   Downloaded cryptoki v0.12.0
[INFO] running `Command { std: "docker" "create" "-v" "/var/lib/crater-agent-workspace/builds/worker-2-tc1/source:/opt/rustwide/workdir:ro,Z" "-v" "/var/lib/crater-agent-workspace/builds/worker-2-tc1/target:/opt/rustwide/target:rw,Z" "-v" "/var/lib/crater-agent-workspace/cargo-home:/opt/rustwide/cargo-home:ro,Z" "-v" "/var/lib/crater-agent-workspace/rustup-home:/opt/rustwide/rustup-home:ro,Z" "-m" "1610612736" "--network" "none" "ghcr.io/rust-lang/crates-build-env/linux@sha256:77db811e55d90add9212f6832c23229e3de5f1c1f9905e8cb07319ea15df73ac" "sleep" "infinity", kill_on_drop: false }`
[INFO] [stdout] 83703c47877069f7aac4e34f1aa5ad8399a683d6c7116a439b5f045c9012eddf
[INFO] running `Command { std: "docker" "start" "83703c47877069f7aac4e34f1aa5ad8399a683d6c7116a439b5f045c9012eddf", kill_on_drop: false }`
[INFO] running `Command { std: "docker" "inspect" "83703c47877069f7aac4e34f1aa5ad8399a683d6c7116a439b5f045c9012eddf", kill_on_drop: false }`
[INFO] running `Command { std: "docker" "exec" "-e" "SOURCE_DIR=/opt/rustwide/workdir" "-e" "CARGO_HOME=/opt/rustwide/cargo-home" "-e" "RUSTUP_HOME=/opt/rustwide/rustup-home" "-e" "CARGO_TARGET_DIR=/opt/rustwide/target" "-w" "/opt/rustwide/workdir" "--user" "0:0" "83703c47877069f7aac4e34f1aa5ad8399a683d6c7116a439b5f045c9012eddf" "/opt/rustwide/cargo-home/bin/cargo" "+1.99.0-beta.8" "metadata" "--no-deps" "--format-version=1", kill_on_drop: false }`
[INFO] running `Command { std: "docker" "inspect" "83703c47877069f7aac4e34f1aa5ad8399a683d6c7116a439b5f045c9012eddf", kill_on_drop: false }`
[INFO] running `Command { std: "docker" "exec" "-e" "SOURCE_DIR=/opt/rustwide/workdir" "-e" "CARGO_HOME=/opt/rustwide/cargo-home" "-e" "RUSTUP_HOME=/opt/rustwide/rustup-home" "-e" "CARGO_TARGET_DIR=/opt/rustwide/target" "-e" "CARGO_INCREMENTAL=0" "-e" "RUST_BACKTRACE=full" "-e" "RUSTFLAGS=--cap-lints=warn" "-e" "RUSTDOCFLAGS=--cap-lints=warn" "-w" "/opt/rustwide/workdir" "--user" "0:0" "83703c47877069f7aac4e34f1aa5ad8399a683d6c7116a439b5f045c9012eddf" "/opt/rustwide/cargo-home/bin/cargo" "+1.99.0-beta.8" "build" "--frozen" "--message-format=json" "--release", kill_on_drop: false }`
[INFO] [stderr]    Compiling cryptoki-sys v0.5.0
[INFO] [stderr]    Compiling zeroize v1.9.0
[INFO] [stderr]    Compiling scheduled-thread-pool v0.2.7
[INFO] [stderr]    Compiling secrecy v0.10.3
[INFO] [stderr]    Compiling r2d2 v0.8.10
[INFO] [stderr]    Compiling cryptoki v0.12.0
[INFO] [stderr]    Compiling r2d2-cryptoki v0.5.0 (/opt/rustwide/workdir)
[INFO] [stderr]     Finished `release` profile [optimized] target(s) in 5.09s
[INFO] running `Command { std: "docker" "inspect" "83703c47877069f7aac4e34f1aa5ad8399a683d6c7116a439b5f045c9012eddf", kill_on_drop: false }`
[INFO] running `Command { std: "docker" "exec" "-e" "SOURCE_DIR=/opt/rustwide/workdir" "-e" "CARGO_HOME=/opt/rustwide/cargo-home" "-e" "RUSTUP_HOME=/opt/rustwide/rustup-home" "-e" "CARGO_TARGET_DIR=/opt/rustwide/target" "-e" "CARGO_INCREMENTAL=0" "-e" "RUST_BACKTRACE=full" "-e" "RUSTFLAGS=--cap-lints=warn" "-e" "RUSTDOCFLAGS=--cap-lints=warn" "-w" "/opt/rustwide/workdir" "--user" "0:0" "83703c47877069f7aac4e34f1aa5ad8399a683d6c7116a439b5f045c9012eddf" "/opt/rustwide/cargo-home/bin/cargo" "+1.99.0-beta.8" "test" "--frozen" "--no-run" "--message-format=json" "--release", kill_on_drop: false }`
[INFO] [stderr]    Compiling find-msvc-tools v0.1.10
[INFO] [stderr]    Compiling darling_core v0.20.11
[INFO] [stderr]    Compiling syn v3.0.3
[INFO] [stderr]    Compiling regex-automata v0.4.18
[INFO] [stderr]    Compiling tracing-log v0.2.0
[INFO] [stderr]    Compiling rand_chacha v0.3.1
[INFO] [stderr]    Compiling ahash v0.8.12
[INFO] [stderr]    Compiling instant v0.1.13
[INFO] [stderr]    Compiling cached_proc_macro_types v0.1.1
[INFO] [stderr]    Compiling cryptoki v0.12.0
[INFO] [stderr]    Compiling r2d2 v0.8.10
[INFO] [stderr]    Compiling cc v1.4.2
[INFO] [stderr]    Compiling rand v0.8.7
[INFO] [stderr]    Compiling backoff v0.4.0
[INFO] [stderr]    Compiling generator v0.8.9
[INFO] [stderr]    Compiling r2d2-cryptoki v0.5.0 (/opt/rustwide/workdir)
[INFO] [stderr]    Compiling thiserror-impl v2.0.20
[INFO] [stderr]    Compiling darling_macro v0.20.11
[INFO] [stderr]    Compiling matchers v0.2.0
[INFO] [stderr]    Compiling tracing-subscriber v0.3.23
[INFO] [stderr]    Compiling darling v0.20.11
[INFO] [stderr]    Compiling cached_proc_macro v0.25.0
[INFO] [stderr]    Compiling thiserror v2.0.20
[INFO] [stderr]    Compiling cached v0.56.0
[INFO] [stderr]    Compiling loom v0.7.2
[INFO] [stderr]     Finished `release` profile [optimized] target(s) in 24.25s
[INFO] running `Command { std: "docker" "inspect" "83703c47877069f7aac4e34f1aa5ad8399a683d6c7116a439b5f045c9012eddf", kill_on_drop: false }`
[INFO] running `Command { std: "docker" "exec" "-e" "SOURCE_DIR=/opt/rustwide/workdir" "-e" "CARGO_HOME=/opt/rustwide/cargo-home" "-e" "RUSTUP_HOME=/opt/rustwide/rustup-home" "-e" "CARGO_TARGET_DIR=/opt/rustwide/target" "-e" "CARGO_INCREMENTAL=0" "-e" "RUST_BACKTRACE=full" "-e" "RUSTFLAGS=--cap-lints=warn" "-e" "RUSTDOCFLAGS=--cap-lints=warn" "-w" "/opt/rustwide/workdir" "--user" "0:0" "83703c47877069f7aac4e34f1aa5ad8399a683d6c7116a439b5f045c9012eddf" "/opt/rustwide/cargo-home/bin/cargo" "+1.99.0-beta.8" "test" "--frozen" "--release", kill_on_drop: false }`
[INFO] [stderr]     Finished `release` profile [optimized] target(s) in 0.08s
[INFO] [stderr]      Running unittests src/lib.rs (/opt/rustwide/target/release/deps/r2d2_cryptoki-bf4dd0e7f921a2cc)
[INFO] [stdout] 
[INFO] [stdout] running 7 tests
[INFO] [stdout] test test::basic ... FAILED
[INFO] [stdout] test test::basic_concurrency ... FAILED
[INFO] [stdout] test test::multiple_operations_per_session ... FAILED
[INFO] [stdout] test test::pool_recovers_from_token_logout ... FAILED
[INFO] [stdout] test test::pool_stays_logged_in_while_shrinking ... FAILED
[INFO] [stdout] test test::login_state_across_session_drops ... FAILED
[INFO] [stdout] test test::max_one_session ... FAILED
[INFO] [stdout] 
[INFO] [stdout] failures:
[INFO] [stdout] 
[INFO] [stdout] ---- test::basic stdout ----
[INFO] [stdout] 
[INFO] [stdout] thread 'test::basic' (755) panicked at src/lib.rs:240:59:
[INFO] [stdout] called `Result::unwrap()` on an `Err` value: Os { code: 30, kind: ReadOnlyFilesystem, message: "Read-only file system" }
[INFO] [stdout] stack backtrace:
[INFO] [stdout]    0:     0x59d9279d48e1 - <<std[70759c8f55707aa4]::sys::backtrace::BacktraceLock>::print::DisplayBacktrace as core[df12db4294e9bfd3]::fmt::Display>::fmt
[INFO] [stdout]    1:     0x59d9279eac5a - core[df12db4294e9bfd3]::fmt::write
[INFO] [stdout]    2:     0x59d9279d95dc - <alloc[2182bb758b4b3781]::vec::Vec<u8> as core[df12db4294e9bfd3]::io::write::Write>::write_fmt
[INFO] [stdout]    3:     0x59d9279af566 - std[70759c8f55707aa4]::panicking::default_hook::{closure#0}
[INFO] [stdout]    4:     0x59d9279cc3d9 - std[70759c8f55707aa4]::panicking::default_hook
[INFO] [stdout]    5:     0x59d9279584c0 - test[9d35eded1c95d3be]::test_main_inner::<test[9d35eded1c95d3be]::test_main_static::{closure#0}>::{closure#0}
[INFO] [stdout]    6:     0x59d9279cc702 - std[70759c8f55707aa4]::panicking::panic_with_hook
[INFO] [stdout]    7:     0x59d9279af612 - std[70759c8f55707aa4]::panicking::panic_handler::{closure#0}
[INFO] [stdout]    8:     0x59d9279a7b29 - std[70759c8f55707aa4]::sys::backtrace::__rust_end_short_backtrace::<std[70759c8f55707aa4]::panicking::panic_handler::{closure#0}, !>
[INFO] [stdout]    9:     0x59d9279b03bd - __rustc[8fa7c3cbc660c2b3]::rust_begin_unwind
[INFO] [stdout]   10:     0x59d9279eb43c - core[df12db4294e9bfd3]::panicking::panic_fmt
[INFO] [stdout]   11:     0x59d9279eb212 - core[df12db4294e9bfd3]::result::unwrap_failed
[INFO] [stdout]   12:     0x59d92789ac47 - r2d2_cryptoki[bc3ae71a3d134661]::test::default_token
[INFO] [stdout]   13:     0x59d9278995a7 - r2d2_cryptoki[bc3ae71a3d134661]::test::default_setup
[INFO] [stdout]   14:     0x59d92789f7c0 - r2d2_cryptoki[bc3ae71a3d134661]::test::basic
[INFO] [stdout]   15:     0x59d9278c1b69 - <r2d2_cryptoki[bc3ae71a3d134661]::test::basic::{closure#0} as core[df12db4294e9bfd3]::ops::function::FnOnce<()>>::call_once
[INFO] [stdout]   16:     0x59d92794b7ab - test[9d35eded1c95d3be]::__rust_begin_short_backtrace::<core[df12db4294e9bfd3]::result::Result<(), alloc[2182bb758b4b3781]::string::String>, fn() -> core[df12db4294e9bfd3]::result::Result<(), alloc[2182bb758b4b3781]::string::String>>
[INFO] [stdout]   17:     0x59d927958e15 - test[9d35eded1c95d3be]::run_test::{closure#0}
[INFO] [stdout]   18:     0x59d9279526d4 - std[70759c8f55707aa4]::sys::backtrace::__rust_begin_short_backtrace::<test[9d35eded1c95d3be]::run_test::{closure#1}, ()>
[INFO] [stdout]   19:     0x59d92795bf72 - <std[70759c8f55707aa4]::thread::lifecycle::spawn_unchecked<test[9d35eded1c95d3be]::run_test::{closure#1}, ()>::{closure#1} as core[df12db4294e9bfd3]::ops::function::FnOnce<()>>::call_once::{shim:vtable#0}
[INFO] [stdout]   20:     0x59d9279d4179 - <std[70759c8f55707aa4]::sys::thread::unix::Thread>::new::thread_start
[INFO] [stdout]   21:     0x7864e2a14dfa - <unknown>
[INFO] [stdout]   22:     0x7864e2aa83d4 - clone
[INFO] [stdout]   23:                0x0 - <unknown>
[INFO] [stdout] 
[INFO] [stdout] ---- test::basic_concurrency stdout ----
[INFO] [stdout] 
[INFO] [stdout] thread 'test::basic_concurrency' (756) panicked at src/lib.rs:249:5:
[INFO] [stdout] called `Result::unwrap()` on an `Err` value: PoisonError { .. }
[INFO] [stdout] stack backtrace:
[INFO] [stdout]    0:     0x59d9279d48e1 - <<std[70759c8f55707aa4]::sys::backtrace::BacktraceLock>::print::DisplayBacktrace as core[df12db4294e9bfd3]::fmt::Display>::fmt
[INFO] [stdout]    1:     0x59d9279eac5a - core[df12db4294e9bfd3]::fmt::write
[INFO] [stdout]    2:     0x59d9279d95dc - <alloc[2182bb758b4b3781]::vec::Vec<u8> as core[df12db4294e9bfd3]::io::write::Write>::write_fmt
[INFO] [stdout]    3:     0x59d9279af566 - std[70759c8f55707aa4]::panicking::default_hook::{closure#0}
[INFO] [stdout]    4:     0x59d9279cc3d9 - std[70759c8f55707aa4]::panicking::default_hook
[INFO] [stdout]    5:     0x59d9279584c0 - test[9d35eded1c95d3be]::test_main_inner::<test[9d35eded1c95d3be]::test_main_static::{closure#0}>::{closure#0}
[INFO] [stdout]    6:     0x59d9279464ba - generator[77037699ab4bc122]::detail::gen::catch_unwind_filter::<generator[77037699ab4bc122]::detail::gen::gen_init_impl::{closure#0}, ()>::{closure#0}::{closure#0}
[INFO] [stdout]    7:     0x59d9279cc702 - std[70759c8f55707aa4]::panicking::panic_with_hook
[INFO] [stdout]    8:     0x59d9279af612 - std[70759c8f55707aa4]::panicking::panic_handler::{closure#0}
[INFO] [stdout]    9:     0x59d9279a7b29 - std[70759c8f55707aa4]::sys::backtrace::__rust_end_short_backtrace::<std[70759c8f55707aa4]::panicking::panic_handler::{closure#0}, !>
[INFO] [stdout]   10:     0x59d9279b03bd - __rustc[8fa7c3cbc660c2b3]::rust_begin_unwind
[INFO] [stdout]   11:     0x59d9279eb43c - core[df12db4294e9bfd3]::panicking::panic_fmt
[INFO] [stdout]   12:     0x59d9279eb212 - core[df12db4294e9bfd3]::result::unwrap_failed
[INFO] [stdout]   13:     0x59d92789a8a7 - r2d2_cryptoki[bc3ae71a3d134661]::test::default_token
[INFO] [stdout]   14:     0x59d9278995a7 - r2d2_cryptoki[bc3ae71a3d134661]::test::default_setup
[INFO] [stdout]   15:     0x59d9278bda04 - <<loom[2ccf118024f73cdb]::model::Builder>::check<r2d2_cryptoki[bc3ae71a3d134661]::test::basic_concurrency::{closure#0}>::{closure#0} as core[df12db4294e9bfd3]::ops::function::FnOnce<()>>::call_once::{shim:vtable#0}
[INFO] [stdout]   16:     0x59d9278c89ae - <generator[77037699ab4bc122]::stack::StackBox<<generator[77037699ab4bc122]::gen_impl::GeneratorImpl<core[df12db4294e9bfd3]::option::Option<alloc[2182bb758b4b3781]::boxed::Box<dyn core[df12db4294e9bfd3]::ops::function::FnOnce<(), Output = ()>>>, ()>>::init_code<loom[2ccf118024f73cdb]::rt::scheduler::spawn_thread::{closure#0}>::{closure#0}>>::call_once
[INFO] [stdout]   17:     0x59d927946a46 - generator[77037699ab4bc122]::detail::gen::gen_init_impl
[INFO] [stdout]   18:     0x59d9279469e9 - generator[77037699ab4bc122]::detail::asm::gen_init
[INFO] [stdout]   19:                0x0 - <unknown>
[INFO] [stdout] 
[INFO] [stdout] ---- test::multiple_operations_per_session stdout ----
[INFO] [stdout] 
[INFO] [stdout] thread 'test::multiple_operations_per_session' (759) panicked at src/lib.rs:249:5:
[INFO] [stdout] called `Result::unwrap()` on an `Err` value: PoisonError { .. }
[INFO] [stdout] stack backtrace:
[INFO] [stdout]    0:     0x59d9279d48e1 - <<std[70759c8f55707aa4]::sys::backtrace::BacktraceLock>::print::DisplayBacktrace as core[df12db4294e9bfd3]::fmt::Display>::fmt
[INFO] [stdout]    1:     0x59d9279eac5a - core[df12db4294e9bfd3]::fmt::write
[INFO] [stdout]    2:     0x59d9279d95dc - <alloc[2182bb758b4b3781]::vec::Vec<u8> as core[df12db4294e9bfd3]::io::write::Write>::write_fmt
[INFO] [stdout]    3:     0x59d9279af566 - std[70759c8f55707aa4]::panicking::default_hook::{closure#0}
[INFO] [stdout]    4:     0x59d9279cc3d9 - std[70759c8f55707aa4]::panicking::default_hook
[INFO] [stdout]    5:     0x59d9279584c0 - test[9d35eded1c95d3be]::test_main_inner::<test[9d35eded1c95d3be]::test_main_static::{closure#0}>::{closure#0}
[INFO] [stdout]    6:     0x59d9279464ba - generator[77037699ab4bc122]::detail::gen::catch_unwind_filter::<generator[77037699ab4bc122]::detail::gen::gen_init_impl::{closure#0}, ()>::{closure#0}::{closure#0}
[INFO] [stdout]    7:     0x59d9279cc702 - std[70759c8f55707aa4]::panicking::panic_with_hook
[INFO] [stdout]    8:     0x59d9279af612 - std[70759c8f55707aa4]::panicking::panic_handler::{closure#0}
[INFO] [stdout]    9:     0x59d9279a7b29 - std[70759c8f55707aa4]::sys::backtrace::__rust_end_short_backtrace::<std[70759c8f55707aa4]::panicking::panic_handler::{closure#0}, !>
[INFO] [stdout]   10:     0x59d9279b03bd - __rustc[8fa7c3cbc660c2b3]::rust_begin_unwind
[INFO] [stdout]   11:     0x59d9279eb43c - core[df12db4294e9bfd3]::panicking::panic_fmt
[INFO] [stdout]   12:     0x59d9279eb212 - core[df12db4294e9bfd3]::result::unwrap_failed
[INFO] [stdout]   13:     0x59d92789a8a7 - r2d2_cryptoki[bc3ae71a3d134661]::test::default_token
[INFO] [stdout]   14:     0x59d9278995a7 - r2d2_cryptoki[bc3ae71a3d134661]::test::default_setup
[INFO] [stdout]   15:     0x59d9278bdca9 - <<loom[2ccf118024f73cdb]::model::Builder>::check<r2d2_cryptoki[bc3ae71a3d134661]::test::multiple_operations_per_session::{closure#0}>::{closure#0} as core[df12db4294e9bfd3]::ops::function::FnOnce<()>>::call_once::{shim:vtable#0}
[INFO] [stdout]   16:     0x59d9278c89ae - <generator[77037699ab4bc122]::stack::StackBox<<generator[77037699ab4bc122]::gen_impl::GeneratorImpl<core[df12db4294e9bfd3]::option::Option<alloc[2182bb758b4b3781]::boxed::Box<dyn core[df12db4294e9bfd3]::ops::function::FnOnce<(), Output = ()>>>, ()>>::init_code<loom[2ccf118024f73cdb]::rt::scheduler::spawn_thread::{closure#0}>::{closure#0}>>::call_once
[INFO] [stdout]   17:     0x59d927946a46 - generator[77037699ab4bc122]::detail::gen::gen_init_impl
[INFO] [stdout]   18:     0x59d9279469e9 - generator[77037699ab4bc122]::detail::asm::gen_init
[INFO] [stdout]   19:                0x0 - <unknown>
[INFO] [stdout] 
[INFO] [stdout] ---- test::pool_recovers_from_token_logout stdout ----
[INFO] [stdout] 
[INFO] [stdout] thread 'test::pool_recovers_from_token_logout' (760) panicked at src/lib.rs:249:5:
[INFO] [stdout] called `Result::unwrap()` on an `Err` value: PoisonError { .. }
[INFO] [stdout] stack backtrace:
[INFO] [stdout]    0:     0x59d9279d48e1 - <<std[70759c8f55707aa4]::sys::backtrace::BacktraceLock>::print::DisplayBacktrace as core[df12db4294e9bfd3]::fmt::Display>::fmt
[INFO] [stdout]    1:     0x59d9279eac5a - core[df12db4294e9bfd3]::fmt::write
[INFO] [stdout]    2:     0x59d9279d95dc - <alloc[2182bb758b4b3781]::vec::Vec<u8> as core[df12db4294e9bfd3]::io::write::Write>::write_fmt
[INFO] [stdout]    3:     0x59d9279af566 - std[70759c8f55707aa4]::panicking::default_hook::{closure#0}
[INFO] [stdout]    4:     0x59d9279cc3d9 - std[70759c8f55707aa4]::panicking::default_hook
[INFO] [stdout]    5:     0x59d9279584c0 - test[9d35eded1c95d3be]::test_main_inner::<test[9d35eded1c95d3be]::test_main_static::{closure#0}>::{closure#0}
[INFO] [stdout]    6:     0x59d9279464ba - generator[77037699ab4bc122]::detail::gen::catch_unwind_filter::<generator[77037699ab4bc122]::detail::gen::gen_init_impl::{closure#0}, ()>::{closure#0}::{closure#0}
[INFO] [stdout]    7:     0x59d9279cc702 - std[70759c8f55707aa4]::panicking::panic_with_hook
[INFO] [stdout]    8:     0x59d9279af612 - std[70759c8f55707aa4]::panicking::panic_handler::{closure#0}
[INFO] [stdout]    9:     0x59d9279a7b29 - std[70759c8f55707aa4]::sys::backtrace::__rust_end_short_backtrace::<std[70759c8f55707aa4]::panicking::panic_handler::{closure#0}, !>
[INFO] [stdout]   10:     0x59d9279b03bd - __rustc[8fa7c3cbc660c2b3]::rust_begin_unwind
[INFO] [stdout]   11:     0x59d9279eb43c - core[df12db4294e9bfd3]::panicking::panic_fmt
[INFO] [stdout]   12:     0x59d9279eb212 - core[df12db4294e9bfd3]::result::unwrap_failed
[INFO] [stdout]   13:     0x59d92789a8a7 - r2d2_cryptoki[bc3ae71a3d134661]::test::default_token
[INFO] [stdout]   14:     0x59d92789b416 - r2d2_cryptoki[bc3ae71a3d134661]::test::isolated_token
[INFO] [stdout]   15:     0x59d92789c8e2 - r2d2_cryptoki[bc3ae71a3d134661]::test::pool_recovers_from_token_logout
[INFO] [stdout]   16:     0x59d9278c1b09 - <r2d2_cryptoki[bc3ae71a3d134661]::test::pool_recovers_from_token_logout::{closure#0} as core[df12db4294e9bfd3]::ops::function::FnOnce<()>>::call_once
[INFO] [stdout]   17:     0x59d92794b7ab - test[9d35eded1c95d3be]::__rust_begin_short_backtrace::<core[df12db4294e9bfd3]::result::Result<(), alloc[2182bb758b4b3781]::string::String>, fn() -> core[df12db4294e9bfd3]::result::Result<(), alloc[2182bb758b4b3781]::string::String>>
[INFO] [stdout]   18:     0x59d927958e15 - test[9d35eded1c95d3be]::run_test::{closure#0}
[INFO] [stdout]   19:     0x59d9279526d4 - std[70759c8f55707aa4]::sys::backtrace::__rust_begin_short_backtrace::<test[9d35eded1c95d3be]::run_test::{closure#1}, ()>
[INFO] [stdout]   20:     0x59d92795bf72 - <std[70759c8f55707aa4]::thread::lifecycle::spawn_unchecked<test[9d35eded1c95d3be]::run_test::{closure#1}, ()>::{closure#1} as core[df12db4294e9bfd3]::ops::function::FnOnce<()>>::call_once::{shim:vtable#0}
[INFO] [stdout]   21:     0x59d9279d4179 - <std[70759c8f55707aa4]::sys::thread::unix::Thread>::new::thread_start
[INFO] [stdout]   22:     0x7864e2a14dfa - <unknown>
[INFO] [stdout]   23:     0x7864e2aa83d4 - clone
[INFO] [stdout]   24:                0x0 - <unknown>
[INFO] [stdout] 
[INFO] [stdout] ---- test::pool_stays_logged_in_while_shrinking stdout ----
[INFO] [stdout] 
[INFO] [stdout] thread 'test::pool_stays_logged_in_while_shrinking' (761) panicked at src/lib.rs:273:5:
[INFO] [stdout] called `Result::unwrap()` on an `Err` value: PoisonError { .. }
[INFO] [stdout] stack backtrace:
[INFO] [stdout]    0:     0x59d9279d48e1 - <<std[70759c8f55707aa4]::sys::backtrace::BacktraceLock>::print::DisplayBacktrace as core[df12db4294e9bfd3]::fmt::Display>::fmt
[INFO] [stdout]    1:     0x59d9279eac5a - core[df12db4294e9bfd3]::fmt::write
[INFO] [stdout]    2:     0x59d9279d95dc - <alloc[2182bb758b4b3781]::vec::Vec<u8> as core[df12db4294e9bfd3]::io::write::Write>::write_fmt
[INFO] [stdout]    3:     0x59d9279af566 - std[70759c8f55707aa4]::panicking::default_hook::{closure#0}
[INFO] [stdout]    4:     0x59d9279cc3d9 - std[70759c8f55707aa4]::panicking::default_hook
[INFO] [stdout]    5:     0x59d9279584c0 - test[9d35eded1c95d3be]::test_main_inner::<test[9d35eded1c95d3be]::test_main_static::{closure#0}>::{closure#0}
[INFO] [stdout]    6:     0x59d9279464ba - generator[77037699ab4bc122]::detail::gen::catch_unwind_filter::<generator[77037699ab4bc122]::detail::gen::gen_init_impl::{closure#0}, ()>::{closure#0}::{closure#0}
[INFO] [stdout]    7:     0x59d9279cc702 - std[70759c8f55707aa4]::panicking::panic_with_hook
[INFO] [stdout]    8:     0x59d9279af612 - std[70759c8f55707aa4]::panicking::panic_handler::{closure#0}
[INFO] [stdout]    9:     0x59d9279a7b29 - std[70759c8f55707aa4]::sys::backtrace::__rust_end_short_backtrace::<std[70759c8f55707aa4]::panicking::panic_handler::{closure#0}, !>
[INFO] [stdout]   10:     0x59d9279b03bd - __rustc[8fa7c3cbc660c2b3]::rust_begin_unwind
[INFO] [stdout]   11:     0x59d9279eb43c - core[df12db4294e9bfd3]::panicking::panic_fmt
[INFO] [stdout]   12:     0x59d9279eb212 - core[df12db4294e9bfd3]::result::unwrap_failed
[INFO] [stdout]   13:     0x59d92789b89d - r2d2_cryptoki[bc3ae71a3d134661]::test::isolated_token
[INFO] [stdout]   14:     0x59d92789e745 - r2d2_cryptoki[bc3ae71a3d134661]::test::pool_stays_logged_in_while_shrinking
[INFO] [stdout]   15:     0x59d9278c1b49 - <r2d2_cryptoki[bc3ae71a3d134661]::test::pool_stays_logged_in_while_shrinking::{closure#0} as core[df12db4294e9bfd3]::ops::function::FnOnce<()>>::call_once
[INFO] [stdout]   16:     0x59d92794b7ab - test[9d35eded1c95d3be]::__rust_begin_short_backtrace::<core[df12db4294e9bfd3]::result::Result<(), alloc[2182bb758b4b3781]::string::String>, fn() -> core[df12db4294e9bfd3]::result::Result<(), alloc[2182bb758b4b3781]::string::String>>
[INFO] [stdout]   17:     0x59d927958e15 - test[9d35eded1c95d3be]::run_test::{closure#0}
[INFO] [stdout]   18:     0x59d9279526d4 - std[70759c8f55707aa4]::sys::backtrace::__rust_begin_short_backtrace::<test[9d35eded1c95d3be]::run_test::{closure#1}, ()>
[INFO] [stdout]   19:     0x59d92795bf72 - <std[70759c8f55707aa4]::thread::lifecycle::spawn_unchecked<test[9d35eded1c95d3be]::run_test::{closure#1}, ()>::{closure#1} as core[df12db4294e9bfd3]::ops::function::FnOnce<()>>::call_once::{shim:vtable#0}
[INFO] [stdout]   20:     0x59d9279d4179 - <std[70759c8f55707aa4]::sys::thread::unix::Thread>::new::thread_start
[INFO] [stdout]   21:     0x7864e2a14dfa - <unknown>
[INFO] [stdout]   22:     0x7864e2aa83d4 - clone
[INFO] [stdout]   23:                0x0 - <unknown>
[INFO] [stdout] 
[INFO] [stdout] ---- test::login_state_across_session_drops stdout ----
[INFO] [stdout] 
[INFO] [stdout] thread 'test::login_state_across_session_drops' (757) panicked at src/lib.rs:273:5:
[INFO] [stdout] called `Result::unwrap()` on an `Err` value: PoisonError { .. }
[INFO] [stdout] stack backtrace:
[INFO] [stdout]    0:     0x59d9279d48e1 - <<std[70759c8f55707aa4]::sys::backtrace::BacktraceLock>::print::DisplayBacktrace as core[df12db4294e9bfd3]::fmt::Display>::fmt
[INFO] [stdout]    1:     0x59d9279eac5a - core[df12db4294e9bfd3]::fmt::write
[INFO] [stdout]    2:     0x59d9279d95dc - <alloc[2182bb758b4b3781]::vec::Vec<u8> as core[df12db4294e9bfd3]::io::write::Write>::write_fmt
[INFO] [stdout]    3:     0x59d9279af566 - std[70759c8f55707aa4]::panicking::default_hook::{closure#0}
[INFO] [stdout]    4:     0x59d9279cc3d9 - std[70759c8f55707aa4]::panicking::default_hook
[INFO] [stdout]    5:     0x59d9279584c0 - test[9d35eded1c95d3be]::test_main_inner::<test[9d35eded1c95d3be]::test_main_static::{closure#0}>::{closure#0}
[INFO] [stdout]    6:     0x59d9279464ba - generator[77037699ab4bc122]::detail::gen::catch_unwind_filter::<generator[77037699ab4bc122]::detail::gen::gen_init_impl::{closure#0}, ()>::{closure#0}::{closure#0}
[INFO] [stdout]    7:     0x59d9279cc702 - std[70759c8f55707aa4]::panicking::panic_with_hook
[INFO] [stdout]    8:     0x59d9279af612 - std[70759c8f55707aa4]::panicking::panic_handler::{closure#0}
[INFO] [stdout]    9:     0x59d9279a7b29 - std[70759c8f55707aa4]::sys::backtrace::__rust_end_short_backtrace::<std[70759c8f55707aa4]::panicking::panic_handler::{closure#0}, !>
[INFO] [stdout]   10:     0x59d9279b03bd - __rustc[8fa7c3cbc660c2b3]::rust_begin_unwind
[INFO] [stdout]   11:     0x59d9279eb43c - core[df12db4294e9bfd3]::panicking::panic_fmt
[INFO] [stdout]   12:     0x59d9279eb212 - core[df12db4294e9bfd3]::result::unwrap_failed
[INFO] [stdout]   13:     0x59d92789b89d - r2d2_cryptoki[bc3ae71a3d134661]::test::isolated_token
[INFO] [stdout]   14:     0x59d92789d341 - r2d2_cryptoki[bc3ae71a3d134661]::test::login_state_across_session_drops
[INFO] [stdout]   15:     0x59d9278c1b29 - <r2d2_cryptoki[bc3ae71a3d134661]::test::login_state_across_session_drops::{closure#0} as core[df12db4294e9bfd3]::ops::function::FnOnce<()>>::call_once
[INFO] [stdout]   16:     0x59d92794b7ab - test[9d35eded1c95d3be]::__rust_begin_short_backtrace::<core[df12db4294e9bfd3]::result::Result<(), alloc[2182bb758b4b3781]::string::String>, fn() -> core[df12db4294e9bfd3]::result::Result<(), alloc[2182bb758b4b3781]::string::String>>
[INFO] [stdout]   17:     0x59d927958e15 - test[9d35eded1c95d3be]::run_test::{closure#0}
[INFO] [stdout]   18:     0x59d9279526d4 - std[70759c8f55707aa4]::sys::backtrace::__rust_begin_short_backtrace::<test[9d35eded1c95d3be]::run_test::{closure#1}, ()>
[INFO] [stdout]   19:     0x59d92795bf72 - <std[70759c8f55707aa4]::thread::lifecycle::spawn_unchecked<test[9d35eded1c95d3be]::run_test::{closure#1}, ()>::{closure#1} as core[df12db4294e9bfd3]::ops::function::FnOnce<()>>::call_once::{shim:vtable#0}
[INFO] [stdout]   20:     0x59d9279d4179 - <std[70759c8f55707aa4]::sys::thread::unix::Thread>::new::thread_start
[INFO] [stdout]   21:     0x7864e2a14dfa - <unknown>
[INFO] [stdout]   22:     0x7864e2aa83d4 - clone
[INFO] [stdout]   23:                0x0 - <unknown>
[INFO] [stdout] 
[INFO] [stdout] ---- test::max_one_session stdout ----
[INFO] [stdout] 
[INFO] [stdout] thread 'test::max_one_session' (758) panicked at src/lib.rs:249:5:
[INFO] [stdout] called `Result::unwrap()` on an `Err` value: PoisonError { .. }
[INFO] [stdout] stack backtrace:
[INFO] [stdout]    0:     0x59d9279d48e1 - <<std[70759c8f55707aa4]::sys::backtrace::BacktraceLock>::print::DisplayBacktrace as core[df12db4294e9bfd3]::fmt::Display>::fmt
[INFO] [stdout]    1:     0x59d9279eac5a - core[df12db4294e9bfd3]::fmt::write
[INFO] [stdout]    2:     0x59d9279d95dc - <alloc[2182bb758b4b3781]::vec::Vec<u8> as core[df12db4294e9bfd3]::io::write::Write>::write_fmt
[INFO] [stdout]    3:     0x59d9279af566 - std[70759c8f55707aa4]::panicking::default_hook::{closure#0}
[INFO] [stdout]    4:     0x59d9279cc3d9 - std[70759c8f55707aa4]::panicking::default_hook
[INFO] [stdout]    5:     0x59d9279584c0 - test[9d35eded1c95d3be]::test_main_inner::<test[9d35eded1c95d3be]::test_main_static::{closure#0}>::{closure#0}
[INFO] [stdout]    6:     0x59d9279464ba - generator[77037699ab4bc122]::detail::gen::catch_unwind_filter::<generator[77037699ab4bc122]::detail::gen::gen_init_impl::{closure#0}, ()>::{closure#0}::{closure#0}
[INFO] [stdout]    7:     0x59d9279cc702 - std[70759c8f55707aa4]::panicking::panic_with_hook
[INFO] [stdout]    8:     0x59d9279af612 - std[70759c8f55707aa4]::panicking::panic_handler::{closure#0}
[INFO] [stdout]    9:     0x59d9279a7b29 - std[70759c8f55707aa4]::sys::backtrace::__rust_end_short_backtrace::<std[70759c8f55707aa4]::panicking::panic_handler::{closure#0}, !>
[INFO] [stdout]   10:     0x59d9279b03bd - __rustc[8fa7c3cbc660c2b3]::rust_begin_unwind
[INFO] [stdout]   11:     0x59d9279eb43c - core[df12db4294e9bfd3]::panicking::panic_fmt
[INFO] [stdout]   12:     0x59d9279eb212 - core[df12db4294e9bfd3]::result::unwrap_failed
[INFO] [stdout]   13:     0x59d92789a8a7 - r2d2_cryptoki[bc3ae71a3d134661]::test::default_token
[INFO] [stdout]   14:     0x59d9278995a7 - r2d2_cryptoki[bc3ae71a3d134661]::test::default_setup
[INFO] [stdout]   15:     0x59d9278bd7f6 - <<loom[2ccf118024f73cdb]::model::Builder>::check<r2d2_cryptoki[bc3ae71a3d134661]::test::max_one_session::{closure#0}>::{closure#0} as core[df12db4294e9bfd3]::ops::function::FnOnce<()>>::call_once::{shim:vtable#0}
[INFO] [stdout]   16:     0x59d9278c89ae - <generator[77037699ab4bc122]::stack::StackBox<<generator[77037699ab4bc122]::gen_impl::GeneratorImpl<core[df12db4294e9bfd3]::option::Option<alloc[2182bb758b4b3781]::boxed::Box<dyn core[df12db4294e9bfd3]::ops::function::FnOnce<(), Output = ()>>>, ()>>::init_code<loom[2ccf118024f73cdb]::rt::scheduler::spawn_thread::{closure#0}>::{closure#0}>>::call_once
[INFO] [stdout]   17:     0x59d927946a46 - generator[77037699ab4bc122]::detail::gen::gen_init_impl
[INFO] [stdout]   18:     0x59d9279469e9 - generator[77037699ab4bc122]::detail::asm::gen_init
[INFO] [stdout]   19:                0x0 - <unknown>
[INFO] [stdout] 
[INFO] [stdout] 
[INFO] [stdout] failures:
[INFO] [stdout]     test::basic
[INFO] [stdout]     test::basic_concurrency
[INFO] [stdout]     test::login_state_across_session_drops
[INFO] [stdout]     test::max_one_session
[INFO] [stdout]     test::multiple_operations_per_session
[INFO] [stdout]     test::pool_recovers_from_token_logout
[INFO] [stdout]     test::pool_stays_logged_in_while_shrinking
[INFO] [stdout] 
[INFO] [stdout] test result: FAILED. 0 passed; 7 failed; 0 ignored; 0 measured; 0 filtered out; finished in 0.00s
[INFO] [stdout] 
[INFO] [stderr] error: test failed, to rerun pass `--lib`
[INFO] running `Command { std: "docker" "inspect" "83703c47877069f7aac4e34f1aa5ad8399a683d6c7116a439b5f045c9012eddf", kill_on_drop: false }`
[INFO] running `Command { std: "docker" "rm" "-f" "83703c47877069f7aac4e34f1aa5ad8399a683d6c7116a439b5f045c9012eddf", kill_on_drop: false }`
[INFO] [stdout] 83703c47877069f7aac4e34f1aa5ad8399a683d6c7116a439b5f045c9012eddf
