[INFO] fetching crate r2-data-persistence 0.2.2...
[INFO] testing r2-data-persistence-0.2.2 against 1.99.0-beta.8+cargoflags=--release for beta-release-1.100-2
[INFO] extracting crate r2-data-persistence 0.2.2 into /workspace/builds/worker-7-tc1/source
[INFO] started tweaking crates.io crate r2-data-persistence 0.2.2
[INFO] finished tweaking crates.io crate r2-data-persistence 0.2.2
[INFO] tweaked toml for crates.io crate r2-data-persistence 0.2.2 written to /workspace/builds/worker-7-tc1/source/Cargo.toml
[INFO] validating manifest of crates.io crate r2-data-persistence 0.2.2 on toolchain 1.99.0-beta.8
[INFO] running `Command { std: CARGO_HOME="/workspace/cargo-home" RUSTUP_HOME="/workspace/rustup-home" "/workspace/cargo-home/bin/cargo" "+1.99.0-beta.8" "metadata" "--manifest-path" "Cargo.toml" "--no-deps", kill_on_drop: false }`
[INFO] crate crates.io crate r2-data-persistence 0.2.2 already has a lockfile, it will not be regenerated
[INFO] running `Command { std: CARGO_HOME="/workspace/cargo-home" RUSTUP_HOME="/workspace/rustup-home" "/workspace/cargo-home/bin/cargo" "+1.99.0-beta.8" "fetch" "--manifest-path" "Cargo.toml", kill_on_drop: false }`
[INFO] [stderr]     Updating crates.io index
[INFO] [stderr]     Blocking waiting for file lock on package cache
[INFO] [stderr]  Downloading crates ...
[INFO] [stderr]   Downloaded quote v1.0.37
[INFO] [stderr]   Downloaded uuid v1.11.0
[INFO] [stderr]   Downloaded uuid-macro-internal v1.11.0
[INFO] [stderr]   Downloaded diesel_table_macro_syntax v0.2.0
[INFO] [stderr]   Downloaded wasm-bindgen-macro v0.2.97
[INFO] [stderr]   Downloaded wasm-bindgen-shared v0.2.97
[INFO] [stderr]   Downloaded dsl_auto_type v0.1.2
[INFO] [stderr]   Downloaded wasm-bindgen-backend v0.2.97
[INFO] [stderr]   Downloaded pq-sys v0.6.3
[INFO] [stderr]   Downloaded wasm-bindgen-macro-support v0.2.97
[INFO] [stderr]   Downloaded redox_syscall v0.5.9
[INFO] [stderr]   Downloaded ppv-lite86 v0.2.20
[INFO] [stderr]   Downloaded either v1.13.0
[INFO] [stderr]   Downloaded wasm-bindgen v0.2.97
[INFO] [stderr]   Downloaded iana-time-zone v0.1.61
[INFO] [stderr]   Downloaded js-sys v0.3.74
[INFO] [stderr]   Downloaded diesel_derives v2.2.3
[INFO] [stderr]   Downloaded cc v1.2.2
[INFO] [stderr]   Downloaded bumpalo v3.16.0
[INFO] [stderr]   Downloaded chrono v0.4.38
[INFO] [stderr]   Downloaded syn v2.0.90
[INFO] [stderr]   Downloaded diesel v2.2.6
[INFO] [stderr]   Downloaded libc v0.2.167
[INFO] running `Command { std: "docker" "create" "-v" "/var/lib/crater-agent-workspace/builds/worker-7-tc1/source:/opt/rustwide/workdir:ro,Z" "-v" "/var/lib/crater-agent-workspace/builds/worker-7-tc1/target:/opt/rustwide/target:rw,Z" "-v" "/var/lib/crater-agent-workspace/cargo-home:/opt/rustwide/cargo-home:ro,Z" "-v" "/var/lib/crater-agent-workspace/rustup-home:/opt/rustwide/rustup-home:ro,Z" "-m" "1610612736" "--network" "none" "ghcr.io/rust-lang/crates-build-env/linux@sha256:77db811e55d90add9212f6832c23229e3de5f1c1f9905e8cb07319ea15df73ac" "sleep" "infinity", kill_on_drop: false }`
[INFO] [stdout] 44e73b0938ffae89fcd59e38e0a94df6856c639a41fb72ea2d6d1235e7850a62
[INFO] running `Command { std: "docker" "start" "44e73b0938ffae89fcd59e38e0a94df6856c639a41fb72ea2d6d1235e7850a62", kill_on_drop: false }`
[INFO] running `Command { std: "docker" "inspect" "44e73b0938ffae89fcd59e38e0a94df6856c639a41fb72ea2d6d1235e7850a62", kill_on_drop: false }`
[INFO] running `Command { std: "docker" "exec" "-e" "SOURCE_DIR=/opt/rustwide/workdir" "-e" "CARGO_HOME=/opt/rustwide/cargo-home" "-e" "RUSTUP_HOME=/opt/rustwide/rustup-home" "-e" "CARGO_TARGET_DIR=/opt/rustwide/target" "-w" "/opt/rustwide/workdir" "--user" "0:0" "44e73b0938ffae89fcd59e38e0a94df6856c639a41fb72ea2d6d1235e7850a62" "/opt/rustwide/cargo-home/bin/cargo" "+1.99.0-beta.8" "metadata" "--no-deps" "--format-version=1", kill_on_drop: false }`
[INFO] running `Command { std: "docker" "inspect" "44e73b0938ffae89fcd59e38e0a94df6856c639a41fb72ea2d6d1235e7850a62", kill_on_drop: false }`
[INFO] running `Command { std: "docker" "exec" "-e" "SOURCE_DIR=/opt/rustwide/workdir" "-e" "CARGO_HOME=/opt/rustwide/cargo-home" "-e" "RUSTUP_HOME=/opt/rustwide/rustup-home" "-e" "CARGO_TARGET_DIR=/opt/rustwide/target" "-e" "CARGO_INCREMENTAL=0" "-e" "RUST_BACKTRACE=full" "-e" "RUSTFLAGS=--cap-lints=warn" "-e" "RUSTDOCFLAGS=--cap-lints=warn" "-w" "/opt/rustwide/workdir" "--user" "0:0" "44e73b0938ffae89fcd59e38e0a94df6856c639a41fb72ea2d6d1235e7850a62" "/opt/rustwide/cargo-home/bin/cargo" "+1.99.0-beta.8" "build" "--frozen" "--message-format=json" "--release", kill_on_drop: false }`
[INFO] [stderr]    Compiling proc-macro2 v1.0.92
[INFO] [stderr]    Compiling unicode-ident v1.0.14
[INFO] [stderr]    Compiling libc v0.2.167
[INFO] [stderr]    Compiling parking_lot_core v0.9.10
[INFO] [stderr]    Compiling byteorder v1.5.0
[INFO] [stderr]    Compiling strsim v0.11.1
[INFO] [stderr]    Compiling ident_case v1.0.1
[INFO] [stderr]    Compiling fnv v1.0.7
[INFO] [stderr]    Compiling smallvec v1.13.2
[INFO] [stderr]    Compiling pq-sys v0.6.3
[INFO] [stderr]    Compiling either v1.13.0
[INFO] [stderr]    Compiling log v0.4.22
[INFO] [stderr]    Compiling lock_api v0.4.12
[INFO] [stderr]    Compiling num-traits v0.2.19
[INFO] [stderr]    Compiling iana-time-zone v0.1.61
[INFO] [stderr]    Compiling itoa v1.0.14
[INFO] [stderr]    Compiling bitflags v2.6.0
[INFO] [stderr]    Compiling dotenvy v0.15.7
[INFO] [stderr]    Compiling getrandom v0.2.15
[INFO] [stderr]    Compiling quote v1.0.37
[INFO] [stderr]    Compiling rand_core v0.6.4
[INFO] [stderr]    Compiling syn v2.0.90
[INFO] [stderr]    Compiling parking_lot v0.12.3
[INFO] [stderr]    Compiling scheduled-thread-pool v0.2.7
[INFO] [stderr]    Compiling r2d2 v0.8.10
[INFO] [stderr]    Compiling chrono v0.4.38
[INFO] [stderr]    Compiling darling_core v0.20.10
[INFO] [stderr]    Compiling diesel_table_macro_syntax v0.2.0
[INFO] [stderr]    Compiling zerocopy-derive v0.7.35
[INFO] [stderr]    Compiling uuid-macro-internal v1.11.0
[INFO] [stderr]    Compiling zerocopy v0.7.35
[INFO] [stderr]    Compiling ppv-lite86 v0.2.20
[INFO] [stderr]    Compiling darling_macro v0.20.10
[INFO] [stderr]    Compiling rand_chacha v0.3.1
[INFO] [stderr]    Compiling darling v0.20.10
[INFO] [stderr]    Compiling dsl_auto_type v0.1.2
[INFO] [stderr]    Compiling rand v0.8.5
[INFO] [stderr]    Compiling diesel_derives v2.2.3
[INFO] [stderr]    Compiling uuid v1.11.0
[INFO] [stderr]    Compiling diesel v2.2.6
[INFO] [stderr]    Compiling r2-data-persistence v0.2.2 (/opt/rustwide/workdir)
[INFO] [stderr]     Finished `release` profile [optimized] target(s) in 49.47s
[INFO] running `Command { std: "docker" "inspect" "44e73b0938ffae89fcd59e38e0a94df6856c639a41fb72ea2d6d1235e7850a62", kill_on_drop: false }`
[INFO] running `Command { std: "docker" "exec" "-e" "SOURCE_DIR=/opt/rustwide/workdir" "-e" "CARGO_HOME=/opt/rustwide/cargo-home" "-e" "RUSTUP_HOME=/opt/rustwide/rustup-home" "-e" "CARGO_TARGET_DIR=/opt/rustwide/target" "-e" "CARGO_INCREMENTAL=0" "-e" "RUST_BACKTRACE=full" "-e" "RUSTFLAGS=--cap-lints=warn" "-e" "RUSTDOCFLAGS=--cap-lints=warn" "-w" "/opt/rustwide/workdir" "--user" "0:0" "44e73b0938ffae89fcd59e38e0a94df6856c639a41fb72ea2d6d1235e7850a62" "/opt/rustwide/cargo-home/bin/cargo" "+1.99.0-beta.8" "test" "--frozen" "--no-run" "--message-format=json" "--release", kill_on_drop: false }`
[INFO] [stderr]    Compiling r2-data-persistence v0.2.2 (/opt/rustwide/workdir)
[INFO] [stdout] warning: use of deprecated associated function `chrono::NaiveDateTime::from_timestamp`: use `DateTime::from_timestamp` instead
[INFO] [stdout]   --> src/tests/session_tests.rs:26:46
[INFO] [stdout]    |
[INFO] [stdout] 26 |                 session_date: NaiveDateTime::from_timestamp(1_700_000_000, 0),
[INFO] [stdout]    |                                              ^^^^^^^^^^^^^^
[INFO] [stdout]    |
[INFO] [stdout]    = note: `#[warn(deprecated)]` on by default
[INFO] [stdout] 
[INFO] [stdout] 
[INFO] [stdout] warning: use of deprecated associated function `chrono::NaiveDateTime::from_timestamp`: use `DateTime::from_timestamp` instead
[INFO] [stdout]   --> src/tests/session_tests.rs:62:46
[INFO] [stdout]    |
[INFO] [stdout] 62 |                 session_date: NaiveDateTime::from_timestamp(1_700_000_000, 0),
[INFO] [stdout]    |                                              ^^^^^^^^^^^^^^
[INFO] [stdout] 
[INFO] [stdout] 
[INFO] [stdout] warning: use of deprecated associated function `chrono::NaiveDateTime::from_timestamp`: use `DateTime::from_timestamp` instead
[INFO] [stdout]    --> src/tests/session_tests.rs:101:46
[INFO] [stdout]     |
[INFO] [stdout] 101 |                 session_date: NaiveDateTime::from_timestamp(1_700_000_000, 0),
[INFO] [stdout]     |                                              ^^^^^^^^^^^^^^
[INFO] [stdout] 
[INFO] [stdout] 
[INFO] [stdout] warning: use of deprecated associated function `chrono::NaiveDateTime::from_timestamp`: use `DateTime::from_timestamp` instead
[INFO] [stdout]    --> src/tests/session_tests.rs:138:46
[INFO] [stdout]     |
[INFO] [stdout] 138 |                 session_date: NaiveDateTime::from_timestamp(1_700_000_001, 0),
[INFO] [stdout]     |                                              ^^^^^^^^^^^^^^
[INFO] [stdout] 
[INFO] [stdout] 
[INFO] [stdout] warning: use of deprecated associated function `chrono::NaiveDateTime::from_timestamp`: use `DateTime::from_timestamp` instead
[INFO] [stdout]    --> src/tests/session_tests.rs:153:46
[INFO] [stdout]     |
[INFO] [stdout] 153 |                 session_date: NaiveDateTime::from_timestamp(1_700_000_002, 0),
[INFO] [stdout]     |                                              ^^^^^^^^^^^^^^
[INFO] [stdout] 
[INFO] [stdout] 
[INFO] [stdout] warning: use of deprecated associated function `chrono::NaiveDateTime::from_timestamp`: use `DateTime::from_timestamp` instead
[INFO] [stdout]    --> src/tests/session_tests.rs:193:46
[INFO] [stdout]     |
[INFO] [stdout] 193 |                 session_date: NaiveDateTime::from_timestamp(1_700_000_000, 0),
[INFO] [stdout]     |                                              ^^^^^^^^^^^^^^
[INFO] [stdout] 
[INFO] [stdout] 
[INFO] [stdout] warning: unused `Result` that must be used
[INFO] [stdout]   --> src/tests/session_tests.rs:39:13
[INFO] [stdout]    |
[INFO] [stdout] 39 |             create_session(conn, new_session.clone());
[INFO] [stdout]    |             ^^^^^^^^^^^^^^^^^^^^^^^^^^^^^^^^^^^^^^^^^
[INFO] [stdout]    |
[INFO] [stdout]    = note: this `Result` may be an `Err` variant, which should be handled
[INFO] [stdout]    = note: `#[warn(unused_must_use)]` (part of `#[warn(unused)]`) on by default
[INFO] [stdout] help: use `let _ = ...` to ignore the resulting value
[INFO] [stdout]    |
[INFO] [stdout] 39 |             let _ = create_session(conn, new_session.clone());
[INFO] [stdout]    |             +++++++
[INFO] [stdout] 
[INFO] [stdout] 
[INFO] [stderr]     Finished `release` profile [optimized] target(s) in 5.36s
[INFO] running `Command { std: "docker" "inspect" "44e73b0938ffae89fcd59e38e0a94df6856c639a41fb72ea2d6d1235e7850a62", kill_on_drop: false }`
[INFO] running `Command { std: "docker" "exec" "-e" "SOURCE_DIR=/opt/rustwide/workdir" "-e" "CARGO_HOME=/opt/rustwide/cargo-home" "-e" "RUSTUP_HOME=/opt/rustwide/rustup-home" "-e" "CARGO_TARGET_DIR=/opt/rustwide/target" "-e" "CARGO_INCREMENTAL=0" "-e" "RUST_BACKTRACE=full" "-e" "RUSTFLAGS=--cap-lints=warn" "-e" "RUSTDOCFLAGS=--cap-lints=warn" "-w" "/opt/rustwide/workdir" "--user" "0:0" "44e73b0938ffae89fcd59e38e0a94df6856c639a41fb72ea2d6d1235e7850a62" "/opt/rustwide/cargo-home/bin/cargo" "+1.99.0-beta.8" "test" "--frozen" "--release", kill_on_drop: false }`
[INFO] [stderr] warning: use of deprecated associated function `chrono::NaiveDateTime::from_timestamp`: use `DateTime::from_timestamp` instead
[INFO] [stderr]   --> src/tests/session_tests.rs:26:46
[INFO] [stderr]    |
[INFO] [stderr] 26 |                 session_date: NaiveDateTime::from_timestamp(1_700_000_000, 0),
[INFO] [stderr]    |                                              ^^^^^^^^^^^^^^
[INFO] [stderr]    |
[INFO] [stderr]    = note: `#[warn(deprecated)]` on by default
[INFO] [stderr] 
[INFO] [stderr] warning: use of deprecated associated function `chrono::NaiveDateTime::from_timestamp`: use `DateTime::from_timestamp` instead
[INFO] [stderr]   --> src/tests/session_tests.rs:62:46
[INFO] [stderr]    |
[INFO] [stderr] 62 |                 session_date: NaiveDateTime::from_timestamp(1_700_000_000, 0),
[INFO] [stderr]    |                                              ^^^^^^^^^^^^^^
[INFO] [stderr] 
[INFO] [stderr] warning: use of deprecated associated function `chrono::NaiveDateTime::from_timestamp`: use `DateTime::from_timestamp` instead
[INFO] [stderr]    --> src/tests/session_tests.rs:101:46
[INFO] [stderr]     |
[INFO] [stderr] 101 |                 session_date: NaiveDateTime::from_timestamp(1_700_000_000, 0),
[INFO] [stderr]     |                                              ^^^^^^^^^^^^^^
[INFO] [stderr] 
[INFO] [stderr] warning: use of deprecated associated function `chrono::NaiveDateTime::from_timestamp`: use `DateTime::from_timestamp` instead
[INFO] [stderr]    --> src/tests/session_tests.rs:138:46
[INFO] [stderr]     |
[INFO] [stderr] 138 |                 session_date: NaiveDateTime::from_timestamp(1_700_000_001, 0),
[INFO] [stderr]     |                                              ^^^^^^^^^^^^^^
[INFO] [stderr] 
[INFO] [stderr] warning: use of deprecated associated function `chrono::NaiveDateTime::from_timestamp`: use `DateTime::from_timestamp` instead
[INFO] [stderr]    --> src/tests/session_tests.rs:153:46
[INFO] [stderr]     |
[INFO] [stderr] 153 |                 session_date: NaiveDateTime::from_timestamp(1_700_000_002, 0),
[INFO] [stderr]     |                                              ^^^^^^^^^^^^^^
[INFO] [stderr] 
[INFO] [stderr] warning: use of deprecated associated function `chrono::NaiveDateTime::from_timestamp`: use `DateTime::from_timestamp` instead
[INFO] [stderr]    --> src/tests/session_tests.rs:193:46
[INFO] [stderr]     |
[INFO] [stderr] 193 |                 session_date: NaiveDateTime::from_timestamp(1_700_000_000, 0),
[INFO] [stderr]     |                                              ^^^^^^^^^^^^^^
[INFO] [stderr] 
[INFO] [stderr] warning: unused `Result` that must be used
[INFO] [stderr]   --> src/tests/session_tests.rs:39:13
[INFO] [stderr]    |
[INFO] [stderr] 39 |             create_session(conn, new_session.clone());
[INFO] [stderr]    |             ^^^^^^^^^^^^^^^^^^^^^^^^^^^^^^^^^^^^^^^^^
[INFO] [stderr]    |
[INFO] [stderr]    = note: this `Result` may be an `Err` variant, which should be handled
[INFO] [stderr]    = note: `#[warn(unused_must_use)]` (part of `#[warn(unused)]`) on by default
[INFO] [stderr] help: use `let _ = ...` to ignore the resulting value
[INFO] [stderr]    |
[INFO] [stderr] 39 |             let _ = create_session(conn, new_session.clone());
[INFO] [stderr]    |             +++++++
[INFO] [stderr] 
[INFO] [stderr] warning: `r2-data-persistence` (lib test) generated 7 warnings
[INFO] [stderr]     Finished `release` profile [optimized] target(s) in 0.06s
[INFO] [stderr]      Running unittests src/lib.rs (/opt/rustwide/target/release/deps/r2_data_persistence-0d9c88b49979808b)
[INFO] [stdout] 
[INFO] [stdout] running 15 tests
[INFO] [stdout] test tests::user_tests::tests::test_create_user ... FAILED
[INFO] [stdout] test tests::session_tests::tests::test_create_session ... FAILED
[INFO] [stdout] test tests::point_tests::tests::test_create_point ... FAILED
[INFO] [stdout] test tests::point_tests::tests::test_get_all_points ... FAILED
[INFO] [stdout] test tests::user_tests::tests::test_get_all_users ... FAILED
[INFO] [stdout] test tests::session_tests::tests::test_get_session ... FAILED
[INFO] [stdout] test tests::point_tests::tests::test_get_point ... FAILED
[INFO] [stdout] test tests::point_tests::tests::test_delete_point ... FAILED
[INFO] [stdout] test tests::session_tests::tests::test_delete_session ... FAILED
[INFO] [stdout] test tests::session_tests::tests::test_update_session ... FAILED
[INFO] [stdout] test tests::session_tests::tests::test_get_all_sessions ... FAILED
[INFO] [stdout] test tests::user_tests::tests::test_get_user ... FAILED
[INFO] [stdout] test tests::user_tests::tests::test_delete_user ... FAILED
[INFO] [stdout] test tests::user_tests::tests::test_update_user ... FAILED
[INFO] [stdout] test tests::point_tests::tests::test_update_point ... FAILED
[INFO] [stdout] 
[INFO] [stdout] failures:
[INFO] [stdout] 
[INFO] [stdout] ---- tests::user_tests::tests::test_create_user stdout ----
[INFO] [stdout] 
[INFO] [stdout] thread 'tests::user_tests::tests::test_create_user' (931) panicked at src/tests/user_tests.rs:12:58:
[INFO] [stdout] TEST_DATABASE_URL must be set: NotPresent
[INFO] [stdout] stack backtrace:
[INFO] [stdout]    0:     0x63ad221bd001 - <<std[70759c8f55707aa4]::sys::backtrace::BacktraceLock>::print::DisplayBacktrace as core[df12db4294e9bfd3]::fmt::Display>::fmt
[INFO] [stdout]    1:     0x63ad221d272a - core[df12db4294e9bfd3]::fmt::write
[INFO] [stdout]    2:     0x63ad221c154c - <alloc[2182bb758b4b3781]::vec::Vec<u8> as core[df12db4294e9bfd3]::io::write::Write>::write_fmt
[INFO] [stdout]    3:     0x63ad22199236 - std[70759c8f55707aa4]::panicking::default_hook::{closure#0}
[INFO] [stdout]    4:     0x63ad221b5659 - std[70759c8f55707aa4]::panicking::default_hook
[INFO] [stdout]    5:     0x63ad2213ed30 - test[9d35eded1c95d3be]::test_main_inner::<test[9d35eded1c95d3be]::test_main_static::{closure#0}>::{closure#0}
[INFO] [stdout]    6:     0x63ad221b5812 - std[70759c8f55707aa4]::panicking::panic_with_hook
[INFO] [stdout]    7:     0x63ad221992e2 - std[70759c8f55707aa4]::panicking::panic_handler::{closure#0}
[INFO] [stdout]    8:     0x63ad22191df9 - std[70759c8f55707aa4]::sys::backtrace::__rust_end_short_backtrace::<std[70759c8f55707aa4]::panicking::panic_handler::{closure#0}, !>
[INFO] [stdout]    9:     0x63ad22199f7d - __rustc[8fa7c3cbc660c2b3]::rust_begin_unwind
[INFO] [stdout]   10:     0x63ad221d2e5c - core[df12db4294e9bfd3]::panicking::panic_fmt
[INFO] [stdout]   11:     0x63ad221d2c32 - core[df12db4294e9bfd3]::result::unwrap_failed
[INFO] [stdout]   12:     0x63ad2211cd07 - r2_data_persistence[7a9393aca81660ea]::tests::user_tests::tests::establish_connection
[INFO] [stdout]   13:     0x63ad2211d24b - r2_data_persistence[7a9393aca81660ea]::tests::user_tests::tests::test_create_user
[INFO] [stdout]   14:     0x63ad221298f9 - <r2_data_persistence[7a9393aca81660ea]::tests::user_tests::tests::test_create_user::{closure#0} as core[df12db4294e9bfd3]::ops::function::FnOnce<()>>::call_once
[INFO] [stdout]   15:     0x63ad2213201b - test[9d35eded1c95d3be]::__rust_begin_short_backtrace::<core[df12db4294e9bfd3]::result::Result<(), alloc[2182bb758b4b3781]::string::String>, fn() -> core[df12db4294e9bfd3]::result::Result<(), alloc[2182bb758b4b3781]::string::String>>
[INFO] [stdout]   16:     0x63ad2213f685 - test[9d35eded1c95d3be]::run_test::{closure#0}
[INFO] [stdout]   17:     0x63ad22138f44 - std[70759c8f55707aa4]::sys::backtrace::__rust_begin_short_backtrace::<test[9d35eded1c95d3be]::run_test::{closure#1}, ()>
[INFO] [stdout]   18:     0x63ad221427e2 - <std[70759c8f55707aa4]::thread::lifecycle::spawn_unchecked<test[9d35eded1c95d3be]::run_test::{closure#1}, ()>::{closure#1} as core[df12db4294e9bfd3]::ops::function::FnOnce<()>>::call_once::{shim:vtable#0}
[INFO] [stdout]   19:     0x63ad221bc8d9 - <std[70759c8f55707aa4]::sys::thread::unix::Thread>::new::thread_start
[INFO] [stdout]   20:     0x774c8c2e7dfa - <unknown>
[INFO] [stdout]   21:     0x774c8c37b3d4 - clone
[INFO] [stdout]   22:                0x0 - <unknown>
[INFO] [stdout] 
[INFO] [stdout] ---- tests::session_tests::tests::test_create_session stdout ----
[INFO] [stdout] 
[INFO] [stdout] thread 'tests::session_tests::tests::test_create_session' (926) panicked at src/tests/session_tests.rs:15:58:
[INFO] [stdout] TEST_DATABASE_URL must be set: NotPresent
[INFO] [stdout] stack backtrace:
[INFO] [stdout]    0:     0x63ad221bd001 - <<std[70759c8f55707aa4]::sys::backtrace::BacktraceLock>::print::DisplayBacktrace as core[df12db4294e9bfd3]::fmt::Display>::fmt
[INFO] [stdout]    1:     0x63ad221d272a - core[df12db4294e9bfd3]::fmt::write
[INFO] [stdout]    2:     0x63ad221c154c - <alloc[2182bb758b4b3781]::vec::Vec<u8> as core[df12db4294e9bfd3]::io::write::Write>::write_fmt
[INFO] [stdout]    3:     0x63ad22199236 - std[70759c8f55707aa4]::panicking::default_hook::{closure#0}
[INFO] [stdout]    4:     0x63ad221b5659 - std[70759c8f55707aa4]::panicking::default_hook
[INFO] [stdout]    5:     0x63ad2213ed30 - test[9d35eded1c95d3be]::test_main_inner::<test[9d35eded1c95d3be]::test_main_static::{closure#0}>::{closure#0}
[INFO] [stdout]    6:     0x63ad221b5812 - std[70759c8f55707aa4]::panicking::panic_with_hook
[INFO] [stdout]    7:     0x63ad221992e2 - std[70759c8f55707aa4]::panicking::panic_handler::{closure#0}
[INFO] [stdout]    8:     0x63ad22191df9 - std[70759c8f55707aa4]::sys::backtrace::__rust_end_short_backtrace::<std[70759c8f55707aa4]::panicking::panic_handler::{closure#0}, !>
[INFO] [stdout]    9:     0x63ad22199f7d - __rustc[8fa7c3cbc660c2b3]::rust_begin_unwind
[INFO] [stdout]   10:     0x63ad221d2e5c - core[df12db4294e9bfd3]::panicking::panic_fmt
[INFO] [stdout]   11:     0x63ad221d2c32 - core[df12db4294e9bfd3]::result::unwrap_failed
[INFO] [stdout]   12:     0x63ad2211dfd7 - r2_data_persistence[7a9393aca81660ea]::tests::session_tests::tests::establish_connection
[INFO] [stdout]   13:     0x63ad2211e155 - r2_data_persistence[7a9393aca81660ea]::tests::session_tests::tests::test_create_session
[INFO] [stdout]   14:     0x63ad22129a39 - <r2_data_persistence[7a9393aca81660ea]::tests::session_tests::tests::test_create_session::{closure#0} as core[df12db4294e9bfd3]::ops::function::FnOnce<()>>::call_once
[INFO] [stdout]   15:     0x63ad2213201b - test[9d35eded1c95d3be]::__rust_begin_short_backtrace::<core[df12db4294e9bfd3]::result::Result<(), alloc[2182bb758b4b3781]::string::String>, fn() -> core[df12db4294e9bfd3]::result::Result<(), alloc[2182bb758b4b3781]::string::String>>
[INFO] [stdout]   16:     0x63ad2213f685 - test[9d35eded1c95d3be]::run_test::{closure#0}
[INFO] [stdout]   17:     0x63ad22138f44 - std[70759c8f55707aa4]::sys::backtrace::__rust_begin_short_backtrace::<test[9d35eded1c95d3be]::run_test::{closure#1}, ()>
[INFO] [stdout]   18:     0x63ad221427e2 - <std[70759c8f55707aa4]::thread::lifecycle::spawn_unchecked<test[9d35eded1c95d3be]::run_test::{closure#1}, ()>::{closure#1} as core[df12db4294e9bfd3]::ops::function::FnOnce<()>>::call_once::{shim:vtable#0}
[INFO] [stdout]   19:     0x63ad221bc8d9 - <std[70759c8f55707aa4]::sys::thread::unix::Thread>::new::thread_start
[INFO] [stdout]   20:     0x774c8c2e7dfa - <unknown>
[INFO] [stdout]   21:     0x774c8c37b3d4 - clone
[INFO] [stdout]   22:                0x0 - <unknown>
[INFO] [stdout] 
[INFO] [stdout] ---- tests::point_tests::tests::test_create_point stdout ----
[INFO] [stdout] 
[INFO] [stdout] thread 'tests::point_tests::tests::test_create_point' (921) panicked at src/tests/point_tests.rs:14:58:
[INFO] [stdout] TEST_DATABASE_URL must be set: NotPresent
[INFO] [stdout] stack backtrace:
[INFO] [stdout]    0:     0x63ad221bd001 - <<std[70759c8f55707aa4]::sys::backtrace::BacktraceLock>::print::DisplayBacktrace as core[df12db4294e9bfd3]::fmt::Display>::fmt
[INFO] [stdout]    1:     0x63ad221d272a - core[df12db4294e9bfd3]::fmt::write
[INFO] [stdout]    2:     0x63ad221c154c - <alloc[2182bb758b4b3781]::vec::Vec<u8> as core[df12db4294e9bfd3]::io::write::Write>::write_fmt
[INFO] [stdout]    3:     0x63ad22199236 - std[70759c8f55707aa4]::panicking::default_hook::{closure#0}
[INFO] [stdout]    4:     0x63ad221b5659 - std[70759c8f55707aa4]::panicking::default_hook
[INFO] [stdout]    5:     0x63ad2213ed30 - test[9d35eded1c95d3be]::test_main_inner::<test[9d35eded1c95d3be]::test_main_static::{closure#0}>::{closure#0}
[INFO] [stdout]    6:     0x63ad221b5812 - std[70759c8f55707aa4]::panicking::panic_with_hook
[INFO] [stdout]    7:     0x63ad221992e2 - std[70759c8f55707aa4]::panicking::panic_handler::{closure#0}
[INFO] [stdout]    8:     0x63ad22191df9 - std[70759c8f55707aa4]::sys::backtrace::__rust_end_short_backtrace::<std[70759c8f55707aa4]::panicking::panic_handler::{closure#0}, !>
[INFO] [stdout]    9:     0x63ad22199f7d - __rustc[8fa7c3cbc660c2b3]::rust_begin_unwind
[INFO] [stdout]   10:     0x63ad221d2e5c - core[df12db4294e9bfd3]::panicking::panic_fmt
[INFO] [stdout]   11:     0x63ad221d2c32 - core[df12db4294e9bfd3]::result::unwrap_failed
[INFO] [stdout]   12:     0x63ad2211d897 - r2_data_persistence[7a9393aca81660ea]::tests::point_tests::tests::establish_connection
[INFO] [stdout]   13:     0x63ad2211dab4 - r2_data_persistence[7a9393aca81660ea]::tests::point_tests::tests::test_create_point
[INFO] [stdout]   14:     0x63ad22129999 - <r2_data_persistence[7a9393aca81660ea]::tests::point_tests::tests::test_create_point::{closure#0} as core[df12db4294e9bfd3]::ops::function::FnOnce<()>>::call_once
[INFO] [stdout]   15:     0x63ad2213201b - test[9d35eded1c95d3be]::__rust_begin_short_backtrace::<core[df12db4294e9bfd3]::result::Result<(), alloc[2182bb758b4b3781]::string::String>, fn() -> core[df12db4294e9bfd3]::result::Result<(), alloc[2182bb758b4b3781]::string::String>>
[INFO] [stdout]   16:     0x63ad2213f685 - test[9d35eded1c95d3be]::run_test::{closure#0}
[INFO] [stdout]   17:     0x63ad22138f44 - std[70759c8f55707aa4]::sys::backtrace::__rust_begin_short_backtrace::<test[9d35eded1c95d3be]::run_test::{closure#1}, ()>
[INFO] [stdout]   18:     0x63ad221427e2 - <std[70759c8f55707aa4]::thread::lifecycle::spawn_unchecked<test[9d35eded1c95d3be]::run_test::{closure#1}, ()>::{closure#1} as core[df12db4294e9bfd3]::ops::function::FnOnce<()>>::call_once::{shim:vtable#0}
[INFO] [stdout]   19:     0x63ad221bc8d9 - <std[70759c8f55707aa4]::sys::thread::unix::Thread>::new::thread_start
[INFO] [stdout]   20:     0x774c8c2e7dfa - <unknown>
[INFO] [stdout]   21:     0x774c8c37b3d4 - clone
[INFO] [stdout]   22:                0x0 - <unknown>
[INFO] [stdout] 
[INFO] [stdout] ---- tests::point_tests::tests::test_get_all_points stdout ----
[INFO] [stdout] 
[INFO] [stdout] thread 'tests::point_tests::tests::test_get_all_points' (923) panicked at src/tests/point_tests.rs:14:58:
[INFO] [stdout] TEST_DATABASE_URL must be set: NotPresent
[INFO] [stdout] stack backtrace:
[INFO] [stdout]    0:     0x63ad221bd001 - <<std[70759c8f55707aa4]::sys::backtrace::BacktraceLock>::print::DisplayBacktrace as core[df12db4294e9bfd3]::fmt::Display>::fmt
[INFO] [stdout]    1:     0x63ad221d272a - core[df12db4294e9bfd3]::fmt::write
[INFO] [stdout]    2:     0x63ad221c154c - <alloc[2182bb758b4b3781]::vec::Vec<u8> as core[df12db4294e9bfd3]::io::write::Write>::write_fmt
[INFO] [stdout]    3:     0x63ad22199236 - std[70759c8f55707aa4]::panicking::default_hook::{closure#0}
[INFO] [stdout]    4:     0x63ad221b5659 - std[70759c8f55707aa4]::panicking::default_hook
[INFO] [stdout]    5:     0x63ad2213ed30 - test[9d35eded1c95d3be]::test_main_inner::<test[9d35eded1c95d3be]::test_main_static::{closure#0}>::{closure#0}
[INFO] [stdout]    6:     0x63ad221b5812 - std[70759c8f55707aa4]::panicking::panic_with_hook
[INFO] [stdout]    7:     0x63ad221992e2 - std[70759c8f55707aa4]::panicking::panic_handler::{closure#0}
[INFO] [stdout]    8:     0x63ad22191df9 - std[70759c8f55707aa4]::sys::backtrace::__rust_end_short_backtrace::<std[70759c8f55707aa4]::panicking::panic_handler::{closure#0}, !>
[INFO] [stdout]    9:     0x63ad22199f7d - __rustc[8fa7c3cbc660c2b3]::rust_begin_unwind
[INFO] [stdout]   10:     0x63ad221d2e5c - core[df12db4294e9bfd3]::panicking::panic_fmt
[INFO] [stdout]   11:     0x63ad221d2c32 - core[df12db4294e9bfd3]::result::unwrap_failed
[INFO] [stdout]   12:     0x63ad2211d897 - r2_data_persistence[7a9393aca81660ea]::tests::point_tests::tests::establish_connection
[INFO] [stdout]   13:     0x63ad2211ddc5 - r2_data_persistence[7a9393aca81660ea]::tests::point_tests::tests::test_get_all_points
[INFO] [stdout]   14:     0x63ad221299f9 - <r2_data_persistence[7a9393aca81660ea]::tests::point_tests::tests::test_get_all_points::{closure#0} as core[df12db4294e9bfd3]::ops::function::FnOnce<()>>::call_once
[INFO] [stdout]   15:     0x63ad2213201b - test[9d35eded1c95d3be]::__rust_begin_short_backtrace::<core[df12db4294e9bfd3]::result::Result<(), alloc[2182bb758b4b3781]::string::String>, fn() -> core[df12db4294e9bfd3]::result::Result<(), alloc[2182bb758b4b3781]::string::String>>
[INFO] [stdout]   16:     0x63ad2213f685 - test[9d35eded1c95d3be]::run_test::{closure#0}
[INFO] [stdout]   17:     0x63ad22138f44 - std[70759c8f55707aa4]::sys::backtrace::__rust_begin_short_backtrace::<test[9d35eded1c95d3be]::run_test::{closure#1}, ()>
[INFO] [stdout]   18:     0x63ad221427e2 - <std[70759c8f55707aa4]::thread::lifecycle::spawn_unchecked<test[9d35eded1c95d3be]::run_test::{closure#1}, ()>::{closure#1} as core[df12db4294e9bfd3]::ops::function::FnOnce<()>>::call_once::{shim:vtable#0}
[INFO] [stdout]   19:     0x63ad221bc8d9 - <std[70759c8f55707aa4]::sys::thread::unix::Thread>::new::thread_start
[INFO] [stdout]   20:     0x774c8c2e7dfa - <unknown>
[INFO] [stdout]   21:     0x774c8c37b3d4 - clone
[INFO] [stdout]   22:                0x0 - <unknown>
[INFO] [stdout] 
[INFO] [stdout] ---- tests::user_tests::tests::test_get_all_users stdout ----
[INFO] [stdout] 
[INFO] [stdout] thread 'tests::user_tests::tests::test_get_all_users' (933) panicked at src/tests/user_tests.rs:12:58:
[INFO] [stdout] TEST_DATABASE_URL must be set: NotPresent
[INFO] [stdout] stack backtrace:
[INFO] [stdout]    0:     0x63ad221bd001 - <<std[70759c8f55707aa4]::sys::backtrace::BacktraceLock>::print::DisplayBacktrace as core[df12db4294e9bfd3]::fmt::Display>::fmt
[INFO] [stdout]    1:     0x63ad221d272a - core[df12db4294e9bfd3]::fmt::write
[INFO] [stdout]    2:     0x63ad221c154c - <alloc[2182bb758b4b3781]::vec::Vec<u8> as core[df12db4294e9bfd3]::io::write::Write>::write_fmt
[INFO] [stdout]    3:     0x63ad22199236 - std[70759c8f55707aa4]::panicking::default_hook::{closure#0}
[INFO] [stdout]    4:     0x63ad221b5659 - std[70759c8f55707aa4]::panicking::default_hook
[INFO] [stdout]    5:     0x63ad2213ed30 - test[9d35eded1c95d3be]::test_main_inner::<test[9d35eded1c95d3be]::test_main_static::{closure#0}>::{closure#0}
[INFO] [stdout]    6:     0x63ad221b5812 - std[70759c8f55707aa4]::panicking::panic_with_hook
[INFO] [stdout]    7:     0x63ad221992e2 - std[70759c8f55707aa4]::panicking::panic_handler::{closure#0}
[INFO] [stdout]    8:     0x63ad22191df9 - std[70759c8f55707aa4]::sys::backtrace::__rust_end_short_backtrace::<std[70759c8f55707aa4]::panicking::panic_handler::{closure#0}, !>
[INFO] [stdout]    9:     0x63ad22199f7d - __rustc[8fa7c3cbc660c2b3]::rust_begin_unwind
[INFO] [stdout]   10:     0x63ad221d2e5c - core[df12db4294e9bfd3]::panicking::panic_fmt
[INFO] [stdout]   11:     0x63ad221d2c32 - core[df12db4294e9bfd3]::result::unwrap_failed
[INFO] [stdout]   12:     0x63ad2211cd07 - r2_data_persistence[7a9393aca81660ea]::tests::user_tests::tests::establish_connection
[INFO] [stdout]   13:     0x63ad2211d685 - r2_data_persistence[7a9393aca81660ea]::tests::user_tests::tests::test_get_all_users
[INFO] [stdout]   14:     0x63ad22129959 - <r2_data_persistence[7a9393aca81660ea]::tests::user_tests::tests::test_get_all_users::{closure#0} as core[df12db4294e9bfd3]::ops::function::FnOnce<()>>::call_once
[INFO] [stdout]   15:     0x63ad2213201b - test[9d35eded1c95d3be]::__rust_begin_short_backtrace::<core[df12db4294e9bfd3]::result::Result<(), alloc[2182bb758b4b3781]::string::String>, fn() -> core[df12db4294e9bfd3]::result::Result<(), alloc[2182bb758b4b3781]::string::String>>
[INFO] [stdout]   16:     0x63ad2213f685 - test[9d35eded1c95d3be]::run_test::{closure#0}
[INFO] [stdout]   17:     0x63ad22138f44 - std[70759c8f55707aa4]::sys::backtrace::__rust_begin_short_backtrace::<test[9d35eded1c95d3be]::run_test::{closure#1}, ()>
[INFO] [stdout]   18:     0x63ad221427e2 - <std[70759c8f55707aa4]::thread::lifecycle::spawn_unchecked<test[9d35eded1c95d3be]::run_test::{closure#1}, ()>::{closure#1} as core[df12db4294e9bfd3]::ops::function::FnOnce<()>>::call_once::{shim:vtable#0}
[INFO] [stdout]   19:     0x63ad221bc8d9 - <std[70759c8f55707aa4]::sys::thread::unix::Thread>::new::thread_start
[INFO] [stdout]   20:     0x774c8c2e7dfa - <unknown>
[INFO] [stdout]   21:     0x774c8c37b3d4 - clone
[INFO] [stdout]   22:                0x0 - <unknown>
[INFO] [stdout] 
[INFO] [stdout] ---- tests::session_tests::tests::test_get_session stdout ----
[INFO] [stdout] 
[INFO] [stdout] thread 'tests::session_tests::tests::test_get_session' (929) panicked at src/tests/session_tests.rs:15:58:
[INFO] [stdout] TEST_DATABASE_URL must be set: NotPresent
[INFO] [stdout] stack backtrace:
[INFO] [stdout]    0:     0x63ad221bd001 - <<std[70759c8f55707aa4]::sys::backtrace::BacktraceLock>::print::DisplayBacktrace as core[df12db4294e9bfd3]::fmt::Display>::fmt
[INFO] [stdout]    1:     0x63ad221d272a - core[df12db4294e9bfd3]::fmt::write
[INFO] [stdout]    2:     0x63ad221c154c - <alloc[2182bb758b4b3781]::vec::Vec<u8> as core[df12db4294e9bfd3]::io::write::Write>::write_fmt
[INFO] [stdout]    3:     0x63ad22199236 - std[70759c8f55707aa4]::panicking::default_hook::{closure#0}
[INFO] [stdout]    4:     0x63ad221b5659 - std[70759c8f55707aa4]::panicking::default_hook
[INFO] [stdout]    5:     0x63ad2213ed30 - test[9d35eded1c95d3be]::test_main_inner::<test[9d35eded1c95d3be]::test_main_static::{closure#0}>::{closure#0}
[INFO] [stdout]    6:     0x63ad221b5812 - std[70759c8f55707aa4]::panicking::panic_with_hook
[INFO] [stdout]    7:     0x63ad221992e2 - std[70759c8f55707aa4]::panicking::panic_handler::{closure#0}
[INFO] [stdout]    8:     0x63ad22191df9 - std[70759c8f55707aa4]::sys::backtrace::__rust_end_short_backtrace::<std[70759c8f55707aa4]::panicking::panic_handler::{closure#0}, !>
[INFO] [stdout]    9:     0x63ad22199f7d - __rustc[8fa7c3cbc660c2b3]::rust_begin_unwind
[INFO] [stdout]   10:     0x63ad221d2e5c - core[df12db4294e9bfd3]::panicking::panic_fmt
[INFO] [stdout]   11:     0x63ad221d2c32 - core[df12db4294e9bfd3]::result::unwrap_failed
[INFO] [stdout]   12:     0x63ad2211dfd7 - r2_data_persistence[7a9393aca81660ea]::tests::session_tests::tests::establish_connection
[INFO] [stdout]   13:     0x63ad2211e085 - r2_data_persistence[7a9393aca81660ea]::tests::session_tests::tests::test_get_session
[INFO] [stdout]   14:     0x63ad22129a19 - <r2_data_persistence[7a9393aca81660ea]::tests::session_tests::tests::test_get_session::{closure#0} as core[df12db4294e9bfd3]::ops::function::FnOnce<()>>::call_once
[INFO] [stdout]   15:     0x63ad2213201b - test[9d35eded1c95d3be]::__rust_begin_short_backtrace::<core[df12db4294e9bfd3]::result::Result<(), alloc[2182bb758b4b3781]::string::String>, fn() -> core[df12db4294e9bfd3]::result::Result<(), alloc[2182bb758b4b3781]::string::String>>
[INFO] [stdout]   16:     0x63ad2213f685 - test[9d35eded1c95d3be]::run_test::{closure#0}
[INFO] [stdout]   17:     0x63ad22138f44 - std[70759c8f55707aa4]::sys::backtrace::__rust_begin_short_backtrace::<test[9d35eded1c95d3be]::run_test::{closure#1}, ()>
[INFO] [stdout]   18:     0x63ad221427e2 - <std[70759c8f55707aa4]::thread::lifecycle::spawn_unchecked<test[9d35eded1c95d3be]::run_test::{closure#1}, ()>::{closure#1} as core[df12db4294e9bfd3]::ops::function::FnOnce<()>>::call_once::{shim:vtable#0}
[INFO] [stdout]   19:     0x63ad221bc8d9 - <std[70759c8f55707aa4]::sys::thread::unix::Thread>::new::thread_start
[INFO] [stdout]   20:     0x774c8c2e7dfa - <unknown>
[INFO] [stdout]   21:     0x774c8c37b3d4 - clone
[INFO] [stdout]   22:                0x0 - <unknown>
[INFO] [stdout] 
[INFO] [stdout] ---- tests::point_tests::tests::test_get_point stdout ----
[INFO] [stdout] 
[INFO] [stdout] thread 'tests::point_tests::tests::test_get_point' (924) panicked at src/tests/point_tests.rs:14:58:
[INFO] [stdout] TEST_DATABASE_URL must be set: NotPresent
[INFO] [stdout] stack backtrace:
[INFO] [stdout]    0:     0x63ad221bd001 - <<std[70759c8f55707aa4]::sys::backtrace::BacktraceLock>::print::DisplayBacktrace as core[df12db4294e9bfd3]::fmt::Display>::fmt
[INFO] [stdout]    1:     0x63ad221d272a - core[df12db4294e9bfd3]::fmt::write
[INFO] [stdout]    2:     0x63ad221c154c - <alloc[2182bb758b4b3781]::vec::Vec<u8> as core[df12db4294e9bfd3]::io::write::Write>::write_fmt
[INFO] [stdout]    3:     0x63ad22199236 - std[70759c8f55707aa4]::panicking::default_hook::{closure#0}
[INFO] [stdout]    4:     0x63ad221b5659 - std[70759c8f55707aa4]::panicking::default_hook
[INFO] [stdout]    5:     0x63ad2213ed30 - test[9d35eded1c95d3be]::test_main_inner::<test[9d35eded1c95d3be]::test_main_static::{closure#0}>::{closure#0}
[INFO] [stdout]    6:     0x63ad221b5812 - std[70759c8f55707aa4]::panicking::panic_with_hook
[INFO] [stdout]    7:     0x63ad221992e2 - std[70759c8f55707aa4]::panicking::panic_handler::{closure#0}
[INFO] [stdout]    8:     0x63ad22191df9 - std[70759c8f55707aa4]::sys::backtrace::__rust_end_short_backtrace::<std[70759c8f55707aa4]::panicking::panic_handler::{closure#0}, !>
[INFO] [stdout]    9:     0x63ad22199f7d - __rustc[8fa7c3cbc660c2b3]::rust_begin_unwind
[INFO] [stdout]   10:     0x63ad221d2e5c - core[df12db4294e9bfd3]::panicking::panic_fmt
[INFO] [stdout]   11:     0x63ad221d2c32 - core[df12db4294e9bfd3]::result::unwrap_failed
[INFO] [stdout]   12:     0x63ad2211d897 - r2_data_persistence[7a9393aca81660ea]::tests::point_tests::tests::establish_connection
[INFO] [stdout]   13:     0x63ad2211d944 - r2_data_persistence[7a9393aca81660ea]::tests::point_tests::tests::test_get_point
[INFO] [stdout]   14:     0x63ad22129979 - <r2_data_persistence[7a9393aca81660ea]::tests::point_tests::tests::test_get_point::{closure#0} as core[df12db4294e9bfd3]::ops::function::FnOnce<()>>::call_once
[INFO] [stdout]   15:     0x63ad2213201b - test[9d35eded1c95d3be]::__rust_begin_short_backtrace::<core[df12db4294e9bfd3]::result::Result<(), alloc[2182bb758b4b3781]::string::String>, fn() -> core[df12db4294e9bfd3]::result::Result<(), alloc[2182bb758b4b3781]::string::String>>
[INFO] [stdout]   16:     0x63ad2213f685 - test[9d35eded1c95d3be]::run_test::{closure#0}
[INFO] [stdout]   17:     0x63ad22138f44 - std[70759c8f55707aa4]::sys::backtrace::__rust_begin_short_backtrace::<test[9d35eded1c95d3be]::run_test::{closure#1}, ()>
[INFO] [stdout]   18:     0x63ad221427e2 - <std[70759c8f55707aa4]::thread::lifecycle::spawn_unchecked<test[9d35eded1c95d3be]::run_test::{closure#1}, ()>::{closure#1} as core[df12db4294e9bfd3]::ops::function::FnOnce<()>>::call_once::{shim:vtable#0}
[INFO] [stdout]   19:     0x63ad221bc8d9 - <std[70759c8f55707aa4]::sys::thread::unix::Thread>::new::thread_start
[INFO] [stdout]   20:     0x774c8c2e7dfa - <unknown>
[INFO] [stdout]   21:     0x774c8c37b3d4 - clone
[INFO] [stdout]   22:                0x0 - <unknown>
[INFO] [stdout] 
[INFO] [stdout] ---- tests::point_tests::tests::test_delete_point stdout ----
[INFO] [stdout] 
[INFO] [stdout] thread 'tests::point_tests::tests::test_delete_point' (922) panicked at src/tests/point_tests.rs:14:58:
[INFO] [stdout] TEST_DATABASE_URL must be set: NotPresent
[INFO] [stdout] stack backtrace:
[INFO] [stdout]    0:     0x63ad221bd001 - <<std[70759c8f55707aa4]::sys::backtrace::BacktraceLock>::print::DisplayBacktrace as core[df12db4294e9bfd3]::fmt::Display>::fmt
[INFO] [stdout]    1:     0x63ad221d272a - core[df12db4294e9bfd3]::fmt::write
[INFO] [stdout]    2:     0x63ad221c154c - <alloc[2182bb758b4b3781]::vec::Vec<u8> as core[df12db4294e9bfd3]::io::write::Write>::write_fmt
[INFO] [stdout]    3:     0x63ad22199236 - std[70759c8f55707aa4]::panicking::default_hook::{closure#0}
[INFO] [stdout]    4:     0x63ad221b5659 - std[70759c8f55707aa4]::panicking::default_hook
[INFO] [stdout]    5:     0x63ad2213ed30 - test[9d35eded1c95d3be]::test_main_inner::<test[9d35eded1c95d3be]::test_main_static::{closure#0}>::{closure#0}
[INFO] [stdout]    6:     0x63ad221b5812 - std[70759c8f55707aa4]::panicking::panic_with_hook
[INFO] [stdout]    7:     0x63ad221992e2 - std[70759c8f55707aa4]::panicking::panic_handler::{closure#0}
[INFO] [stdout]    8:     0x63ad22191df9 - std[70759c8f55707aa4]::sys::backtrace::__rust_end_short_backtrace::<std[70759c8f55707aa4]::panicking::panic_handler::{closure#0}, !>
[INFO] [stdout]    9:     0x63ad22199f7d - __rustc[8fa7c3cbc660c2b3]::rust_begin_unwind
[INFO] [stdout]   10:     0x63ad221d2e5c - core[df12db4294e9bfd3]::panicking::panic_fmt
[INFO] [stdout]   11:     0x63ad221d2c32 - core[df12db4294e9bfd3]::result::unwrap_failed
[INFO] [stdout]   12:     0x63ad2211d897 - r2_data_persistence[7a9393aca81660ea]::tests::point_tests::tests::establish_connection
[INFO] [stdout]   13:     0x63ad2211dc25 - r2_data_persistence[7a9393aca81660ea]::tests::point_tests::tests::test_delete_point
[INFO] [stdout]   14:     0x63ad221299b9 - <r2_data_persistence[7a9393aca81660ea]::tests::point_tests::tests::test_delete_point::{closure#0} as core[df12db4294e9bfd3]::ops::function::FnOnce<()>>::call_once
[INFO] [stdout]   15:     0x63ad2213201b - test[9d35eded1c95d3be]::__rust_begin_short_backtrace::<core[df12db4294e9bfd3]::result::Result<(), alloc[2182bb758b4b3781]::string::String>, fn() -> core[df12db4294e9bfd3]::result::Result<(), alloc[2182bb758b4b3781]::string::String>>
[INFO] [stdout]   16:     0x63ad2213f685 - test[9d35eded1c95d3be]::run_test::{closure#0}
[INFO] [stdout]   17:     0x63ad22138f44 - std[70759c8f55707aa4]::sys::backtrace::__rust_begin_short_backtrace::<test[9d35eded1c95d3be]::run_test::{closure#1}, ()>
[INFO] [stdout]   18:     0x63ad221427e2 - <std[70759c8f55707aa4]::thread::lifecycle::spawn_unchecked<test[9d35eded1c95d3be]::run_test::{closure#1}, ()>::{closure#1} as core[df12db4294e9bfd3]::ops::function::FnOnce<()>>::call_once::{shim:vtable#0}
[INFO] [stdout]   19:     0x63ad221bc8d9 - <std[70759c8f55707aa4]::sys::thread::unix::Thread>::new::thread_start
[INFO] [stdout]   20:     0x774c8c2e7dfa - <unknown>
[INFO] [stdout]   21:     0x774c8c37b3d4 - clone
[INFO] [stdout]   22:                0x0 - <unknown>
[INFO] [stdout] 
[INFO] [stdout] ---- tests::session_tests::tests::test_delete_session stdout ----
[INFO] [stdout] 
[INFO] [stdout] thread 'tests::session_tests::tests::test_delete_session' (927) panicked at src/tests/session_tests.rs:15:58:
[INFO] [stdout] TEST_DATABASE_URL must be set: NotPresent
[INFO] [stdout] stack backtrace:
[INFO] [stdout]    0:     0x63ad221bd001 - <<std[70759c8f55707aa4]::sys::backtrace::BacktraceLock>::print::DisplayBacktrace as core[df12db4294e9bfd3]::fmt::Display>::fmt
[INFO] [stdout]    1:     0x63ad221d272a - core[df12db4294e9bfd3]::fmt::write
[INFO] [stdout]    2:     0x63ad221c154c - <alloc[2182bb758b4b3781]::vec::Vec<u8> as core[df12db4294e9bfd3]::io::write::Write>::write_fmt
[INFO] [stdout]    3:     0x63ad22199236 - std[70759c8f55707aa4]::panicking::default_hook::{closure#0}
[INFO] [stdout]    4:     0x63ad221b5659 - std[70759c8f55707aa4]::panicking::default_hook
[INFO] [stdout]    5:     0x63ad2213ed30 - test[9d35eded1c95d3be]::test_main_inner::<test[9d35eded1c95d3be]::test_main_static::{closure#0}>::{closure#0}
[INFO] [stdout]    6:     0x63ad221b5812 - std[70759c8f55707aa4]::panicking::panic_with_hook
[INFO] [stdout]    7:     0x63ad221992e2 - std[70759c8f55707aa4]::panicking::panic_handler::{closure#0}
[INFO] [stdout]    8:     0x63ad22191df9 - std[70759c8f55707aa4]::sys::backtrace::__rust_end_short_backtrace::<std[70759c8f55707aa4]::panicking::panic_handler::{closure#0}, !>
[INFO] [stdout]    9:     0x63ad22199f7d - __rustc[8fa7c3cbc660c2b3]::rust_begin_unwind
[INFO] [stdout]   10:     0x63ad221d2e5c - core[df12db4294e9bfd3]::panicking::panic_fmt
[INFO] [stdout]   11:     0x63ad221d2c32 - core[df12db4294e9bfd3]::result::unwrap_failed
[INFO] [stdout]   12:     0x63ad2211dfd7 - r2_data_persistence[7a9393aca81660ea]::tests::session_tests::tests::establish_connection
[INFO] [stdout]   13:     0x63ad2211e225 - r2_data_persistence[7a9393aca81660ea]::tests::session_tests::tests::test_delete_session
[INFO] [stdout]   14:     0x63ad22129a59 - <r2_data_persistence[7a9393aca81660ea]::tests::session_tests::tests::test_delete_session::{closure#0} as core[df12db4294e9bfd3]::ops::function::FnOnce<()>>::call_once
[INFO] [stdout]   15:     0x63ad2213201b - test[9d35eded1c95d3be]::__rust_begin_short_backtrace::<core[df12db4294e9bfd3]::result::Result<(), alloc[2182bb758b4b3781]::string::String>, fn() -> core[df12db4294e9bfd3]::result::Result<(), alloc[2182bb758b4b3781]::string::String>>
[INFO] [stdout]   16:     0x63ad2213f685 - test[9d35eded1c95d3be]::run_test::{closure#0}
[INFO] [stdout]   17:     0x63ad22138f44 - std[70759c8f55707aa4]::sys::backtrace::__rust_begin_short_backtrace::<test[9d35eded1c95d3be]::run_test::{closure#1}, ()>
[INFO] [stdout]   18:     0x63ad221427e2 - <std[70759c8f55707aa4]::thread::lifecycle::spawn_unchecked<test[9d35eded1c95d3be]::run_test::{closure#1}, ()>::{closure#1} as core[df12db4294e9bfd3]::ops::function::FnOnce<()>>::call_once::{shim:vtable#0}
[INFO] [stdout]   19:     0x63ad221bc8d9 - <std[70759c8f55707aa4]::sys::thread::unix::Thread>::new::thread_start
[INFO] [stdout]   20:     0x774c8c2e7dfa - <unknown>
[INFO] [stdout]   21:     0x774c8c37b3d4 - clone
[INFO] [stdout]   22:                0x0 - <unknown>
[INFO] [stdout] 
[INFO] [stdout] ---- tests::session_tests::tests::test_update_session stdout ----
[INFO] [stdout] 
[INFO] [stdout] thread 'tests::session_tests::tests::test_update_session' (930) panicked at src/tests/session_tests.rs:15:58:
[INFO] [stdout] TEST_DATABASE_URL must be set: NotPresent
[INFO] [stdout] stack backtrace:
[INFO] [stdout]    0:     0x63ad221bd001 - <<std[70759c8f55707aa4]::sys::backtrace::BacktraceLock>::print::DisplayBacktrace as core[df12db4294e9bfd3]::fmt::Display>::fmt
[INFO] [stdout]    1:     0x63ad221d272a - core[df12db4294e9bfd3]::fmt::write
[INFO] [stdout]    2:     0x63ad221c154c - <alloc[2182bb758b4b3781]::vec::Vec<u8> as core[df12db4294e9bfd3]::io::write::Write>::write_fmt
[INFO] [stdout]    3:     0x63ad22199236 - std[70759c8f55707aa4]::panicking::default_hook::{closure#0}
[INFO] [stdout]    4:     0x63ad221b5659 - std[70759c8f55707aa4]::panicking::default_hook
[INFO] [stdout]    5:     0x63ad2213ed30 - test[9d35eded1c95d3be]::test_main_inner::<test[9d35eded1c95d3be]::test_main_static::{closure#0}>::{closure#0}
[INFO] [stdout]    6:     0x63ad221b5812 - std[70759c8f55707aa4]::panicking::panic_with_hook
[INFO] [stdout]    7:     0x63ad221992e2 - std[70759c8f55707aa4]::panicking::panic_handler::{closure#0}
[INFO] [stdout]    8:     0x63ad22191df9 - std[70759c8f55707aa4]::sys::backtrace::__rust_end_short_backtrace::<std[70759c8f55707aa4]::panicking::panic_handler::{closure#0}, !>
[INFO] [stdout]    9:     0x63ad22199f7d - __rustc[8fa7c3cbc660c2b3]::rust_begin_unwind
[INFO] [stdout]   10:     0x63ad221d2e5c - core[df12db4294e9bfd3]::panicking::panic_fmt
[INFO] [stdout]   11:     0x63ad221d2c32 - core[df12db4294e9bfd3]::result::unwrap_failed
[INFO] [stdout]   12:     0x63ad2211dfd7 - r2_data_persistence[7a9393aca81660ea]::tests::session_tests::tests::establish_connection
[INFO] [stdout]   13:     0x63ad2211e2f5 - r2_data_persistence[7a9393aca81660ea]::tests::session_tests::tests::test_update_session
[INFO] [stdout]   14:     0x63ad22129a79 - <r2_data_persistence[7a9393aca81660ea]::tests::session_tests::tests::test_update_session::{closure#0} as core[df12db4294e9bfd3]::ops::function::FnOnce<()>>::call_once
[INFO] [stdout]   15:     0x63ad2213201b - test[9d35eded1c95d3be]::__rust_begin_short_backtrace::<core[df12db4294e9bfd3]::result::Result<(), alloc[2182bb758b4b3781]::string::String>, fn() -> core[df12db4294e9bfd3]::result::Result<(), alloc[2182bb758b4b3781]::string::String>>
[INFO] [stdout]   16:     0x63ad2213f685 - test[9d35eded1c95d3be]::run_test::{closure#0}
[INFO] [stdout]   17:     0x63ad22138f44 - std[70759c8f55707aa4]::sys::backtrace::__rust_begin_short_backtrace::<test[9d35eded1c95d3be]::run_test::{closure#1}, ()>
[INFO] [stdout]   18:     0x63ad221427e2 - <std[70759c8f55707aa4]::thread::lifecycle::spawn_unchecked<test[9d35eded1c95d3be]::run_test::{closure#1}, ()>::{closure#1} as core[df12db4294e9bfd3]::ops::function::FnOnce<()>>::call_once::{shim:vtable#0}
[INFO] [stdout]   19:     0x63ad221bc8d9 - <std[70759c8f55707aa4]::sys::thread::unix::Thread>::new::thread_start
[INFO] [stdout]   20:     0x774c8c2e7dfa - <unknown>
[INFO] [stdout]   21:     0x774c8c37b3d4 - clone
[INFO] [stdout]   22:                0x0 - <unknown>
[INFO] [stdout] 
[INFO] [stdout] ---- tests::session_tests::tests::test_get_all_sessions stdout ----
[INFO] [stdout] 
[INFO] [stdout] thread 'tests::session_tests::tests::test_get_all_sessions' (928) panicked at src/tests/session_tests.rs:15:58:
[INFO] [stdout] TEST_DATABASE_URL must be set: NotPresent
[INFO] [stdout] stack backtrace:
[INFO] [stdout]    0:     0x63ad221bd001 - <<std[70759c8f55707aa4]::sys::backtrace::BacktraceLock>::print::DisplayBacktrace as core[df12db4294e9bfd3]::fmt::Display>::fmt
[INFO] [stdout]    1:     0x63ad221d272a - core[df12db4294e9bfd3]::fmt::write
[INFO] [stdout]    2:     0x63ad221c154c - <alloc[2182bb758b4b3781]::vec::Vec<u8> as core[df12db4294e9bfd3]::io::write::Write>::write_fmt
[INFO] [stdout]    3:     0x63ad22199236 - std[70759c8f55707aa4]::panicking::default_hook::{closure#0}
[INFO] [stdout]    4:     0x63ad221b5659 - std[70759c8f55707aa4]::panicking::default_hook
[INFO] [stdout]    5:     0x63ad2213ed30 - test[9d35eded1c95d3be]::test_main_inner::<test[9d35eded1c95d3be]::test_main_static::{closure#0}>::{closure#0}
[INFO] [stdout]    6:     0x63ad221b5812 - std[70759c8f55707aa4]::panicking::panic_with_hook
[INFO] [stdout]    7:     0x63ad221992e2 - std[70759c8f55707aa4]::panicking::panic_handler::{closure#0}
[INFO] [stdout]    8:     0x63ad22191df9 - std[70759c8f55707aa4]::sys::backtrace::__rust_end_short_backtrace::<std[70759c8f55707aa4]::panicking::panic_handler::{closure#0}, !>
[INFO] [stdout]    9:     0x63ad22199f7d - __rustc[8fa7c3cbc660c2b3]::rust_begin_unwind
[INFO] [stdout]   10:     0x63ad221d2e5c - core[df12db4294e9bfd3]::panicking::panic_fmt
[INFO] [stdout]   11:     0x63ad221d2c32 - core[df12db4294e9bfd3]::result::unwrap_failed
[INFO] [stdout]   12:     0x63ad2211dfd7 - r2_data_persistence[7a9393aca81660ea]::tests::session_tests::tests::establish_connection
[INFO] [stdout]   13:     0x63ad2211e3c5 - r2_data_persistence[7a9393aca81660ea]::tests::session_tests::tests::test_get_all_sessions
[INFO] [stdout]   14:     0x63ad22129a99 - <r2_data_persistence[7a9393aca81660ea]::tests::session_tests::tests::test_get_all_sessions::{closure#0} as core[df12db4294e9bfd3]::ops::function::FnOnce<()>>::call_once
[INFO] [stdout]   15:     0x63ad2213201b - test[9d35eded1c95d3be]::__rust_begin_short_backtrace::<core[df12db4294e9bfd3]::result::Result<(), alloc[2182bb758b4b3781]::string::String>, fn() -> core[df12db4294e9bfd3]::result::Result<(), alloc[2182bb758b4b3781]::string::String>>
[INFO] [stdout]   16:     0x63ad2213f685 - test[9d35eded1c95d3be]::run_test::{closure#0}
[INFO] [stdout]   17:     0x63ad22138f44 - std[70759c8f55707aa4]::sys::backtrace::__rust_begin_short_backtrace::<test[9d35eded1c95d3be]::run_test::{closure#1}, ()>
[INFO] [stdout]   18:     0x63ad221427e2 - <std[70759c8f55707aa4]::thread::lifecycle::spawn_unchecked<test[9d35eded1c95d3be]::run_test::{closure#1}, ()>::{closure#1} as core[df12db4294e9bfd3]::ops::function::FnOnce<()>>::call_once::{shim:vtable#0}
[INFO] [stdout]   19:     0x63ad221bc8d9 - <std[70759c8f55707aa4]::sys::thread::unix::Thread>::new::thread_start
[INFO] [stdout]   20:     0x774c8c2e7dfa - <unknown>
[INFO] [stdout]   21:     0x774c8c37b3d4 - clone
[INFO] [stdout]   22:                0x0 - <unknown>
[INFO] [stdout] 
[INFO] [stdout] ---- tests::user_tests::tests::test_get_user stdout ----
[INFO] [stdout] 
[INFO] [stdout] thread 'tests::user_tests::tests::test_get_user' (934) panicked at src/tests/user_tests.rs:12:58:
[INFO] [stdout] TEST_DATABASE_URL must be set: NotPresent
[INFO] [stdout] stack backtrace:
[INFO] [stdout]    0:     0x63ad221bd001 - <<std[70759c8f55707aa4]::sys::backtrace::BacktraceLock>::print::DisplayBacktrace as core[df12db4294e9bfd3]::fmt::Display>::fmt
[INFO] [stdout]    1:     0x63ad221d272a - core[df12db4294e9bfd3]::fmt::write
[INFO] [stdout]    2:     0x63ad221c154c - <alloc[2182bb758b4b3781]::vec::Vec<u8> as core[df12db4294e9bfd3]::io::write::Write>::write_fmt
[INFO] [stdout]    3:     0x63ad22199236 - std[70759c8f55707aa4]::panicking::default_hook::{closure#0}
[INFO] [stdout]    4:     0x63ad221b5659 - std[70759c8f55707aa4]::panicking::default_hook
[INFO] [stdout]    5:     0x63ad2213ed30 - test[9d35eded1c95d3be]::test_main_inner::<test[9d35eded1c95d3be]::test_main_static::{closure#0}>::{closure#0}
[INFO] [stdout]    6:     0x63ad221b5812 - std[70759c8f55707aa4]::panicking::panic_with_hook
[INFO] [stdout]    7:     0x63ad221992e2 - std[70759c8f55707aa4]::panicking::panic_handler::{closure#0}
[INFO] [stdout]    8:     0x63ad22191df9 - std[70759c8f55707aa4]::sys::backtrace::__rust_end_short_backtrace::<std[70759c8f55707aa4]::panicking::panic_handler::{closure#0}, !>
[INFO] [stdout]    9:     0x63ad22199f7d - __rustc[8fa7c3cbc660c2b3]::rust_begin_unwind
[INFO] [stdout]   10:     0x63ad221d2e5c - core[df12db4294e9bfd3]::panicking::panic_fmt
[INFO] [stdout]   11:     0x63ad221d2c32 - core[df12db4294e9bfd3]::result::unwrap_failed
[INFO] [stdout]   12:     0x63ad2211cd07 - r2_data_persistence[7a9393aca81660ea]::tests::user_tests::tests::establish_connection
[INFO] [stdout]   13:     0x63ad2211cdbe - r2_data_persistence[7a9393aca81660ea]::tests::user_tests::tests::test_get_user
[INFO] [stdout]   14:     0x63ad221298d9 - <r2_data_persistence[7a9393aca81660ea]::tests::user_tests::tests::test_get_user::{closure#0} as core[df12db4294e9bfd3]::ops::function::FnOnce<()>>::call_once
[INFO] [stdout]   15:     0x63ad2213201b - test[9d35eded1c95d3be]::__rust_begin_short_backtrace::<core[df12db4294e9bfd3]::result::Result<(), alloc[2182bb758b4b3781]::string::String>, fn() -> core[df12db4294e9bfd3]::result::Result<(), alloc[2182bb758b4b3781]::string::String>>
[INFO] [stdout]   16:     0x63ad2213f685 - test[9d35eded1c95d3be]::run_test::{closure#0}
[INFO] [stdout]   17:     0x63ad22138f44 - std[70759c8f55707aa4]::sys::backtrace::__rust_begin_short_backtrace::<test[9d35eded1c95d3be]::run_test::{closure#1}, ()>
[INFO] [stdout]   18:     0x63ad221427e2 - <std[70759c8f55707aa4]::thread::lifecycle::spawn_unchecked<test[9d35eded1c95d3be]::run_test::{closure#1}, ()>::{closure#1} as core[df12db4294e9bfd3]::ops::function::FnOnce<()>>::call_once::{shim:vtable#0}
[INFO] [stdout]   19:     0x63ad221bc8d9 - <std[70759c8f55707aa4]::sys::thread::unix::Thread>::new::thread_start
[INFO] [stdout]   20:     0x774c8c2e7dfa - <unknown>
[INFO] [stdout]   21:     0x774c8c37b3d4 - clone
[INFO] [stdout]   22:                0x0 - <unknown>
[INFO] [stdout] 
[INFO] [stdout] ---- tests::user_tests::tests::test_delete_user stdout ----
[INFO] [stdout] 
[INFO] [stdout] thread 'tests::user_tests::tests::test_delete_user' (932) panicked at src/tests/user_tests.rs:12:58:
[INFO] [stdout] TEST_DATABASE_URL must be set: NotPresent
[INFO] [stdout] stack backtrace:
[INFO] [stdout]    0:     0x63ad221bd001 - <<std[70759c8f55707aa4]::sys::backtrace::BacktraceLock>::print::DisplayBacktrace as core[df12db4294e9bfd3]::fmt::Display>::fmt
[INFO] [stdout]    1:     0x63ad221d272a - core[df12db4294e9bfd3]::fmt::write
[INFO] [stdout]    2:     0x63ad221c154c - <alloc[2182bb758b4b3781]::vec::Vec<u8> as core[df12db4294e9bfd3]::io::write::Write>::write_fmt
[INFO] [stdout]    3:     0x63ad22199236 - std[70759c8f55707aa4]::panicking::default_hook::{closure#0}
[INFO] [stdout]    4:     0x63ad221b5659 - std[70759c8f55707aa4]::panicking::default_hook
[INFO] [stdout]    5:     0x63ad2213ed30 - test[9d35eded1c95d3be]::test_main_inner::<test[9d35eded1c95d3be]::test_main_static::{closure#0}>::{closure#0}
[INFO] [stdout]    6:     0x63ad221b5812 - std[70759c8f55707aa4]::panicking::panic_with_hook
[INFO] [stdout]    7:     0x63ad221992e2 - std[70759c8f55707aa4]::panicking::panic_handler::{closure#0}
[INFO] [stdout]    8:     0x63ad22191df9 - std[70759c8f55707aa4]::sys::backtrace::__rust_end_short_backtrace::<std[70759c8f55707aa4]::panicking::panic_handler::{closure#0}, !>
[INFO] [stdout]    9:     0x63ad22199f7d - __rustc[8fa7c3cbc660c2b3]::rust_begin_unwind
[INFO] [stdout]   10:     0x63ad221d2e5c - core[df12db4294e9bfd3]::panicking::panic_fmt
[INFO] [stdout]   11:     0x63ad221d2c32 - core[df12db4294e9bfd3]::result::unwrap_failed
[INFO] [stdout]   12:     0x63ad2211cd07 - r2_data_persistence[7a9393aca81660ea]::tests::user_tests::tests::establish_connection
[INFO] [stdout]   13:     0x63ad2211d4e5 - r2_data_persistence[7a9393aca81660ea]::tests::user_tests::tests::test_delete_user
[INFO] [stdout]   14:     0x63ad22129919 - <r2_data_persistence[7a9393aca81660ea]::tests::user_tests::tests::test_delete_user::{closure#0} as core[df12db4294e9bfd3]::ops::function::FnOnce<()>>::call_once
[INFO] [stdout]   15:     0x63ad2213201b - test[9d35eded1c95d3be]::__rust_begin_short_backtrace::<core[df12db4294e9bfd3]::result::Result<(), alloc[2182bb758b4b3781]::string::String>, fn() -> core[df12db4294e9bfd3]::result::Result<(), alloc[2182bb758b4b3781]::string::String>>
[INFO] [stdout]   16:     0x63ad2213f685 - test[9d35eded1c95d3be]::run_test::{closure#0}
[INFO] [stdout]   17:     0x63ad22138f44 - std[70759c8f55707aa4]::sys::backtrace::__rust_begin_short_backtrace::<test[9d35eded1c95d3be]::run_test::{closure#1}, ()>
[INFO] [stdout]   18:     0x63ad221427e2 - <std[70759c8f55707aa4]::thread::lifecycle::spawn_unchecked<test[9d35eded1c95d3be]::run_test::{closure#1}, ()>::{closure#1} as core[df12db4294e9bfd3]::ops::function::FnOnce<()>>::call_once::{shim:vtable#0}
[INFO] [stdout]   19:     0x63ad221bc8d9 - <std[70759c8f55707aa4]::sys::thread::unix::Thread>::new::thread_start
[INFO] [stdout]   20:     0x774c8c2e7dfa - <unknown>
[INFO] [stdout]   21:     0x774c8c37b3d4 - clone
[INFO] [stdout]   22:                0x0 - <unknown>
[INFO] [stdout] 
[INFO] [stdout] ---- tests::user_tests::tests::test_update_user stdout ----
[INFO] [stdout] 
[INFO] [stdout] thread 'tests::user_tests::tests::test_update_user' (935) panicked at src/tests/user_tests.rs:12:58:
[INFO] [stdout] TEST_DATABASE_URL must be set: NotPresent
[INFO] [stdout] stack backtrace:
[INFO] [stdout]    0:     0x63ad221bd001 - <<std[70759c8f55707aa4]::sys::backtrace::BacktraceLock>::print::DisplayBacktrace as core[df12db4294e9bfd3]::fmt::Display>::fmt
[INFO] [stdout]    1:     0x63ad221d272a - core[df12db4294e9bfd3]::fmt::write
[INFO] [stdout]    2:     0x63ad221c154c - <alloc[2182bb758b4b3781]::vec::Vec<u8> as core[df12db4294e9bfd3]::io::write::Write>::write_fmt
[INFO] [stdout]    3:     0x63ad22199236 - std[70759c8f55707aa4]::panicking::default_hook::{closure#0}
[INFO] [stdout]    4:     0x63ad221b5659 - std[70759c8f55707aa4]::panicking::default_hook
[INFO] [stdout]    5:     0x63ad2213ed30 - test[9d35eded1c95d3be]::test_main_inner::<test[9d35eded1c95d3be]::test_main_static::{closure#0}>::{closure#0}
[INFO] [stdout]    6:     0x63ad221b5812 - std[70759c8f55707aa4]::panicking::panic_with_hook
[INFO] [stdout]    7:     0x63ad221992e2 - std[70759c8f55707aa4]::panicking::panic_handler::{closure#0}
[INFO] [stdout]    8:     0x63ad22191df9 - std[70759c8f55707aa4]::sys::backtrace::__rust_end_short_backtrace::<std[70759c8f55707aa4]::panicking::panic_handler::{closure#0}, !>
[INFO] [stdout]    9:     0x63ad22199f7d - __rustc[8fa7c3cbc660c2b3]::rust_begin_unwind
[INFO] [stdout]   10:     0x63ad221d2e5c - core[df12db4294e9bfd3]::panicking::panic_fmt
[INFO] [stdout]   11:     0x63ad221d2c32 - core[df12db4294e9bfd3]::result::unwrap_failed
[INFO] [stdout]   12:     0x63ad2211cd07 - r2_data_persistence[7a9393aca81660ea]::tests::user_tests::tests::establish_connection
[INFO] [stdout]   13:     0x63ad2211d5b5 - r2_data_persistence[7a9393aca81660ea]::tests::user_tests::tests::test_update_user
[INFO] [stdout]   14:     0x63ad22129939 - <r2_data_persistence[7a9393aca81660ea]::tests::user_tests::tests::test_update_user::{closure#0} as core[df12db4294e9bfd3]::ops::function::FnOnce<()>>::call_once
[INFO] [stdout]   15:     0x63ad2213201b - test[9d35eded1c95d3be]::__rust_begin_short_backtrace::<core[df12db4294e9bfd3]::result::Result<(), alloc[2182bb758b4b3781]::string::String>, fn() -> core[df12db4294e9bfd3]::result::Result<(), alloc[2182bb758b4b3781]::string::String>>
[INFO] [stdout]   16:     0x63ad2213f685 - test[9d35eded1c95d3be]::run_test::{closure#0}
[INFO] [stdout]   17:     0x63ad22138f44 - std[70759c8f55707aa4]::sys::backtrace::__rust_begin_short_backtrace::<test[9d35eded1c95d3be]::run_test::{closure#1}, ()>
[INFO] [stdout]   18:     0x63ad221427e2 - <std[70759c8f55707aa4]::thread::lifecycle::spawn_unchecked<test[9d35eded1c95d3be]::run_test::{closure#1}, ()>::{closure#1} as core[df12db4294e9bfd3]::ops::function::FnOnce<()>>::call_once::{shim:vtable#0}
[INFO] [stdout]   19:     0x63ad221bc8d9 - <std[70759c8f55707aa4]::sys::thread::unix::Thread>::new::thread_start
[INFO] [stdout]   20:     0x774c8c2e7dfa - <unknown>
[INFO] [stdout]   21:     0x774c8c37b3d4 - clone
[INFO] [stdout]   22:                0x0 - <unknown>
[INFO] [stdout] 
[INFO] [stdout] ---- tests::point_tests::tests::test_update_point stdout ----
[INFO] [stdout] 
[INFO] [stdout] thread 'tests::point_tests::tests::test_update_point' (925) panicked at src/tests/point_tests.rs:14:58:
[INFO] [stdout] TEST_DATABASE_URL must be set: NotPresent
[INFO] [stdout] stack backtrace:
[INFO] [stdout]    0:     0x63ad221bd001 - <<std[70759c8f55707aa4]::sys::backtrace::BacktraceLock>::print::DisplayBacktrace as core[df12db4294e9bfd3]::fmt::Display>::fmt
[INFO] [stdout]    1:     0x63ad221d272a - core[df12db4294e9bfd3]::fmt::write
[INFO] [stdout]    2:     0x63ad221c154c - <alloc[2182bb758b4b3781]::vec::Vec<u8> as core[df12db4294e9bfd3]::io::write::Write>::write_fmt
[INFO] [stdout]    3:     0x63ad22199236 - std[70759c8f55707aa4]::panicking::default_hook::{closure#0}
[INFO] [stdout]    4:     0x63ad221b5659 - std[70759c8f55707aa4]::panicking::default_hook
[INFO] [stdout]    5:     0x63ad2213ed30 - test[9d35eded1c95d3be]::test_main_inner::<test[9d35eded1c95d3be]::test_main_static::{closure#0}>::{closure#0}
[INFO] [stdout]    6:     0x63ad221b5812 - std[70759c8f55707aa4]::panicking::panic_with_hook
[INFO] [stdout]    7:     0x63ad221992e2 - std[70759c8f55707aa4]::panicking::panic_handler::{closure#0}
[INFO] [stdout]    8:     0x63ad22191df9 - std[70759c8f55707aa4]::sys::backtrace::__rust_end_short_backtrace::<std[70759c8f55707aa4]::panicking::panic_handler::{closure#0}, !>
[INFO] [stdout]    9:     0x63ad22199f7d - __rustc[8fa7c3cbc660c2b3]::rust_begin_unwind
[INFO] [stdout]   10:     0x63ad221d2e5c - core[df12db4294e9bfd3]::panicking::panic_fmt
[INFO] [stdout]   11:     0x63ad221d2c32 - core[df12db4294e9bfd3]::result::unwrap_failed
[INFO] [stdout]   12:     0x63ad2211d897 - r2_data_persistence[7a9393aca81660ea]::tests::point_tests::tests::establish_connection
[INFO] [stdout]   13:     0x63ad2211dcf5 - r2_data_persistence[7a9393aca81660ea]::tests::point_tests::tests::test_update_point
[INFO] [stdout]   14:     0x63ad221299d9 - <r2_data_persistence[7a9393aca81660ea]::tests::point_tests::tests::test_update_point::{closure#0} as core[df12db4294e9bfd3]::ops::function::FnOnce<()>>::call_once
[INFO] [stdout]   15:     0x63ad2213201b - test[9d35eded1c95d3be]::__rust_begin_short_backtrace::<core[df12db4294e9bfd3]::result::Result<(), alloc[2182bb758b4b3781]::string::String>, fn() -> core[df12db4294e9bfd3]::result::Result<(), alloc[2182bb758b4b3781]::string::String>>
[INFO] [stdout]   16:     0x63ad2213f685 - test[9d35eded1c95d3be]::run_test::{closure#0}
[INFO] [stdout]   17:     0x63ad22138f44 - std[70759c8f55707aa4]::sys::backtrace::__rust_begin_short_backtrace::<test[9d35eded1c95d3be]::run_test::{closure#1}, ()>
[INFO] [stdout]   18:     0x63ad221427e2 - <std[70759c8f55707aa4]::thread::lifecycle::spawn_unchecked<test[9d35eded1c95d3be]::run_test::{closure#1}, ()>::{closure#1} as core[df12db4294e9bfd3]::ops::function::FnOnce<()>>::call_once::{shim:vtable#0}
[INFO] [stdout]   19:     0x63ad221bc8d9 - <std[70759c8f55707aa4]::sys::thread::unix::Thread>::new::thread_start
[INFO] [stdout]   20:     0x774c8c2e7dfa - <unknown>
[INFO] [stdout]   21:     0x774c8c37b3d4 - clone
[INFO] [stdout]   22:                0x0 - <unknown>
[INFO] [stdout] 
[INFO] [stdout] 
[INFO] [stdout] failures:
[INFO] [stdout]     tests::point_tests::tests::test_create_point
[INFO] [stdout]     tests::point_tests::tests::test_delete_point
[INFO] [stdout]     tests::point_tests::tests::test_get_all_points
[INFO] [stdout]     tests::point_tests::tests::test_get_point
[INFO] [stdout]     tests::point_tests::tests::test_update_point
[INFO] [stdout]     tests::session_tests::tests::test_create_session
[INFO] [stdout]     tests::session_tests::tests::test_delete_session
[INFO] [stdout]     tests::session_tests::tests::test_get_all_sessions
[INFO] [stdout]     tests::session_tests::tests::test_get_session
[INFO] [stdout]     tests::session_tests::tests::test_update_session
[INFO] [stdout]     tests::user_tests::tests::test_create_user
[INFO] [stdout]     tests::user_tests::tests::test_delete_user
[INFO] [stdout]     tests::user_tests::tests::test_get_all_users
[INFO] [stdout]     tests::user_tests::tests::test_get_user
[INFO] [stdout]     tests::user_tests::tests::test_update_user
[INFO] [stdout] 
[INFO] [stdout] test result: FAILED. 0 passed; 15 failed; 0 ignored; 0 measured; 0 filtered out; finished in 0.04s
[INFO] [stdout] 
[INFO] [stderr] error: test failed, to rerun pass `--lib`
[INFO] running `Command { std: "docker" "inspect" "44e73b0938ffae89fcd59e38e0a94df6856c639a41fb72ea2d6d1235e7850a62", kill_on_drop: false }`
[INFO] running `Command { std: "docker" "rm" "-f" "44e73b0938ffae89fcd59e38e0a94df6856c639a41fb72ea2d6d1235e7850a62", kill_on_drop: false }`
[INFO] [stdout] 44e73b0938ffae89fcd59e38e0a94df6856c639a41fb72ea2d6d1235e7850a62
