[INFO] fetching crate r-resources 0.7.6...
[INFO] testing r-resources-0.7.6 against 1.99.0-beta.8+cargoflags=--release for beta-release-1.100-2
[INFO] extracting crate r-resources 0.7.6 into /workspace/builds/worker-0-tc1/source
[INFO] started tweaking crates.io crate r-resources 0.7.6
[INFO] removed 0 missing examples
[INFO] removed 0 missing tests
[INFO] finished tweaking crates.io crate r-resources 0.7.6
[INFO] tweaked toml for crates.io crate r-resources 0.7.6 written to /workspace/builds/worker-0-tc1/source/Cargo.toml
[INFO] validating manifest of crates.io crate r-resources 0.7.6 on toolchain 1.99.0-beta.8
[INFO] running `Command { std: CARGO_HOME="/workspace/cargo-home" RUSTUP_HOME="/workspace/rustup-home" "/workspace/cargo-home/bin/cargo" "+1.99.0-beta.8" "metadata" "--manifest-path" "Cargo.toml" "--no-deps", kill_on_drop: false }`
[INFO] crate crates.io crate r-resources 0.7.6 already has a lockfile, it will not be regenerated
[INFO] running `Command { std: CARGO_HOME="/workspace/cargo-home" RUSTUP_HOME="/workspace/rustup-home" "/workspace/cargo-home/bin/cargo" "+1.99.0-beta.8" "fetch" "--manifest-path" "Cargo.toml", kill_on_drop: false }`
[INFO] [stderr]  Downloading crates ...
[INFO] [stderr]   Downloaded quick-xml v0.38.3
[INFO] running `Command { std: "docker" "create" "-v" "/var/lib/crater-agent-workspace/builds/worker-0-tc1/source:/opt/rustwide/workdir:ro,Z" "-v" "/var/lib/crater-agent-workspace/builds/worker-0-tc1/target:/opt/rustwide/target:rw,Z" "-v" "/var/lib/crater-agent-workspace/cargo-home:/opt/rustwide/cargo-home:ro,Z" "-v" "/var/lib/crater-agent-workspace/rustup-home:/opt/rustwide/rustup-home:ro,Z" "-m" "1610612736" "--network" "none" "ghcr.io/rust-lang/crates-build-env/linux@sha256:77db811e55d90add9212f6832c23229e3de5f1c1f9905e8cb07319ea15df73ac" "sleep" "infinity", kill_on_drop: false }`
[INFO] [stdout] 4c308786a13a8b09ed1c372e8b4cb025ffb4b08acf9f8bbb20611ecddbec3920
[INFO] running `Command { std: "docker" "start" "4c308786a13a8b09ed1c372e8b4cb025ffb4b08acf9f8bbb20611ecddbec3920", kill_on_drop: false }`
[INFO] running `Command { std: "docker" "inspect" "4c308786a13a8b09ed1c372e8b4cb025ffb4b08acf9f8bbb20611ecddbec3920", kill_on_drop: false }`
[INFO] running `Command { std: "docker" "exec" "-e" "SOURCE_DIR=/opt/rustwide/workdir" "-e" "CARGO_HOME=/opt/rustwide/cargo-home" "-e" "RUSTUP_HOME=/opt/rustwide/rustup-home" "-e" "CARGO_TARGET_DIR=/opt/rustwide/target" "-w" "/opt/rustwide/workdir" "--user" "0:0" "4c308786a13a8b09ed1c372e8b4cb025ffb4b08acf9f8bbb20611ecddbec3920" "/opt/rustwide/cargo-home/bin/cargo" "+1.99.0-beta.8" "metadata" "--no-deps" "--format-version=1", kill_on_drop: false }`
[INFO] running `Command { std: "docker" "inspect" "4c308786a13a8b09ed1c372e8b4cb025ffb4b08acf9f8bbb20611ecddbec3920", kill_on_drop: false }`
[INFO] running `Command { std: "docker" "exec" "-e" "SOURCE_DIR=/opt/rustwide/workdir" "-e" "CARGO_HOME=/opt/rustwide/cargo-home" "-e" "RUSTUP_HOME=/opt/rustwide/rustup-home" "-e" "CARGO_TARGET_DIR=/opt/rustwide/target" "-e" "CARGO_INCREMENTAL=0" "-e" "RUST_BACKTRACE=full" "-e" "RUSTFLAGS=--cap-lints=warn" "-e" "RUSTDOCFLAGS=--cap-lints=warn" "-w" "/opt/rustwide/workdir" "--user" "0:0" "4c308786a13a8b09ed1c372e8b4cb025ffb4b08acf9f8bbb20611ecddbec3920" "/opt/rustwide/cargo-home/bin/cargo" "+1.99.0-beta.8" "build" "--frozen" "--message-format=json" "--release", kill_on_drop: false }`
[INFO] [stderr]    Compiling libc v0.2.177
[INFO] [stderr]    Compiling getrandom v0.3.4
[INFO] [stderr]    Compiling rustix v1.1.2
[INFO] [stderr]    Compiling memchr v2.7.6
[INFO] [stderr]    Compiling linux-raw-sys v0.11.0
[INFO] [stderr]    Compiling bitflags v2.10.0
[INFO] [stderr]    Compiling fastrand v2.3.0
[INFO] [stderr]    Compiling quick-xml v0.38.3
[INFO] [stderr]    Compiling r-resources v0.7.6 (/opt/rustwide/workdir)
[INFO] [stderr]    Compiling tempfile v3.23.0
[INFO] [stderr]     Finished `release` profile [optimized] target(s) in 9.42s
[INFO] running `Command { std: "docker" "inspect" "4c308786a13a8b09ed1c372e8b4cb025ffb4b08acf9f8bbb20611ecddbec3920", kill_on_drop: false }`
[INFO] running `Command { std: "docker" "exec" "-e" "SOURCE_DIR=/opt/rustwide/workdir" "-e" "CARGO_HOME=/opt/rustwide/cargo-home" "-e" "RUSTUP_HOME=/opt/rustwide/rustup-home" "-e" "CARGO_TARGET_DIR=/opt/rustwide/target" "-e" "CARGO_INCREMENTAL=0" "-e" "RUST_BACKTRACE=full" "-e" "RUSTFLAGS=--cap-lints=warn" "-e" "RUSTDOCFLAGS=--cap-lints=warn" "-w" "/opt/rustwide/workdir" "--user" "0:0" "4c308786a13a8b09ed1c372e8b4cb025ffb4b08acf9f8bbb20611ecddbec3920" "/opt/rustwide/cargo-home/bin/cargo" "+1.99.0-beta.8" "test" "--frozen" "--no-run" "--message-format=json" "--release", kill_on_drop: false }`
[INFO] [stderr]    Compiling r-resources v0.7.6 (/opt/rustwide/workdir)
[INFO] [stderr]     Finished `release` profile [optimized] target(s) in 1.98s
[INFO] running `Command { std: "docker" "inspect" "4c308786a13a8b09ed1c372e8b4cb025ffb4b08acf9f8bbb20611ecddbec3920", kill_on_drop: false }`
[INFO] running `Command { std: "docker" "exec" "-e" "SOURCE_DIR=/opt/rustwide/workdir" "-e" "CARGO_HOME=/opt/rustwide/cargo-home" "-e" "RUSTUP_HOME=/opt/rustwide/rustup-home" "-e" "CARGO_TARGET_DIR=/opt/rustwide/target" "-e" "CARGO_INCREMENTAL=0" "-e" "RUST_BACKTRACE=full" "-e" "RUSTFLAGS=--cap-lints=warn" "-e" "RUSTDOCFLAGS=--cap-lints=warn" "-w" "/opt/rustwide/workdir" "--user" "0:0" "4c308786a13a8b09ed1c372e8b4cb025ffb4b08acf9f8bbb20611ecddbec3920" "/opt/rustwide/cargo-home/bin/cargo" "+1.99.0-beta.8" "test" "--frozen" "--release", kill_on_drop: false }`
[INFO] [stderr]     Finished `release` profile [optimized] target(s) in 0.08s
[INFO] [stderr]      Running unittests src/lib.rs (/opt/rustwide/target/release/deps/r_resources-080ac3b4b3e55097)
[INFO] [stdout] 
[INFO] [stdout] running 3 tests
[INFO] [stdout] test codegen::multi_file::tests::test_find_xml_files_nonexistent ... ok
[INFO] [stdout] test codegen::utils::tests::test_sanitize_identifier ... ok
[INFO] [stderr]      Running tests/basic_resources.rs (/opt/rustwide/target/release/deps/basic_resources-1c8abe630162cc6d)
[INFO] [stdout] test codegen::references::tests::test_resolve_reference_path ... ok
[INFO] [stdout] 
[INFO] [stdout] test result: ok. 3 passed; 0 failed; 0 ignored; 0 measured; 0 filtered out; finished in 0.00s
[INFO] [stdout] 
[INFO] [stdout] 
[INFO] [stdout] running 4 tests
[INFO] [stdout] test test_float_resources ... ok
[INFO] [stdout] test test_int_resources ... FAILED
[INFO] [stdout] test test_string_resources ... ok
[INFO] [stdout] test test_array_resources ... ok
[INFO] [stdout] 
[INFO] [stdout] failures:
[INFO] [stdout] 
[INFO] [stdout] ---- test_int_resources stdout ----
[INFO] [stdout] 
[INFO] [stdout] thread 'test_int_resources' (843) panicked at tests/basic_resources.rs:24:14:
[INFO] [stdout] assertion `left == right` failed
[INFO] [stdout]   left: 5000
[INFO] [stdout]  right: 10000
[INFO] [stdout] stack backtrace:
[INFO] [stdout]    0:     0x5967e8762e51 - <<std[70759c8f55707aa4]::sys::backtrace::BacktraceLock>::print::DisplayBacktrace as core[df12db4294e9bfd3]::fmt::Display>::fmt
[INFO] [stdout]    1:     0x5967e877702a - core[df12db4294e9bfd3]::fmt::write
[INFO] [stdout]    2:     0x5967e87672ec - <alloc[2182bb758b4b3781]::vec::Vec<u8> as core[df12db4294e9bfd3]::io::write::Write>::write_fmt
[INFO] [stdout]    3:     0x5967e873f446 - std[70759c8f55707aa4]::panicking::default_hook::{closure#0}
[INFO] [stdout]    4:     0x5967e875b5b9 - std[70759c8f55707aa4]::panicking::default_hook
[INFO] [stdout]    5:     0x5967e86f7a40 - test[9d35eded1c95d3be]::test_main_inner::<test[9d35eded1c95d3be]::test_main_static::{closure#0}>::{closure#0}
[INFO] [stdout]    6:     0x5967e875b772 - std[70759c8f55707aa4]::panicking::panic_with_hook
[INFO] [stdout]    7:     0x5967e873f4f2 - std[70759c8f55707aa4]::panicking::panic_handler::{closure#0}
[INFO] [stdout]    8:     0x5967e8738279 - std[70759c8f55707aa4]::sys::backtrace::__rust_end_short_backtrace::<std[70759c8f55707aa4]::panicking::panic_handler::{closure#0}, !>
[INFO] [stdout]    9:     0x5967e87400ed - __rustc[8fa7c3cbc660c2b3]::rust_begin_unwind
[INFO] [stdout]   10:     0x5967e877775c - core[df12db4294e9bfd3]::panicking::panic_fmt
[INFO] [stdout]   11:     0x5967e8777673 - core[df12db4294e9bfd3]::panicking::assert_failed_inner
[INFO] [stdout]   12:     0x5967e86eab8c - core[df12db4294e9bfd3]::panicking::assert_failed::<i64, i64>
[INFO] [stdout]   13:     0x5967e86eac87 - <basic_resources[7e79b72bb3603ab7]::test_int_resources::{closure#0} as core[df12db4294e9bfd3]::ops::function::FnOnce<()>>::call_once
[INFO] [stdout]   14:     0x5967e86ead2b - test[9d35eded1c95d3be]::__rust_begin_short_backtrace::<core[df12db4294e9bfd3]::result::Result<(), alloc[2182bb758b4b3781]::string::String>, fn() -> core[df12db4294e9bfd3]::result::Result<(), alloc[2182bb758b4b3781]::string::String>>
[INFO] [stdout]   15:     0x5967e86f8395 - test[9d35eded1c95d3be]::run_test::{closure#0}
[INFO] [stdout]   16:     0x5967e86f1c54 - std[70759c8f55707aa4]::sys::backtrace::__rust_begin_short_backtrace::<test[9d35eded1c95d3be]::run_test::{closure#1}, ()>
[INFO] [stdout]   17:     0x5967e86fb4f2 - <std[70759c8f55707aa4]::thread::lifecycle::spawn_unchecked<test[9d35eded1c95d3be]::run_test::{closure#1}, ()>::{closure#1} as core[df12db4294e9bfd3]::ops::function::FnOnce<()>>::call_once::{shim:vtable#0}
[INFO] [stdout]   18:     0x5967e8762729 - <std[70759c8f55707aa4]::sys::thread::unix::Thread>::new::thread_start
[INFO] [stdout]   19:     0x74ed4fe9fdfa - <unknown>
[INFO] [stdout]   20:     0x74ed4ff333d4 - clone
[INFO] [stdout]   21:                0x0 - <unknown>
[INFO] [stdout] 
[INFO] [stdout] 
[INFO] [stdout] failures:
[INFO] [stdout]     test_int_resources
[INFO] [stdout] 
[INFO] [stdout] test result: FAILED. 3 passed; 1 failed; 0 ignored; 0 measured; 0 filtered out; finished in 0.03s
[INFO] [stdout] 
[INFO] [stderr] error: test failed, to rerun pass `--test basic_resources`
[INFO] running `Command { std: "docker" "inspect" "4c308786a13a8b09ed1c372e8b4cb025ffb4b08acf9f8bbb20611ecddbec3920", kill_on_drop: false }`
[INFO] running `Command { std: "docker" "rm" "-f" "4c308786a13a8b09ed1c372e8b4cb025ffb4b08acf9f8bbb20611ecddbec3920", kill_on_drop: false }`
[INFO] [stdout] 4c308786a13a8b09ed1c372e8b4cb025ffb4b08acf9f8bbb20611ecddbec3920
