[INFO] fetching crate r-lanterm 0.12.1...
[INFO] testing r-lanterm-0.12.1 against 1.100.0-beta.1+cargoflags=--release for beta-release-1.100-2
[INFO] extracting crate r-lanterm 0.12.1 into /workspace/builds/worker-7-tc2/source
[INFO] started tweaking crates.io crate r-lanterm 0.12.1
[INFO] finished tweaking crates.io crate r-lanterm 0.12.1
[INFO] tweaked toml for crates.io crate r-lanterm 0.12.1 written to /workspace/builds/worker-7-tc2/source/Cargo.toml
[INFO] validating manifest of crates.io crate r-lanterm 0.12.1 on toolchain 1.100.0-beta.1
[INFO] running `Command { std: CARGO_HOME="/workspace/cargo-home" RUSTUP_HOME="/workspace/rustup-home" "/workspace/cargo-home/bin/cargo" "+1.100.0-beta.1" "metadata" "--manifest-path" "Cargo.toml" "--no-deps", kill_on_drop: false }`
[INFO] crate crates.io crate r-lanterm 0.12.1 already has a lockfile, it will not be regenerated
[INFO] running `Command { std: CARGO_HOME="/workspace/cargo-home" RUSTUP_HOME="/workspace/rustup-home" "/workspace/cargo-home/bin/cargo" "+1.100.0-beta.1" "fetch" "--manifest-path" "Cargo.toml", kill_on_drop: false }`
[INFO] [stderr] warning: `package.homepage` is redundant with `package.repository`
[INFO] [stderr]    --> Cargo.toml:103:12
[INFO] [stderr]     |
[INFO] [stderr] 103 | homepage = "https://github.com/robgonnella/r-lanscan"
[INFO] [stderr]     |            ^^^^^^^^^^^^^^^^^^^^^^^^^^^^^^^^^^^^^^^^^^
[INFO] [stderr] ...
[INFO] [stderr] 108 | repository = "https://github.com/robgonnella/r-lanscan"
[INFO] [stderr]     |              ------------------------------------------
[INFO] [stderr]     |
[INFO] [stderr]     = note: `cargo::redundant_homepage` is set to `warn` by default
[INFO] [stderr] help: consider removing `package.homepage`
[INFO] [stderr] warning: `r-lanterm` (manifest) generated 1 warning
[INFO] running `Command { std: "docker" "create" "-v" "/var/lib/crater-agent-workspace/builds/worker-7-tc2/source:/opt/rustwide/workdir:ro,Z" "-v" "/var/lib/crater-agent-workspace/builds/worker-7-tc2/target:/opt/rustwide/target:rw,Z" "-v" "/var/lib/crater-agent-workspace/cargo-home:/opt/rustwide/cargo-home:ro,Z" "-v" "/var/lib/crater-agent-workspace/rustup-home:/opt/rustwide/rustup-home:ro,Z" "-m" "1610612736" "--network" "none" "ghcr.io/rust-lang/crates-build-env/linux@sha256:77db811e55d90add9212f6832c23229e3de5f1c1f9905e8cb07319ea15df73ac" "sleep" "infinity", kill_on_drop: false }`
[INFO] [stdout] 41a16de17ef50aeae566144f3dc0491685bdb640ef41586d4ffba21167f71b5e
[INFO] running `Command { std: "docker" "start" "41a16de17ef50aeae566144f3dc0491685bdb640ef41586d4ffba21167f71b5e", kill_on_drop: false }`
[INFO] running `Command { std: "docker" "inspect" "41a16de17ef50aeae566144f3dc0491685bdb640ef41586d4ffba21167f71b5e", kill_on_drop: false }`
[INFO] running `Command { std: "docker" "exec" "-e" "SOURCE_DIR=/opt/rustwide/workdir" "-e" "CARGO_HOME=/opt/rustwide/cargo-home" "-e" "RUSTUP_HOME=/opt/rustwide/rustup-home" "-e" "CARGO_TARGET_DIR=/opt/rustwide/target" "-w" "/opt/rustwide/workdir" "--user" "0:0" "41a16de17ef50aeae566144f3dc0491685bdb640ef41586d4ffba21167f71b5e" "/opt/rustwide/cargo-home/bin/cargo" "+1.100.0-beta.1" "metadata" "--no-deps" "--format-version=1", kill_on_drop: false }`
[INFO] running `Command { std: "docker" "inspect" "41a16de17ef50aeae566144f3dc0491685bdb640ef41586d4ffba21167f71b5e", kill_on_drop: false }`
[INFO] running `Command { std: "docker" "exec" "-e" "SOURCE_DIR=/opt/rustwide/workdir" "-e" "CARGO_HOME=/opt/rustwide/cargo-home" "-e" "RUSTUP_HOME=/opt/rustwide/rustup-home" "-e" "CARGO_TARGET_DIR=/opt/rustwide/target" "-e" "CARGO_INCREMENTAL=0" "-e" "RUST_BACKTRACE=full" "-e" "RUSTFLAGS=--cap-lints=warn" "-e" "RUSTDOCFLAGS=--cap-lints=warn" "-w" "/opt/rustwide/workdir" "--user" "0:0" "41a16de17ef50aeae566144f3dc0491685bdb640ef41586d4ffba21167f71b5e" "/opt/rustwide/cargo-home/bin/cargo" "+1.100.0-beta.1" "build" "--frozen" "--message-format=json" "--release", kill_on_drop: false }`
[INFO] [stderr] warning: `package.homepage` is redundant with `package.repository`
[INFO] [stderr]    --> Cargo.toml:103:12
[INFO] [stderr]     |
[INFO] [stderr] 103 | homepage = "https://github.com/robgonnella/r-lanscan"
[INFO] [stderr]     |            ^^^^^^^^^^^^^^^^^^^^^^^^^^^^^^^^^^^^^^^^^^
[INFO] [stderr] ...
[INFO] [stderr] 108 | repository = "https://github.com/robgonnella/r-lanscan"
[INFO] [stderr]     |              ------------------------------------------
[INFO] [stderr]     |
[INFO] [stderr]     = note: `cargo::redundant_homepage` is set to `warn` by default
[INFO] [stderr] help: consider removing `package.homepage`
[INFO] [stderr] warning: `r-lanterm` (manifest) generated 1 warning
[INFO] [stderr]    Compiling libc v0.2.186
[INFO] [stderr]    Compiling cc v1.2.65
[INFO] [stderr]    Compiling log v0.4.33
[INFO] [stderr]    Compiling either v1.16.0
[INFO] [stderr]    Compiling hashbrown v0.17.1
[INFO] [stderr]    Compiling aho-corasick v1.1.4
[INFO] [stderr]    Compiling no-std-net v0.6.0
[INFO] [stderr]    Compiling syn v2.0.118
[INFO] [stderr]    Compiling syn v3.0.3
[INFO] [stderr]    Compiling castaway v0.2.4
[INFO] [stderr]    Compiling instability v0.3.12
[INFO] [stderr]    Compiling zerocopy v0.8.52
[INFO] [stderr]    Compiling pnet_base v0.35.0
[INFO] [stderr]    Compiling rustls-pki-types v1.14.1
[INFO] [stderr]    Compiling phf_shared v0.14.0
[INFO] [stderr]    Compiling time-macros v0.2.29
[INFO] [stderr]    Compiling convert_case v0.10.0
[INFO] [stderr]    Compiling serde_core v1.0.229
[INFO] [stderr]    Compiling itertools v0.14.0
[INFO] [stderr]    Compiling compact_str v0.9.0
[INFO] [stderr]    Compiling csv-core v0.1.13
[INFO] [stderr]    Compiling smallvec v1.15.2
[INFO] [stderr]    Compiling num_threads v0.1.7
[INFO] [stderr]    Compiling rustix v1.1.4
[INFO] [stderr]    Compiling critical-section v1.2.0
[INFO] [stderr]    Compiling phf_generator v0.14.0
[INFO] [stderr]    Compiling pnet_macros_support v0.35.0
[INFO] [stderr]    Compiling owo-colors v4.2.3
[INFO] [stderr]    Compiling litrs v1.0.0
[INFO] [stderr]    Compiling rustls v0.23.40
[INFO] [stderr]    Compiling bytes v1.12.0
[INFO] [stderr]    Compiling nix v0.31.2
[INFO] [stderr]    Compiling tracing-subscriber v0.3.22
[INFO] [stderr]    Compiling line-clipping v0.3.5
[INFO] [stderr]    Compiling rgon-pnet v0.36.0
[INFO] [stderr]    Compiling openssl-src v300.6.1+3.6.3
[INFO] [stderr]    Compiling http v1.4.2
[INFO] [stderr]    Compiling document-features v0.2.12
[INFO] [stderr]    Compiling base64 v0.23.1
[INFO] [stderr]    Compiling regex-automata v0.4.14
[INFO] [stderr]    Compiling eyre v0.6.12
[INFO] [stderr]    Compiling lru v0.18.0
[INFO] [stderr]    Compiling openssl v0.10.81
[INFO] [stderr]    Compiling webpki-roots v1.0.6
[INFO] [stderr]    Compiling rustc-demangle v0.1.27
[INFO] [stderr]    Compiling utf8-zero v0.8.1
[INFO] [stderr]    Compiling getrandom v0.2.17
[INFO] [stderr]    Compiling ring v0.17.14
[INFO] [stderr]    Compiling errno v0.3.14
[INFO] [stderr]    Compiling signal-hook-registry v1.4.8
[INFO] [stderr]    Compiling openssl-sys v0.9.117
[INFO] [stderr]    Compiling getrandom v0.3.4
[INFO] [stderr]    Compiling parking_lot_core v0.9.12
[INFO] [stderr]    Compiling thiserror-impl v2.0.20
[INFO] [stderr]    Compiling serde_derive v1.0.229
[INFO] [stderr]    Compiling unicode-truncate v2.0.1
[INFO] [stderr]    Compiling signal-hook v0.3.18
[INFO] [stderr]    Compiling pnet_sys v0.35.0
[INFO] [stderr]    Compiling mio v1.2.1
[INFO] [stderr]    Compiling time v0.3.49
[INFO] [stderr]    Compiling parking_lot v0.12.5
[INFO] [stderr]    Compiling rand_core v0.9.5
[INFO] [stderr]    Compiling signal-hook-mio v0.2.5
[INFO] [stderr]    Compiling dirs-sys v0.5.0
[INFO] [stderr]    Compiling csv v1.4.0
[INFO] [stderr]    Compiling tracing-error v0.2.1
[INFO] [stderr]    Compiling ureq-proto v0.6.1
[INFO] [stderr]    Compiling thiserror v2.0.20
[INFO] [stderr]    Compiling darling_core v0.23.0
[INFO] [stderr]    Compiling darling_core v0.20.11
[INFO] [stderr]    Compiling kasuari v0.4.11
[INFO] [stderr]    Compiling socket2 v0.6.2
[INFO] [stderr]    Compiling num_cpus v1.17.0
[INFO] [stderr]    Compiling oui-data v0.2.3
[INFO] [stderr]    Compiling signal-hook v0.4.4
[INFO] [stderr]    Compiling dns-lookup v3.0.1
[INFO] [stderr]    Compiling regex v1.12.4
[INFO] [stderr]    Compiling threadpool v1.8.1
[INFO] [stderr]    Compiling color-spantrace v0.3.0
[INFO] [stderr]    Compiling directories v6.0.0
[INFO] [stderr]    Compiling ppv-lite86 v0.2.21
[INFO] [stderr]    Compiling uuid v0.8.2
[INFO] [stderr]    Compiling backtrace v0.3.76
[INFO] [stderr]    Compiling indexmap v2.14.0
[INFO] [stderr]    Compiling rand_chacha v0.9.0
[INFO] [stderr]    Compiling serde v1.0.229
[INFO] [stderr]    Compiling itertools v0.15.0
[INFO] [stderr]    Compiling simplerand v1.6.0
[INFO] [stderr]    Compiling paris v1.5.15
[INFO] [stderr]    Compiling serde_json v1.0.150
[INFO] [stderr]    Compiling strum_macros v0.28.0
[INFO] [stderr]    Compiling pnet_macros v0.35.0
[INFO] [stderr]    Compiling derive_more-impl v2.1.1
[INFO] [stderr]    Compiling derive_more v2.1.1
[INFO] [stderr]    Compiling phf_macros v0.14.0
[INFO] [stderr]    Compiling crossterm v0.29.0
[INFO] [stderr]    Compiling openssl-macros v0.1.1
[INFO] [stderr]    Compiling clap_derive v4.6.1
[INFO] [stderr]    Compiling rand v0.9.4
[INFO] [stderr]    Compiling ctrlc v3.5.2
[INFO] [stderr]    Compiling darling_macro v0.20.11
[INFO] [stderr]    Compiling color-eyre v0.6.5
[INFO] [stderr]    Compiling darling_macro v0.23.0
[INFO] [stderr]    Compiling darling v0.20.11
[INFO] [stderr]    Compiling ipnetwork v0.20.0
[INFO] [stderr]    Compiling derive_builder_core v0.20.2
[INFO] [stderr]    Compiling phf v0.14.0
[INFO] [stderr]    Compiling pnet_packet v0.35.0
[INFO] [stderr]    Compiling darling v0.23.0
[INFO] [stderr]    Compiling rgon-pnet-datalink v0.36.0
[INFO] [stderr]    Compiling serde_yaml v0.9.34+deprecated
[INFO] [stderr]    Compiling fakeit v1.4.1
[INFO] [stderr]    Compiling simplelog v0.12.2
[INFO] [stderr]    Compiling derive_builder_macro v0.20.2
[INFO] [stderr]    Compiling derive_builder v0.20.2
[INFO] [stderr]    Compiling dirs v6.0.0
[INFO] [stderr]    Compiling whoami v2.1.3
[INFO] [stderr]    Compiling strum v0.28.0
[INFO] [stderr]    Compiling ratatui-core v0.1.2
[INFO] [stderr]    Compiling clap v4.6.1
[INFO] [stderr]    Compiling ratatui-widgets v0.3.2
[INFO] [stderr]    Compiling ratatui-crossterm v0.1.2
[INFO] [stderr]    Compiling pnet_transport v0.35.0
[INFO] [stderr]    Compiling ratatui-macros v0.7.2
[INFO] [stderr]    Compiling ratatui v0.30.2
[INFO] [stderr]    Compiling rustls-webpki v0.103.13
[INFO] [stderr]    Compiling ureq v3.4.0
[INFO] [stderr]    Compiling r-lanlib v0.12.1
[INFO] [stderr]    Compiling r-lanterm v0.12.1 (/opt/rustwide/workdir)
[INFO] [stderr]     Finished `release` profile [optimized] target(s) in 3m 52s
[INFO] [stderr] warning: the following packages contain code that will be rejected by a future version of Rust: nix v0.31.2
[INFO] [stderr] note: to see what the problems were, use the option `--future-incompat-report`, or run `cargo report future-incompatibilities --id 4`
[INFO] running `Command { std: "docker" "inspect" "41a16de17ef50aeae566144f3dc0491685bdb640ef41586d4ffba21167f71b5e", kill_on_drop: false }`
[INFO] running `Command { std: "docker" "exec" "-e" "SOURCE_DIR=/opt/rustwide/workdir" "-e" "CARGO_HOME=/opt/rustwide/cargo-home" "-e" "RUSTUP_HOME=/opt/rustwide/rustup-home" "-e" "CARGO_TARGET_DIR=/opt/rustwide/target" "-e" "CARGO_INCREMENTAL=0" "-e" "RUST_BACKTRACE=full" "-e" "RUSTFLAGS=--cap-lints=warn" "-e" "RUSTDOCFLAGS=--cap-lints=warn" "-w" "/opt/rustwide/workdir" "--user" "0:0" "41a16de17ef50aeae566144f3dc0491685bdb640ef41586d4ffba21167f71b5e" "/opt/rustwide/cargo-home/bin/cargo" "+1.100.0-beta.1" "test" "--frozen" "--no-run" "--message-format=json" "--release", kill_on_drop: false }`
[INFO] [stderr] warning: `package.homepage` is redundant with `package.repository`
[INFO] [stderr]    --> Cargo.toml:103:12
[INFO] [stderr]     |
[INFO] [stderr] 103 | homepage = "https://github.com/robgonnella/r-lanscan"
[INFO] [stderr]     |            ^^^^^^^^^^^^^^^^^^^^^^^^^^^^^^^^^^^^^^^^^^
[INFO] [stderr] ...
[INFO] [stderr] 108 | repository = "https://github.com/robgonnella/r-lanscan"
[INFO] [stderr]     |              ------------------------------------------
[INFO] [stderr]     |
[INFO] [stderr]     = note: `cargo::redundant_homepage` is set to `warn` by default
[INFO] [stderr] help: consider removing `package.homepage`
[INFO] [stderr] warning: `r-lanterm` (manifest) generated 1 warning
[INFO] [stderr]    Compiling rustix v1.1.4
[INFO] [stderr]    Compiling mockall_derive v0.15.0
[INFO] [stderr]    Compiling predicates-core v1.0.10
[INFO] [stderr]    Compiling getrandom v0.4.3
[INFO] [stderr]    Compiling mockall v0.15.0
[INFO] [stderr]    Compiling termtree v0.5.1
[INFO] [stderr]    Compiling fragile v2.1.0
[INFO] [stderr]    Compiling console v0.16.3
[INFO] [stderr]    Compiling downcast v0.11.0
[INFO] [stderr]    Compiling nanoid v0.5.0
[INFO] [stderr]    Compiling predicates v3.1.4
[INFO] [stderr]    Compiling predicates-tree v1.0.13
[INFO] [stderr]    Compiling crossterm v0.29.0
[INFO] [stderr]    Compiling tempfile v3.27.0
[INFO] [stderr]    Compiling insta v1.48.0
[INFO] [stderr]    Compiling ratatui-crossterm v0.1.2
[INFO] [stderr]    Compiling ratatui v0.30.2
[INFO] [stderr]    Compiling r-lanterm v0.12.1 (/opt/rustwide/workdir)
[INFO] [stderr]     Finished `release` profile [optimized] target(s) in 27.20s
[INFO] [stderr] warning: the following packages contain code that will be rejected by a future version of Rust: nix v0.31.2
[INFO] [stderr] note: to see what the problems were, use the option `--future-incompat-report`, or run `cargo report future-incompatibilities --id 4`
[INFO] running `Command { std: "docker" "inspect" "41a16de17ef50aeae566144f3dc0491685bdb640ef41586d4ffba21167f71b5e", kill_on_drop: false }`
[INFO] running `Command { std: "docker" "exec" "-e" "SOURCE_DIR=/opt/rustwide/workdir" "-e" "CARGO_HOME=/opt/rustwide/cargo-home" "-e" "RUSTUP_HOME=/opt/rustwide/rustup-home" "-e" "CARGO_TARGET_DIR=/opt/rustwide/target" "-e" "CARGO_INCREMENTAL=0" "-e" "RUST_BACKTRACE=full" "-e" "RUSTFLAGS=--cap-lints=warn" "-e" "RUSTDOCFLAGS=--cap-lints=warn" "-w" "/opt/rustwide/workdir" "--user" "0:0" "41a16de17ef50aeae566144f3dc0491685bdb640ef41586d4ffba21167f71b5e" "/opt/rustwide/cargo-home/bin/cargo" "+1.100.0-beta.1" "test" "--frozen" "--release", kill_on_drop: false }`
[INFO] [stderr] warning: `package.homepage` is redundant with `package.repository`
[INFO] [stderr]    --> Cargo.toml:103:12
[INFO] [stderr]     |
[INFO] [stderr] 103 | homepage = "https://github.com/robgonnella/r-lanscan"
[INFO] [stderr]     |            ^^^^^^^^^^^^^^^^^^^^^^^^^^^^^^^^^^^^^^^^^^
[INFO] [stderr] ...
[INFO] [stderr] 108 | repository = "https://github.com/robgonnella/r-lanscan"
[INFO] [stderr]     |              ------------------------------------------
[INFO] [stderr]     |
[INFO] [stderr]     = note: `cargo::redundant_homepage` is set to `warn` by default
[INFO] [stderr] help: consider removing `package.homepage`
[INFO] [stderr] warning: `r-lanterm` (manifest) generated 1 warning
[INFO] [stderr]     Finished `release` profile [optimized] target(s) in 0.30s
[INFO] [stderr] warning: the following packages contain code that will be rejected by a future version of Rust: nix v0.31.2
[INFO] [stderr] note: to see what the problems were, use the option `--future-incompat-report`, or run `cargo report future-incompatibilities --id 4`
[INFO] [stderr]      Running unittests src/main.rs (/opt/rustwide/target/release/build/r-lanterm/7a041b26eec2fe50/out/r_lanterm-7a041b26eec2fe50)
[INFO] [stdout] 
[INFO] [stdout] running 103 tests
[INFO] [stdout] test process::main::process::process_tests::handle_browse_ok_no_error ... FAILED
[INFO] [stdout] test process::main::process::process_tests::handle_browse_executor_error_sets_store_error ... FAILED
[INFO] [stdout] test process::main::process::process_tests::handle_ssh_ok_no_error ... FAILED
[INFO] [stdout] test config::tests::test_get_by_id ... FAILED
[INFO] [stdout] test process::main::process::process_tests::handle_post_action_sync_ignores_non_config_actions ... FAILED
[INFO] [stdout] test process::main::process::process_tests::handle_browse_nonzero_exit_with_stderr_sets_error ... FAILED
[INFO] [stdout] test process::main::process::process_tests::handle_traceroute_dispatches_output_on_success ... FAILED
[INFO] [stdout] test process::main::process::process_tests::handle_ssh_executor_error_sets_store_error ... FAILED
[INFO] [stdout] test config::tests::get_by_cidr ... FAILED
[INFO] [stdout] test process::network::process::tests::arp_history_resets_miss_count_on_rediscovery ... FAILED
[INFO] [stdout] test process::network::process::tests::get_latest_detected_returns_empty_when_all_missed ... FAILED
[INFO] [stdout] test config::tests::test_new ... FAILED
[INFO] [stdout] test process::network::process::tests::arp_history_increments_miss_count_for_absent_devices ... FAILED
[INFO] [stdout] test process::network::process::tests::load_seed_devices_names_a_malformed_file ... FAILED
[INFO] [stdout] test process::network::process::tests::load_seed_devices_names_a_missing_file ... FAILED
[INFO] [stdout] test process::network::process::tests::get_padded_list_includes_devices_below_max_miss ... FAILED
[INFO] [stdout] test config::tests::update_config ... FAILED
[INFO] [stdout] test process::main::process::process_tests::handle_post_action_sync_persists_config_update ... FAILED
[INFO] [stdout] test process::main::process::process_tests::handle_traceroute_sets_error_on_failure ... FAILED
[INFO] [stdout] test process::network::process::tests::load_seed_devices_reads_the_supplied_file ... FAILED
[INFO] [stdout] test process::network::process::tests::monitor_sends_seed_devices_once_and_skips_arp ... FAILED
[INFO] [stdout] test process::main::process::process_tests::resume_ui_returns_err_on_quit_message ... FAILED
[INFO] [stdout] test process::network::process::tests::process_arp_sends_messages_and_updates_history ... FAILED
[INFO] [stdout] test process::network::process::tests::process_syn_sends_messages ... FAILED
[INFO] [stdout] test process::main::process::process_tests::pause_ui_returns_err_on_quit_message ... FAILED
[INFO] [stdout] test process::network::process::tests::arp_history_removes_devices_at_max_miss ... FAILED
[INFO] [stdout] test process::main::process::process_tests::handle_ssh_nonzero_exit_with_stderr_sets_error ... FAILED
[INFO] [stdout] test process::main::process::process_tests::handle_ssh_nonzero_exit_without_stderr_sets_generic_error ... FAILED
[INFO] [stdout] test process::network::process::tests::get_latest_detected_returns_only_zero_miss_devices ... FAILED
[INFO] [stdout] test process::renderer::process::tests::paused_loop_processes_multiple_action_syncs ... ok
[INFO] [stdout] test process::main::process::process_tests::handle_cmd_ignores_when_cmd_in_progress ... FAILED
[INFO] [stdout] test process::network::process::tests::get_padded_list_returns_empty_when_no_history ... FAILED
[INFO] [stdout] test process::renderer::process::tests::paused_loop_exits_on_channel_close ... ok
[INFO] [stdout] test process::renderer::process::tests::pause_sends_ui_paused_message ... ok
[INFO] [stdout] test process::network::process::tests::monitor_fails_fast_when_the_seed_file_is_unreadable ... FAILED
[INFO] [stdout] test process::network::process::tests::monitor_exits_on_quit_message ... FAILED
[INFO] [stdout] test process::network::process::tests::load_seed_devices_rejects_an_empty_device_list ... FAILED
[INFO] [stdout] test process::network::process::tests::load_seed_devices_returns_none_without_a_path ... FAILED
[INFO] [stdout] test process::renderer::process::tests::paused_loop_ignores_pause_message ... ok
[INFO] [stdout] test process::renderer::scroll_throttle::tests::first_scroll_event_is_not_throttled ... ok
[INFO] [stdout] test process::renderer::scroll_throttle::tests::mouse_scroll_down_is_throttled ... ok
[INFO] [stdout] test process::renderer::process::tests::paused_loop_dispatches_action_sync ... ok
[INFO] [stdout] test process::renderer::process::tests::skips_render_when_ui_paused ... ok
[INFO] [stdout] test process::renderer::process::tests::render_frame_draws_content ... ok
[INFO] [stdout] test process::renderer::scroll_throttle::tests::up_and_down_scroll_are_throttled_independently ... ok
[INFO] [stdout] test process::renderer::scroll_throttle::tests::mouse_scroll_up_is_throttled ... ok
[INFO] [stdout] test process::renderer::scroll_throttle::tests::non_scroll_events_are_never_throttled ... ok
[INFO] [stdout] test process::renderer::scroll_throttle::tests::rapid_scroll_events_are_throttled ... ok
[INFO] [stdout] test process::renderer::process::tests::renders_frame_with_default_state ... ok
[INFO] [stdout] test store::reducer::tests::test_add_device_records_latency_history ... ok
[INFO] [stdout] test store::reducer::tests::test_add_device ... ok
[INFO] [stdout] test store::reducer::tests::test_add_device_no_latency_does_not_append_history ... ok
[INFO] [stdout] test store::reducer::tests::test_update_device_ports_sets_response_ttl ... ok
[INFO] [stdout] test store::reducer::tests::test_updates_device_with_new_info ... ok
[INFO] [stdout] test store::reducer::tests::test_preview_theme ... ok
[INFO] [stdout] test store::reducer::tests::test_remove_device_config ... ok
[INFO] [stdout] test store::reducer::tests::test_update_command_output ... ok
[INFO] [stdout] test store::reducer::tests::test_set_command_in_progress ... ok
[INFO] [stdout] test store::reducer::tests::test_set_error ... ok
[INFO] [stdout] test store::reducer::tests::test_ui_paused ... ok
[INFO] [stdout] test store::reducer::tests::test_update_config ... ok
[INFO] [stdout] test process::renderer::process::tests::paused_loop_resume_dispatches_unpause ... FAILED
[INFO] [stdout] test tests::scan_interval_parses_a_human_duration ... ok
[INFO] [stdout] test store::reducer::tests::test_update_message ... ok
[INFO] [stdout] test store::reducer::tests::test_update_popover_message ... ok
[INFO] [stdout] test store::state::tests::test_device_list_returns_sorted_by_ip ... ok
[INFO] [stdout] test tests::scan_interval_rejects_a_non_duration ... ok
[INFO] [stdout] test tests::scan_interval_rejects_zero ... ok
[INFO] [stdout] test store::state::tests::test_device_list_empty ... ok
[INFO] [stdout] test tests::test_get_project_config_path ... ok
[INFO] [stdout] test store::state::tests::test_device_list_single_device ... ok
[INFO] [stdout] test tests::from_devices_json_parses_as_a_path ... ok
[INFO] [stdout] test tests::scan_interval_defaults_to_the_shared_constant ... ok
[INFO] [stdout] test tests::test_initialize_logger ... ok
[INFO] [stdout] test tests::test_init ... ok
[INFO] [stdout] test process::renderer::scroll_throttle::tests::scroll_events_after_throttle_duration_are_not_throttled ... ok
[INFO] [stdout] test ui::components::header::tests::renders_header_component ... ok
[INFO] [stdout] test ui::components::footer::tests::renders_footer_component ... ok
[INFO] [stdout] test ui::components::input::tests::renders_input_component_non_edit_mode ... ok
[INFO] [stdout] test ui::components::label::tests::renders_label_component ... ok
[INFO] [stdout] test ui::components::popover::simple::tests::renders_simple_popover_component ... ok
[INFO] [stdout] test ui::components::field::tests::renders_field_component ... ok
[INFO] [stdout] test ui::components::popover::base::tests::renders_base_popover_component ... ok
[INFO] [stdout] test ui::app::tests::test_app_view ... ok
[INFO] [stdout] test ui::components::popover::browse::tests::renders_browse_popover_component ... ok
[INFO] [stdout] test ui::app::tests::test_app_view_with_popover ... ok
[INFO] [stdout] test ui::components::input::tests::renders_input_component_edit_mode ... ok
[INFO] [stdout] test ui::components::scrollbar::tests::renders_scrollbar_component ... ok
[INFO] [stdout] test ui::components::table::tests::renders_table_component ... ok
[INFO] [stdout] test ui::views::config::tests::test_config_view ... ok
[INFO] [stdout] test ui::views::devices::tests::test_devices_view ... ok
[INFO] [stdout] test ui::views::logs::tests::scroll_to_bottom_pins_to_bottom ... ok
[INFO] [stdout] test ui::views::topology::tests::test_topology_view_empty ... ok
[INFO] [stdout] test ui::views::logs::tests::test_logs_view ... ok
[INFO] [stdout] test ui::views::topology::tests::test_topology_view_no_gateway ... ok
[INFO] [stdout] test ui::components::scrollview::tests::renders_scrollview_component ... ok
[INFO] [stdout] test ui::views::topology::tests::test_topology_view_with_gateway ... ok
[INFO] [stdout] test ipc::message::tests::displays_command ... ok
[INFO] [stdout] test ui::views::logs::tests::scroll_to_top_resets_offset_and_unpins ... ok
[INFO] [stdout] test ui::views::device::tests::test_device_view ... ok
[INFO] [stdout] test process::renderer::scroll_throttle::tests::arrow_keys_and_vi_keys_share_same_throttle ... ok
[INFO] [stdout] test process::renderer::scroll_throttle::tests::multiple_throttled_events_dont_reset_timer ... ok
[INFO] [stdout] test process::renderer::scroll_throttle::tests::custom_throttle_duration_is_respected ... ok
[INFO] [stdout] 
[INFO] [stdout] failures:
[INFO] [stdout] 
[INFO] [stdout] ---- process::main::process::process_tests::handle_browse_ok_no_error stdout ----
[INFO] [stdout] 
[INFO] [stdout] thread 'process::main::process::process_tests::handle_browse_ok_no_error' (13603) panicked at src/process/main/process_tests.rs:35:37:
[INFO] [stdout] called `Result::unwrap()` on an `Err` value: Os { code: 30, kind: ReadOnlyFilesystem, message: "Read-only file system" }
[INFO] [stdout] stack backtrace:
[INFO] [stdout]    0:     0x63433799e1c1 - <<std[617be2ca0a6fd877]::sys::backtrace::BacktraceLock>::print::DisplayBacktrace as core[a373ad73a504971]::fmt::Display>::fmt
[INFO] [stdout]    1:     0x6343379b718a - core[a373ad73a504971]::fmt::write
[INFO] [stdout]    2:     0x6343379a34dc - <alloc[2e1b2a31b91974c5]::vec::Vec<u8> as core[a373ad73a504971]::io::write::Write>::write_fmt
[INFO] [stdout]    3:     0x6343379765b6 - std[617be2ca0a6fd877]::panicking::default_hook::{closure#0}
[INFO] [stdout]    4:     0x634337994819 - std[617be2ca0a6fd877]::panicking::default_hook
[INFO] [stdout]    5:     0x63433780d5c0 - test[aada8e7e76ba119b]::test_main_inner::{closure#0}
[INFO] [stdout]    6:     0x6343379949d2 - std[617be2ca0a6fd877]::panicking::panic_with_hook
[INFO] [stdout]    7:     0x634337976662 - std[617be2ca0a6fd877]::panicking::panic_handler::{closure#0}
[INFO] [stdout]    8:     0x63433796edb9 - std[617be2ca0a6fd877]::sys::backtrace::__rust_end_short_backtrace::<std[617be2ca0a6fd877]::panicking::panic_handler::{closure#0}, !>
[INFO] [stdout]    9:     0x6343379774fd - __rustc[ea4f61d10b84890b]::rust_begin_unwind
[INFO] [stdout]   10:     0x6343379b78ec - core[a373ad73a504971]::panicking::panic_fmt
[INFO] [stdout]   11:     0x6343379b76c2 - core[a373ad73a504971]::result::unwrap_failed
[INFO] [stdout]   12:     0x6343377609ad - r_lanterm[736d68a9fa03e361]::process::main::process::process_tests::setup
[INFO] [stdout]   13:     0x634337766766 - <r_lanterm[736d68a9fa03e361]::process::main::process::process_tests::handle_browse_ok_no_error::{closure#0} as core[a373ad73a504971]::ops::function::FnOnce<()>>::call_once
[INFO] [stdout]   14:     0x634337800a0b - test[aada8e7e76ba119b]::__rust_begin_short_backtrace::<core[a373ad73a504971]::result::Result<(), alloc[2e1b2a31b91974c5]::string::String>, fn() -> core[a373ad73a504971]::result::Result<(), alloc[2e1b2a31b91974c5]::string::String>>
[INFO] [stdout]   15:     0x63433780dbe5 - test[aada8e7e76ba119b]::run_test::{closure#0}
[INFO] [stdout]   16:     0x6343378074d4 - std[617be2ca0a6fd877]::sys::backtrace::__rust_begin_short_backtrace::<test[aada8e7e76ba119b]::run_test::{closure#1}, ()>
[INFO] [stdout]   17:     0x634337810c72 - <std[617be2ca0a6fd877]::thread::lifecycle::spawn_unchecked<test[aada8e7e76ba119b]::run_test::{closure#1}, ()>::{closure#1} as core[a373ad73a504971]::ops::function::FnOnce<()>>::call_once::{shim:vtable#0}
[INFO] [stdout]   18:     0x63433799c78f - <std[617be2ca0a6fd877]::sys::thread::unix::Thread>::new::thread_start
[INFO] [stdout]   19:     0x7fc5cfdebdfa - <unknown>
[INFO] [stdout]   20:     0x7fc5cfe7f3d4 - clone
[INFO] [stdout]   21:                0x0 - <unknown>
[INFO] [stdout] 
[INFO] [stdout] ---- process::main::process::process_tests::handle_browse_executor_error_sets_store_error stdout ----
[INFO] [stdout] 
[INFO] [stdout] thread 'process::main::process::process_tests::handle_browse_executor_error_sets_store_error' (13601) panicked at src/process/main/process_tests.rs:35:37:
[INFO] [stdout] called `Result::unwrap()` on an `Err` value: Os { code: 30, kind: ReadOnlyFilesystem, message: "Read-only file system" }
[INFO] [stdout] stack backtrace:
[INFO] [stdout]    0:     0x63433799e1c1 - <<std[617be2ca0a6fd877]::sys::backtrace::BacktraceLock>::print::DisplayBacktrace as core[a373ad73a504971]::fmt::Display>::fmt
[INFO] [stdout]    1:     0x6343379b718a - core[a373ad73a504971]::fmt::write
[INFO] [stdout]    2:     0x6343379a34dc - <alloc[2e1b2a31b91974c5]::vec::Vec<u8> as core[a373ad73a504971]::io::write::Write>::write_fmt
[INFO] [stdout]    3:     0x6343379765b6 - std[617be2ca0a6fd877]::panicking::default_hook::{closure#0}
[INFO] [stdout]    4:     0x634337994819 - std[617be2ca0a6fd877]::panicking::default_hook
[INFO] [stdout]    5:     0x63433780d5c0 - test[aada8e7e76ba119b]::test_main_inner::{closure#0}
[INFO] [stdout]    6:     0x6343379949d2 - std[617be2ca0a6fd877]::panicking::panic_with_hook
[INFO] [stdout]    7:     0x634337976662 - std[617be2ca0a6fd877]::panicking::panic_handler::{closure#0}
[INFO] [stdout]    8:     0x63433796edb9 - std[617be2ca0a6fd877]::sys::backtrace::__rust_end_short_backtrace::<std[617be2ca0a6fd877]::panicking::panic_handler::{closure#0}, !>
[INFO] [stdout]    9:     0x6343379774fd - __rustc[ea4f61d10b84890b]::rust_begin_unwind
[INFO] [stdout]   10:     0x6343379b78ec - core[a373ad73a504971]::panicking::panic_fmt
[INFO] [stdout]   11:     0x6343379b76c2 - core[a373ad73a504971]::result::unwrap_failed
[INFO] [stdout]   12:     0x6343377609ad - r_lanterm[736d68a9fa03e361]::process::main::process::process_tests::setup
[INFO] [stdout]   13:     0x634337769707 - <r_lanterm[736d68a9fa03e361]::process::main::process::process_tests::handle_browse_executor_error_sets_store_error::{closure#0} as core[a373ad73a504971]::ops::function::FnOnce<()>>::call_once
[INFO] [stdout]   14:     0x634337800a0b - test[aada8e7e76ba119b]::__rust_begin_short_backtrace::<core[a373ad73a504971]::result::Result<(), alloc[2e1b2a31b91974c5]::string::String>, fn() -> core[a373ad73a504971]::result::Result<(), alloc[2e1b2a31b91974c5]::string::String>>
[INFO] [stdout]   15:     0x63433780dbe5 - test[aada8e7e76ba119b]::run_test::{closure#0}
[INFO] [stdout]   16:     0x6343378074d4 - std[617be2ca0a6fd877]::sys::backtrace::__rust_begin_short_backtrace::<test[aada8e7e76ba119b]::run_test::{closure#1}, ()>
[INFO] [stdout]   17:     0x634337810c72 - <std[617be2ca0a6fd877]::thread::lifecycle::spawn_unchecked<test[aada8e7e76ba119b]::run_test::{closure#1}, ()>::{closure#1} as core[a373ad73a504971]::ops::function::FnOnce<()>>::call_once::{shim:vtable#0}
[INFO] [stdout]   18:     0x63433799c78f - <std[617be2ca0a6fd877]::sys::thread::unix::Thread>::new::thread_start
[INFO] [stdout]   19:     0x7fc5cfdebdfa - <unknown>
[INFO] [stdout]   20:     0x7fc5cfe7f3d4 - clone
[INFO] [stdout]   21:                0x0 - <unknown>
[INFO] [stdout] 
[INFO] [stdout] ---- process::main::process::process_tests::handle_ssh_ok_no_error stdout ----
[INFO] [stdout] 
[INFO] [stdout] thread 'process::main::process::process_tests::handle_ssh_ok_no_error' (13610) panicked at src/process/main/process_tests.rs:35:37:
[INFO] [stdout] called `Result::unwrap()` on an `Err` value: Os { code: 30, kind: ReadOnlyFilesystem, message: "Read-only file system" }
[INFO] [stdout] stack backtrace:
[INFO] [stdout]    0:     0x63433799e1c1 - <<std[617be2ca0a6fd877]::sys::backtrace::BacktraceLock>::print::DisplayBacktrace as core[a373ad73a504971]::fmt::Display>::fmt
[INFO] [stdout]    1:     0x6343379b718a - core[a373ad73a504971]::fmt::write
[INFO] [stdout]    2:     0x6343379a34dc - <alloc[2e1b2a31b91974c5]::vec::Vec<u8> as core[a373ad73a504971]::io::write::Write>::write_fmt
[INFO] [stdout]    3:     0x6343379765b6 - std[617be2ca0a6fd877]::panicking::default_hook::{closure#0}
[INFO] [stdout]    4:     0x634337994819 - std[617be2ca0a6fd877]::panicking::default_hook
[INFO] [stdout]    5:     0x63433780d5c0 - test[aada8e7e76ba119b]::test_main_inner::{closure#0}
[INFO] [stdout]    6:     0x6343379949d2 - std[617be2ca0a6fd877]::panicking::panic_with_hook
[INFO] [stdout]    7:     0x634337976662 - std[617be2ca0a6fd877]::panicking::panic_handler::{closure#0}
[INFO] [stdout]    8:     0x63433796edb9 - std[617be2ca0a6fd877]::sys::backtrace::__rust_end_short_backtrace::<std[617be2ca0a6fd877]::panicking::panic_handler::{closure#0}, !>
[INFO] [stdout]    9:     0x6343379774fd - __rustc[ea4f61d10b84890b]::rust_begin_unwind
[INFO] [stdout]   10:     0x6343379b78ec - core[a373ad73a504971]::panicking::panic_fmt
[INFO] [stdout]   11:     0x6343379b76c2 - core[a373ad73a504971]::result::unwrap_failed
[INFO] [stdout]   12:     0x6343377609ad - r_lanterm[736d68a9fa03e361]::process::main::process::process_tests::setup
[INFO] [stdout]   13:     0x634337765db7 - <r_lanterm[736d68a9fa03e361]::process::main::process::process_tests::handle_ssh_ok_no_error::{closure#0} as core[a373ad73a504971]::ops::function::FnOnce<()>>::call_once
[INFO] [stdout]   14:     0x634337800a0b - test[aada8e7e76ba119b]::__rust_begin_short_backtrace::<core[a373ad73a504971]::result::Result<(), alloc[2e1b2a31b91974c5]::string::String>, fn() -> core[a373ad73a504971]::result::Result<(), alloc[2e1b2a31b91974c5]::string::String>>
[INFO] [stdout]   15:     0x63433780dbe5 - test[aada8e7e76ba119b]::run_test::{closure#0}
[INFO] [stdout]   16:     0x6343378074d4 - std[617be2ca0a6fd877]::sys::backtrace::__rust_begin_short_backtrace::<test[aada8e7e76ba119b]::run_test::{closure#1}, ()>
[INFO] [stdout]   17:     0x634337810c72 - <std[617be2ca0a6fd877]::thread::lifecycle::spawn_unchecked<test[aada8e7e76ba119b]::run_test::{closure#1}, ()>::{closure#1} as core[a373ad73a504971]::ops::function::FnOnce<()>>::call_once::{shim:vtable#0}
[INFO] [stdout]   18:     0x63433799c78f - <std[617be2ca0a6fd877]::sys::thread::unix::Thread>::new::thread_start
[INFO] [stdout]   19:     0x7fc5cfdebdfa - <unknown>
[INFO] [stdout]   20:     0x7fc5cfe7f3d4 - clone
[INFO] [stdout]   21:                0x0 - <unknown>
[INFO] [stdout] 
[INFO] [stdout] ---- config::tests::test_get_by_id stdout ----
[INFO] [stdout] 
[INFO] [stdout] thread 'config::tests::test_get_by_id' (13597) panicked at src/./config_tests.rs:7:37:
[INFO] [stdout] called `Result::unwrap()` on an `Err` value: Os { code: 30, kind: ReadOnlyFilesystem, message: "Read-only file system" }
[INFO] [stdout] stack backtrace:
[INFO] [stdout]    0:     0x63433799e1c1 - <<std[617be2ca0a6fd877]::sys::backtrace::BacktraceLock>::print::DisplayBacktrace as core[a373ad73a504971]::fmt::Display>::fmt
[INFO] [stdout]    1:     0x6343379b718a - core[a373ad73a504971]::fmt::write
[INFO] [stdout]    2:     0x6343379a34dc - <alloc[2e1b2a31b91974c5]::vec::Vec<u8> as core[a373ad73a504971]::io::write::Write>::write_fmt
[INFO] [stdout]    3:     0x6343379765b6 - std[617be2ca0a6fd877]::panicking::default_hook::{closure#0}
[INFO] [stdout]    4:     0x634337994819 - std[617be2ca0a6fd877]::panicking::default_hook
[INFO] [stdout]    5:     0x63433780d5c0 - test[aada8e7e76ba119b]::test_main_inner::{closure#0}
[INFO] [stdout]    6:     0x6343379949d2 - std[617be2ca0a6fd877]::panicking::panic_with_hook
[INFO] [stdout]    7:     0x634337976662 - std[617be2ca0a6fd877]::panicking::panic_handler::{closure#0}
[INFO] [stdout]    8:     0x63433796edb9 - std[617be2ca0a6fd877]::sys::backtrace::__rust_end_short_backtrace::<std[617be2ca0a6fd877]::panicking::panic_handler::{closure#0}, !>
[INFO] [stdout]    9:     0x6343379774fd - __rustc[ea4f61d10b84890b]::rust_begin_unwind
[INFO] [stdout]   10:     0x6343379b78ec - core[a373ad73a504971]::panicking::panic_fmt
[INFO] [stdout]   11:     0x6343379b76c2 - core[a373ad73a504971]::result::unwrap_failed
[INFO] [stdout]   12:     0x63433774f6d6 - r_lanterm[736d68a9fa03e361]::config::tests::setup
[INFO] [stdout]   13:     0x634337753064 - <r_lanterm[736d68a9fa03e361]::config::tests::test_get_by_id::{closure#0} as core[a373ad73a504971]::ops::function::FnOnce<()>>::call_once
[INFO] [stdout]   14:     0x634337800a0b - test[aada8e7e76ba119b]::__rust_begin_short_backtrace::<core[a373ad73a504971]::result::Result<(), alloc[2e1b2a31b91974c5]::string::String>, fn() -> core[a373ad73a504971]::result::Result<(), alloc[2e1b2a31b91974c5]::string::String>>
[INFO] [stdout]   15:     0x63433780dbe5 - test[aada8e7e76ba119b]::run_test::{closure#0}
[INFO] [stdout]   16:     0x6343378074d4 - std[617be2ca0a6fd877]::sys::backtrace::__rust_begin_short_backtrace::<test[aada8e7e76ba119b]::run_test::{closure#1}, ()>
[INFO] [stdout]   17:     0x634337810c72 - <std[617be2ca0a6fd877]::thread::lifecycle::spawn_unchecked<test[aada8e7e76ba119b]::run_test::{closure#1}, ()>::{closure#1} as core[a373ad73a504971]::ops::function::FnOnce<()>>::call_once::{shim:vtable#0}
[INFO] [stdout]   18:     0x63433799c78f - <std[617be2ca0a6fd877]::sys::thread::unix::Thread>::new::thread_start
[INFO] [stdout]   19:     0x7fc5cfdebdfa - <unknown>
[INFO] [stdout]   20:     0x7fc5cfe7f3d4 - clone
[INFO] [stdout]   21:                0x0 - <unknown>
[INFO] [stdout] 
[INFO] [stdout] ---- process::main::process::process_tests::handle_post_action_sync_ignores_non_config_actions stdout ----
[INFO] [stdout] 
[INFO] [stdout] thread 'process::main::process::process_tests::handle_post_action_sync_ignores_non_config_actions' (13605) panicked at src/process/main/process_tests.rs:35:37:
[INFO] [stdout] called `Result::unwrap()` on an `Err` value: Os { code: 30, kind: ReadOnlyFilesystem, message: "Read-only file system" }
[INFO] [stdout] stack backtrace:
[INFO] [stdout]    0:     0x63433799e1c1 - <<std[617be2ca0a6fd877]::sys::backtrace::BacktraceLock>::print::DisplayBacktrace as core[a373ad73a504971]::fmt::Display>::fmt
[INFO] [stdout]    1:     0x6343379b718a - core[a373ad73a504971]::fmt::write
[INFO] [stdout]    2:     0x6343379a34dc - <alloc[2e1b2a31b91974c5]::vec::Vec<u8> as core[a373ad73a504971]::io::write::Write>::write_fmt
[INFO] [stdout]    3:     0x6343379765b6 - std[617be2ca0a6fd877]::panicking::default_hook::{closure#0}
[INFO] [stdout]    4:     0x634337994819 - std[617be2ca0a6fd877]::panicking::default_hook
[INFO] [stdout]    5:     0x63433780d5c0 - test[aada8e7e76ba119b]::test_main_inner::{closure#0}
[INFO] [stdout]    6:     0x6343379949d2 - std[617be2ca0a6fd877]::panicking::panic_with_hook
[INFO] [stdout]    7:     0x634337976662 - std[617be2ca0a6fd877]::panicking::panic_handler::{closure#0}
[INFO] [stdout]    8:     0x63433796edb9 - std[617be2ca0a6fd877]::sys::backtrace::__rust_end_short_backtrace::<std[617be2ca0a6fd877]::panicking::panic_handler::{closure#0}, !>
[INFO] [stdout]    9:     0x6343379774fd - __rustc[ea4f61d10b84890b]::rust_begin_unwind
[INFO] [stdout]   10:     0x6343379b78ec - core[a373ad73a504971]::panicking::panic_fmt
[INFO] [stdout]   11:     0x6343379b76c2 - core[a373ad73a504971]::result::unwrap_failed
[INFO] [stdout]   12:     0x6343377609ad - r_lanterm[736d68a9fa03e361]::process::main::process::process_tests::setup
[INFO] [stdout]   13:     0x63433776c2ea - <r_lanterm[736d68a9fa03e361]::process::main::process::process_tests::handle_post_action_sync_ignores_non_config_actions::{closure#0} as core[a373ad73a504971]::ops::function::FnOnce<()>>::call_once
[INFO] [stdout]   14:     0x634337800a0b - test[aada8e7e76ba119b]::__rust_begin_short_backtrace::<core[a373ad73a504971]::result::Result<(), alloc[2e1b2a31b91974c5]::string::String>, fn() -> core[a373ad73a504971]::result::Result<(), alloc[2e1b2a31b91974c5]::string::String>>
[INFO] [stdout]   15:     0x63433780dbe5 - test[aada8e7e76ba119b]::run_test::{closure#0}
[INFO] [stdout]   16:     0x6343378074d4 - std[617be2ca0a6fd877]::sys::backtrace::__rust_begin_short_backtrace::<test[aada8e7e76ba119b]::run_test::{closure#1}, ()>
[INFO] [stdout]   17:     0x634337810c72 - <std[617be2ca0a6fd877]::thread::lifecycle::spawn_unchecked<test[aada8e7e76ba119b]::run_test::{closure#1}, ()>::{closure#1} as core[a373ad73a504971]::ops::function::FnOnce<()>>::call_once::{shim:vtable#0}
[INFO] [stdout]   18:     0x63433799c78f - <std[617be2ca0a6fd877]::sys::thread::unix::Thread>::new::thread_start
[INFO] [stdout]   19:     0x7fc5cfdebdfa - <unknown>
[INFO] [stdout]   20:     0x7fc5cfe7f3d4 - clone
[INFO] [stdout]   21:                0x0 - <unknown>
[INFO] [stdout] 
[INFO] [stdout] ---- process::main::process::process_tests::handle_browse_nonzero_exit_with_stderr_sets_error stdout ----
[INFO] [stdout] 
[INFO] [stdout] thread 'process::main::process::process_tests::handle_browse_nonzero_exit_with_stderr_sets_error' (13602) panicked at src/process/main/process_tests.rs:35:37:
[INFO] [stdout] called `Result::unwrap()` on an `Err` value: Os { code: 30, kind: ReadOnlyFilesystem, message: "Read-only file system" }
[INFO] [stdout] stack backtrace:
[INFO] [stdout]    0:     0x63433799e1c1 - <<std[617be2ca0a6fd877]::sys::backtrace::BacktraceLock>::print::DisplayBacktrace as core[a373ad73a504971]::fmt::Display>::fmt
[INFO] [stdout]    1:     0x6343379b718a - core[a373ad73a504971]::fmt::write
[INFO] [stdout]    2:     0x6343379a34dc - <alloc[2e1b2a31b91974c5]::vec::Vec<u8> as core[a373ad73a504971]::io::write::Write>::write_fmt
[INFO] [stdout]    3:     0x6343379765b6 - std[617be2ca0a6fd877]::panicking::default_hook::{closure#0}
[INFO] [stdout]    4:     0x634337994819 - std[617be2ca0a6fd877]::panicking::default_hook
[INFO] [stdout]    5:     0x63433780d5c0 - test[aada8e7e76ba119b]::test_main_inner::{closure#0}
[INFO] [stdout]    6:     0x6343379949d2 - std[617be2ca0a6fd877]::panicking::panic_with_hook
[INFO] [stdout]    7:     0x634337976662 - std[617be2ca0a6fd877]::panicking::panic_handler::{closure#0}
[INFO] [stdout]    8:     0x63433796edb9 - std[617be2ca0a6fd877]::sys::backtrace::__rust_end_short_backtrace::<std[617be2ca0a6fd877]::panicking::panic_handler::{closure#0}, !>
[INFO] [stdout]    9:     0x6343379774fd - __rustc[ea4f61d10b84890b]::rust_begin_unwind
[INFO] [stdout]   10:     0x6343379b78ec - core[a373ad73a504971]::panicking::panic_fmt
[INFO] [stdout]   11:     0x6343379b76c2 - core[a373ad73a504971]::result::unwrap_failed
[INFO] [stdout]   12:     0x6343377609ad - r_lanterm[736d68a9fa03e361]::process::main::process::process_tests::setup
[INFO] [stdout]   13:     0x63433776bdd7 - <r_lanterm[736d68a9fa03e361]::process::main::process::process_tests::handle_browse_nonzero_exit_with_stderr_sets_error::{closure#0} as core[a373ad73a504971]::ops::function::FnOnce<()>>::call_once
[INFO] [stdout]   14:     0x634337800a0b - test[aada8e7e76ba119b]::__rust_begin_short_backtrace::<core[a373ad73a504971]::result::Result<(), alloc[2e1b2a31b91974c5]::string::String>, fn() -> core[a373ad73a504971]::result::Result<(), alloc[2e1b2a31b91974c5]::string::String>>
[INFO] [stdout]   15:     0x63433780dbe5 - test[aada8e7e76ba119b]::run_test::{closure#0}
[INFO] [stdout]   16:     0x6343378074d4 - std[617be2ca0a6fd877]::sys::backtrace::__rust_begin_short_backtrace::<test[aada8e7e76ba119b]::run_test::{closure#1}, ()>
[INFO] [stdout]   17:     0x634337810c72 - <std[617be2ca0a6fd877]::thread::lifecycle::spawn_unchecked<test[aada8e7e76ba119b]::run_test::{closure#1}, ()>::{closure#1} as core[a373ad73a504971]::ops::function::FnOnce<()>>::call_once::{shim:vtable#0}
[INFO] [stdout]   18:     0x63433799c78f - <std[617be2ca0a6fd877]::sys::thread::unix::Thread>::new::thread_start
[INFO] [stdout]   19:     0x7fc5cfdebdfa - <unknown>
[INFO] [stdout]   20:     0x7fc5cfe7f3d4 - clone
[INFO] [stdout]   21:                0x0 - <unknown>
[INFO] [stdout] 
[INFO] [stdout] ---- process::main::process::process_tests::handle_traceroute_dispatches_output_on_success stdout ----
[INFO] [stdout] 
[INFO] [stdout] thread 'process::main::process::process_tests::handle_traceroute_dispatches_output_on_success' (13611) panicked at src/process/main/process_tests.rs:35:37:
[INFO] [stdout] called `Result::unwrap()` on an `Err` value: Os { code: 30, kind: ReadOnlyFilesystem, message: "Read-only file system" }
[INFO] [stdout] stack backtrace:
[INFO] [stdout]    0:     0x63433799e1c1 - <<std[617be2ca0a6fd877]::sys::backtrace::BacktraceLock>::print::DisplayBacktrace as core[a373ad73a504971]::fmt::Display>::fmt
[INFO] [stdout]    1:     0x6343379b718a - core[a373ad73a504971]::fmt::write
[INFO] [stdout]    2:     0x6343379a34dc - <alloc[2e1b2a31b91974c5]::vec::Vec<u8> as core[a373ad73a504971]::io::write::Write>::write_fmt
[INFO] [stdout]    3:     0x6343379765b6 - std[617be2ca0a6fd877]::panicking::default_hook::{closure#0}
[INFO] [stdout]    4:     0x634337994819 - std[617be2ca0a6fd877]::panicking::default_hook
[INFO] [stdout]    5:     0x63433780d5c0 - test[aada8e7e76ba119b]::test_main_inner::{closure#0}
[INFO] [stdout]    6:     0x6343379949d2 - std[617be2ca0a6fd877]::panicking::panic_with_hook
[INFO] [stdout]    7:     0x634337976662 - std[617be2ca0a6fd877]::panicking::panic_handler::{closure#0}
[INFO] [stdout]    8:     0x63433796edb9 - std[617be2ca0a6fd877]::sys::backtrace::__rust_end_short_backtrace::<std[617be2ca0a6fd877]::panicking::panic_handler::{closure#0}, !>
[INFO] [stdout]    9:     0x6343379774fd - __rustc[ea4f61d10b84890b]::rust_begin_unwind
[INFO] [stdout]   10:     0x6343379b78ec - core[a373ad73a504971]::panicking::panic_fmt
[INFO] [stdout]   11:     0x6343379b76c2 - core[a373ad73a504971]::result::unwrap_failed
[INFO] [stdout]   12:     0x6343377609ad - r_lanterm[736d68a9fa03e361]::process::main::process::process_tests::setup
[INFO] [stdout]   13:     0x63433776af85 - <r_lanterm[736d68a9fa03e361]::process::main::process::process_tests::handle_traceroute_dispatches_output_on_success::{closure#0} as core[a373ad73a504971]::ops::function::FnOnce<()>>::call_once
[INFO] [stdout]   14:     0x634337800a0b - test[aada8e7e76ba119b]::__rust_begin_short_backtrace::<core[a373ad73a504971]::result::Result<(), alloc[2e1b2a31b91974c5]::string::String>, fn() -> core[a373ad73a504971]::result::Result<(), alloc[2e1b2a31b91974c5]::string::String>>
[INFO] [stdout]   15:     0x63433780dbe5 - test[aada8e7e76ba119b]::run_test::{closure#0}
[INFO] [stdout]   16:     0x6343378074d4 - std[617be2ca0a6fd877]::sys::backtrace::__rust_begin_short_backtrace::<test[aada8e7e76ba119b]::run_test::{closure#1}, ()>
[INFO] [stdout]   17:     0x634337810c72 - <std[617be2ca0a6fd877]::thread::lifecycle::spawn_unchecked<test[aada8e7e76ba119b]::run_test::{closure#1}, ()>::{closure#1} as core[a373ad73a504971]::ops::function::FnOnce<()>>::call_once::{shim:vtable#0}
[INFO] [stdout]   18:     0x63433799c78f - <std[617be2ca0a6fd877]::sys::thread::unix::Thread>::new::thread_start
[INFO] [stdout]   19:     0x7fc5cfdebdfa - <unknown>
[INFO] [stdout]   20:     0x7fc5cfe7f3d4 - clone
[INFO] [stdout]   21:                0x0 - <unknown>
[INFO] [stdout] 
[INFO] [stdout] ---- process::main::process::process_tests::handle_ssh_executor_error_sets_store_error stdout ----
[INFO] [stdout] 
[INFO] [stdout] thread 'process::main::process::process_tests::handle_ssh_executor_error_sets_store_error' (13607) panicked at src/process/main/process_tests.rs:35:37:
[INFO] [stdout] called `Result::unwrap()` on an `Err` value: Os { code: 30, kind: ReadOnlyFilesystem, message: "Read-only file system" }
[INFO] [stdout] stack backtrace:
[INFO] [stdout]    0:     0x63433799e1c1 - <<std[617be2ca0a6fd877]::sys::backtrace::BacktraceLock>::print::DisplayBacktrace as core[a373ad73a504971]::fmt::Display>::fmt
[INFO] [stdout]    1:     0x6343379b718a - core[a373ad73a504971]::fmt::write
[INFO] [stdout]    2:     0x6343379a34dc - <alloc[2e1b2a31b91974c5]::vec::Vec<u8> as core[a373ad73a504971]::io::write::Write>::write_fmt
[INFO] [stdout]    3:     0x6343379765b6 - std[617be2ca0a6fd877]::panicking::default_hook::{closure#0}
[INFO] [stdout]    4:     0x634337994819 - std[617be2ca0a6fd877]::panicking::default_hook
[INFO] [stdout]    5:     0x63433780d5c0 - test[aada8e7e76ba119b]::test_main_inner::{closure#0}
[INFO] [stdout]    6:     0x6343379949d2 - std[617be2ca0a6fd877]::panicking::panic_with_hook
[INFO] [stdout]    7:     0x634337976662 - std[617be2ca0a6fd877]::panicking::panic_handler::{closure#0}
[INFO] [stdout]    8:     0x63433796edb9 - std[617be2ca0a6fd877]::sys::backtrace::__rust_end_short_backtrace::<std[617be2ca0a6fd877]::panicking::panic_handler::{closure#0}, !>
[INFO] [stdout]    9:     0x6343379774fd - __rustc[ea4f61d10b84890b]::rust_begin_unwind
[INFO] [stdout]   10:     0x6343379b78ec - core[a373ad73a504971]::panicking::panic_fmt
[INFO] [stdout]   11:     0x6343379b76c2 - core[a373ad73a504971]::result::unwrap_failed
[INFO] [stdout]   12:     0x6343377609ad - r_lanterm[736d68a9fa03e361]::process::main::process::process_tests::setup
[INFO] [stdout]   13:     0x634337768d17 - <r_lanterm[736d68a9fa03e361]::process::main::process::process_tests::handle_ssh_executor_error_sets_store_error::{closure#0} as core[a373ad73a504971]::ops::function::FnOnce<()>>::call_once
[INFO] [stdout]   14:     0x634337800a0b - test[aada8e7e76ba119b]::__rust_begin_short_backtrace::<core[a373ad73a504971]::result::Result<(), alloc[2e1b2a31b91974c5]::string::String>, fn() -> core[a373ad73a504971]::result::Result<(), alloc[2e1b2a31b91974c5]::string::String>>
[INFO] [stdout]   15:     0x63433780dbe5 - test[aada8e7e76ba119b]::run_test::{closure#0}
[INFO] [stdout]   16:     0x6343378074d4 - std[617be2ca0a6fd877]::sys::backtrace::__rust_begin_short_backtrace::<test[aada8e7e76ba119b]::run_test::{closure#1}, ()>
[INFO] [stdout]   17:     0x634337810c72 - <std[617be2ca0a6fd877]::thread::lifecycle::spawn_unchecked<test[aada8e7e76ba119b]::run_test::{closure#1}, ()>::{closure#1} as core[a373ad73a504971]::ops::function::FnOnce<()>>::call_once::{shim:vtable#0}
[INFO] [stdout]   18:     0x63433799c78f - <std[617be2ca0a6fd877]::sys::thread::unix::Thread>::new::thread_start
[INFO] [stdout]   19:     0x7fc5cfdebdfa - <unknown>
[INFO] [stdout]   20:     0x7fc5cfe7f3d4 - clone
[INFO] [stdout]   21:                0x0 - <unknown>
[INFO] [stdout] 
[INFO] [stdout] ---- config::tests::get_by_cidr stdout ----
[INFO] [stdout] 
[INFO] [stdout] thread 'config::tests::get_by_cidr' (13596) panicked at src/./config_tests.rs:7:37:
[INFO] [stdout] called `Result::unwrap()` on an `Err` value: Os { code: 30, kind: ReadOnlyFilesystem, message: "Read-only file system" }
[INFO] [stdout] stack backtrace:
[INFO] [stdout]    0:     0x63433799e1c1 - <<std[617be2ca0a6fd877]::sys::backtrace::BacktraceLock>::print::DisplayBacktrace as core[a373ad73a504971]::fmt::Display>::fmt
[INFO] [stdout]    1:     0x6343379b718a - core[a373ad73a504971]::fmt::write
[INFO] [stdout]    2:     0x6343379a34dc - <alloc[2e1b2a31b91974c5]::vec::Vec<u8> as core[a373ad73a504971]::io::write::Write>::write_fmt
[INFO] [stdout]    3:     0x6343379765b6 - std[617be2ca0a6fd877]::panicking::default_hook::{closure#0}
[INFO] [stdout]    4:     0x634337994819 - std[617be2ca0a6fd877]::panicking::default_hook
[INFO] [stdout]    5:     0x63433780d5c0 - test[aada8e7e76ba119b]::test_main_inner::{closure#0}
[INFO] [stdout]    6:     0x6343379949d2 - std[617be2ca0a6fd877]::panicking::panic_with_hook
[INFO] [stdout]    7:     0x634337976662 - std[617be2ca0a6fd877]::panicking::panic_handler::{closure#0}
[INFO] [stdout]    8:     0x63433796edb9 - std[617be2ca0a6fd877]::sys::backtrace::__rust_end_short_backtrace::<std[617be2ca0a6fd877]::panicking::panic_handler::{closure#0}, !>
[INFO] [stdout]    9:     0x6343379774fd - __rustc[ea4f61d10b84890b]::rust_begin_unwind
[INFO] [stdout]   10:     0x6343379b78ec - core[a373ad73a504971]::panicking::panic_fmt
[INFO] [stdout]   11:     0x6343379b76c2 - core[a373ad73a504971]::result::unwrap_failed
[INFO] [stdout]   12:     0x63433774f6d6 - r_lanterm[736d68a9fa03e361]::config::tests::setup
[INFO] [stdout]   13:     0x634337752944 - <r_lanterm[736d68a9fa03e361]::config::tests::get_by_cidr::{closure#0} as core[a373ad73a504971]::ops::function::FnOnce<()>>::call_once
[INFO] [stdout]   14:     0x634337800a0b - test[aada8e7e76ba119b]::__rust_begin_short_backtrace::<core[a373ad73a504971]::result::Result<(), alloc[2e1b2a31b91974c5]::string::String>, fn() -> core[a373ad73a504971]::result::Result<(), alloc[2e1b2a31b91974c5]::string::String>>
[INFO] [stdout]   15:     0x63433780dbe5 - test[aada8e7e76ba119b]::run_test::{closure#0}
[INFO] [stdout]   16:     0x6343378074d4 - std[617be2ca0a6fd877]::sys::backtrace::__rust_begin_short_backtrace::<test[aada8e7e76ba119b]::run_test::{closure#1}, ()>
[INFO] [stdout]   17:     0x634337810c72 - <std[617be2ca0a6fd877]::thread::lifecycle::spawn_unchecked<test[aada8e7e76ba119b]::run_test::{closure#1}, ()>::{closure#1} as core[a373ad73a504971]::ops::function::FnOnce<()>>::call_once::{shim:vtable#0}
[INFO] [stdout]   18:     0x63433799c78f - <std[617be2ca0a6fd877]::sys::thread::unix::Thread>::new::thread_start
[INFO] [stdout]   19:     0x7fc5cfdebdfa - <unknown>
[INFO] [stdout]   20:     0x7fc5cfe7f3d4 - clone
[INFO] [stdout]   21:                0x0 - <unknown>
[INFO] [stdout] 
[INFO] [stdout] ---- process::network::process::tests::arp_history_resets_miss_count_on_rediscovery stdout ----
[INFO] [stdout] 
[INFO] [stdout] thread 'process::network::process::tests::arp_history_resets_miss_count_on_rediscovery' (13617) panicked at src/process/network/process_tests.rs:105:56:
[INFO] [stdout] called `Result::unwrap()` on an `Err` value: NetworkInterface("failed to get default network interface")
[INFO] [stdout] stack backtrace:
[INFO] [stdout]    0:     0x63433799e1c1 - <<std[617be2ca0a6fd877]::sys::backtrace::BacktraceLock>::print::DisplayBacktrace as core[a373ad73a504971]::fmt::Display>::fmt
[INFO] [stdout]    1:     0x6343379b718a - core[a373ad73a504971]::fmt::write
[INFO] [stdout]    2:     0x6343379a34dc - <alloc[2e1b2a31b91974c5]::vec::Vec<u8> as core[a373ad73a504971]::io::write::Write>::write_fmt
[INFO] [stdout]    3:     0x6343379765b6 - std[617be2ca0a6fd877]::panicking::default_hook::{closure#0}
[INFO] [stdout]    4:     0x634337994819 - std[617be2ca0a6fd877]::panicking::default_hook
[INFO] [stdout]    5:     0x63433780d5c0 - test[aada8e7e76ba119b]::test_main_inner::{closure#0}
[INFO] [stdout]    6:     0x6343379949d2 - std[617be2ca0a6fd877]::panicking::panic_with_hook
[INFO] [stdout]    7:     0x634337976662 - std[617be2ca0a6fd877]::panicking::panic_handler::{closure#0}
[INFO] [stdout]    8:     0x63433796edb9 - std[617be2ca0a6fd877]::sys::backtrace::__rust_end_short_backtrace::<std[617be2ca0a6fd877]::panicking::panic_handler::{closure#0}, !>
[INFO] [stdout]    9:     0x6343379774fd - __rustc[ea4f61d10b84890b]::rust_begin_unwind
[INFO] [stdout]   10:     0x6343379b78ec - core[a373ad73a504971]::panicking::panic_fmt
[INFO] [stdout]   11:     0x6343379b76c2 - core[a373ad73a504971]::result::unwrap_failed
[INFO] [stdout]   12:     0x634337750101 - r_lanterm[736d68a9fa03e361]::process::network::process::tests::setup_with_seed
[INFO] [stdout]   13:     0x634337757155 - <r_lanterm[736d68a9fa03e361]::process::network::process::tests::arp_history_resets_miss_count_on_rediscovery::{closure#0} as core[a373ad73a504971]::ops::function::FnOnce<()>>::call_once
[INFO] [stdout]   14:     0x634337800a0b - test[aada8e7e76ba119b]::__rust_begin_short_backtrace::<core[a373ad73a504971]::result::Result<(), alloc[2e1b2a31b91974c5]::string::String>, fn() -> core[a373ad73a504971]::result::Result<(), alloc[2e1b2a31b91974c5]::string::String>>
[INFO] [stdout]   15:     0x63433780dbe5 - test[aada8e7e76ba119b]::run_test::{closure#0}
[INFO] [stdout]   16:     0x6343378074d4 - std[617be2ca0a6fd877]::sys::backtrace::__rust_begin_short_backtrace::<test[aada8e7e76ba119b]::run_test::{closure#1}, ()>
[INFO] [stdout]   17:     0x634337810c72 - <std[617be2ca0a6fd877]::thread::lifecycle::spawn_unchecked<test[aada8e7e76ba119b]::run_test::{closure#1}, ()>::{closure#1} as core[a373ad73a504971]::ops::function::FnOnce<()>>::call_once::{shim:vtable#0}
[INFO] [stdout]   18:     0x63433799c78f - <std[617be2ca0a6fd877]::sys::thread::unix::Thread>::new::thread_start
[INFO] [stdout]   19:     0x7fc5cfdebdfa - <unknown>
[INFO] [stdout]   20:     0x7fc5cfe7f3d4 - clone
[INFO] [stdout]   21:                0x0 - <unknown>
[INFO] [stdout] 
[INFO] [stdout] ---- process::network::process::tests::get_latest_detected_returns_empty_when_all_missed stdout ----
[INFO] [stdout] 
[INFO] [stdout] thread 'process::network::process::tests::get_latest_detected_returns_empty_when_all_missed' (13618) panicked at src/process/network/process_tests.rs:105:56:
[INFO] [stdout] called `Result::unwrap()` on an `Err` value: NetworkInterface("failed to get default network interface")
[INFO] [stdout] stack backtrace:
[INFO] [stdout]    0:     0x63433799e1c1 - <<std[617be2ca0a6fd877]::sys::backtrace::BacktraceLock>::print::DisplayBacktrace as core[a373ad73a504971]::fmt::Display>::fmt
[INFO] [stdout]    1:     0x6343379b718a - core[a373ad73a504971]::fmt::write
[INFO] [stdout]    2:     0x6343379a34dc - <alloc[2e1b2a31b91974c5]::vec::Vec<u8> as core[a373ad73a504971]::io::write::Write>::write_fmt
[INFO] [stdout]    3:     0x6343379765b6 - std[617be2ca0a6fd877]::panicking::default_hook::{closure#0}
[INFO] [stdout]    4:     0x634337994819 - std[617be2ca0a6fd877]::panicking::default_hook
[INFO] [stdout]    5:     0x63433780d5c0 - test[aada8e7e76ba119b]::test_main_inner::{closure#0}
[INFO] [stdout]    6:     0x6343379949d2 - std[617be2ca0a6fd877]::panicking::panic_with_hook
[INFO] [stdout]    7:     0x634337976662 - std[617be2ca0a6fd877]::panicking::panic_handler::{closure#0}
[INFO] [stdout]    8:     0x63433796edb9 - std[617be2ca0a6fd877]::sys::backtrace::__rust_end_short_backtrace::<std[617be2ca0a6fd877]::panicking::panic_handler::{closure#0}, !>
[INFO] [stdout]    9:     0x6343379774fd - __rustc[ea4f61d10b84890b]::rust_begin_unwind
[INFO] [stdout]   10:     0x6343379b78ec - core[a373ad73a504971]::panicking::panic_fmt
[INFO] [stdout]   11:     0x6343379b76c2 - core[a373ad73a504971]::result::unwrap_failed
[INFO] [stdout]   12:     0x634337750101 - r_lanterm[736d68a9fa03e361]::process::network::process::tests::setup_with_seed
[INFO] [stdout]   13:     0x63433775a299 - <r_lanterm[736d68a9fa03e361]::process::network::process::tests::get_latest_detected_returns_empty_when_all_missed::{closure#0} as core[a373ad73a504971]::ops::function::FnOnce<()>>::call_once
[INFO] [stdout]   14:     0x634337800a0b - test[aada8e7e76ba119b]::__rust_begin_short_backtrace::<core[a373ad73a504971]::result::Result<(), alloc[2e1b2a31b91974c5]::string::String>, fn() -> core[a373ad73a504971]::result::Result<(), alloc[2e1b2a31b91974c5]::string::String>>
[INFO] [stdout]   15:     0x63433780dbe5 - test[aada8e7e76ba119b]::run_test::{closure#0}
[INFO] [stdout]   16:     0x6343378074d4 - std[617be2ca0a6fd877]::sys::backtrace::__rust_begin_short_backtrace::<test[aada8e7e76ba119b]::run_test::{closure#1}, ()>
[INFO] [stdout]   17:     0x634337810c72 - <std[617be2ca0a6fd877]::thread::lifecycle::spawn_unchecked<test[aada8e7e76ba119b]::run_test::{closure#1}, ()>::{closure#1} as core[a373ad73a504971]::ops::function::FnOnce<()>>::call_once::{shim:vtable#0}
[INFO] [stdout]   18:     0x63433799c78f - <std[617be2ca0a6fd877]::sys::thread::unix::Thread>::new::thread_start
[INFO] [stdout]   19:     0x7fc5cfdebdfa - <unknown>
[INFO] [stdout]   20:     0x7fc5cfe7f3d4 - clone
[INFO] [stdout]   21:                0x0 - <unknown>
[INFO] [stdout] 
[INFO] [stdout] ---- config::tests::test_new stdout ----
[INFO] [stdout] 
[INFO] [stdout] thread 'config::tests::test_new' (13598) panicked at src/./config_tests.rs:7:37:
[INFO] [stdout] called `Result::unwrap()` on an `Err` value: Os { code: 30, kind: ReadOnlyFilesystem, message: "Read-only file system" }
[INFO] [stdout] stack backtrace:
[INFO] [stdout]    0:     0x63433799e1c1 - <<std[617be2ca0a6fd877]::sys::backtrace::BacktraceLock>::print::DisplayBacktrace as core[a373ad73a504971]::fmt::Display>::fmt
[INFO] [stdout]    1:     0x6343379b718a - core[a373ad73a504971]::fmt::write
[INFO] [stdout]    2:     0x6343379a34dc - <alloc[2e1b2a31b91974c5]::vec::Vec<u8> as core[a373ad73a504971]::io::write::Write>::write_fmt
[INFO] [stdout]    3:     0x6343379765b6 - std[617be2ca0a6fd877]::panicking::default_hook::{closure#0}
[INFO] [stdout]    4:     0x634337994819 - std[617be2ca0a6fd877]::panicking::default_hook
[INFO] [stdout]    5:     0x63433780d5c0 - test[aada8e7e76ba119b]::test_main_inner::{closure#0}
[INFO] [stdout]    6:     0x6343379949d2 - std[617be2ca0a6fd877]::panicking::panic_with_hook
[INFO] [stdout]    7:     0x634337976662 - std[617be2ca0a6fd877]::panicking::panic_handler::{closure#0}
[INFO] [stdout]    8:     0x63433796edb9 - std[617be2ca0a6fd877]::sys::backtrace::__rust_end_short_backtrace::<std[617be2ca0a6fd877]::panicking::panic_handler::{closure#0}, !>
[INFO] [stdout]    9:     0x6343379774fd - __rustc[ea4f61d10b84890b]::rust_begin_unwind
[INFO] [stdout]   10:     0x6343379b78ec - core[a373ad73a504971]::panicking::panic_fmt
[INFO] [stdout]   11:     0x6343379b76c2 - core[a373ad73a504971]::result::unwrap_failed
[INFO] [stdout]   12:     0x63433774f6d6 - r_lanterm[736d68a9fa03e361]::config::tests::setup
[INFO] [stdout]   13:     0x6343377532ee - <r_lanterm[736d68a9fa03e361]::config::tests::test_new::{closure#0} as core[a373ad73a504971]::ops::function::FnOnce<()>>::call_once
[INFO] [stdout]   14:     0x634337800a0b - test[aada8e7e76ba119b]::__rust_begin_short_backtrace::<core[a373ad73a504971]::result::Result<(), alloc[2e1b2a31b91974c5]::string::String>, fn() -> core[a373ad73a504971]::result::Result<(), alloc[2e1b2a31b91974c5]::string::String>>
[INFO] [stdout]   15:     0x63433780dbe5 - test[aada8e7e76ba119b]::run_test::{closure#0}
[INFO] [stdout]   16:     0x6343378074d4 - std[617be2ca0a6fd877]::sys::backtrace::__rust_begin_short_backtrace::<test[aada8e7e76ba119b]::run_test::{closure#1}, ()>
[INFO] [stdout]   17:     0x634337810c72 - <std[617be2ca0a6fd877]::thread::lifecycle::spawn_unchecked<test[aada8e7e76ba119b]::run_test::{closure#1}, ()>::{closure#1} as core[a373ad73a504971]::ops::function::FnOnce<()>>::call_once::{shim:vtable#0}
[INFO] [stdout]   18:     0x63433799c78f - <std[617be2ca0a6fd877]::sys::thread::unix::Thread>::new::thread_start
[INFO] [stdout]   19:     0x7fc5cfdebdfa - <unknown>
[INFO] [stdout]   20:     0x7fc5cfe7f3d4 - clone
[INFO] [stdout]   21:                0x0 - <unknown>
[INFO] [stdout] 
[INFO] [stdout] ---- process::network::process::tests::arp_history_increments_miss_count_for_absent_devices stdout ----
[INFO] [stdout] 
[INFO] [stdout] thread 'process::network::process::tests::arp_history_increments_miss_count_for_absent_devices' (13615) panicked at src/process/network/process_tests.rs:105:56:
[INFO] [stdout] called `Result::unwrap()` on an `Err` value: NetworkInterface("failed to get default network interface")
[INFO] [stdout] stack backtrace:
[INFO] [stdout]    0:     0x63433799e1c1 - <<std[617be2ca0a6fd877]::sys::backtrace::BacktraceLock>::print::DisplayBacktrace as core[a373ad73a504971]::fmt::Display>::fmt
[INFO] [stdout]    1:     0x6343379b718a - core[a373ad73a504971]::fmt::write
[INFO] [stdout]    2:     0x6343379a34dc - <alloc[2e1b2a31b91974c5]::vec::Vec<u8> as core[a373ad73a504971]::io::write::Write>::write_fmt
[INFO] [stdout]    3:     0x6343379765b6 - std[617be2ca0a6fd877]::panicking::default_hook::{closure#0}
[INFO] [stdout]    4:     0x634337994819 - std[617be2ca0a6fd877]::panicking::default_hook
[INFO] [stdout]    5:     0x63433780d5c0 - test[aada8e7e76ba119b]::test_main_inner::{closure#0}
[INFO] [stdout]    6:     0x6343379949d2 - std[617be2ca0a6fd877]::panicking::panic_with_hook
[INFO] [stdout]    7:     0x634337976662 - std[617be2ca0a6fd877]::panicking::panic_handler::{closure#0}
[INFO] [stdout]    8:     0x63433796edb9 - std[617be2ca0a6fd877]::sys::backtrace::__rust_end_short_backtrace::<std[617be2ca0a6fd877]::panicking::panic_handler::{closure#0}, !>
[INFO] [stdout]    9:     0x6343379774fd - __rustc[ea4f61d10b84890b]::rust_begin_unwind
[INFO] [stdout]   10:     0x6343379b78ec - core[a373ad73a504971]::panicking::panic_fmt
[INFO] [stdout]   11:     0x6343379b76c2 - core[a373ad73a504971]::result::unwrap_failed
[INFO] [stdout]   12:     0x634337750101 - r_lanterm[736d68a9fa03e361]::process::network::process::tests::setup_with_seed
[INFO] [stdout]   13:     0x63433775b0ab - <r_lanterm[736d68a9fa03e361]::process::network::process::tests::arp_history_increments_miss_count_for_absent_devices::{closure#0} as core[a373ad73a504971]::ops::function::FnOnce<()>>::call_once
[INFO] [stdout]   14:     0x634337800a0b - test[aada8e7e76ba119b]::__rust_begin_short_backtrace::<core[a373ad73a504971]::result::Result<(), alloc[2e1b2a31b91974c5]::string::String>, fn() -> core[a373ad73a504971]::result::Result<(), alloc[2e1b2a31b91974c5]::string::String>>
[INFO] [stdout]   15:     0x63433780dbe5 - test[aada8e7e76ba119b]::run_test::{closure#0}
[INFO] [stdout]   16:     0x6343378074d4 - std[617be2ca0a6fd877]::sys::backtrace::__rust_begin_short_backtrace::<test[aada8e7e76ba119b]::run_test::{closure#1}, ()>
[INFO] [stdout]   17:     0x634337810c72 - <std[617be2ca0a6fd877]::thread::lifecycle::spawn_unchecked<test[aada8e7e76ba119b]::run_test::{closure#1}, ()>::{closure#1} as core[a373ad73a504971]::ops::function::FnOnce<()>>::call_once::{shim:vtable#0}
[INFO] [stdout]   18:     0x63433799c78f - <std[617be2ca0a6fd877]::sys::thread::unix::Thread>::new::thread_start
[INFO] [stdout]   19:     0x7fc5cfdebdfa - <unknown>
[INFO] [stdout]   20:     0x7fc5cfe7f3d4 - clone
[INFO] [stdout]   21:                0x0 - <unknown>
[INFO] [stdout] 
[INFO] [stdout] ---- process::network::process::tests::load_seed_devices_names_a_malformed_file stdout ----
[INFO] [stdout] 
[INFO] [stdout] thread 'process::network::process::tests::load_seed_devices_names_a_malformed_file' (13622) panicked at src/process/network/process_tests.rs:105:56:
[INFO] [stdout] called `Result::unwrap()` on an `Err` value: NetworkInterface("failed to get default network interface")
[INFO] [stdout] stack backtrace:
[INFO] [stdout]    0:     0x63433799e1c1 - <<std[617be2ca0a6fd877]::sys::backtrace::BacktraceLock>::print::DisplayBacktrace as core[a373ad73a504971]::fmt::Display>::fmt
[INFO] [stdout]    1:     0x6343379b718a - core[a373ad73a504971]::fmt::write
[INFO] [stdout]    2:     0x6343379a34dc - <alloc[2e1b2a31b91974c5]::vec::Vec<u8> as core[a373ad73a504971]::io::write::Write>::write_fmt
[INFO] [stdout]    3:     0x6343379765b6 - std[617be2ca0a6fd877]::panicking::default_hook::{closure#0}
[INFO] [stdout]    4:     0x634337994819 - std[617be2ca0a6fd877]::panicking::default_hook
[INFO] [stdout]    5:     0x63433780d5c0 - test[aada8e7e76ba119b]::test_main_inner::{closure#0}
[INFO] [stdout]    6:     0x6343379949d2 - std[617be2ca0a6fd877]::panicking::panic_with_hook
[INFO] [stdout]    7:     0x634337976662 - std[617be2ca0a6fd877]::panicking::panic_handler::{closure#0}
[INFO] [stdout]    8:     0x63433796edb9 - std[617be2ca0a6fd877]::sys::backtrace::__rust_end_short_backtrace::<std[617be2ca0a6fd877]::panicking::panic_handler::{closure#0}, !>
[INFO] [stdout]    9:     0x6343379774fd - __rustc[ea4f61d10b84890b]::rust_begin_unwind
[INFO] [stdout]   10:     0x6343379b78ec - core[a373ad73a504971]::panicking::panic_fmt
[INFO] [stdout]   11:     0x6343379b76c2 - core[a373ad73a504971]::result::unwrap_failed
[INFO] [stdout]   12:     0x634337750101 - r_lanterm[736d68a9fa03e361]::process::network::process::tests::setup_with_seed
[INFO] [stdout]   13:     0x634337756a7a - <r_lanterm[736d68a9fa03e361]::process::network::process::tests::load_seed_devices_names_a_malformed_file::{closure#0} as core[a373ad73a504971]::ops::function::FnOnce<()>>::call_once
[INFO] [stdout]   14:     0x634337800a0b - test[aada8e7e76ba119b]::__rust_begin_short_backtrace::<core[a373ad73a504971]::result::Result<(), alloc[2e1b2a31b91974c5]::string::String>, fn() -> core[a373ad73a504971]::result::Result<(), alloc[2e1b2a31b91974c5]::string::String>>
[INFO] [stdout]   15:     0x63433780dbe5 - test[aada8e7e76ba119b]::run_test::{closure#0}
[INFO] [stdout]   16:     0x6343378074d4 - std[617be2ca0a6fd877]::sys::backtrace::__rust_begin_short_backtrace::<test[aada8e7e76ba119b]::run_test::{closure#1}, ()>
[INFO] [stdout]   17:     0x634337810c72 - <std[617be2ca0a6fd877]::thread::lifecycle::spawn_unchecked<test[aada8e7e76ba119b]::run_test::{closure#1}, ()>::{closure#1} as core[a373ad73a504971]::ops::function::FnOnce<()>>::call_once::{shim:vtable#0}
[INFO] [stdout]   18:     0x63433799c78f - <std[617be2ca0a6fd877]::sys::thread::unix::Thread>::new::thread_start
[INFO] [stdout]   19:     0x7fc5cfdebdfa - <unknown>
[INFO] [stdout]   20:     0x7fc5cfe7f3d4 - clone
[INFO] [stdout]   21:                0x0 - <unknown>
[INFO] [stdout] 
[INFO] [stdout] ---- process::network::process::tests::load_seed_devices_names_a_missing_file stdout ----
[INFO] [stdout] 
[INFO] [stdout] thread 'process::network::process::tests::load_seed_devices_names_a_missing_file' (13623) panicked at src/process/network/process_tests.rs:105:56:
[INFO] [stdout] called `Result::unwrap()` on an `Err` value: NetworkInterface("failed to get default network interface")
[INFO] [stdout] stack backtrace:
[INFO] [stdout]    0:     0x63433799e1c1 - <<std[617be2ca0a6fd877]::sys::backtrace::BacktraceLock>::print::DisplayBacktrace as core[a373ad73a504971]::fmt::Display>::fmt
[INFO] [stdout]    1:     0x6343379b718a - core[a373ad73a504971]::fmt::write
[INFO] [stdout]    2:     0x6343379a34dc - <alloc[2e1b2a31b91974c5]::vec::Vec<u8> as core[a373ad73a504971]::io::write::Write>::write_fmt
[INFO] [stdout]    3:     0x6343379765b6 - std[617be2ca0a6fd877]::panicking::default_hook::{closure#0}
[INFO] [stdout]    4:     0x634337994819 - std[617be2ca0a6fd877]::panicking::default_hook
[INFO] [stdout]    5:     0x63433780d5c0 - test[aada8e7e76ba119b]::test_main_inner::{closure#0}
[INFO] [stdout]    6:     0x6343379949d2 - std[617be2ca0a6fd877]::panicking::panic_with_hook
[INFO] [stdout]    7:     0x634337976662 - std[617be2ca0a6fd877]::panicking::panic_handler::{closure#0}
[INFO] [stdout]    8:     0x63433796edb9 - std[617be2ca0a6fd877]::sys::backtrace::__rust_end_short_backtrace::<std[617be2ca0a6fd877]::panicking::panic_handler::{closure#0}, !>
[INFO] [stdout]    9:     0x6343379774fd - __rustc[ea4f61d10b84890b]::rust_begin_unwind
[INFO] [stdout]   10:     0x6343379b78ec - core[a373ad73a504971]::panicking::panic_fmt
[INFO] [stdout]   11:     0x6343379b76c2 - core[a373ad73a504971]::result::unwrap_failed
[INFO] [stdout]   12:     0x634337750101 - r_lanterm[736d68a9fa03e361]::process::network::process::tests::setup_with_seed
[INFO] [stdout]   13:     0x634337755c56 - <r_lanterm[736d68a9fa03e361]::process::network::process::tests::load_seed_devices_names_a_missing_file::{closure#0} as core[a373ad73a504971]::ops::function::FnOnce<()>>::call_once
[INFO] [stdout]   14:     0x634337800a0b - test[aada8e7e76ba119b]::__rust_begin_short_backtrace::<core[a373ad73a504971]::result::Result<(), alloc[2e1b2a31b91974c5]::string::String>, fn() -> core[a373ad73a504971]::result::Result<(), alloc[2e1b2a31b91974c5]::string::String>>
[INFO] [stdout]   15:     0x63433780dbe5 - test[aada8e7e76ba119b]::run_test::{closure#0}
[INFO] [stdout]   16:     0x6343378074d4 - std[617be2ca0a6fd877]::sys::backtrace::__rust_begin_short_backtrace::<test[aada8e7e76ba119b]::run_test::{closure#1}, ()>
[INFO] [stdout]   17:     0x634337810c72 - <std[617be2ca0a6fd877]::thread::lifecycle::spawn_unchecked<test[aada8e7e76ba119b]::run_test::{closure#1}, ()>::{closure#1} as core[a373ad73a504971]::ops::function::FnOnce<()>>::call_once::{shim:vtable#0}
[INFO] [stdout]   18:     0x63433799c78f - <std[617be2ca0a6fd877]::sys::thread::unix::Thread>::new::thread_start
[INFO] [stdout]   19:     0x7fc5cfdebdfa - <unknown>
[INFO] [stdout]   20:     0x7fc5cfe7f3d4 - clone
[INFO] [stdout]   21:                0x0 - <unknown>
[INFO] [stdout] 
[INFO] [stdout] ---- process::network::process::tests::get_padded_list_includes_devices_below_max_miss stdout ----
[INFO] [stdout] 
[INFO] [stdout] thread 'process::network::process::tests::get_padded_list_includes_devices_below_max_miss' (13620) panicked at src/process/network/process_tests.rs:105:56:
[INFO] [stdout] called `Result::unwrap()` on an `Err` value: NetworkInterface("failed to get default network interface")
[INFO] [stdout] stack backtrace:
[INFO] [stdout]    0:     0x63433799e1c1 - <<std[617be2ca0a6fd877]::sys::backtrace::BacktraceLock>::print::DisplayBacktrace as core[a373ad73a504971]::fmt::Display>::fmt
[INFO] [stdout]    1:     0x6343379b718a - core[a373ad73a504971]::fmt::write
[INFO] [stdout]    2:     0x6343379a34dc - <alloc[2e1b2a31b91974c5]::vec::Vec<u8> as core[a373ad73a504971]::io::write::Write>::write_fmt
[INFO] [stdout]    3:     0x6343379765b6 - std[617be2ca0a6fd877]::panicking::default_hook::{closure#0}
[INFO] [stdout]    4:     0x634337994819 - std[617be2ca0a6fd877]::panicking::default_hook
[INFO] [stdout]    5:     0x63433780d5c0 - test[aada8e7e76ba119b]::test_main_inner::{closure#0}
[INFO] [stdout]    6:     0x6343379949d2 - std[617be2ca0a6fd877]::panicking::panic_with_hook
[INFO] [stdout]    7:     0x634337976662 - std[617be2ca0a6fd877]::panicking::panic_handler::{closure#0}
[INFO] [stdout]    8:     0x63433796edb9 - std[617be2ca0a6fd877]::sys::backtrace::__rust_end_short_backtrace::<std[617be2ca0a6fd877]::panicking::panic_handler::{closure#0}, !>
[INFO] [stdout]    9:     0x6343379774fd - __rustc[ea4f61d10b84890b]::rust_begin_unwind
[INFO] [stdout]   10:     0x6343379b78ec - core[a373ad73a504971]::panicking::panic_fmt
[INFO] [stdout]   11:     0x6343379b76c2 - core[a373ad73a504971]::result::unwrap_failed
[INFO] [stdout]   12:     0x634337750101 - r_lanterm[736d68a9fa03e361]::process::network::process::tests::setup_with_seed
[INFO] [stdout]   13:     0x63433775968b - <r_lanterm[736d68a9fa03e361]::process::network::process::tests::get_padded_list_includes_devices_below_max_miss::{closure#0} as core[a373ad73a504971]::ops::function::FnOnce<()>>::call_once
[INFO] [stdout]   14:     0x634337800a0b - test[aada8e7e76ba119b]::__rust_begin_short_backtrace::<core[a373ad73a504971]::result::Result<(), alloc[2e1b2a31b91974c5]::string::String>, fn() -> core[a373ad73a504971]::result::Result<(), alloc[2e1b2a31b91974c5]::string::String>>
[INFO] [stdout]   15:     0x63433780dbe5 - test[aada8e7e76ba119b]::run_test::{closure#0}
[INFO] [stdout]   16:     0x6343378074d4 - std[617be2ca0a6fd877]::sys::backtrace::__rust_begin_short_backtrace::<test[aada8e7e76ba119b]::run_test::{closure#1}, ()>
[INFO] [stdout]   17:     0x634337810c72 - <std[617be2ca0a6fd877]::thread::lifecycle::spawn_unchecked<test[aada8e7e76ba119b]::run_test::{closure#1}, ()>::{closure#1} as core[a373ad73a504971]::ops::function::FnOnce<()>>::call_once::{shim:vtable#0}
[INFO] [stdout]   18:     0x63433799c78f - <std[617be2ca0a6fd877]::sys::thread::unix::Thread>::new::thread_start
[INFO] [stdout]   19:     0x7fc5cfdebdfa - <unknown>
[INFO] [stdout]   20:     0x7fc5cfe7f3d4 - clone
[INFO] [stdout]   21:                0x0 - <unknown>
[INFO] [stdout] 
[INFO] [stdout] ---- config::tests::update_config stdout ----
[INFO] [stdout] 
[INFO] [stdout] thread 'config::tests::update_config' (13599) panicked at src/./config_tests.rs:7:37:
[INFO] [stdout] called `Result::unwrap()` on an `Err` value: Os { code: 30, kind: ReadOnlyFilesystem, message: "Read-only file system" }
[INFO] [stdout] stack backtrace:
[INFO] [stdout]    0:     0x63433799e1c1 - <<std[617be2ca0a6fd877]::sys::backtrace::BacktraceLock>::print::DisplayBacktrace as core[a373ad73a504971]::fmt::Display>::fmt
[INFO] [stdout]    1:     0x6343379b718a - core[a373ad73a504971]::fmt::write
[INFO] [stdout]    2:     0x6343379a34dc - <alloc[2e1b2a31b91974c5]::vec::Vec<u8> as core[a373ad73a504971]::io::write::Write>::write_fmt
[INFO] [stdout]    3:     0x6343379765b6 - std[617be2ca0a6fd877]::panicking::default_hook::{closure#0}
[INFO] [stdout]    4:     0x634337994819 - std[617be2ca0a6fd877]::panicking::default_hook
[INFO] [stdout]    5:     0x63433780d5c0 - test[aada8e7e76ba119b]::test_main_inner::{closure#0}
[INFO] [stdout]    6:     0x6343379949d2 - std[617be2ca0a6fd877]::panicking::panic_with_hook
[INFO] [stdout]    7:     0x634337976662 - std[617be2ca0a6fd877]::panicking::panic_handler::{closure#0}
[INFO] [stdout]    8:     0x63433796edb9 - std[617be2ca0a6fd877]::sys::backtrace::__rust_end_short_backtrace::<std[617be2ca0a6fd877]::panicking::panic_handler::{closure#0}, !>
[INFO] [stdout]    9:     0x6343379774fd - __rustc[ea4f61d10b84890b]::rust_begin_unwind
[INFO] [stdout]   10:     0x6343379b78ec - core[a373ad73a504971]::panicking::panic_fmt
[INFO] [stdout]   11:     0x6343379b76c2 - core[a373ad73a504971]::result::unwrap_failed
[INFO] [stdout]   12:     0x63433774f6d6 - r_lanterm[736d68a9fa03e361]::config::tests::setup
[INFO] [stdout]   13:     0x634337752b96 - <r_lanterm[736d68a9fa03e361]::config::tests::update_config::{closure#0} as core[a373ad73a504971]::ops::function::FnOnce<()>>::call_once
[INFO] [stdout]   14:     0x634337800a0b - test[aada8e7e76ba119b]::__rust_begin_short_backtrace::<core[a373ad73a504971]::result::Result<(), alloc[2e1b2a31b91974c5]::string::String>, fn() -> core[a373ad73a504971]::result::Result<(), alloc[2e1b2a31b91974c5]::string::String>>
[INFO] [stdout]   15:     0x63433780dbe5 - test[aada8e7e76ba119b]::run_test::{closure#0}
[INFO] [stdout]   16:     0x6343378074d4 - std[617be2ca0a6fd877]::sys::backtrace::__rust_begin_short_backtrace::<test[aada8e7e76ba119b]::run_test::{closure#1}, ()>
[INFO] [stdout]   17:     0x634337810c72 - <std[617be2ca0a6fd877]::thread::lifecycle::spawn_unchecked<test[aada8e7e76ba119b]::run_test::{closure#1}, ()>::{closure#1} as core[a373ad73a504971]::ops::function::FnOnce<()>>::call_once::{shim:vtable#0}
[INFO] [stdout]   18:     0x63433799c78f - <std[617be2ca0a6fd877]::sys::thread::unix::Thread>::new::thread_start
[INFO] [stdout]   19:     0x7fc5cfdebdfa - <unknown>
[INFO] [stdout]   20:     0x7fc5cfe7f3d4 - clone
[INFO] [stdout]   21:                0x0 - <unknown>
[INFO] [stdout] 
[INFO] [stdout] ---- process::main::process::process_tests::handle_post_action_sync_persists_config_update stdout ----
[INFO] [stdout] 
[INFO] [stdout] thread 'process::main::process::process_tests::handle_post_action_sync_persists_config_update' (13606) panicked at src/process/main/process_tests.rs:35:37:
[INFO] [stdout] called `Result::unwrap()` on an `Err` value: Os { code: 30, kind: ReadOnlyFilesystem, message: "Read-only file system" }
[INFO] [stdout] stack backtrace:
[INFO] [stdout]    0:     0x63433799e1c1 - <<std[617be2ca0a6fd877]::sys::backtrace::BacktraceLock>::print::DisplayBacktrace as core[a373ad73a504971]::fmt::Display>::fmt
[INFO] [stdout]    1:     0x6343379b718a - core[a373ad73a504971]::fmt::write
[INFO] [stdout]    2:     0x6343379a34dc - <alloc[2e1b2a31b91974c5]::vec::Vec<u8> as core[a373ad73a504971]::io::write::Write>::write_fmt
[INFO] [stdout]    3:     0x6343379765b6 - std[617be2ca0a6fd877]::panicking::default_hook::{closure#0}
[INFO] [stdout]    4:     0x634337994819 - std[617be2ca0a6fd877]::panicking::default_hook
[INFO] [stdout]    5:     0x63433780d5c0 - test[aada8e7e76ba119b]::test_main_inner::{closure#0}
[INFO] [stdout]    6:     0x6343379949d2 - std[617be2ca0a6fd877]::panicking::panic_with_hook
[INFO] [stdout]    7:     0x634337976662 - std[617be2ca0a6fd877]::panicking::panic_handler::{closure#0}
[INFO] [stdout]    8:     0x63433796edb9 - std[617be2ca0a6fd877]::sys::backtrace::__rust_end_short_backtrace::<std[617be2ca0a6fd877]::panicking::panic_handler::{closure#0}, !>
[INFO] [stdout]    9:     0x6343379774fd - __rustc[ea4f61d10b84890b]::rust_begin_unwind
[INFO] [stdout]   10:     0x6343379b78ec - core[a373ad73a504971]::panicking::panic_fmt
[INFO] [stdout]   11:     0x6343379b76c2 - core[a373ad73a504971]::result::unwrap_failed
[INFO] [stdout]   12:     0x6343377609ad - r_lanterm[736d68a9fa03e361]::process::main::process::process_tests::setup
[INFO] [stdout]   13:     0x634337769d07 - <r_lanterm[736d68a9fa03e361]::process::main::process::process_tests::handle_post_action_sync_persists_config_update::{closure#0} as core[a373ad73a504971]::ops::function::FnOnce<()>>::call_once
[INFO] [stdout]   14:     0x634337800a0b - test[aada8e7e76ba119b]::__rust_begin_short_backtrace::<core[a373ad73a504971]::result::Result<(), alloc[2e1b2a31b91974c5]::string::String>, fn() -> core[a373ad73a504971]::result::Result<(), alloc[2e1b2a31b91974c5]::string::String>>
[INFO] [stdout]   15:     0x63433780dbe5 - test[aada8e7e76ba119b]::run_test::{closure#0}
[INFO] [stdout]   16:     0x6343378074d4 - std[617be2ca0a6fd877]::sys::backtrace::__rust_begin_short_backtrace::<test[aada8e7e76ba119b]::run_test::{closure#1}, ()>
[INFO] [stdout]   17:     0x634337810c72 - <std[617be2ca0a6fd877]::thread::lifecycle::spawn_unchecked<test[aada8e7e76ba119b]::run_test::{closure#1}, ()>::{closure#1} as core[a373ad73a504971]::ops::function::FnOnce<()>>::call_once::{shim:vtable#0}
[INFO] [stdout]   18:     0x63433799c78f - <std[617be2ca0a6fd877]::sys::thread::unix::Thread>::new::thread_start
[INFO] [stdout]   19:     0x7fc5cfdebdfa - <unknown>
[INFO] [stdout]   20:     0x7fc5cfe7f3d4 - clone
[INFO] [stdout]   21:                0x0 - <unknown>
[INFO] [stdout] 
[INFO] [stdout] ---- process::main::process::process_tests::handle_traceroute_sets_error_on_failure stdout ----
[INFO] [stdout] 
[INFO] [stdout] thread 'process::main::process::process_tests::handle_traceroute_sets_error_on_failure' (13612) panicked at src/process/main/process_tests.rs:35:37:
[INFO] [stdout] called `Result::unwrap()` on an `Err` value: Os { code: 30, kind: ReadOnlyFilesystem, message: "Read-only file system" }
[INFO] [stdout] stack backtrace:
[INFO] [stdout]    0:     0x63433799e1c1 - <<std[617be2ca0a6fd877]::sys::backtrace::BacktraceLock>::print::DisplayBacktrace as core[a373ad73a504971]::fmt::Display>::fmt
[INFO] [stdout]    1:     0x6343379b718a - core[a373ad73a504971]::fmt::write
[INFO] [stdout]    2:     0x6343379a34dc - <alloc[2e1b2a31b91974c5]::vec::Vec<u8> as core[a373ad73a504971]::io::write::Write>::write_fmt
[INFO] [stdout]    3:     0x6343379765b6 - std[617be2ca0a6fd877]::panicking::default_hook::{closure#0}
[INFO] [stdout]    4:     0x634337994819 - std[617be2ca0a6fd877]::panicking::default_hook
[INFO] [stdout]    5:     0x63433780d5c0 - test[aada8e7e76ba119b]::test_main_inner::{closure#0}
[INFO] [stdout]    6:     0x6343379949d2 - std[617be2ca0a6fd877]::panicking::panic_with_hook
[INFO] [stdout]    7:     0x634337976662 - std[617be2ca0a6fd877]::panicking::panic_handler::{closure#0}
[INFO] [stdout]    8:     0x63433796edb9 - std[617be2ca0a6fd877]::sys::backtrace::__rust_end_short_backtrace::<std[617be2ca0a6fd877]::panicking::panic_handler::{closure#0}, !>
[INFO] [stdout]    9:     0x6343379774fd - __rustc[ea4f61d10b84890b]::rust_begin_unwind
[INFO] [stdout]   10:     0x6343379b78ec - core[a373ad73a504971]::panicking::panic_fmt
[INFO] [stdout]   11:     0x6343379b76c2 - core[a373ad73a504971]::result::unwrap_failed
[INFO] [stdout]   12:     0x6343377609ad - r_lanterm[736d68a9fa03e361]::process::main::process::process_tests::setup
[INFO] [stdout]   13:     0x634337767f83 - <r_lanterm[736d68a9fa03e361]::process::main::process::process_tests::handle_traceroute_sets_error_on_failure::{closure#0} as core[a373ad73a504971]::ops::function::FnOnce<()>>::call_once
[INFO] [stdout]   14:     0x634337800a0b - test[aada8e7e76ba119b]::__rust_begin_short_backtrace::<core[a373ad73a504971]::result::Result<(), alloc[2e1b2a31b91974c5]::string::String>, fn() -> core[a373ad73a504971]::result::Result<(), alloc[2e1b2a31b91974c5]::string::String>>
[INFO] [stdout]   15:     0x63433780dbe5 - test[aada8e7e76ba119b]::run_test::{closure#0}
[INFO] [stdout]   16:     0x6343378074d4 - std[617be2ca0a6fd877]::sys::backtrace::__rust_begin_short_backtrace::<test[aada8e7e76ba119b]::run_test::{closure#1}, ()>
[INFO] [stdout]   17:     0x634337810c72 - <std[617be2ca0a6fd877]::thread::lifecycle::spawn_unchecked<test[aada8e7e76ba119b]::run_test::{closure#1}, ()>::{closure#1} as core[a373ad73a504971]::ops::function::FnOnce<()>>::call_once::{shim:vtable#0}
[INFO] [stdout]   18:     0x63433799c78f - <std[617be2ca0a6fd877]::sys::thread::unix::Thread>::new::thread_start
[INFO] [stdout]   19:     0x7fc5cfdebdfa - <unknown>
[INFO] [stdout]   20:     0x7fc5cfe7f3d4 - clone
[INFO] [stdout]   21:                0x0 - <unknown>
[INFO] [stdout] 
[INFO] [stdout] ---- process::network::process::tests::load_seed_devices_reads_the_supplied_file stdout ----
[INFO] [stdout] 
[INFO] [stdout] thread 'process::network::process::tests::load_seed_devices_reads_the_supplied_file' (13624) panicked at src/process/network/process_tests.rs:105:56:
[INFO] [stdout] called `Result::unwrap()` on an `Err` value: NetworkInterface("failed to get default network interface")
[INFO] [stdout] stack backtrace:
[INFO] [stdout]    0:     0x63433799e1c1 - <<std[617be2ca0a6fd877]::sys::backtrace::BacktraceLock>::print::DisplayBacktrace as core[a373ad73a504971]::fmt::Display>::fmt
[INFO] [stdout]    1:     0x6343379b718a - core[a373ad73a504971]::fmt::write
[INFO] [stdout]    2:     0x6343379a34dc - <alloc[2e1b2a31b91974c5]::vec::Vec<u8> as core[a373ad73a504971]::io::write::Write>::write_fmt
[INFO] [stdout]    3:     0x6343379765b6 - std[617be2ca0a6fd877]::panicking::default_hook::{closure#0}
[INFO] [stdout]    4:     0x634337994819 - std[617be2ca0a6fd877]::panicking::default_hook
[INFO] [stdout]    5:     0x63433780d5c0 - test[aada8e7e76ba119b]::test_main_inner::{closure#0}
[INFO] [stdout]    6:     0x6343379949d2 - std[617be2ca0a6fd877]::panicking::panic_with_hook
[INFO] [stdout]    7:     0x634337976662 - std[617be2ca0a6fd877]::panicking::panic_handler::{closure#0}
[INFO] [stdout]    8:     0x63433796edb9 - std[617be2ca0a6fd877]::sys::backtrace::__rust_end_short_backtrace::<std[617be2ca0a6fd877]::panicking::panic_handler::{closure#0}, !>
[INFO] [stdout]    9:     0x6343379774fd - __rustc[ea4f61d10b84890b]::rust_begin_unwind
[INFO] [stdout]   10:     0x6343379b78ec - core[a373ad73a504971]::panicking::panic_fmt
[INFO] [stdout]   11:     0x6343379b76c2 - core[a373ad73a504971]::result::unwrap_failed
[INFO] [stdout]   12:     0x634337750101 - r_lanterm[736d68a9fa03e361]::process::network::process::tests::setup_with_seed
[INFO] [stdout]   13:     0x634337756e22 - <r_lanterm[736d68a9fa03e361]::process::network::process::tests::load_seed_devices_reads_the_supplied_file::{closure#0} as core[a373ad73a504971]::ops::function::FnOnce<()>>::call_once
[INFO] [stdout]   14:     0x634337800a0b - test[aada8e7e76ba119b]::__rust_begin_short_backtrace::<core[a373ad73a504971]::result::Result<(), alloc[2e1b2a31b91974c5]::string::String>, fn() -> core[a373ad73a504971]::result::Result<(), alloc[2e1b2a31b91974c5]::string::String>>
[INFO] [stdout]   15:     0x63433780dbe5 - test[aada8e7e76ba119b]::run_test::{closure#0}
[INFO] [stdout]   16:     0x6343378074d4 - std[617be2ca0a6fd877]::sys::backtrace::__rust_begin_short_backtrace::<test[aada8e7e76ba119b]::run_test::{closure#1}, ()>
[INFO] [stdout]   17:     0x634337810c72 - <std[617be2ca0a6fd877]::thread::lifecycle::spawn_unchecked<test[aada8e7e76ba119b]::run_test::{closure#1}, ()>::{closure#1} as core[a373ad73a504971]::ops::function::FnOnce<()>>::call_once::{shim:vtable#0}
[INFO] [stdout]   18:     0x63433799c78f - <std[617be2ca0a6fd877]::sys::thread::unix::Thread>::new::thread_start
[INFO] [stdout]   19:     0x7fc5cfdebdfa - <unknown>
[INFO] [stdout]   20:     0x7fc5cfe7f3d4 - clone
[INFO] [stdout]   21:                0x0 - <unknown>
[INFO] [stdout] 
[INFO] [stdout] ---- process::network::process::tests::monitor_sends_seed_devices_once_and_skips_arp stdout ----
[INFO] [stdout] 
[INFO] [stdout] thread 'process::network::process::tests::monitor_sends_seed_devices_once_and_skips_arp' (13629) panicked at src/process/network/process_tests.rs:105:56:
[INFO] [stdout] called `Result::unwrap()` on an `Err` value: NetworkInterface("failed to get default network interface")
[INFO] [stdout] stack backtrace:
[INFO] [stdout]    0:     0x63433799e1c1 - <<std[617be2ca0a6fd877]::sys::backtrace::BacktraceLock>::print::DisplayBacktrace as core[a373ad73a504971]::fmt::Display>::fmt
[INFO] [stdout]    1:     0x6343379b718a - core[a373ad73a504971]::fmt::write
[INFO] [stdout]    2:     0x6343379a34dc - <alloc[2e1b2a31b91974c5]::vec::Vec<u8> as core[a373ad73a504971]::io::write::Write>::write_fmt
[INFO] [stdout]    3:     0x6343379765b6 - std[617be2ca0a6fd877]::panicking::default_hook::{closure#0}
[INFO] [stdout]    4:     0x634337994819 - std[617be2ca0a6fd877]::panicking::default_hook
[INFO] [stdout]    5:     0x63433780d5c0 - test[aada8e7e76ba119b]::test_main_inner::{closure#0}
[INFO] [stdout]    6:     0x6343379949d2 - std[617be2ca0a6fd877]::panicking::panic_with_hook
[INFO] [stdout]    7:     0x634337976662 - std[617be2ca0a6fd877]::panicking::panic_handler::{closure#0}
[INFO] [stdout]    8:     0x63433796edb9 - std[617be2ca0a6fd877]::sys::backtrace::__rust_end_short_backtrace::<std[617be2ca0a6fd877]::panicking::panic_handler::{closure#0}, !>
[INFO] [stdout]    9:     0x6343379774fd - __rustc[ea4f61d10b84890b]::rust_begin_unwind
[INFO] [stdout]   10:     0x6343379b78ec - core[a373ad73a504971]::panicking::panic_fmt
[INFO] [stdout]   11:     0x6343379b76c2 - core[a373ad73a504971]::result::unwrap_failed
[INFO] [stdout]   12:     0x634337750101 - r_lanterm[736d68a9fa03e361]::process::network::process::tests::setup_with_seed
[INFO] [stdout]   13:     0x634337757e18 - <r_lanterm[736d68a9fa03e361]::process::network::process::tests::monitor_sends_seed_devices_once_and_skips_arp::{closure#0} as core[a373ad73a504971]::ops::function::FnOnce<()>>::call_once
[INFO] [stdout]   14:     0x634337800a0b - test[aada8e7e76ba119b]::__rust_begin_short_backtrace::<core[a373ad73a504971]::result::Result<(), alloc[2e1b2a31b91974c5]::string::String>, fn() -> core[a373ad73a504971]::result::Result<(), alloc[2e1b2a31b91974c5]::string::String>>
[INFO] [stdout]   15:     0x63433780dbe5 - test[aada8e7e76ba119b]::run_test::{closure#0}
[INFO] [stdout]   16:     0x6343378074d4 - std[617be2ca0a6fd877]::sys::backtrace::__rust_begin_short_backtrace::<test[aada8e7e76ba119b]::run_test::{closure#1}, ()>
[INFO] [stdout]   17:     0x634337810c72 - <std[617be2ca0a6fd877]::thread::lifecycle::spawn_unchecked<test[aada8e7e76ba119b]::run_test::{closure#1}, ()>::{closure#1} as core[a373ad73a504971]::ops::function::FnOnce<()>>::call_once::{shim:vtable#0}
[INFO] [stdout]   18:     0x63433799c78f - <std[617be2ca0a6fd877]::sys::thread::unix::Thread>::new::thread_start
[INFO] [stdout]   19:     0x7fc5cfdebdfa - <unknown>
[INFO] [stdout]   20:     0x7fc5cfe7f3d4 - clone
[INFO] [stdout]   21:                0x0 - <unknown>
[INFO] [stdout] 
[INFO] [stdout] ---- process::main::process::process_tests::resume_ui_returns_err_on_quit_message stdout ----
[INFO] [stdout] 
[INFO] [stdout] thread 'process::main::process::process_tests::resume_ui_returns_err_on_quit_message' (13614) panicked at src/process/main/process_tests.rs:35:37:
[INFO] [stdout] called `Result::unwrap()` on an `Err` value: Os { code: 30, kind: ReadOnlyFilesystem, message: "Read-only file system" }
[INFO] [stdout] stack backtrace:
[INFO] [stdout]    0:     0x63433799e1c1 - <<std[617be2ca0a6fd877]::sys::backtrace::BacktraceLock>::print::DisplayBacktrace as core[a373ad73a504971]::fmt::Display>::fmt
[INFO] [stdout]    1:     0x6343379b718a - core[a373ad73a504971]::fmt::write
[INFO] [stdout]    2:     0x6343379a34dc - <alloc[2e1b2a31b91974c5]::vec::Vec<u8> as core[a373ad73a504971]::io::write::Write>::write_fmt
[INFO] [stdout]    3:     0x6343379765b6 - std[617be2ca0a6fd877]::panicking::default_hook::{closure#0}
[INFO] [stdout]    4:     0x634337994819 - std[617be2ca0a6fd877]::panicking::default_hook
[INFO] [stdout]    5:     0x63433780d5c0 - test[aada8e7e76ba119b]::test_main_inner::{closure#0}
[INFO] [stdout]    6:     0x6343379949d2 - std[617be2ca0a6fd877]::panicking::panic_with_hook
[INFO] [stdout]    7:     0x634337976662 - std[617be2ca0a6fd877]::panicking::panic_handler::{closure#0}
[INFO] [stdout]    8:     0x63433796edb9 - std[617be2ca0a6fd877]::sys::backtrace::__rust_end_short_backtrace::<std[617be2ca0a6fd877]::panicking::panic_handler::{closure#0}, !>
[INFO] [stdout]    9:     0x6343379774fd - __rustc[ea4f61d10b84890b]::rust_begin_unwind
[INFO] [stdout]   10:     0x6343379b78ec - core[a373ad73a504971]::panicking::panic_fmt
[INFO] [stdout]   11:     0x6343379b76c2 - core[a373ad73a504971]::result::unwrap_failed
[INFO] [stdout]   12:     0x6343377609ad - r_lanterm[736d68a9fa03e361]::process::main::process::process_tests::setup
[INFO] [stdout]   13:     0x6343377674a9 - <r_lanterm[736d68a9fa03e361]::process::main::process::process_tests::resume_ui_returns_err_on_quit_message::{closure#0} as core[a373ad73a504971]::ops::function::FnOnce<()>>::call_once
[INFO] [stdout]   14:     0x634337800a0b - test[aada8e7e76ba119b]::__rust_begin_short_backtrace::<core[a373ad73a504971]::result::Result<(), alloc[2e1b2a31b91974c5]::string::String>, fn() -> core[a373ad73a504971]::result::Result<(), alloc[2e1b2a31b91974c5]::string::String>>
[INFO] [stdout]   15:     0x63433780dbe5 - test[aada8e7e76ba119b]::run_test::{closure#0}
[INFO] [stdout]   16:     0x6343378074d4 - std[617be2ca0a6fd877]::sys::backtrace::__rust_begin_short_backtrace::<test[aada8e7e76ba119b]::run_test::{closure#1}, ()>
[INFO] [stdout]   17:     0x634337810c72 - <std[617be2ca0a6fd877]::thread::lifecycle::spawn_unchecked<test[aada8e7e76ba119b]::run_test::{closure#1}, ()>::{closure#1} as core[a373ad73a504971]::ops::function::FnOnce<()>>::call_once::{shim:vtable#0}
[INFO] [stdout]   18:     0x63433799c78f - <std[617be2ca0a6fd877]::sys::thread::unix::Thread>::new::thread_start
[INFO] [stdout]   19:     0x7fc5cfdebdfa - <unknown>
[INFO] [stdout]   20:     0x7fc5cfe7f3d4 - clone
[INFO] [stdout]   21:                0x0 - <unknown>
[INFO] [stdout] 
[INFO] [stdout] ---- process::network::process::tests::process_arp_sends_messages_and_updates_history stdout ----
[INFO] [stdout] 
[INFO] [stdout] thread 'process::network::process::tests::process_arp_sends_messages_and_updates_history' (13630) panicked at src/process/network/process_tests.rs:105:56:
[INFO] [stdout] called `Result::unwrap()` on an `Err` value: NetworkInterface("failed to get default network interface")
[INFO] [stdout] stack backtrace:
[INFO] [stdout]    0:     0x63433799e1c1 - <<std[617be2ca0a6fd877]::sys::backtrace::BacktraceLock>::print::DisplayBacktrace as core[a373ad73a504971]::fmt::Display>::fmt
[INFO] [stdout]    1:     0x6343379b718a - core[a373ad73a504971]::fmt::write
[INFO] [stdout]    2:     0x6343379a34dc - <alloc[2e1b2a31b91974c5]::vec::Vec<u8> as core[a373ad73a504971]::io::write::Write>::write_fmt
[INFO] [stdout]    3:     0x6343379765b6 - std[617be2ca0a6fd877]::panicking::default_hook::{closure#0}
[INFO] [stdout]    4:     0x634337994819 - std[617be2ca0a6fd877]::panicking::default_hook
[INFO] [stdout]    5:     0x63433780d5c0 - test[aada8e7e76ba119b]::test_main_inner::{closure#0}
[INFO] [stdout]    6:     0x6343379949d2 - std[617be2ca0a6fd877]::panicking::panic_with_hook
[INFO] [stdout]    7:     0x634337976662 - std[617be2ca0a6fd877]::panicking::panic_handler::{closure#0}
[INFO] [stdout]    8:     0x63433796edb9 - std[617be2ca0a6fd877]::sys::backtrace::__rust_end_short_backtrace::<std[617be2ca0a6fd877]::panicking::panic_handler::{closure#0}, !>
[INFO] [stdout]    9:     0x6343379774fd - __rustc[ea4f61d10b84890b]::rust_begin_unwind
[INFO] [stdout]   10:     0x6343379b78ec - core[a373ad73a504971]::panicking::panic_fmt
[INFO] [stdout]   11:     0x6343379b76c2 - core[a373ad73a504971]::result::unwrap_failed
[INFO] [stdout]   12:     0x634337750101 - r_lanterm[736d68a9fa03e361]::process::network::process::tests::setup_with_seed
[INFO] [stdout]   13:     0x634337758856 - <r_lanterm[736d68a9fa03e361]::process::network::process::tests::process_arp_sends_messages_and_updates_history::{closure#0} as core[a373ad73a504971]::ops::function::FnOnce<()>>::call_once
[INFO] [stdout]   14:     0x634337800a0b - test[aada8e7e76ba119b]::__rust_begin_short_backtrace::<core[a373ad73a504971]::result::Result<(), alloc[2e1b2a31b91974c5]::string::String>, fn() -> core[a373ad73a504971]::result::Result<(), alloc[2e1b2a31b91974c5]::string::String>>
[INFO] [stdout]   15:     0x63433780dbe5 - test[aada8e7e76ba119b]::run_test::{closure#0}
[INFO] [stdout]   16:     0x6343378074d4 - std[617be2ca0a6fd877]::sys::backtrace::__rust_begin_short_backtrace::<test[aada8e7e76ba119b]::run_test::{closure#1}, ()>
[INFO] [stdout]   17:     0x634337810c72 - <std[617be2ca0a6fd877]::thread::lifecycle::spawn_unchecked<test[aada8e7e76ba119b]::run_test::{closure#1}, ()>::{closure#1} as core[a373ad73a504971]::ops::function::FnOnce<()>>::call_once::{shim:vtable#0}
[INFO] [stdout]   18:     0x63433799c78f - <std[617be2ca0a6fd877]::sys::thread::unix::Thread>::new::thread_start
[INFO] [stdout]   19:     0x7fc5cfdebdfa - <unknown>
[INFO] [stdout]   20:     0x7fc5cfe7f3d4 - clone
[INFO] [stdout]   21:                0x0 - <unknown>
[INFO] [stdout] 
[INFO] [stdout] ---- process::network::process::tests::process_syn_sends_messages stdout ----
[INFO] [stdout] 
[INFO] [stdout] thread 'process::network::process::tests::process_syn_sends_messages' (13631) panicked at src/process/network/process_tests.rs:105:56:
[INFO] [stdout] called `Result::unwrap()` on an `Err` value: NetworkInterface("failed to get default network interface")
[INFO] [stdout] stack backtrace:
[INFO] [stdout]    0:     0x63433799e1c1 - <<std[617be2ca0a6fd877]::sys::backtrace::BacktraceLock>::print::DisplayBacktrace as core[a373ad73a504971]::fmt::Display>::fmt
[INFO] [stdout]    1:     0x6343379b718a - core[a373ad73a504971]::fmt::write
[INFO] [stdout]    2:     0x6343379a34dc - <alloc[2e1b2a31b91974c5]::vec::Vec<u8> as core[a373ad73a504971]::io::write::Write>::write_fmt
[INFO] [stdout]    3:     0x6343379765b6 - std[617be2ca0a6fd877]::panicking::default_hook::{closure#0}
[INFO] [stdout]    4:     0x634337994819 - std[617be2ca0a6fd877]::panicking::default_hook
[INFO] [stdout]    5:     0x63433780d5c0 - test[aada8e7e76ba119b]::test_main_inner::{closure#0}
[INFO] [stdout]    6:     0x6343379949d2 - std[617be2ca0a6fd877]::panicking::panic_with_hook
[INFO] [stdout]    7:     0x634337976662 - std[617be2ca0a6fd877]::panicking::panic_handler::{closure#0}
[INFO] [stdout]    8:     0x63433796edb9 - std[617be2ca0a6fd877]::sys::backtrace::__rust_end_short_backtrace::<std[617be2ca0a6fd877]::panicking::panic_handler::{closure#0}, !>
[INFO] [stdout]    9:     0x6343379774fd - __rustc[ea4f61d10b84890b]::rust_begin_unwind
[INFO] [stdout]   10:     0x6343379b78ec - core[a373ad73a504971]::panicking::panic_fmt
[INFO] [stdout]   11:     0x6343379b76c2 - core[a373ad73a504971]::result::unwrap_failed
[INFO] [stdout]   12:     0x634337750101 - r_lanterm[736d68a9fa03e361]::process::network::process::tests::setup_with_seed
[INFO] [stdout]   13:     0x634337754518 - <r_lanterm[736d68a9fa03e361]::process::network::process::tests::process_syn_sends_messages::{closure#0} as core[a373ad73a504971]::ops::function::FnOnce<()>>::call_once
[INFO] [stdout]   14:     0x634337800a0b - test[aada8e7e76ba119b]::__rust_begin_short_backtrace::<core[a373ad73a504971]::result::Result<(), alloc[2e1b2a31b91974c5]::string::String>, fn() -> core[a373ad73a504971]::result::Result<(), alloc[2e1b2a31b91974c5]::string::String>>
[INFO] [stdout]   15:     0x63433780dbe5 - test[aada8e7e76ba119b]::run_test::{closure#0}
[INFO] [stdout]   16:     0x6343378074d4 - std[617be2ca0a6fd877]::sys::backtrace::__rust_begin_short_backtrace::<test[aada8e7e76ba119b]::run_test::{closure#1}, ()>
[INFO] [stdout]   17:     0x634337810c72 - <std[617be2ca0a6fd877]::thread::lifecycle::spawn_unchecked<test[aada8e7e76ba119b]::run_test::{closure#1}, ()>::{closure#1} as core[a373ad73a504971]::ops::function::FnOnce<()>>::call_once::{shim:vtable#0}
[INFO] [stdout]   18:     0x63433799c78f - <std[617be2ca0a6fd877]::sys::thread::unix::Thread>::new::thread_start
[INFO] [stdout]   19:     0x7fc5cfdebdfa - <unknown>
[INFO] [stdout]   20:     0x7fc5cfe7f3d4 - clone
[INFO] [stdout]   21:                0x0 - <unknown>
[INFO] [stdout] 
[INFO] [stdout] ---- process::main::process::process_tests::pause_ui_returns_err_on_quit_message stdout ----
[INFO] [stdout] 
[INFO] [stdout] thread 'process::main::process::process_tests::pause_ui_returns_err_on_quit_message' (13613) panicked at src/process/main/process_tests.rs:35:37:
[INFO] [stdout] called `Result::unwrap()` on an `Err` value: Os { code: 30, kind: ReadOnlyFilesystem, message: "Read-only file system" }
[INFO] [stdout] stack backtrace:
[INFO] [stdout]    0:     0x63433799e1c1 - <<std[617be2ca0a6fd877]::sys::backtrace::BacktraceLock>::print::DisplayBacktrace as core[a373ad73a504971]::fmt::Display>::fmt
[INFO] [stdout]    1:     0x6343379b718a - core[a373ad73a504971]::fmt::write
[INFO] [stdout]    2:     0x6343379a34dc - <alloc[2e1b2a31b91974c5]::vec::Vec<u8> as core[a373ad73a504971]::io::write::Write>::write_fmt
[INFO] [stderr] error: test failed, to rerun pass `--bin r-lanterm`
[INFO] [stdout]    3:     0x6343379765b6 - std[617be2ca0a6fd877]::panicking::default_hook::{closure#0}
[INFO] [stdout]    4:     0x634337994819 - std[617be2ca0a6fd877]::panicking::default_hook
[INFO] [stdout]    5:     0x63433780d5c0 - test[aada8e7e76ba119b]::test_main_inner::{closure#0}
[INFO] [stdout]    6:     0x6343379949d2 - std[617be2ca0a6fd877]::panicking::panic_with_hook
[INFO] [stdout]    7:     0x634337976662 - std[617be2ca0a6fd877]::panicking::panic_handler::{closure#0}
[INFO] [stdout]    8:     0x63433796edb9 - std[617be2ca0a6fd877]::sys::backtrace::__rust_end_short_backtrace::<std[617be2ca0a6fd877]::panicking::panic_handler::{closure#0}, !>
[INFO] [stdout]    9:     0x6343379774fd - __rustc[ea4f61d10b84890b]::rust_begin_unwind
[INFO] [stdout]   10:     0x6343379b78ec - core[a373ad73a504971]::panicking::panic_fmt
[INFO] [stdout]   11:     0x6343379b76c2 - core[a373ad73a504971]::result::unwrap_failed
[INFO] [stdout]   12:     0x6343377609ad - r_lanterm[736d68a9fa03e361]::process::main::process::process_tests::setup
[INFO] [stdout]   13:     0x634337766e29 - <r_lanterm[736d68a9fa03e361]::process::main::process::process_tests::pause_ui_returns_err_on_quit_message::{closure#0} as core[a373ad73a504971]::ops::function::FnOnce<()>>::call_once
[INFO] [stdout]   14:     0x634337800a0b - test[aada8e7e76ba119b]::__rust_begin_short_backtrace::<core[a373ad73a504971]::result::Result<(), alloc[2e1b2a31b91974c5]::string::String>, fn() -> core[a373ad73a504971]::result::Result<(), alloc[2e1b2a31b91974c5]::string::String>>
[INFO] [stdout]   15:     0x63433780dbe5 - test[aada8e7e76ba119b]::run_test::{closure#0}
[INFO] [stdout]   16:     0x6343378074d4 - std[617be2ca0a6fd877]::sys::backtrace::__rust_begin_short_backtrace::<test[aada8e7e76ba119b]::run_test::{closure#1}, ()>
[INFO] [stdout]   17:     0x634337810c72 - <std[617be2ca0a6fd877]::thread::lifecycle::spawn_unchecked<test[aada8e7e76ba119b]::run_test::{closure#1}, ()>::{closure#1} as core[a373ad73a504971]::ops::function::FnOnce<()>>::call_once::{shim:vtable#0}
[INFO] [stdout]   18:     0x63433799c78f - <std[617be2ca0a6fd877]::sys::thread::unix::Thread>::new::thread_start
[INFO] [stdout]   19:     0x7fc5cfdebdfa - <unknown>
[INFO] [stdout]   20:     0x7fc5cfe7f3d4 - clone
[INFO] [stdout]   21:                0x0 - <unknown>
[INFO] [stdout] 
[INFO] [stdout] ---- process::network::process::tests::arp_history_removes_devices_at_max_miss stdout ----
[INFO] [stdout] 
[INFO] [stdout] thread 'process::network::process::tests::arp_history_removes_devices_at_max_miss' (13616) panicked at src/process/network/process_tests.rs:105:56:
[INFO] [stdout] called `Result::unwrap()` on an `Err` value: NetworkInterface("failed to get default network interface")
[INFO] [stdout] stack backtrace:
[INFO] [stdout]    0:     0x63433799e1c1 - <<std[617be2ca0a6fd877]::sys::backtrace::BacktraceLock>::print::DisplayBacktrace as core[a373ad73a504971]::fmt::Display>::fmt
[INFO] [stdout]    1:     0x6343379b718a - core[a373ad73a504971]::fmt::write
[INFO] [stdout]    2:     0x6343379a34dc - <alloc[2e1b2a31b91974c5]::vec::Vec<u8> as core[a373ad73a504971]::io::write::Write>::write_fmt
[INFO] [stdout]    3:     0x6343379765b6 - std[617be2ca0a6fd877]::panicking::default_hook::{closure#0}
[INFO] [stdout]    4:     0x634337994819 - std[617be2ca0a6fd877]::panicking::default_hook
[INFO] [stdout]    5:     0x63433780d5c0 - test[aada8e7e76ba119b]::test_main_inner::{closure#0}
[INFO] [stdout]    6:     0x6343379949d2 - std[617be2ca0a6fd877]::panicking::panic_with_hook
[INFO] [stdout]    7:     0x634337976662 - std[617be2ca0a6fd877]::panicking::panic_handler::{closure#0}
[INFO] [stdout]    8:     0x63433796edb9 - std[617be2ca0a6fd877]::sys::backtrace::__rust_end_short_backtrace::<std[617be2ca0a6fd877]::panicking::panic_handler::{closure#0}, !>
[INFO] [stdout]    9:     0x6343379774fd - __rustc[ea4f61d10b84890b]::rust_begin_unwind
[INFO] [stdout]   10:     0x6343379b78ec - core[a373ad73a504971]::panicking::panic_fmt
[INFO] [stdout]   11:     0x6343379b76c2 - core[a373ad73a504971]::result::unwrap_failed
[INFO] [stdout]   12:     0x634337750101 - r_lanterm[736d68a9fa03e361]::process::network::process::tests::setup_with_seed
[INFO] [stdout]   13:     0x634337755f6b - <r_lanterm[736d68a9fa03e361]::process::network::process::tests::arp_history_removes_devices_at_max_miss::{closure#0} as core[a373ad73a504971]::ops::function::FnOnce<()>>::call_once
[INFO] [stdout]   14:     0x634337800a0b - test[aada8e7e76ba119b]::__rust_begin_short_backtrace::<core[a373ad73a504971]::result::Result<(), alloc[2e1b2a31b91974c5]::string::String>, fn() -> core[a373ad73a504971]::result::Result<(), alloc[2e1b2a31b91974c5]::string::String>>
[INFO] [stdout]   15:     0x63433780dbe5 - test[aada8e7e76ba119b]::run_test::{closure#0}
[INFO] [stdout]   16:     0x6343378074d4 - std[617be2ca0a6fd877]::sys::backtrace::__rust_begin_short_backtrace::<test[aada8e7e76ba119b]::run_test::{closure#1}, ()>
[INFO] [stdout]   17:     0x634337810c72 - <std[617be2ca0a6fd877]::thread::lifecycle::spawn_unchecked<test[aada8e7e76ba119b]::run_test::{closure#1}, ()>::{closure#1} as core[a373ad73a504971]::ops::function::FnOnce<()>>::call_once::{shim:vtable#0}
[INFO] [stdout]   18:     0x63433799c78f - <std[617be2ca0a6fd877]::sys::thread::unix::Thread>::new::thread_start
[INFO] [stdout]   19:     0x7fc5cfdebdfa - <unknown>
[INFO] [stdout]   20:     0x7fc5cfe7f3d4 - clone
[INFO] [stdout]   21:                0x0 - <unknown>
[INFO] [stdout] 
[INFO] [stdout] ---- process::main::process::process_tests::handle_ssh_nonzero_exit_with_stderr_sets_error stdout ----
[INFO] [stdout] 
[INFO] [stdout] thread 'process::main::process::process_tests::handle_ssh_nonzero_exit_with_stderr_sets_error' (13608) panicked at src/process/main/process_tests.rs:35:37:
[INFO] [stdout] called `Result::unwrap()` on an `Err` value: Os { code: 30, kind: ReadOnlyFilesystem, message: "Read-only file system" }
[INFO] [stdout] stack backtrace:
[INFO] [stdout]    0:     0x63433799e1c1 - <<std[617be2ca0a6fd877]::sys::backtrace::BacktraceLock>::print::DisplayBacktrace as core[a373ad73a504971]::fmt::Display>::fmt
[INFO] [stdout]    1:     0x6343379b718a - core[a373ad73a504971]::fmt::write
[INFO] [stdout]    2:     0x6343379a34dc - <alloc[2e1b2a31b91974c5]::vec::Vec<u8> as core[a373ad73a504971]::io::write::Write>::write_fmt
[INFO] [stdout]    3:     0x6343379765b6 - std[617be2ca0a6fd877]::panicking::default_hook::{closure#0}
[INFO] [stdout]    4:     0x634337994819 - std[617be2ca0a6fd877]::panicking::default_hook
[INFO] [stdout]    5:     0x63433780d5c0 - test[aada8e7e76ba119b]::test_main_inner::{closure#0}
[INFO] [stdout]    6:     0x6343379949d2 - std[617be2ca0a6fd877]::panicking::panic_with_hook
[INFO] [stdout]    7:     0x634337976662 - std[617be2ca0a6fd877]::panicking::panic_handler::{closure#0}
[INFO] [stdout]    8:     0x63433796edb9 - std[617be2ca0a6fd877]::sys::backtrace::__rust_end_short_backtrace::<std[617be2ca0a6fd877]::panicking::panic_handler::{closure#0}, !>
[INFO] [stdout]    9:     0x6343379774fd - __rustc[ea4f61d10b84890b]::rust_begin_unwind
[INFO] [stdout]   10:     0x6343379b78ec - core[a373ad73a504971]::panicking::panic_fmt
[INFO] [stdout]   11:     0x6343379b76c2 - core[a373ad73a504971]::result::unwrap_failed
[INFO] [stdout]   12:     0x6343377609ad - r_lanterm[736d68a9fa03e361]::process::main::process::process_tests::setup
[INFO] [stdout]   13:     0x63433776a907 - <r_lanterm[736d68a9fa03e361]::process::main::process::process_tests::handle_ssh_nonzero_exit_with_stderr_sets_error::{closure#0} as core[a373ad73a504971]::ops::function::FnOnce<()>>::call_once
[INFO] [stdout]   14:     0x634337800a0b - test[aada8e7e76ba119b]::__rust_begin_short_backtrace::<core[a373ad73a504971]::result::Result<(), alloc[2e1b2a31b91974c5]::string::String>, fn() -> core[a373ad73a504971]::result::Result<(), alloc[2e1b2a31b91974c5]::string::String>>
[INFO] [stdout]   15:     0x63433780dbe5 - test[aada8e7e76ba119b]::run_test::{closure#0}
[INFO] [stdout]   16:     0x6343378074d4 - std[617be2ca0a6fd877]::sys::backtrace::__rust_begin_short_backtrace::<test[aada8e7e76ba119b]::run_test::{closure#1}, ()>
[INFO] [stdout]   17:     0x634337810c72 - <std[617be2ca0a6fd877]::thread::lifecycle::spawn_unchecked<test[aada8e7e76ba119b]::run_test::{closure#1}, ()>::{closure#1} as core[a373ad73a504971]::ops::function::FnOnce<()>>::call_once::{shim:vtable#0}
[INFO] [stdout]   18:     0x63433799c78f - <std[617be2ca0a6fd877]::sys::thread::unix::Thread>::new::thread_start
[INFO] [stdout]   19:     0x7fc5cfdebdfa - <unknown>
[INFO] [stdout]   20:     0x7fc5cfe7f3d4 - clone
[INFO] [stdout]   21:                0x0 - <unknown>
[INFO] [stdout] 
[INFO] [stdout] ---- process::main::process::process_tests::handle_ssh_nonzero_exit_without_stderr_sets_generic_error stdout ----
[INFO] [stdout] 
[INFO] [stdout] thread 'process::main::process::process_tests::handle_ssh_nonzero_exit_without_stderr_sets_generic_error' (13609) panicked at src/process/main/process_tests.rs:35:37:
[INFO] [stdout] called `Result::unwrap()` on an `Err` value: Os { code: 30, kind: ReadOnlyFilesystem, message: "Read-only file system" }
[INFO] [stdout] stack backtrace:
[INFO] [stdout]    0:     0x63433799e1c1 - <<std[617be2ca0a6fd877]::sys::backtrace::BacktraceLock>::print::DisplayBacktrace as core[a373ad73a504971]::fmt::Display>::fmt
[INFO] [stdout]    1:     0x6343379b718a - core[a373ad73a504971]::fmt::write
[INFO] [stdout]    2:     0x6343379a34dc - <alloc[2e1b2a31b91974c5]::vec::Vec<u8> as core[a373ad73a504971]::io::write::Write>::write_fmt
[INFO] [stdout]    3:     0x6343379765b6 - std[617be2ca0a6fd877]::panicking::default_hook::{closure#0}
[INFO] [stdout]    4:     0x634337994819 - std[617be2ca0a6fd877]::panicking::default_hook
[INFO] [stdout]    5:     0x63433780d5c0 - test[aada8e7e76ba119b]::test_main_inner::{closure#0}
[INFO] [stdout]    6:     0x6343379949d2 - std[617be2ca0a6fd877]::panicking::panic_with_hook
[INFO] [stdout]    7:     0x634337976662 - std[617be2ca0a6fd877]::panicking::panic_handler::{closure#0}
[INFO] [stdout]    8:     0x63433796edb9 - std[617be2ca0a6fd877]::sys::backtrace::__rust_end_short_backtrace::<std[617be2ca0a6fd877]::panicking::panic_handler::{closure#0}, !>
[INFO] [stdout]    9:     0x6343379774fd - __rustc[ea4f61d10b84890b]::rust_begin_unwind
[INFO] [stdout]   10:     0x6343379b78ec - core[a373ad73a504971]::panicking::panic_fmt
[INFO] [stdout]   11:     0x6343379b76c2 - core[a373ad73a504971]::result::unwrap_failed
[INFO] [stdout]   12:     0x6343377609ad - r_lanterm[736d68a9fa03e361]::process::main::process::process_tests::setup
[INFO] [stdout]   13:     0x63433776cbc7 - <r_lanterm[736d68a9fa03e361]::process::main::process::process_tests::handle_ssh_nonzero_exit_without_stderr_sets_generic_error::{closure#0} as core[a373ad73a504971]::ops::function::FnOnce<()>>::call_once
[INFO] [stdout]   14:     0x634337800a0b - test[aada8e7e76ba119b]::__rust_begin_short_backtrace::<core[a373ad73a504971]::result::Result<(), alloc[2e1b2a31b91974c5]::string::String>, fn() -> core[a373ad73a504971]::result::Result<(), alloc[2e1b2a31b91974c5]::string::String>>
[INFO] [stdout]   15:     0x63433780dbe5 - test[aada8e7e76ba119b]::run_test::{closure#0}
[INFO] [stdout]   16:     0x6343378074d4 - std[617be2ca0a6fd877]::sys::backtrace::__rust_begin_short_backtrace::<test[aada8e7e76ba119b]::run_test::{closure#1}, ()>
[INFO] [stdout]   17:     0x634337810c72 - <std[617be2ca0a6fd877]::thread::lifecycle::spawn_unchecked<test[aada8e7e76ba119b]::run_test::{closure#1}, ()>::{closure#1} as core[a373ad73a504971]::ops::function::FnOnce<()>>::call_once::{shim:vtable#0}
[INFO] [stdout]   18:     0x63433799c78f - <std[617be2ca0a6fd877]::sys::thread::unix::Thread>::new::thread_start
[INFO] [stdout]   19:     0x7fc5cfdebdfa - <unknown>
[INFO] [stdout]   20:     0x7fc5cfe7f3d4 - clone
[INFO] [stdout]   21:                0x0 - <unknown>
[INFO] [stdout] 
[INFO] [stdout] ---- process::network::process::tests::get_latest_detected_returns_only_zero_miss_devices stdout ----
[INFO] [stdout] 
[INFO] [stdout] thread 'process::network::process::tests::get_latest_detected_returns_only_zero_miss_devices' (13619) panicked at src/process/network/process_tests.rs:105:56:
[INFO] [stdout] called `Result::unwrap()` on an `Err` value: NetworkInterface("failed to get default network interface")
[INFO] [stdout] stack backtrace:
[INFO] [stdout]    0:     0x63433799e1c1 - <<std[617be2ca0a6fd877]::sys::backtrace::BacktraceLock>::print::DisplayBacktrace as core[a373ad73a504971]::fmt::Display>::fmt
[INFO] [stdout]    1:     0x6343379b718a - core[a373ad73a504971]::fmt::write
[INFO] [stdout]    2:     0x6343379a34dc - <alloc[2e1b2a31b91974c5]::vec::Vec<u8> as core[a373ad73a504971]::io::write::Write>::write_fmt
[INFO] [stdout]    3:     0x6343379765b6 - std[617be2ca0a6fd877]::panicking::default_hook::{closure#0}
[INFO] [stdout]    4:     0x634337994819 - std[617be2ca0a6fd877]::panicking::default_hook
[INFO] [stdout]    5:     0x63433780d5c0 - test[aada8e7e76ba119b]::test_main_inner::{closure#0}
[INFO] [stdout]    6:     0x6343379949d2 - std[617be2ca0a6fd877]::panicking::panic_with_hook
[INFO] [stdout]    7:     0x634337976662 - std[617be2ca0a6fd877]::panicking::panic_handler::{closure#0}
[INFO] [stdout]    8:     0x63433796edb9 - std[617be2ca0a6fd877]::sys::backtrace::__rust_end_short_backtrace::<std[617be2ca0a6fd877]::panicking::panic_handler::{closure#0}, !>
[INFO] [stdout]    9:     0x6343379774fd - __rustc[ea4f61d10b84890b]::rust_begin_unwind
[INFO] [stdout]   10:     0x6343379b78ec - core[a373ad73a504971]::panicking::panic_fmt
[INFO] [stdout]   11:     0x6343379b76c2 - core[a373ad73a504971]::result::unwrap_failed
[INFO] [stdout]   12:     0x634337750101 - r_lanterm[736d68a9fa03e361]::process::network::process::tests::setup_with_seed
[INFO] [stdout]   13:     0x63433775a55b - <r_lanterm[736d68a9fa03e361]::process::network::process::tests::get_latest_detected_returns_only_zero_miss_devices::{closure#0} as core[a373ad73a504971]::ops::function::FnOnce<()>>::call_once
[INFO] [stdout]   14:     0x634337800a0b - test[aada8e7e76ba119b]::__rust_begin_short_backtrace::<core[a373ad73a504971]::result::Result<(), alloc[2e1b2a31b91974c5]::string::String>, fn() -> core[a373ad73a504971]::result::Result<(), alloc[2e1b2a31b91974c5]::string::String>>
[INFO] [stdout]   15:     0x63433780dbe5 - test[aada8e7e76ba119b]::run_test::{closure#0}
[INFO] [stdout]   16:     0x6343378074d4 - std[617be2ca0a6fd877]::sys::backtrace::__rust_begin_short_backtrace::<test[aada8e7e76ba119b]::run_test::{closure#1}, ()>
[INFO] [stdout]   17:     0x634337810c72 - <std[617be2ca0a6fd877]::thread::lifecycle::spawn_unchecked<test[aada8e7e76ba119b]::run_test::{closure#1}, ()>::{closure#1} as core[a373ad73a504971]::ops::function::FnOnce<()>>::call_once::{shim:vtable#0}
[INFO] [stdout]   18:     0x63433799c78f - <std[617be2ca0a6fd877]::sys::thread::unix::Thread>::new::thread_start
[INFO] [stdout]   19:     0x7fc5cfdebdfa - <unknown>
[INFO] [stdout]   20:     0x7fc5cfe7f3d4 - clone
[INFO] [stdout]   21:                0x0 - <unknown>
[INFO] [stdout] 
[INFO] [stdout] ---- process::main::process::process_tests::handle_cmd_ignores_when_cmd_in_progress stdout ----
[INFO] [stdout] 
[INFO] [stdout] thread 'process::main::process::process_tests::handle_cmd_ignores_when_cmd_in_progress' (13604) panicked at src/process/main/process_tests.rs:35:37:
[INFO] [stdout] called `Result::unwrap()` on an `Err` value: Os { code: 30, kind: ReadOnlyFilesystem, message: "Read-only file system" }
[INFO] [stdout] stack backtrace:
[INFO] [stdout]    0:     0x63433799e1c1 - <<std[617be2ca0a6fd877]::sys::backtrace::BacktraceLock>::print::DisplayBacktrace as core[a373ad73a504971]::fmt::Display>::fmt
[INFO] [stdout]    1:     0x6343379b718a - core[a373ad73a504971]::fmt::write
[INFO] [stdout]    2:     0x6343379a34dc - <alloc[2e1b2a31b91974c5]::vec::Vec<u8> as core[a373ad73a504971]::io::write::Write>::write_fmt
[INFO] [stdout]    3:     0x6343379765b6 - std[617be2ca0a6fd877]::panicking::default_hook::{closure#0}
[INFO] [stdout]    4:     0x634337994819 - std[617be2ca0a6fd877]::panicking::default_hook
[INFO] [stdout]    5:     0x63433780d5c0 - test[aada8e7e76ba119b]::test_main_inner::{closure#0}
[INFO] [stdout]    6:     0x6343379949d2 - std[617be2ca0a6fd877]::panicking::panic_with_hook
[INFO] [stdout]    7:     0x634337976662 - std[617be2ca0a6fd877]::panicking::panic_handler::{closure#0}
[INFO] [stdout]    8:     0x63433796edb9 - std[617be2ca0a6fd877]::sys::backtrace::__rust_end_short_backtrace::<std[617be2ca0a6fd877]::panicking::panic_handler::{closure#0}, !>
[INFO] [stdout]    9:     0x6343379774fd - __rustc[ea4f61d10b84890b]::rust_begin_unwind
[INFO] [stdout]   10:     0x6343379b78ec - core[a373ad73a504971]::panicking::panic_fmt
[INFO] [stdout]   11:     0x6343379b76c2 - core[a373ad73a504971]::result::unwrap_failed
[INFO] [stdout]   12:     0x6343377609ad - r_lanterm[736d68a9fa03e361]::process::main::process::process_tests::setup
[INFO] [stdout]   13:     0x63433776795f - <r_lanterm[736d68a9fa03e361]::process::main::process::process_tests::handle_cmd_ignores_when_cmd_in_progress::{closure#0} as core[a373ad73a504971]::ops::function::FnOnce<()>>::call_once
[INFO] [stdout]   14:     0x634337800a0b - test[aada8e7e76ba119b]::__rust_begin_short_backtrace::<core[a373ad73a504971]::result::Result<(), alloc[2e1b2a31b91974c5]::string::String>, fn() -> core[a373ad73a504971]::result::Result<(), alloc[2e1b2a31b91974c5]::string::String>>
[INFO] [stdout]   15:     0x63433780dbe5 - test[aada8e7e76ba119b]::run_test::{closure#0}
[INFO] [stdout]   16:     0x6343378074d4 - std[617be2ca0a6fd877]::sys::backtrace::__rust_begin_short_backtrace::<test[aada8e7e76ba119b]::run_test::{closure#1}, ()>
[INFO] [stdout]   17:     0x634337810c72 - <std[617be2ca0a6fd877]::thread::lifecycle::spawn_unchecked<test[aada8e7e76ba119b]::run_test::{closure#1}, ()>::{closure#1} as core[a373ad73a504971]::ops::function::FnOnce<()>>::call_once::{shim:vtable#0}
[INFO] [stdout]   18:     0x63433799c78f - <std[617be2ca0a6fd877]::sys::thread::unix::Thread>::new::thread_start
[INFO] [stdout]   19:     0x7fc5cfdebdfa - <unknown>
[INFO] [stdout]   20:     0x7fc5cfe7f3d4 - clone
[INFO] [stdout]   21:                0x0 - <unknown>
[INFO] [stdout] 
[INFO] [stdout] ---- process::network::process::tests::get_padded_list_returns_empty_when_no_history stdout ----
[INFO] [stdout] 
[INFO] [stdout] thread 'process::network::process::tests::get_padded_list_returns_empty_when_no_history' (13621) panicked at src/process/network/process_tests.rs:105:56:
[INFO] [stdout] called `Result::unwrap()` on an `Err` value: NetworkInterface("failed to get default network interface")
[INFO] [stdout] stack backtrace:
[INFO] [stdout]    0:     0x63433799e1c1 - <<std[617be2ca0a6fd877]::sys::backtrace::BacktraceLock>::print::DisplayBacktrace as core[a373ad73a504971]::fmt::Display>::fmt
[INFO] [stdout]    1:     0x6343379b718a - core[a373ad73a504971]::fmt::write
[INFO] [stdout]    2:     0x6343379a34dc - <alloc[2e1b2a31b91974c5]::vec::Vec<u8> as core[a373ad73a504971]::io::write::Write>::write_fmt
[INFO] [stdout]    3:     0x6343379765b6 - std[617be2ca0a6fd877]::panicking::default_hook::{closure#0}
[INFO] [stdout]    4:     0x634337994819 - std[617be2ca0a6fd877]::panicking::default_hook
[INFO] [stdout]    5:     0x63433780d5c0 - test[aada8e7e76ba119b]::test_main_inner::{closure#0}
[INFO] [stdout]    6:     0x6343379949d2 - std[617be2ca0a6fd877]::panicking::panic_with_hook
[INFO] [stdout]    7:     0x634337976662 - std[617be2ca0a6fd877]::panicking::panic_handler::{closure#0}
[INFO] [stdout]    8:     0x63433796edb9 - std[617be2ca0a6fd877]::sys::backtrace::__rust_end_short_backtrace::<std[617be2ca0a6fd877]::panicking::panic_handler::{closure#0}, !>
[INFO] [stdout]    9:     0x6343379774fd - __rustc[ea4f61d10b84890b]::rust_begin_unwind
[INFO] [stdout]   10:     0x6343379b78ec - core[a373ad73a504971]::panicking::panic_fmt
[INFO] [stdout]   11:     0x6343379b76c2 - core[a373ad73a504971]::result::unwrap_failed
[INFO] [stdout]   12:     0x634337750101 - r_lanterm[736d68a9fa03e361]::process::network::process::tests::setup_with_seed
[INFO] [stdout]   13:     0x634337757871 - <r_lanterm[736d68a9fa03e361]::process::network::process::tests::get_padded_list_returns_empty_when_no_history::{closure#0} as core[a373ad73a504971]::ops::function::FnOnce<()>>::call_once
[INFO] [stdout]   14:     0x634337800a0b - test[aada8e7e76ba119b]::__rust_begin_short_backtrace::<core[a373ad73a504971]::result::Result<(), alloc[2e1b2a31b91974c5]::string::String>, fn() -> core[a373ad73a504971]::result::Result<(), alloc[2e1b2a31b91974c5]::string::String>>
[INFO] [stdout]   15:     0x63433780dbe5 - test[aada8e7e76ba119b]::run_test::{closure#0}
[INFO] [stdout]   16:     0x6343378074d4 - std[617be2ca0a6fd877]::sys::backtrace::__rust_begin_short_backtrace::<test[aada8e7e76ba119b]::run_test::{closure#1}, ()>
[INFO] [stdout]   17:     0x634337810c72 - <std[617be2ca0a6fd877]::thread::lifecycle::spawn_unchecked<test[aada8e7e76ba119b]::run_test::{closure#1}, ()>::{closure#1} as core[a373ad73a504971]::ops::function::FnOnce<()>>::call_once::{shim:vtable#0}
[INFO] [stdout]   18:     0x63433799c78f - <std[617be2ca0a6fd877]::sys::thread::unix::Thread>::new::thread_start
[INFO] [stdout]   19:     0x7fc5cfdebdfa - <unknown>
[INFO] [stdout]   20:     0x7fc5cfe7f3d4 - clone
[INFO] [stdout]   21:                0x0 - <unknown>
[INFO] [stdout] 
[INFO] [stdout] ---- process::network::process::tests::monitor_fails_fast_when_the_seed_file_is_unreadable stdout ----
[INFO] [stdout] 
[INFO] [stdout] thread 'process::network::process::tests::monitor_fails_fast_when_the_seed_file_is_unreadable' (13628) panicked at src/process/network/process_tests.rs:105:56:
[INFO] [stdout] called `Result::unwrap()` on an `Err` value: NetworkInterface("failed to get default network interface")
[INFO] [stdout] stack backtrace:
[INFO] [stdout]    0:     0x63433799e1c1 - <<std[617be2ca0a6fd877]::sys::backtrace::BacktraceLock>::print::DisplayBacktrace as core[a373ad73a504971]::fmt::Display>::fmt
[INFO] [stdout]    1:     0x6343379b718a - core[a373ad73a504971]::fmt::write
[INFO] [stdout]    2:     0x6343379a34dc - <alloc[2e1b2a31b91974c5]::vec::Vec<u8> as core[a373ad73a504971]::io::write::Write>::write_fmt
[INFO] [stdout]    3:     0x6343379765b6 - std[617be2ca0a6fd877]::panicking::default_hook::{closure#0}
[INFO] [stdout]    4:     0x634337994819 - std[617be2ca0a6fd877]::panicking::default_hook
[INFO] [stdout]    5:     0x63433780d5c0 - test[aada8e7e76ba119b]::test_main_inner::{closure#0}
[INFO] [stdout]    6:     0x6343379949d2 - std[617be2ca0a6fd877]::panicking::panic_with_hook
[INFO] [stdout]    7:     0x634337976662 - std[617be2ca0a6fd877]::panicking::panic_handler::{closure#0}
[INFO] [stdout]    8:     0x63433796edb9 - std[617be2ca0a6fd877]::sys::backtrace::__rust_end_short_backtrace::<std[617be2ca0a6fd877]::panicking::panic_handler::{closure#0}, !>
[INFO] [stdout]    9:     0x6343379774fd - __rustc[ea4f61d10b84890b]::rust_begin_unwind
[INFO] [stdout]   10:     0x6343379b78ec - core[a373ad73a504971]::panicking::panic_fmt
[INFO] [stdout]   11:     0x6343379b76c2 - core[a373ad73a504971]::result::unwrap_failed
[INFO] [stdout]   12:     0x634337750101 - r_lanterm[736d68a9fa03e361]::process::network::process::tests::setup_with_seed
[INFO] [stdout]   13:     0x63433775af02 - <r_lanterm[736d68a9fa03e361]::process::network::process::tests::monitor_fails_fast_when_the_seed_file_is_unreadable::{closure#0} as core[a373ad73a504971]::ops::function::FnOnce<()>>::call_once
[INFO] [stdout]   14:     0x634337800a0b - test[aada8e7e76ba119b]::__rust_begin_short_backtrace::<core[a373ad73a504971]::result::Result<(), alloc[2e1b2a31b91974c5]::string::String>, fn() -> core[a373ad73a504971]::result::Result<(), alloc[2e1b2a31b91974c5]::string::String>>
[INFO] [stdout]   15:     0x63433780dbe5 - test[aada8e7e76ba119b]::run_test::{closure#0}
[INFO] [stdout]   16:     0x6343378074d4 - std[617be2ca0a6fd877]::sys::backtrace::__rust_begin_short_backtrace::<test[aada8e7e76ba119b]::run_test::{closure#1}, ()>
[INFO] [stdout]   17:     0x634337810c72 - <std[617be2ca0a6fd877]::thread::lifecycle::spawn_unchecked<test[aada8e7e76ba119b]::run_test::{closure#1}, ()>::{closure#1} as core[a373ad73a504971]::ops::function::FnOnce<()>>::call_once::{shim:vtable#0}
[INFO] [stdout]   18:     0x63433799c78f - <std[617be2ca0a6fd877]::sys::thread::unix::Thread>::new::thread_start
[INFO] [stdout]   19:     0x7fc5cfdebdfa - <unknown>
[INFO] [stdout]   20:     0x7fc5cfe7f3d4 - clone
[INFO] [stdout]   21:                0x0 - <unknown>
[INFO] [stdout] 
[INFO] [stdout] ---- process::network::process::tests::monitor_exits_on_quit_message stdout ----
[INFO] [stdout] 
[INFO] [stdout] thread 'process::network::process::tests::monitor_exits_on_quit_message' (13627) panicked at src/process/network/process_tests.rs:105:56:
[INFO] [stdout] called `Result::unwrap()` on an `Err` value: NetworkInterface("failed to get default network interface")
[INFO] [stdout] stack backtrace:
[INFO] [stdout]    0:     0x63433799e1c1 - <<std[617be2ca0a6fd877]::sys::backtrace::BacktraceLock>::print::DisplayBacktrace as core[a373ad73a504971]::fmt::Display>::fmt
[INFO] [stdout]    1:     0x6343379b718a - core[a373ad73a504971]::fmt::write
[INFO] [stdout]    2:     0x6343379a34dc - <alloc[2e1b2a31b91974c5]::vec::Vec<u8> as core[a373ad73a504971]::io::write::Write>::write_fmt
[INFO] [stdout]    3:     0x6343379765b6 - std[617be2ca0a6fd877]::panicking::default_hook::{closure#0}
[INFO] [stdout]    4:     0x634337994819 - std[617be2ca0a6fd877]::panicking::default_hook
[INFO] [stdout]    5:     0x63433780d5c0 - test[aada8e7e76ba119b]::test_main_inner::{closure#0}
[INFO] [stdout]    6:     0x6343379949d2 - std[617be2ca0a6fd877]::panicking::panic_with_hook
[INFO] [stdout]    7:     0x634337976662 - std[617be2ca0a6fd877]::panicking::panic_handler::{closure#0}
[INFO] [stdout]    8:     0x63433796edb9 - std[617be2ca0a6fd877]::sys::backtrace::__rust_end_short_backtrace::<std[617be2ca0a6fd877]::panicking::panic_handler::{closure#0}, !>
[INFO] [stdout]    9:     0x6343379774fd - __rustc[ea4f61d10b84890b]::rust_begin_unwind
[INFO] [stdout]   10:     0x6343379b78ec - core[a373ad73a504971]::panicking::panic_fmt
[INFO] [stdout]   11:     0x6343379b76c2 - core[a373ad73a504971]::result::unwrap_failed
[INFO] [stdout]   12:     0x634337750101 - r_lanterm[736d68a9fa03e361]::process::network::process::tests::setup_with_seed
[INFO] [stdout]   13:     0x634337755a7c - <r_lanterm[736d68a9fa03e361]::process::network::process::tests::monitor_exits_on_quit_message::{closure#0} as core[a373ad73a504971]::ops::function::FnOnce<()>>::call_once
[INFO] [stdout]   14:     0x634337800a0b - test[aada8e7e76ba119b]::__rust_begin_short_backtrace::<core[a373ad73a504971]::result::Result<(), alloc[2e1b2a31b91974c5]::string::String>, fn() -> core[a373ad73a504971]::result::Result<(), alloc[2e1b2a31b91974c5]::string::String>>
[INFO] [stdout]   15:     0x63433780dbe5 - test[aada8e7e76ba119b]::run_test::{closure#0}
[INFO] [stdout]   16:     0x6343378074d4 - std[617be2ca0a6fd877]::sys::backtrace::__rust_begin_short_backtrace::<test[aada8e7e76ba119b]::run_test::{closure#1}, ()>
[INFO] [stdout]   17:     0x634337810c72 - <std[617be2ca0a6fd877]::thread::lifecycle::spawn_unchecked<test[aada8e7e76ba119b]::run_test::{closure#1}, ()>::{closure#1} as core[a373ad73a504971]::ops::function::FnOnce<()>>::call_once::{shim:vtable#0}
[INFO] [stdout]   18:     0x63433799c78f - <std[617be2ca0a6fd877]::sys::thread::unix::Thread>::new::thread_start
[INFO] [stdout]   19:     0x7fc5cfdebdfa - <unknown>
[INFO] [stdout]   20:     0x7fc5cfe7f3d4 - clone
[INFO] [stdout]   21:                0x0 - <unknown>
[INFO] [stdout] 
[INFO] [stdout] ---- process::network::process::tests::load_seed_devices_rejects_an_empty_device_list stdout ----
[INFO] [stdout] 
[INFO] [stdout] thread 'process::network::process::tests::load_seed_devices_rejects_an_empty_device_list' (13625) panicked at src/process/network/process_tests.rs:105:56:
[INFO] [stdout] called `Result::unwrap()` on an `Err` value: NetworkInterface("failed to get default network interface")
[INFO] [stdout] stack backtrace:
[INFO] [stdout]    0:     0x63433799e1c1 - <<std[617be2ca0a6fd877]::sys::backtrace::BacktraceLock>::print::DisplayBacktrace as core[a373ad73a504971]::fmt::Display>::fmt
[INFO] [stdout]    1:     0x6343379b718a - core[a373ad73a504971]::fmt::write
[INFO] [stdout]    2:     0x6343379a34dc - <alloc[2e1b2a31b91974c5]::vec::Vec<u8> as core[a373ad73a504971]::io::write::Write>::write_fmt
[INFO] [stdout]    3:     0x6343379765b6 - std[617be2ca0a6fd877]::panicking::default_hook::{closure#0}
[INFO] [stdout]    4:     0x634337994819 - std[617be2ca0a6fd877]::panicking::default_hook
[INFO] [stdout]    5:     0x63433780d5c0 - test[aada8e7e76ba119b]::test_main_inner::{closure#0}
[INFO] [stdout]    6:     0x6343379949d2 - std[617be2ca0a6fd877]::panicking::panic_with_hook
[INFO] [stdout]    7:     0x634337976662 - std[617be2ca0a6fd877]::panicking::panic_handler::{closure#0}
[INFO] [stdout]    8:     0x63433796edb9 - std[617be2ca0a6fd877]::sys::backtrace::__rust_end_short_backtrace::<std[617be2ca0a6fd877]::panicking::panic_handler::{closure#0}, !>
[INFO] [stdout]    9:     0x6343379774fd - __rustc[ea4f61d10b84890b]::rust_begin_unwind
[INFO] [stdout]   10:     0x6343379b78ec - core[a373ad73a504971]::panicking::panic_fmt
[INFO] [stdout]   11:     0x6343379b76c2 - core[a373ad73a504971]::result::unwrap_failed
[INFO] [stdout]   12:     0x634337750101 - r_lanterm[736d68a9fa03e361]::process::network::process::tests::setup_with_seed
[INFO] [stdout]   13:     0x6343377580da - <r_lanterm[736d68a9fa03e361]::process::network::process::tests::load_seed_devices_rejects_an_empty_device_list::{closure#0} as core[a373ad73a504971]::ops::function::FnOnce<()>>::call_once
[INFO] [stdout]   14:     0x634337800a0b - test[aada8e7e76ba119b]::__rust_begin_short_backtrace::<core[a373ad73a504971]::result::Result<(), alloc[2e1b2a31b91974c5]::string::String>, fn() -> core[a373ad73a504971]::result::Result<(), alloc[2e1b2a31b91974c5]::string::String>>
[INFO] [stdout]   15:     0x63433780dbe5 - test[aada8e7e76ba119b]::run_test::{closure#0}
[INFO] [stdout]   16:     0x6343378074d4 - std[617be2ca0a6fd877]::sys::backtrace::__rust_begin_short_backtrace::<test[aada8e7e76ba119b]::run_test::{closure#1}, ()>
[INFO] [stdout]   17:     0x634337810c72 - <std[617be2ca0a6fd877]::thread::lifecycle::spawn_unchecked<test[aada8e7e76ba119b]::run_test::{closure#1}, ()>::{closure#1} as core[a373ad73a504971]::ops::function::FnOnce<()>>::call_once::{shim:vtable#0}
[INFO] [stdout]   18:     0x63433799c78f - <std[617be2ca0a6fd877]::sys::thread::unix::Thread>::new::thread_start
[INFO] [stdout]   19:     0x7fc5cfdebdfa - <unknown>
[INFO] [stdout]   20:     0x7fc5cfe7f3d4 - clone
[INFO] [stdout]   21:                0x0 - <unknown>
[INFO] [stdout] 
[INFO] [stdout] ---- process::network::process::tests::load_seed_devices_returns_none_without_a_path stdout ----
[INFO] [stdout] 
[INFO] [stdout] thread 'process::network::process::tests::load_seed_devices_returns_none_without_a_path' (13626) panicked at src/process/network/process_tests.rs:105:56:
[INFO] [stdout] called `Result::unwrap()` on an `Err` value: NetworkInterface("failed to get default network interface")
[INFO] [stdout] stack backtrace:
[INFO] [stdout]    0:     0x63433799e1c1 - <<std[617be2ca0a6fd877]::sys::backtrace::BacktraceLock>::print::DisplayBacktrace as core[a373ad73a504971]::fmt::Display>::fmt
[INFO] [stdout]    1:     0x6343379b718a - core[a373ad73a504971]::fmt::write
[INFO] [stdout]    2:     0x6343379a34dc - <alloc[2e1b2a31b91974c5]::vec::Vec<u8> as core[a373ad73a504971]::io::write::Write>::write_fmt
[INFO] [stdout]    3:     0x6343379765b6 - std[617be2ca0a6fd877]::panicking::default_hook::{closure#0}
[INFO] [stdout]    4:     0x634337994819 - std[617be2ca0a6fd877]::panicking::default_hook
[INFO] [stdout]    5:     0x63433780d5c0 - test[aada8e7e76ba119b]::test_main_inner::{closure#0}
[INFO] [stdout]    6:     0x6343379949d2 - std[617be2ca0a6fd877]::panicking::panic_with_hook
[INFO] [stdout]    7:     0x634337976662 - std[617be2ca0a6fd877]::panicking::panic_handler::{closure#0}
[INFO] [stdout]    8:     0x63433796edb9 - std[617be2ca0a6fd877]::sys::backtrace::__rust_end_short_backtrace::<std[617be2ca0a6fd877]::panicking::panic_handler::{closure#0}, !>
[INFO] [stdout]    9:     0x6343379774fd - __rustc[ea4f61d10b84890b]::rust_begin_unwind
[INFO] [stdout]   10:     0x6343379b78ec - core[a373ad73a504971]::panicking::panic_fmt
[INFO] [stdout]   11:     0x6343379b76c2 - core[a373ad73a504971]::result::unwrap_failed
[INFO] [stdout]   12:     0x634337750101 - r_lanterm[736d68a9fa03e361]::process::network::process::tests::setup_with_seed
[INFO] [stdout]   13:     0x634337757a60 - <r_lanterm[736d68a9fa03e361]::process::network::process::tests::load_seed_devices_returns_none_without_a_path::{closure#0} as core[a373ad73a504971]::ops::function::FnOnce<()>>::call_once
[INFO] [stdout]   14:     0x634337800a0b - test[aada8e7e76ba119b]::__rust_begin_short_backtrace::<core[a373ad73a504971]::result::Result<(), alloc[2e1b2a31b91974c5]::string::String>, fn() -> core[a373ad73a504971]::result::Result<(), alloc[2e1b2a31b91974c5]::string::String>>
[INFO] [stdout]   15:     0x63433780dbe5 - test[aada8e7e76ba119b]::run_test::{closure#0}
[INFO] [stdout]   16:     0x6343378074d4 - std[617be2ca0a6fd877]::sys::backtrace::__rust_begin_short_backtrace::<test[aada8e7e76ba119b]::run_test::{closure#1}, ()>
[INFO] [stdout]   17:     0x634337810c72 - <std[617be2ca0a6fd877]::thread::lifecycle::spawn_unchecked<test[aada8e7e76ba119b]::run_test::{closure#1}, ()>::{closure#1} as core[a373ad73a504971]::ops::function::FnOnce<()>>::call_once::{shim:vtable#0}
[INFO] [stdout]   18:     0x63433799c78f - <std[617be2ca0a6fd877]::sys::thread::unix::Thread>::new::thread_start
[INFO] [stdout]   19:     0x7fc5cfdebdfa - <unknown>
[INFO] [stdout]   20:     0x7fc5cfe7f3d4 - clone
[INFO] [stdout]   21:                0x0 - <unknown>
[INFO] [stdout] 
[INFO] [stdout] ---- process::renderer::process::tests::paused_loop_resume_dispatches_unpause stdout ----
[INFO] [stdout] 
[INFO] [stdout] thread 'process::renderer::process::tests::paused_loop_resume_dispatches_unpause' (13637) panicked at src/ipc/traits.rs:9:18:
[INFO] [stdout] MockIpcSender::send: Expectation(<function>) called 0 time(s) which is fewer than expected 1
[INFO] [stdout] stack backtrace:
[INFO] [stdout]    0:     0x63433799e1c1 - <<std[617be2ca0a6fd877]::sys::backtrace::BacktraceLock>::print::DisplayBacktrace as core[a373ad73a504971]::fmt::Display>::fmt
[INFO] [stdout]    1:     0x6343379b718a - core[a373ad73a504971]::fmt::write
[INFO] [stdout]    2:     0x6343379a34dc - <alloc[2e1b2a31b91974c5]::vec::Vec<u8> as core[a373ad73a504971]::io::write::Write>::write_fmt
[INFO] [stdout]    3:     0x6343379765b6 - std[617be2ca0a6fd877]::panicking::default_hook::{closure#0}
[INFO] [stdout]    4:     0x634337994819 - std[617be2ca0a6fd877]::panicking::default_hook
[INFO] [stdout]    5:     0x63433780d5c0 - test[aada8e7e76ba119b]::test_main_inner::{closure#0}
[INFO] [stdout]    6:     0x6343379949d2 - std[617be2ca0a6fd877]::panicking::panic_with_hook
[INFO] [stdout]    7:     0x634337976662 - std[617be2ca0a6fd877]::panicking::panic_handler::{closure#0}
[INFO] [stdout]    8:     0x63433796edb9 - std[617be2ca0a6fd877]::sys::backtrace::__rust_end_short_backtrace::<std[617be2ca0a6fd877]::panicking::panic_handler::{closure#0}, !>
[INFO] [stdout]    9:     0x6343379774fd - __rustc[ea4f61d10b84890b]::rust_begin_unwind
[INFO] [stdout]   10:     0x6343379b78ec - core[a373ad73a504971]::panicking::panic_fmt
[INFO] [stdout]   11:     0x6343377b442d - <r_lanterm[736d68a9fa03e361]::ipc::traits::__mock_MockIpcSender_IpcSender_13065831140148901594::__send::Common<r_lanterm[736d68a9fa03e361]::ipc::message::MainMessage> as core[a373ad73a504971]::ops::drop::Drop>::drop
[INFO] [stdout]   12:     0x6343377290a4 - core[a373ad73a504971]::ptr::drop_glue::<r_lanterm[736d68a9fa03e361]::ipc::traits::__mock_MockIpcSender_IpcSender_13065831140148901594::__send::Expectation<r_lanterm[736d68a9fa03e361]::ipc::message::MainMessage>>
[INFO] [stdout]   13:     0x63433771a198 - core[a373ad73a504971]::ptr::drop_glue::<r_lanterm[736d68a9fa03e361]::ipc::traits::MockIpcSender<r_lanterm[736d68a9fa03e361]::ipc::message::MainMessage>>
[INFO] [stdout]   14:     0x63433771b000 - core[a373ad73a504971]::ptr::drop_glue::<r_lanterm[736d68a9fa03e361]::ipc::renderer::RendererIpc>
[INFO] [stdout]   15:     0x63433771ba7c - core[a373ad73a504971]::ptr::drop_glue::<r_lanterm[736d68a9fa03e361]::process::renderer::process::tests::Setup>
[INFO] [stdout]   16:     0x634337726ce8 - <r_lanterm[736d68a9fa03e361]::process::renderer::process::tests::paused_loop_resume_dispatches_unpause::{closure#0} as core[a373ad73a504971]::ops::function::FnOnce<()>>::call_once
[INFO] [stdout]   17:     0x634337800a0b - test[aada8e7e76ba119b]::__rust_begin_short_backtrace::<core[a373ad73a504971]::result::Result<(), alloc[2e1b2a31b91974c5]::string::String>, fn() -> core[a373ad73a504971]::result::Result<(), alloc[2e1b2a31b91974c5]::string::String>>
[INFO] [stdout]   18:     0x63433780dbe5 - test[aada8e7e76ba119b]::run_test::{closure#0}
[INFO] [stdout]   19:     0x6343378074d4 - std[617be2ca0a6fd877]::sys::backtrace::__rust_begin_short_backtrace::<test[aada8e7e76ba119b]::run_test::{closure#1}, ()>
[INFO] [stdout]   20:     0x634337810c72 - <std[617be2ca0a6fd877]::thread::lifecycle::spawn_unchecked<test[aada8e7e76ba119b]::run_test::{closure#1}, ()>::{closure#1} as core[a373ad73a504971]::ops::function::FnOnce<()>>::call_once::{shim:vtable#0}
[INFO] [stdout]   21:     0x63433799c78f - <std[617be2ca0a6fd877]::sys::thread::unix::Thread>::new::thread_start
[INFO] [stdout]   22:     0x7fc5cfdebdfa - <unknown>
[INFO] [stdout]   23:     0x7fc5cfe7f3d4 - clone
[INFO] [stdout]   24:                0x0 - <unknown>
[INFO] [stdout] 
[INFO] [stdout] 
[INFO] [stdout] failures:
[INFO] [stdout]     config::tests::get_by_cidr
[INFO] [stdout]     config::tests::test_get_by_id
[INFO] [stdout]     config::tests::test_new
[INFO] [stdout]     config::tests::update_config
[INFO] [stdout]     process::main::process::process_tests::handle_browse_executor_error_sets_store_error
[INFO] [stdout]     process::main::process::process_tests::handle_browse_nonzero_exit_with_stderr_sets_error
[INFO] [stdout]     process::main::process::process_tests::handle_browse_ok_no_error
[INFO] [stdout]     process::main::process::process_tests::handle_cmd_ignores_when_cmd_in_progress
[INFO] [stdout]     process::main::process::process_tests::handle_post_action_sync_ignores_non_config_actions
[INFO] [stdout]     process::main::process::process_tests::handle_post_action_sync_persists_config_update
[INFO] [stdout]     process::main::process::process_tests::handle_ssh_executor_error_sets_store_error
[INFO] [stdout]     process::main::process::process_tests::handle_ssh_nonzero_exit_with_stderr_sets_error
[INFO] [stdout]     process::main::process::process_tests::handle_ssh_nonzero_exit_without_stderr_sets_generic_error
[INFO] [stdout]     process::main::process::process_tests::handle_ssh_ok_no_error
[INFO] [stdout]     process::main::process::process_tests::handle_traceroute_dispatches_output_on_success
[INFO] [stdout]     process::main::process::process_tests::handle_traceroute_sets_error_on_failure
[INFO] [stdout]     process::main::process::process_tests::pause_ui_returns_err_on_quit_message
[INFO] [stdout]     process::main::process::process_tests::resume_ui_returns_err_on_quit_message
[INFO] [stdout]     process::network::process::tests::arp_history_increments_miss_count_for_absent_devices
[INFO] [stdout]     process::network::process::tests::arp_history_removes_devices_at_max_miss
[INFO] [stdout]     process::network::process::tests::arp_history_resets_miss_count_on_rediscovery
[INFO] [stdout]     process::network::process::tests::get_latest_detected_returns_empty_when_all_missed
[INFO] [stdout]     process::network::process::tests::get_latest_detected_returns_only_zero_miss_devices
[INFO] [stdout]     process::network::process::tests::get_padded_list_includes_devices_below_max_miss
[INFO] [stdout]     process::network::process::tests::get_padded_list_returns_empty_when_no_history
[INFO] [stdout]     process::network::process::tests::load_seed_devices_names_a_malformed_file
[INFO] [stdout]     process::network::process::tests::load_seed_devices_names_a_missing_file
[INFO] [stdout]     process::network::process::tests::load_seed_devices_reads_the_supplied_file
[INFO] [stdout]     process::network::process::tests::load_seed_devices_rejects_an_empty_device_list
[INFO] [stdout]     process::network::process::tests::load_seed_devices_returns_none_without_a_path
[INFO] [stdout]     process::network::process::tests::monitor_exits_on_quit_message
[INFO] [stdout]     process::network::process::tests::monitor_fails_fast_when_the_seed_file_is_unreadable
[INFO] [stdout]     process::network::process::tests::monitor_sends_seed_devices_once_and_skips_arp
[INFO] [stdout]     process::network::process::tests::process_arp_sends_messages_and_updates_history
[INFO] [stdout]     process::network::process::tests::process_syn_sends_messages
[INFO] [stdout]     process::renderer::process::tests::paused_loop_resume_dispatches_unpause
[INFO] [stdout] 
[INFO] [stdout] test result: FAILED. 67 passed; 36 failed; 0 ignored; 0 measured; 0 filtered out; finished in 1.10s
[INFO] [stdout] 
[INFO] running `Command { std: "docker" "inspect" "41a16de17ef50aeae566144f3dc0491685bdb640ef41586d4ffba21167f71b5e", kill_on_drop: false }`
[INFO] running `Command { std: "docker" "rm" "-f" "41a16de17ef50aeae566144f3dc0491685bdb640ef41586d4ffba21167f71b5e", kill_on_drop: false }`
[INFO] [stdout] 41a16de17ef50aeae566144f3dc0491685bdb640ef41586d4ffba21167f71b5e
