[INFO] fetching crate r-lancli 0.12.1...
[INFO] testing r-lancli-0.12.1 against 1.100.0-beta.1+cargoflags=--release for beta-release-1.100-2
[INFO] extracting crate r-lancli 0.12.1 into /workspace/builds/worker-4-tc2/source
[INFO] started tweaking crates.io crate r-lancli 0.12.1
[INFO] finished tweaking crates.io crate r-lancli 0.12.1
[INFO] tweaked toml for crates.io crate r-lancli 0.12.1 written to /workspace/builds/worker-4-tc2/source/Cargo.toml
[INFO] validating manifest of crates.io crate r-lancli 0.12.1 on toolchain 1.100.0-beta.1
[INFO] running `Command { std: CARGO_HOME="/workspace/cargo-home" RUSTUP_HOME="/workspace/rustup-home" "/workspace/cargo-home/bin/cargo" "+1.100.0-beta.1" "metadata" "--manifest-path" "Cargo.toml" "--no-deps", kill_on_drop: false }`
[INFO] crate crates.io crate r-lancli 0.12.1 already has a lockfile, it will not be regenerated
[INFO] running `Command { std: CARGO_HOME="/workspace/cargo-home" RUSTUP_HOME="/workspace/rustup-home" "/workspace/cargo-home/bin/cargo" "+1.100.0-beta.1" "fetch" "--manifest-path" "Cargo.toml", kill_on_drop: false }`
[INFO] [stderr] warning: `package.homepage` is redundant with `package.repository`
[INFO] [stderr]   --> Cargo.toml:55:12
[INFO] [stderr]    |
[INFO] [stderr] 55 | homepage = "https://github.com/robgonnella/r-lanscan"
[INFO] [stderr]    |            ^^^^^^^^^^^^^^^^^^^^^^^^^^^^^^^^^^^^^^^^^^
[INFO] [stderr] ...
[INFO] [stderr] 60 | repository = "https://github.com/robgonnella/r-lanscan"
[INFO] [stderr]    |              ------------------------------------------
[INFO] [stderr]    |
[INFO] [stderr]    = note: `cargo::redundant_homepage` is set to `warn` by default
[INFO] [stderr] help: consider removing `package.homepage`
[INFO] [stderr] warning: `r-lancli` (manifest) generated 1 warning
[INFO] running `Command { std: "docker" "create" "-v" "/var/lib/crater-agent-workspace/builds/worker-4-tc2/source:/opt/rustwide/workdir:ro,Z" "-v" "/var/lib/crater-agent-workspace/builds/worker-4-tc2/target:/opt/rustwide/target:rw,Z" "-v" "/var/lib/crater-agent-workspace/cargo-home:/opt/rustwide/cargo-home:ro,Z" "-v" "/var/lib/crater-agent-workspace/rustup-home:/opt/rustwide/rustup-home:ro,Z" "-m" "1610612736" "--network" "none" "ghcr.io/rust-lang/crates-build-env/linux@sha256:77db811e55d90add9212f6832c23229e3de5f1c1f9905e8cb07319ea15df73ac" "sleep" "infinity", kill_on_drop: false }`
[INFO] [stdout] 091a56d046dd7842484c47240fe216b7151ea36efc67a3f0074cdf91701e1fc0
[INFO] running `Command { std: "docker" "start" "091a56d046dd7842484c47240fe216b7151ea36efc67a3f0074cdf91701e1fc0", kill_on_drop: false }`
[INFO] running `Command { std: "docker" "inspect" "091a56d046dd7842484c47240fe216b7151ea36efc67a3f0074cdf91701e1fc0", kill_on_drop: false }`
[INFO] running `Command { std: "docker" "exec" "-e" "SOURCE_DIR=/opt/rustwide/workdir" "-e" "CARGO_HOME=/opt/rustwide/cargo-home" "-e" "RUSTUP_HOME=/opt/rustwide/rustup-home" "-e" "CARGO_TARGET_DIR=/opt/rustwide/target" "-w" "/opt/rustwide/workdir" "--user" "0:0" "091a56d046dd7842484c47240fe216b7151ea36efc67a3f0074cdf91701e1fc0" "/opt/rustwide/cargo-home/bin/cargo" "+1.100.0-beta.1" "metadata" "--no-deps" "--format-version=1", kill_on_drop: false }`
[INFO] running `Command { std: "docker" "inspect" "091a56d046dd7842484c47240fe216b7151ea36efc67a3f0074cdf91701e1fc0", kill_on_drop: false }`
[INFO] running `Command { std: "docker" "exec" "-e" "SOURCE_DIR=/opt/rustwide/workdir" "-e" "CARGO_HOME=/opt/rustwide/cargo-home" "-e" "RUSTUP_HOME=/opt/rustwide/rustup-home" "-e" "CARGO_TARGET_DIR=/opt/rustwide/target" "-e" "CARGO_INCREMENTAL=0" "-e" "RUST_BACKTRACE=full" "-e" "RUSTFLAGS=--cap-lints=warn" "-e" "RUSTDOCFLAGS=--cap-lints=warn" "-w" "/opt/rustwide/workdir" "--user" "0:0" "091a56d046dd7842484c47240fe216b7151ea36efc67a3f0074cdf91701e1fc0" "/opt/rustwide/cargo-home/bin/cargo" "+1.100.0-beta.1" "build" "--frozen" "--message-format=json" "--release", kill_on_drop: false }`
[INFO] [stderr] warning: `package.homepage` is redundant with `package.repository`
[INFO] [stderr]   --> Cargo.toml:55:12
[INFO] [stderr]    |
[INFO] [stderr] 55 | homepage = "https://github.com/robgonnella/r-lanscan"
[INFO] [stderr]    |            ^^^^^^^^^^^^^^^^^^^^^^^^^^^^^^^^^^^^^^^^^^
[INFO] [stderr] ...
[INFO] [stderr] 60 | repository = "https://github.com/robgonnella/r-lanscan"
[INFO] [stderr]    |              ------------------------------------------
[INFO] [stderr]    |
[INFO] [stderr]    = note: `cargo::redundant_homepage` is set to `warn` by default
[INFO] [stderr] help: consider removing `package.homepage`
[INFO] [stderr] warning: `r-lancli` (manifest) generated 1 warning
[INFO] [stderr]    Compiling serde_core v1.0.229
[INFO] [stderr]    Compiling no-std-net v0.6.0
[INFO] [stderr]    Compiling aho-corasick v1.1.4
[INFO] [stderr]    Compiling siphasher v1.0.3
[INFO] [stderr]    Compiling ring v0.17.14
[INFO] [stderr]    Compiling openssl-src v300.6.1+3.6.3
[INFO] [stderr]    Compiling getrandom v0.2.17
[INFO] [stderr]    Compiling rustls-pki-types v1.14.1
[INFO] [stderr]    Compiling csv-core v0.1.13
[INFO] [stderr]    Compiling httparse v1.10.1
[INFO] [stderr]    Compiling fastrand v2.4.1
[INFO] [stderr]    Compiling pnet_base v0.35.0
[INFO] [stderr]    Compiling log v0.4.33
[INFO] [stderr]    Compiling syn v2.0.118
[INFO] [stderr]    Compiling syn v3.0.3
[INFO] [stderr]    Compiling pnet_sys v0.35.0
[INFO] [stderr]    Compiling owo-colors v4.2.3
[INFO] [stderr]    Compiling phf_shared v0.14.0
[INFO] [stderr]    Compiling pnet_macros_support v0.35.0
[INFO] [stderr]    Compiling rustls v0.23.40
[INFO] [stderr]    Compiling http v1.4.2
[INFO] [stderr]    Compiling tracing-subscriber v0.3.22
[INFO] [stderr]    Compiling dirs-sys-next v0.1.2
[INFO] [stderr]    Compiling openssl-sys v0.9.117
[INFO] [stderr]    Compiling phf_generator v0.14.0
[INFO] [stderr]    Compiling base64 v0.23.1
[INFO] [stderr]    Compiling openssl v0.10.81
[INFO] [stderr]    Compiling bitflags v2.13.0
[INFO] [stderr]    Compiling time-core v0.1.9
[INFO] [stderr]    Compiling rgon-pnet v0.36.0
[INFO] [stderr]    Compiling dirs-sys v0.5.0
[INFO] [stderr]    Compiling nix v0.31.2
[INFO] [stderr]    Compiling webpki-roots v1.0.6
[INFO] [stderr]    Compiling dirs-next v2.0.0
[INFO] [stderr]    Compiling time-macros v0.2.29
[INFO] [stderr]    Compiling num_cpus v1.17.0
[INFO] [stderr]    Compiling socket2 v0.6.2
[INFO] [stderr]    Compiling utf8-zero v0.8.1
[INFO] [stderr]    Compiling tracing-error v0.2.1
[INFO] [stderr]    Compiling regex-automata v0.4.14
[INFO] [stderr]    Compiling deranged v0.5.8
[INFO] [stderr]    Compiling num_threads v0.1.7
[INFO] [stderr]    Compiling dns-lookup v3.0.1
[INFO] [stderr]    Compiling ureq-proto v0.6.1
[INFO] [stderr]    Compiling clap_builder v4.6.0
[INFO] [stderr]    Compiling threadpool v1.8.1
[INFO] [stderr]    Compiling backtrace v0.3.76
[INFO] [stderr]    Compiling itertools v0.15.0
[INFO] [stderr]    Compiling color-spantrace v0.3.0
[INFO] [stderr]    Compiling eyre v0.6.12
[INFO] [stderr]    Compiling csv v1.4.0
[INFO] [stderr]    Compiling term v0.7.0
[INFO] [stderr]    Compiling directories v6.0.0
[INFO] [stderr]    Compiling regex v1.12.4
[INFO] [stderr]    Compiling time v0.3.49
[INFO] [stderr]    Compiling serde_derive v1.0.229
[INFO] [stderr]    Compiling thiserror-impl v2.0.20
[INFO] [stderr]    Compiling oui-data v0.2.3
[INFO] [stderr]    Compiling is-terminal v0.4.17
[INFO] [stderr]    Compiling paris v1.5.15
[INFO] [stderr]    Compiling encode_unicode v1.0.0
[INFO] [stderr]    Compiling serde_json v1.0.150
[INFO] [stderr]    Compiling color-eyre v0.6.5
[INFO] [stderr]    Compiling prettytable-rs v0.10.0
[INFO] [stderr]    Compiling darling_core v0.20.11
[INFO] [stderr]    Compiling thiserror v2.0.20
[INFO] [stderr]    Compiling humantime v2.4.0
[INFO] [stderr]    Compiling simplelog v0.12.2
[INFO] [stderr]    Compiling pnet_macros v0.35.0
[INFO] [stderr]    Compiling phf_macros v0.14.0
[INFO] [stderr]    Compiling openssl-macros v0.1.1
[INFO] [stderr]    Compiling clap_derive v4.6.1
[INFO] [stderr]    Compiling phf v0.14.0
[INFO] [stderr]    Compiling serde v1.0.229
[INFO] [stderr]    Compiling pnet_packet v0.35.0
[INFO] [stderr]    Compiling ipnetwork v0.20.0
[INFO] [stderr]    Compiling darling_macro v0.20.11
[INFO] [stderr]    Compiling rgon-pnet-datalink v0.36.0
[INFO] [stderr]    Compiling darling v0.20.11
[INFO] [stderr]    Compiling derive_builder_core v0.20.2
[INFO] [stderr]    Compiling clap v4.6.1
[INFO] [stderr]    Compiling derive_builder_macro v0.20.2
[INFO] [stderr]    Compiling derive_builder v0.20.2
[INFO] [stderr]    Compiling pnet_transport v0.35.0
[INFO] [stderr]    Compiling rustls-webpki v0.103.13
[INFO] [stderr]    Compiling ureq v3.4.0
[INFO] [stderr]    Compiling r-lanlib v0.12.1
[INFO] [stderr]    Compiling r-lancli v0.12.1 (/opt/rustwide/workdir)
[INFO] [stderr]     Finished `release` profile [optimized] target(s) in 3m 47s
[INFO] [stderr] warning: the following packages contain code that will be rejected by a future version of Rust: nix v0.31.2
[INFO] [stderr] note: to see what the problems were, use the option `--future-incompat-report`, or run `cargo report future-incompatibilities --id 8`
[INFO] running `Command { std: "docker" "inspect" "091a56d046dd7842484c47240fe216b7151ea36efc67a3f0074cdf91701e1fc0", kill_on_drop: false }`
[INFO] running `Command { std: "docker" "exec" "-e" "SOURCE_DIR=/opt/rustwide/workdir" "-e" "CARGO_HOME=/opt/rustwide/cargo-home" "-e" "RUSTUP_HOME=/opt/rustwide/rustup-home" "-e" "CARGO_TARGET_DIR=/opt/rustwide/target" "-e" "CARGO_INCREMENTAL=0" "-e" "RUST_BACKTRACE=full" "-e" "RUSTFLAGS=--cap-lints=warn" "-e" "RUSTDOCFLAGS=--cap-lints=warn" "-w" "/opt/rustwide/workdir" "--user" "0:0" "091a56d046dd7842484c47240fe216b7151ea36efc67a3f0074cdf91701e1fc0" "/opt/rustwide/cargo-home/bin/cargo" "+1.100.0-beta.1" "test" "--frozen" "--no-run" "--message-format=json" "--release", kill_on_drop: false }`
[INFO] [stderr] warning: `package.homepage` is redundant with `package.repository`
[INFO] [stderr]   --> Cargo.toml:55:12
[INFO] [stderr]    |
[INFO] [stderr] 55 | homepage = "https://github.com/robgonnella/r-lanscan"
[INFO] [stderr]    |            ^^^^^^^^^^^^^^^^^^^^^^^^^^^^^^^^^^^^^^^^^^
[INFO] [stderr] ...
[INFO] [stderr] 60 | repository = "https://github.com/robgonnella/r-lanscan"
[INFO] [stderr]    |              ------------------------------------------
[INFO] [stderr]    |
[INFO] [stderr]    = note: `cargo::redundant_homepage` is set to `warn` by default
[INFO] [stderr] help: consider removing `package.homepage`
[INFO] [stderr] warning: `r-lancli` (manifest) generated 1 warning
[INFO] [stderr]    Compiling mockall_derive v0.15.0
[INFO] [stderr]    Compiling predicates-core v1.0.10
[INFO] [stderr]    Compiling mockall v0.15.0
[INFO] [stderr]    Compiling termtree v0.5.1
[INFO] [stderr]    Compiling fragile v2.1.0
[INFO] [stderr]    Compiling openssl v0.10.81
[INFO] [stderr]    Compiling getrandom v0.4.3
[INFO] [stderr]    Compiling downcast v0.11.0
[INFO] [stderr]    Compiling nix v0.31.2
[INFO] [stderr]    Compiling predicates-tree v1.0.13
[INFO] [stderr]    Compiling predicates v3.1.4
[INFO] [stderr]    Compiling tempfile v3.27.0
[INFO] [stderr]    Compiling r-lanlib v0.12.1
[INFO] [stderr]    Compiling r-lancli v0.12.1 (/opt/rustwide/workdir)
[INFO] [stderr]     Finished `release` profile [optimized] target(s) in 17.13s
[INFO] [stderr] warning: the following packages contain code that will be rejected by a future version of Rust: nix v0.31.2
[INFO] [stderr] note: to see what the problems were, use the option `--future-incompat-report`, or run `cargo report future-incompatibilities --id 8`
[INFO] running `Command { std: "docker" "inspect" "091a56d046dd7842484c47240fe216b7151ea36efc67a3f0074cdf91701e1fc0", kill_on_drop: false }`
[INFO] running `Command { std: "docker" "exec" "-e" "SOURCE_DIR=/opt/rustwide/workdir" "-e" "CARGO_HOME=/opt/rustwide/cargo-home" "-e" "RUSTUP_HOME=/opt/rustwide/rustup-home" "-e" "CARGO_TARGET_DIR=/opt/rustwide/target" "-e" "CARGO_INCREMENTAL=0" "-e" "RUST_BACKTRACE=full" "-e" "RUSTFLAGS=--cap-lints=warn" "-e" "RUSTDOCFLAGS=--cap-lints=warn" "-w" "/opt/rustwide/workdir" "--user" "0:0" "091a56d046dd7842484c47240fe216b7151ea36efc67a3f0074cdf91701e1fc0" "/opt/rustwide/cargo-home/bin/cargo" "+1.100.0-beta.1" "test" "--frozen" "--release", kill_on_drop: false }`
[INFO] [stderr] warning: `package.homepage` is redundant with `package.repository`
[INFO] [stderr]   --> Cargo.toml:55:12
[INFO] [stderr]    |
[INFO] [stderr] 55 | homepage = "https://github.com/robgonnella/r-lanscan"
[INFO] [stderr]    |            ^^^^^^^^^^^^^^^^^^^^^^^^^^^^^^^^^^^^^^^^^^
[INFO] [stderr] ...
[INFO] [stderr] 60 | repository = "https://github.com/robgonnella/r-lanscan"
[INFO] [stderr]    |              ------------------------------------------
[INFO] [stderr]    |
[INFO] [stderr]    = note: `cargo::redundant_homepage` is set to `warn` by default
[INFO] [stderr] help: consider removing `package.homepage`
[INFO] [stderr] warning: `r-lancli` (manifest) generated 1 warning
[INFO] [stderr]     Finished `release` profile [optimized] target(s) in 0.19s
[INFO] [stderr] warning: the following packages contain code that will be rejected by a future version of Rust: nix v0.31.2
[INFO] [stderr] note: to see what the problems were, use the option `--future-incompat-report`, or run `cargo report future-incompatibilities --id 8`
[INFO] [stderr]      Running unittests src/main.rs (/opt/rustwide/target/release/build/r-lancli/9a6af7978a7ce3dc/out/r_lancli-9a6af7978a7ce3dc)
[INFO] [stdout] 
[INFO] [stdout] running 25 tests
[INFO] [stdout] test tests::arp_report_is_skipped_for_a_json_full_scan ... ok
[INFO] [stdout] test tests::from_devices_json_conflicts_with_targets ... ok
[INFO] [stdout] test tests::load_devices_from_json_rejects_an_empty_device_list ... ok
[INFO] [stdout] test tests::arp_report_prints_for_a_plain_full_scan ... ok
[INFO] [stdout] test tests::initializes_logger ... ok
[INFO] [stdout] test tests::from_devices_json_conflicts_with_arp_only ... ok
[INFO] [stdout] test tests::load_devices_from_json_names_a_missing_file ... ok
[INFO] [stdout] test tests::load_devices_from_json_names_a_malformed_file ... ok
[INFO] [stdout] 14:52:52 [INFO] arp results:
[INFO] [stdout] test tests::from_devices_json_parses_on_its_own ... ok
[INFO] [stdout] 14:52:52 [INFO] arp results:
[INFO] [stdout] test tests::arp_report_is_skipped_for_a_quiet_full_scan ... ok
[INFO] [stdout] test tests::loads_devices_from_json ... ok
[INFO] [stdout] test tests::arp_report_prints_when_arp_only ... ok
[INFO] [stdout] test tests::log_filter_is_error_when_json ... ok
[INFO] [stdout] test tests::log_filter_is_error_when_quiet ... ok
[INFO] [stdout] test tests::prints_arp_json_results ... ok
[INFO] [stdout] test tests::log_filter_is_debug_when_debug ... ok
[INFO] [stdout] +-------------+----------+-------------------+--------+---------+
[INFO] [stdout] | IP          | HOSTNAME | MAC               | VENDOR | LATENCY |
[INFO] [stdout] +-------------+----------+-------------------+--------+---------+
[INFO] [stdout] | 192.168.1.1 | hostname | 00:00:00:00:00:00 | vendor |         |
[INFO] [stdout] +-------------+----------+-------------------+--------+---------+
[INFO] [stdout] 14:52:52 [INFO] starting syn scan...
[INFO] [stdout] 14:52:52 [INFO] syn results:
[INFO] [stdout] 14:52:52 [INFO] starting arp scan...
[INFO] [stdout] test tests::log_filter_lets_quiet_win_over_debug ... ok
[INFO] [stdout] test tests::prints_args ... FAILED
[INFO] [stdout] test tests::prints_arp_table_results ... ok
[INFO] [stdout] test tests::prints_syn_json_results ... ok
[INFO] [stdout] 14:52:52 [INFO] syn results:
[INFO] [stdout] +-------------+----------+-------------------+--------+---------+------------+
[INFO] [stdout] | IP          | HOSTNAME | MAC               | VENDOR | LATENCY | OPEN_PORTS |
[INFO] [stdout] +-------------+----------+-------------------+--------+---------+------------+
[INFO] [stdout] | 192.168.1.1 | hostname | 00:00:00:00:00:00 | vendor |         | 22:ssh     |
[INFO] [stdout] +-------------+----------+-------------------+--------+---------+------------+
[INFO] [stdout] test tests::log_filter_defaults_to_info ... ok
[INFO] [stdout] test tests::prints_syn_table_results ... ok
[INFO] [stdout] test tests::log_filter_lets_debug_override_json ... ok
[INFO] [stdout] test tests::performs_syn_scan ... ok
[INFO] [stdout] test tests::performs_arp_scan ... ok
[INFO] [stdout] 
[INFO] [stdout] failures:
[INFO] [stdout] 
[INFO] [stdout] ---- tests::prints_args stdout ----
[INFO] [stdout] 
[INFO] [stdout] thread 'tests::prints_args' (12861) panicked at src/./main_tests.rs:33:54:
[INFO] [stdout] called `Result::unwrap()` on an `Err` value: NetworkInterface("failed to get default network interface")
[INFO] [stdout] stack backtrace:
[INFO] [stdout]    0:     0x5d4ade186831 - <<std[617be2ca0a6fd877]::sys::backtrace::BacktraceLock>::print::DisplayBacktrace as core[a373ad73a504971]::fmt::Display>::fmt
[INFO] [stdout]    1:     0x5d4ade19d32a - core[a373ad73a504971]::fmt::write
[INFO] [stdout]    2:     0x5d4ade18bc3c - <alloc[2e1b2a31b91974c5]::vec::Vec<u8> as core[a373ad73a504971]::io::write::Write>::write_fmt
[INFO] [stdout]    3:     0x5d4ade1617b6 - std[617be2ca0a6fd877]::panicking::default_hook::{closure#0}
[INFO] [stdout]    4:     0x5d4ade17e289 - std[617be2ca0a6fd877]::panicking::default_hook
[INFO] [stdout]    5:     0x5d4ade0b25e0 - test[aada8e7e76ba119b]::test_main_inner::{closure#0}
[INFO] [stdout]    6:     0x5d4ade17e442 - std[617be2ca0a6fd877]::panicking::panic_with_hook
[INFO] [stdout]    7:     0x5d4ade161862 - std[617be2ca0a6fd877]::panicking::panic_handler::{closure#0}
[INFO] [stdout]    8:     0x5d4ade15a259 - std[617be2ca0a6fd877]::sys::backtrace::__rust_end_short_backtrace::<std[617be2ca0a6fd877]::panicking::panic_handler::{closure#0}, !>
[INFO] [stdout]    9:     0x5d4ade16265d - __rustc[ea4f61d10b84890b]::rust_begin_unwind
[INFO] [stdout]   10:     0x5d4ade19da5c - core[a373ad73a504971]::panicking::panic_fmt
[INFO] [stdout]   11:     0x5d4ade19d832 - core[a373ad73a504971]::result::unwrap_failed
[INFO] [stdout]   12:     0x5d4ade05af4a - <r_lancli[52473bdd7ca6b67f]::tests::prints_args::{closure#0} as core[a373ad73a504971]::ops::function::FnOnce<()>>::call_once
[INFO] [stdout]   13:     0x5d4ade0a5a2b - test[aada8e7e76ba119b]::__rust_begin_short_backtrace::<core[a373ad73a504971]::result::Result<(), alloc[2e1b2a31b91974c5]::string::String>, fn() -> core[a373ad73a504971]::result::Result<(), alloc[2e1b2a31b91974c5]::string::String>>
[INFO] [stdout]   14:     0x5d4ade0b2c05 - test[aada8e7e76ba119b]::run_test::{closure#0}
[INFO] [stdout]   15:     0x5d4ade0ac4f4 - std[617be2ca0a6fd877]::sys::backtrace::__rust_begin_short_backtrace::<test[aada8e7e76ba119b]::run_test::{closure#1}, ()>
[INFO] [stdout]   16:     0x5d4ade0b5c92 - <std[617be2ca0a6fd877]::thread::lifecycle::spawn_unchecked<test[aada8e7e76ba119b]::run_test::{closure#1}, ()>::{closure#1} as core[a373ad73a504971]::ops::function::FnOnce<()>>::call_once::{shim:vtable#0}
[INFO] [stdout]   17:     0x5d4ade18573f - <std[617be2ca0a6fd877]::sys::thread::unix::Thread>::new::thread_start
[INFO] [stdout]   18:     0x74a49f245dfa - <unknown>
[INFO] [stdout]   19:     0x74a49f2d93d4 - clone
[INFO] [stdout]   20:                0x0 - <unknown>
[INFO] [stdout] 
[INFO] [stdout] 
[INFO] [stdout] failures:
[INFO] [stdout]     tests::prints_args
[INFO] [stdout] 
[INFO] [stdout] test result: FAILED. 24 passed; 1 failed; 0 ignored; 0 measured; 0 filtered out; finished in 0.52s
[INFO] [stdout] 
[INFO] [stderr] error: test failed, to rerun pass `--bin r-lancli`
[INFO] running `Command { std: "docker" "inspect" "091a56d046dd7842484c47240fe216b7151ea36efc67a3f0074cdf91701e1fc0", kill_on_drop: false }`
[INFO] running `Command { std: "docker" "rm" "-f" "091a56d046dd7842484c47240fe216b7151ea36efc67a3f0074cdf91701e1fc0", kill_on_drop: false }`
[INFO] [stdout] 091a56d046dd7842484c47240fe216b7151ea36efc67a3f0074cdf91701e1fc0
