[INFO] fetching crate qxq 0.1.1...
[INFO] testing qxq-0.1.1 against 1.100.0-beta.1+cargoflags=--release for beta-release-1.100-2
[INFO] extracting crate qxq 0.1.1 into /workspace/builds/worker-1-tc2/source
[INFO] removed /workspace/builds/worker-1-tc2/source/rust-toolchain.toml
[INFO] started tweaking crates.io crate qxq 0.1.1
[INFO] finished tweaking crates.io crate qxq 0.1.1
[INFO] tweaked toml for crates.io crate qxq 0.1.1 written to /workspace/builds/worker-1-tc2/source/Cargo.toml
[INFO] validating manifest of crates.io crate qxq 0.1.1 on toolchain 1.100.0-beta.1
[INFO] running `Command { std: CARGO_HOME="/workspace/cargo-home" RUSTUP_HOME="/workspace/rustup-home" "/workspace/cargo-home/bin/cargo" "+1.100.0-beta.1" "metadata" "--manifest-path" "Cargo.toml" "--no-deps", kill_on_drop: false }`
[INFO] crate crates.io crate qxq 0.1.1 already has a lockfile, it will not be regenerated
[INFO] running `Command { std: CARGO_HOME="/workspace/cargo-home" RUSTUP_HOME="/workspace/rustup-home" "/workspace/cargo-home/bin/cargo" "+1.100.0-beta.1" "fetch" "--manifest-path" "Cargo.toml", kill_on_drop: false }`
[INFO] running `Command { std: "docker" "create" "-v" "/var/lib/crater-agent-workspace/builds/worker-1-tc2/source:/opt/rustwide/workdir:ro,Z" "-v" "/var/lib/crater-agent-workspace/builds/worker-1-tc2/target:/opt/rustwide/target:rw,Z" "-v" "/var/lib/crater-agent-workspace/cargo-home:/opt/rustwide/cargo-home:ro,Z" "-v" "/var/lib/crater-agent-workspace/rustup-home:/opt/rustwide/rustup-home:ro,Z" "-m" "1610612736" "--network" "none" "ghcr.io/rust-lang/crates-build-env/linux@sha256:77db811e55d90add9212f6832c23229e3de5f1c1f9905e8cb07319ea15df73ac" "sleep" "infinity", kill_on_drop: false }`
[INFO] [stdout] 877c4f84be5bec114f27b4511e3e53c95a493b033dc5865942dc4a6f1a686dd0
[INFO] running `Command { std: "docker" "start" "877c4f84be5bec114f27b4511e3e53c95a493b033dc5865942dc4a6f1a686dd0", kill_on_drop: false }`
[INFO] running `Command { std: "docker" "inspect" "877c4f84be5bec114f27b4511e3e53c95a493b033dc5865942dc4a6f1a686dd0", kill_on_drop: false }`
[INFO] running `Command { std: "docker" "exec" "-e" "SOURCE_DIR=/opt/rustwide/workdir" "-e" "CARGO_HOME=/opt/rustwide/cargo-home" "-e" "RUSTUP_HOME=/opt/rustwide/rustup-home" "-e" "CARGO_TARGET_DIR=/opt/rustwide/target" "-w" "/opt/rustwide/workdir" "--user" "0:0" "877c4f84be5bec114f27b4511e3e53c95a493b033dc5865942dc4a6f1a686dd0" "/opt/rustwide/cargo-home/bin/cargo" "+1.100.0-beta.1" "metadata" "--no-deps" "--format-version=1", kill_on_drop: false }`
[INFO] running `Command { std: "docker" "inspect" "877c4f84be5bec114f27b4511e3e53c95a493b033dc5865942dc4a6f1a686dd0", kill_on_drop: false }`
[INFO] running `Command { std: "docker" "exec" "-e" "SOURCE_DIR=/opt/rustwide/workdir" "-e" "CARGO_HOME=/opt/rustwide/cargo-home" "-e" "RUSTUP_HOME=/opt/rustwide/rustup-home" "-e" "CARGO_TARGET_DIR=/opt/rustwide/target" "-e" "CARGO_INCREMENTAL=0" "-e" "RUST_BACKTRACE=full" "-e" "RUSTFLAGS=--cap-lints=warn" "-e" "RUSTDOCFLAGS=--cap-lints=warn" "-w" "/opt/rustwide/workdir" "--user" "0:0" "877c4f84be5bec114f27b4511e3e53c95a493b033dc5865942dc4a6f1a686dd0" "/opt/rustwide/cargo-home/bin/cargo" "+1.100.0-beta.1" "build" "--frozen" "--message-format=json" "--release", kill_on_drop: false }`
[INFO] [stderr]    Compiling proc-macro2 v1.0.105
[INFO] [stderr]    Compiling quote v1.0.43
[INFO] [stderr]    Compiling libc v0.2.180
[INFO] [stderr]    Compiling siphasher v1.0.1
[INFO] [stderr]    Compiling rustix v1.1.3
[INFO] [stderr]    Compiling cfg_aliases v0.2.1
[INFO] [stderr]    Compiling fastrand v2.3.0
[INFO] [stderr]    Compiling im v15.1.0
[INFO] [stderr]    Compiling nibble_vec v0.1.0
[INFO] [stderr]    Compiling slotmap v1.1.1
[INFO] [stderr]    Compiling bitmaps v2.1.0
[INFO] [stderr]    Compiling endian-type v0.1.2
[INFO] [stderr]    Compiling rapidhash v4.2.1
[INFO] [stderr]    Compiling phf_shared v0.13.1
[INFO] [stderr]    Compiling rand_xoshiro v0.6.0
[INFO] [stderr]    Compiling indexmap v2.13.0
[INFO] [stderr]    Compiling nix v0.30.1
[INFO] [stderr]    Compiling radix_trie v0.2.1
[INFO] [stderr]    Compiling iana-time-zone v0.1.64
[INFO] [stderr]    Compiling sptr v0.3.2
[INFO] [stderr]    Compiling rustc-hash v2.1.1
[INFO] [stderr]    Compiling phf_generator v0.13.1
[INFO] [stderr]    Compiling chrono v0.4.42
[INFO] [stderr]    Compiling boxing v0.1.2
[INFO] [stderr]    Compiling itertools v0.14.0
[INFO] [stderr]    Compiling small-map v0.1.5
[INFO] [stderr]    Compiling hashconsing v1.6.0
[INFO] [stderr]    Compiling by_address v1.2.1
[INFO] [stderr]    Compiling bumpalo v3.20.2
[INFO] [stderr]    Compiling syn v2.0.114
[INFO] [stderr]    Compiling sized-chunks v0.6.5
[INFO] [stderr]    Compiling ordermap v1.1.0
[INFO] [stderr]    Compiling dirs-sys v0.5.0
[INFO] [stderr]    Compiling dirs v6.0.0
[INFO] [stderr]    Compiling fd-lock v4.0.4
[INFO] [stderr]    Compiling rustyline-derive v0.11.1
[INFO] [stderr]    Compiling phf_macros v0.13.1
[INFO] [stderr]    Compiling phf v0.13.1
[INFO] [stderr]    Compiling rustyline v17.0.2
[INFO] [stderr]    Compiling qxq v0.1.1 (/opt/rustwide/workdir)
[INFO] [stderr] warning: unused dependency `boxing`
[INFO] [stderr]  --> Cargo.toml:8:15
[INFO] [stderr]   |
[INFO] [stderr] 8 | [dependencies.boxing]
[INFO] [stderr]   |               ^^^^^^^
[INFO] [stderr]   |
[INFO] [stderr]   = note: `cargo::unused_dependencies` is set to `warn` by default
[INFO] [stderr] help: consider removing the dependency on `boxing`
[INFO] [stderr] warning: unused dependency `by_address`
[INFO] [stderr]   --> Cargo.toml:14:15
[INFO] [stderr]    |
[INFO] [stderr] 14 | [dependencies.by_address]
[INFO] [stderr]    |               ^^^^^^^^^^^
[INFO] [stderr]    |
[INFO] [stderr] help: consider removing the dependency on `by_address`
[INFO] [stderr] warning: unused dependency `hashconsing`
[INFO] [stderr]   --> Cargo.toml:26:15
[INFO] [stderr]    |
[INFO] [stderr] 26 | [dependencies.hashconsing]
[INFO] [stderr]    |               ^^^^^^^^^^^^
[INFO] [stderr]    |
[INFO] [stderr] help: consider removing the dependency on `hashconsing`
[INFO] [stderr] warning: unused dependency `im`
[INFO] [stderr]   --> Cargo.toml:29:15
[INFO] [stderr]    |
[INFO] [stderr] 29 | [dependencies.im]
[INFO] [stderr]    |               ^^^
[INFO] [stderr]    |
[INFO] [stderr] help: consider removing the dependency on `im`
[INFO] [stderr] warning: unused dependency `itertools`
[INFO] [stderr]   --> Cargo.toml:35:15
[INFO] [stderr]    |
[INFO] [stderr] 35 | [dependencies.itertools]
[INFO] [stderr]    |               ^^^^^^^^^^
[INFO] [stderr]    |
[INFO] [stderr] help: consider removing the dependency on `itertools`
[INFO] [stderr] warning: unused dependency `ordermap`
[INFO] [stderr]   --> Cargo.toml:41:15
[INFO] [stderr]    |
[INFO] [stderr] 41 | [dependencies.ordermap]
[INFO] [stderr]    |               ^^^^^^^^^
[INFO] [stderr]    |
[INFO] [stderr] help: consider removing the dependency on `ordermap`
[INFO] [stderr] warning: `qxq` (manifest) generated 6 warnings
[INFO] [stderr]     Finished `release` profile [optimized] target(s) in 27.70s
[INFO] [stderr] warning: the following packages contain code that will be rejected by a future version of Rust: nix v0.30.1
[INFO] [stderr] note: to see what the problems were, use the option `--future-incompat-report`, or run `cargo report future-incompatibilities --id 2`
[INFO] running `Command { std: "docker" "inspect" "877c4f84be5bec114f27b4511e3e53c95a493b033dc5865942dc4a6f1a686dd0", kill_on_drop: false }`
[INFO] running `Command { std: "docker" "exec" "-e" "SOURCE_DIR=/opt/rustwide/workdir" "-e" "CARGO_HOME=/opt/rustwide/cargo-home" "-e" "RUSTUP_HOME=/opt/rustwide/rustup-home" "-e" "CARGO_TARGET_DIR=/opt/rustwide/target" "-e" "CARGO_INCREMENTAL=0" "-e" "RUST_BACKTRACE=full" "-e" "RUSTFLAGS=--cap-lints=warn" "-e" "RUSTDOCFLAGS=--cap-lints=warn" "-w" "/opt/rustwide/workdir" "--user" "0:0" "877c4f84be5bec114f27b4511e3e53c95a493b033dc5865942dc4a6f1a686dd0" "/opt/rustwide/cargo-home/bin/cargo" "+1.100.0-beta.1" "test" "--frozen" "--no-run" "--message-format=json" "--release", kill_on_drop: false }`
[INFO] [stderr]    Compiling qxq v0.1.1 (/opt/rustwide/workdir)
[INFO] [stderr] warning: unused dependency `boxing`
[INFO] [stderr]  --> Cargo.toml:8:15
[INFO] [stderr]   |
[INFO] [stderr] 8 | [dependencies.boxing]
[INFO] [stderr]   |               ^^^^^^^
[INFO] [stderr]   |
[INFO] [stderr]   = note: `cargo::unused_dependencies` is set to `warn` by default
[INFO] [stderr] help: consider removing the dependency on `boxing`
[INFO] [stderr] warning: unused dependency `by_address`
[INFO] [stderr]   --> Cargo.toml:14:15
[INFO] [stderr]    |
[INFO] [stderr] 14 | [dependencies.by_address]
[INFO] [stderr]    |               ^^^^^^^^^^^
[INFO] [stderr]    |
[INFO] [stderr] help: consider removing the dependency on `by_address`
[INFO] [stderr] warning: unused dependency `hashconsing`
[INFO] [stderr]   --> Cargo.toml:26:15
[INFO] [stderr]    |
[INFO] [stderr] 26 | [dependencies.hashconsing]
[INFO] [stderr]    |               ^^^^^^^^^^^^
[INFO] [stderr]    |
[INFO] [stderr] help: consider removing the dependency on `hashconsing`
[INFO] [stderr] warning: unused dependency `im`
[INFO] [stderr]   --> Cargo.toml:29:15
[INFO] [stderr]    |
[INFO] [stderr] 29 | [dependencies.im]
[INFO] [stderr]    |               ^^^
[INFO] [stderr]    |
[INFO] [stderr] help: consider removing the dependency on `im`
[INFO] [stderr] warning: unused dependency `itertools`
[INFO] [stderr]   --> Cargo.toml:35:15
[INFO] [stderr]    |
[INFO] [stderr] 35 | [dependencies.itertools]
[INFO] [stderr]    |               ^^^^^^^^^^
[INFO] [stderr]    |
[INFO] [stderr] help: consider removing the dependency on `itertools`
[INFO] [stderr] warning: unused dependency `ordermap`
[INFO] [stderr]   --> Cargo.toml:41:15
[INFO] [stderr]    |
[INFO] [stderr] 41 | [dependencies.ordermap]
[INFO] [stderr]    |               ^^^^^^^^^
[INFO] [stderr]    |
[INFO] [stderr] help: consider removing the dependency on `ordermap`
[INFO] [stderr] warning: `qxq` (manifest) generated 6 warnings
[INFO] [stderr]     Finished `release` profile [optimized] target(s) in 3.73s
[INFO] [stderr] warning: the following packages contain code that will be rejected by a future version of Rust: nix v0.30.1
[INFO] [stderr] note: to see what the problems were, use the option `--future-incompat-report`, or run `cargo report future-incompatibilities --id 2`
[INFO] running `Command { std: "docker" "inspect" "877c4f84be5bec114f27b4511e3e53c95a493b033dc5865942dc4a6f1a686dd0", kill_on_drop: false }`
[INFO] running `Command { std: "docker" "exec" "-e" "SOURCE_DIR=/opt/rustwide/workdir" "-e" "CARGO_HOME=/opt/rustwide/cargo-home" "-e" "RUSTUP_HOME=/opt/rustwide/rustup-home" "-e" "CARGO_TARGET_DIR=/opt/rustwide/target" "-e" "CARGO_INCREMENTAL=0" "-e" "RUST_BACKTRACE=full" "-e" "RUSTFLAGS=--cap-lints=warn" "-e" "RUSTDOCFLAGS=--cap-lints=warn" "-w" "/opt/rustwide/workdir" "--user" "0:0" "877c4f84be5bec114f27b4511e3e53c95a493b033dc5865942dc4a6f1a686dd0" "/opt/rustwide/cargo-home/bin/cargo" "+1.100.0-beta.1" "test" "--frozen" "--release", kill_on_drop: false }`
[INFO] [stderr] warning: unused dependency `boxing`
[INFO] [stderr]  --> Cargo.toml:8:15
[INFO] [stderr]   |
[INFO] [stderr] 8 | [dependencies.boxing]
[INFO] [stderr]   |               ^^^^^^^
[INFO] [stderr]   |
[INFO] [stderr]   = note: `cargo::unused_dependencies` is set to `warn` by default
[INFO] [stderr] help: consider removing the dependency on `boxing`
[INFO] [stderr] warning: unused dependency `by_address`
[INFO] [stderr]   --> Cargo.toml:14:15
[INFO] [stderr]    |
[INFO] [stderr] 14 | [dependencies.by_address]
[INFO] [stderr]    |               ^^^^^^^^^^^
[INFO] [stderr]    |
[INFO] [stderr] help: consider removing the dependency on `by_address`
[INFO] [stderr] warning: unused dependency `hashconsing`
[INFO] [stderr]   --> Cargo.toml:26:15
[INFO] [stderr]    |
[INFO] [stderr] 26 | [dependencies.hashconsing]
[INFO] [stderr]    |               ^^^^^^^^^^^^
[INFO] [stderr]    |
[INFO] [stderr] help: consider removing the dependency on `hashconsing`
[INFO] [stderr] warning: unused dependency `im`
[INFO] [stderr]   --> Cargo.toml:29:15
[INFO] [stderr]    |
[INFO] [stderr] 29 | [dependencies.im]
[INFO] [stderr]    |               ^^^
[INFO] [stderr]    |
[INFO] [stderr] help: consider removing the dependency on `im`
[INFO] [stderr] warning: unused dependency `itertools`
[INFO] [stderr]   --> Cargo.toml:35:15
[INFO] [stderr]    |
[INFO] [stderr] 35 | [dependencies.itertools]
[INFO] [stderr]    |               ^^^^^^^^^^
[INFO] [stderr]    |
[INFO] [stderr] help: consider removing the dependency on `itertools`
[INFO] [stderr] warning: unused dependency `ordermap`
[INFO] [stderr]   --> Cargo.toml:41:15
[INFO] [stderr]    |
[INFO] [stderr] 41 | [dependencies.ordermap]
[INFO] [stderr]    |               ^^^^^^^^^
[INFO] [stderr]    |
[INFO] [stderr] help: consider removing the dependency on `ordermap`
[INFO] [stderr] warning: `qxq` (manifest) generated 6 warnings
[INFO] [stderr]     Finished `release` profile [optimized] target(s) in 0.15s
[INFO] [stderr] warning: the following packages contain code that will be rejected by a future version of Rust: nix v0.30.1
[INFO] [stderr] note: to see what the problems were, use the option `--future-incompat-report`, or run `cargo report future-incompatibilities --id 2`
[INFO] [stderr]      Running unittests src/lib.rs (/opt/rustwide/target/release/build/qxq/afdf566118053771/out/qxq-afdf566118053771)
[INFO] [stdout] 
[INFO] [stdout] running 13 tests
[INFO] [stdout] test parser::tests::test_functions ... ok
[INFO] [stdout] test tokenizer::tests::test_identifier ... ok
[INFO] [stdout] test tokenizer::tests::test_integer_literals ... ok
[INFO] [stdout] test tokenizer::tests::test_keywords ... ok
[INFO] [stdout] test tokenizer::tests::test_operators ... ok
[INFO] [stdout] test parser::tests::test_parse_blocks ... ok
[INFO] [stdout] test parser::tests::test_freevars ... ok
[INFO] [stdout] test tokenizer::tests::test_comments ... ok
[INFO] [stdout] test codegen::tests::test1 ... FAILED
[INFO] [stdout] test parser::tests::test_let_bindings ... ok
[INFO] [stdout] test sexp::tests::sexp_pool ... ok
[INFO] [stdout] test parser::tests::test_parse_expressions ... ok
[INFO] [stderr] error: test failed, to rerun pass `--lib`
[INFO] [stdout] test tokenizer::tests::test_string_literals ... ok
[INFO] [stdout] 
[INFO] [stdout] failures:
[INFO] [stdout] 
[INFO] [stdout] ---- codegen::tests::test1 stdout ----
[INFO] [stdout] 
[INFO] [stdout] thread 'codegen::tests::test1' (982) panicked at src/codegen.rs:1204:5:
[INFO] [stdout] assertion `left == right` failed
[INFO] [stdout]   left: "thunk::__top_thunk__ captured::[]\nloadc        r0, @0\nloadc        r1, @0\nmove         r2, r0\nwrap         r1, k1, #2\nretn         r1, #0\n"
[INFO] [stdout]  right: ""
[INFO] [stdout] stack backtrace:
[INFO] [stdout]    0:     0x628493e88dd1 - <<std[617be2ca0a6fd877]::sys::backtrace::BacktraceLock>::print::DisplayBacktrace as core[a373ad73a504971]::fmt::Display>::fmt
[INFO] [stdout]    1:     0x628493e9d6fa - core[a373ad73a504971]::fmt::write
[INFO] [stdout]    2:     0x628493e8d59c - <alloc[2e1b2a31b91974c5]::vec::Vec<u8> as core[a373ad73a504971]::io::write::Write>::write_fmt
[INFO] [stdout]    3:     0x628493e64b26 - std[617be2ca0a6fd877]::panicking::default_hook::{closure#0}
[INFO] [stdout]    4:     0x628493e812b9 - std[617be2ca0a6fd877]::panicking::default_hook
[INFO] [stdout]    5:     0x628493e1b3f0 - test[aada8e7e76ba119b]::test_main_inner::{closure#0}
[INFO] [stdout]    6:     0x628493e81472 - std[617be2ca0a6fd877]::panicking::panic_with_hook
[INFO] [stdout]    7:     0x628493e64bd2 - std[617be2ca0a6fd877]::panicking::panic_handler::{closure#0}
[INFO] [stdout]    8:     0x628493e5d329 - std[617be2ca0a6fd877]::sys::backtrace::__rust_end_short_backtrace::<std[617be2ca0a6fd877]::panicking::panic_handler::{closure#0}, !>
[INFO] [stdout]    9:     0x628493e658ed - __rustc[ea4f61d10b84890b]::rust_begin_unwind
[INFO] [stdout]   10:     0x628493e9de2c - core[a373ad73a504971]::panicking::panic_fmt
[INFO] [stdout]   11:     0x628493e9dd43 - core[a373ad73a504971]::panicking::assert_failed_inner
[INFO] [stdout]   12:     0x628493e082f0 - core[a373ad73a504971]::panicking::assert_failed::<alloc[2e1b2a31b91974c5]::string::String, &str>
[INFO] [stdout]   13:     0x628493e04e79 - <qxq[159ba35c372346c5]::codegen::tests::test1::{closure#0} as core[a373ad73a504971]::ops::function::FnOnce<()>>::call_once
[INFO] [stdout]   14:     0x628493e0e83b - test[aada8e7e76ba119b]::__rust_begin_short_backtrace::<core[a373ad73a504971]::result::Result<(), alloc[2e1b2a31b91974c5]::string::String>, fn() -> core[a373ad73a504971]::result::Result<(), alloc[2e1b2a31b91974c5]::string::String>>
[INFO] [stdout]   15:     0x628493e1ba15 - test[aada8e7e76ba119b]::run_test::{closure#0}
[INFO] [stdout]   16:     0x628493e15304 - std[617be2ca0a6fd877]::sys::backtrace::__rust_begin_short_backtrace::<test[aada8e7e76ba119b]::run_test::{closure#1}, ()>
[INFO] [stdout]   17:     0x628493e1eaa2 - <std[617be2ca0a6fd877]::thread::lifecycle::spawn_unchecked<test[aada8e7e76ba119b]::run_test::{closure#1}, ()>::{closure#1} as core[a373ad73a504971]::ops::function::FnOnce<()>>::call_once::{shim:vtable#0}
[INFO] [stdout]   18:     0x628493e885ff - <std[617be2ca0a6fd877]::sys::thread::unix::Thread>::new::thread_start
[INFO] [stdout]   19:     0x78838a957dfa - <unknown>
[INFO] [stdout]   20:     0x78838a9eb3d4 - clone
[INFO] [stdout]   21:                0x0 - <unknown>
[INFO] [stdout] 
[INFO] [stdout] 
[INFO] [stdout] failures:
[INFO] [stdout]     codegen::tests::test1
[INFO] [stdout] 
[INFO] [stdout] test result: FAILED. 12 passed; 1 failed; 0 ignored; 0 measured; 0 filtered out; finished in 0.00s
[INFO] [stdout] 
[INFO] running `Command { std: "docker" "inspect" "877c4f84be5bec114f27b4511e3e53c95a493b033dc5865942dc4a6f1a686dd0", kill_on_drop: false }`
[INFO] running `Command { std: "docker" "rm" "-f" "877c4f84be5bec114f27b4511e3e53c95a493b033dc5865942dc4a6f1a686dd0", kill_on_drop: false }`
[INFO] [stdout] 877c4f84be5bec114f27b4511e3e53c95a493b033dc5865942dc4a6f1a686dd0
