[INFO] fetching crate quvyta-browser 0.2.1...
[INFO] testing quvyta-browser-0.2.1 against 1.100.0-beta.1+cargoflags=--release for beta-release-1.100-2
[INFO] extracting crate quvyta-browser 0.2.1 into /workspace/builds/worker-0-tc2/source
[INFO] started tweaking crates.io crate quvyta-browser 0.2.1
[INFO] finished tweaking crates.io crate quvyta-browser 0.2.1
[INFO] tweaked toml for crates.io crate quvyta-browser 0.2.1 written to /workspace/builds/worker-0-tc2/source/Cargo.toml
[INFO] validating manifest of crates.io crate quvyta-browser 0.2.1 on toolchain 1.100.0-beta.1
[INFO] running `Command { std: CARGO_HOME="/workspace/cargo-home" RUSTUP_HOME="/workspace/rustup-home" "/workspace/cargo-home/bin/cargo" "+1.100.0-beta.1" "metadata" "--manifest-path" "Cargo.toml" "--no-deps", kill_on_drop: false }`
[INFO] crate crates.io crate quvyta-browser 0.2.1 already has a lockfile, it will not be regenerated
[INFO] running `Command { std: CARGO_HOME="/workspace/cargo-home" RUSTUP_HOME="/workspace/rustup-home" "/workspace/cargo-home/bin/cargo" "+1.100.0-beta.1" "fetch" "--manifest-path" "Cargo.toml", kill_on_drop: false }`
[INFO] running `Command { std: "docker" "create" "-v" "/var/lib/crater-agent-workspace/builds/worker-0-tc2/source:/opt/rustwide/workdir:ro,Z" "-v" "/var/lib/crater-agent-workspace/builds/worker-0-tc2/target:/opt/rustwide/target:rw,Z" "-v" "/var/lib/crater-agent-workspace/cargo-home:/opt/rustwide/cargo-home:ro,Z" "-v" "/var/lib/crater-agent-workspace/rustup-home:/opt/rustwide/rustup-home:ro,Z" "-m" "1610612736" "--network" "none" "ghcr.io/rust-lang/crates-build-env/linux@sha256:77db811e55d90add9212f6832c23229e3de5f1c1f9905e8cb07319ea15df73ac" "sleep" "infinity", kill_on_drop: false }`
[INFO] [stdout] 37c9f98f69e7f8c13a6623a3e956f91b9ba951c920b387338698f9a83090cff8
[INFO] running `Command { std: "docker" "start" "37c9f98f69e7f8c13a6623a3e956f91b9ba951c920b387338698f9a83090cff8", kill_on_drop: false }`
[INFO] running `Command { std: "docker" "inspect" "37c9f98f69e7f8c13a6623a3e956f91b9ba951c920b387338698f9a83090cff8", kill_on_drop: false }`
[INFO] running `Command { std: "docker" "exec" "-e" "SOURCE_DIR=/opt/rustwide/workdir" "-e" "CARGO_HOME=/opt/rustwide/cargo-home" "-e" "RUSTUP_HOME=/opt/rustwide/rustup-home" "-e" "CARGO_TARGET_DIR=/opt/rustwide/target" "-w" "/opt/rustwide/workdir" "--user" "0:0" "37c9f98f69e7f8c13a6623a3e956f91b9ba951c920b387338698f9a83090cff8" "/opt/rustwide/cargo-home/bin/cargo" "+1.100.0-beta.1" "metadata" "--no-deps" "--format-version=1", kill_on_drop: false }`
[INFO] running `Command { std: "docker" "inspect" "37c9f98f69e7f8c13a6623a3e956f91b9ba951c920b387338698f9a83090cff8", kill_on_drop: false }`
[INFO] running `Command { std: "docker" "exec" "-e" "SOURCE_DIR=/opt/rustwide/workdir" "-e" "CARGO_HOME=/opt/rustwide/cargo-home" "-e" "RUSTUP_HOME=/opt/rustwide/rustup-home" "-e" "CARGO_TARGET_DIR=/opt/rustwide/target" "-e" "CARGO_INCREMENTAL=0" "-e" "RUST_BACKTRACE=full" "-e" "RUSTFLAGS=--cap-lints=warn" "-e" "RUSTDOCFLAGS=--cap-lints=warn" "-w" "/opt/rustwide/workdir" "--user" "0:0" "37c9f98f69e7f8c13a6623a3e956f91b9ba951c920b387338698f9a83090cff8" "/opt/rustwide/cargo-home/bin/cargo" "+1.100.0-beta.1" "build" "--frozen" "--message-format=json" "--release", kill_on_drop: false }`
[INFO] [stderr]    Compiling unicode-ident v1.0.26
[INFO] [stderr]    Compiling libc v0.2.189
[INFO] [stderr]    Compiling cfg-if v1.0.5
[INFO] [stderr]    Compiling find-msvc-tools v0.1.13
[INFO] [stderr]    Compiling bitflags v2.13.2
[INFO] [stderr]    Compiling log v0.4.34
[INFO] [stderr]    Compiling rustversion v1.0.23
[INFO] [stderr]    Compiling simd-adler32 v0.3.10
[INFO] [stderr]    Compiling hashbrown v0.17.1
[INFO] [stderr]    Compiling zeroize v1.9.0
[INFO] [stderr]    Compiling thiserror v2.0.21
[INFO] [stderr]    Compiling crc32fast v1.5.2
[INFO] [stderr]    Compiling signal-hook v0.3.18
[INFO] [stderr]    Compiling strsim v0.11.1
[INFO] [stderr]    Compiling adler2 v2.0.1
[INFO] [stderr]    Compiling ident_case v1.0.1
[INFO] [stderr]    Compiling convert_case v0.10.0
[INFO] [stderr]    Compiling cc v1.4.7
[INFO] [stderr]    Compiling proc-macro2 v1.0.107
[INFO] [stderr]    Compiling rustls-pki-types v1.15.1
[INFO] [stderr]    Compiling smallvec v1.16.1
[INFO] [stderr]    Compiling httparse v1.10.1
[INFO] [stderr]    Compiling either v1.18.0
[INFO] [stderr]    Compiling quote v1.0.47
[INFO] [stderr]    Compiling rustix v1.1.5
[INFO] [stderr]    Compiling miniz_oxide v0.9.1
[INFO] [stderr]    Compiling hashbrown v0.16.1
[INFO] [stderr]    Compiling syn v3.0.6
[INFO] [stderr]    Compiling syn v2.0.119
[INFO] [stderr]    Compiling linux-raw-sys v0.12.1
[INFO] [stderr]    Compiling rustls v0.23.45
[INFO] [stderr]    Compiling itertools v0.14.0
[INFO] [stderr]    Compiling bytes v1.12.1
[INFO] [stderr]    Compiling cfg_aliases v0.1.1
[INFO] [stderr]    Compiling unicode-width v0.2.2
[INFO] [stderr]    Compiling unicode-segmentation v1.13.3
[INFO] [stderr]    Compiling litrs v1.0.0
[INFO] [stderr]    Compiling nix v0.28.0
[INFO] [stderr]    Compiling lru v0.18.5
[INFO] [stderr]    Compiling fdeflate v0.3.7
[INFO] [stderr]    Compiling miniz_oxide v0.8.9
[INFO] [stderr]    Compiling pulldown-cmark v0.13.4
[INFO] [stderr]    Compiling castaway v0.2.4
[INFO] [stderr]    Compiling http v1.5.0
[INFO] [stderr]    Compiling compact_str v0.9.1
[INFO] [stderr]    Compiling memchr v2.8.3
[INFO] [stderr]    Compiling document-features v0.2.12
[INFO] [stderr]    Compiling winnow v1.0.4
[INFO] [stderr]    Compiling weezl v0.1.12
[INFO] [stderr]    Compiling zune-core v0.5.3
[INFO] [stderr]    Compiling color_quant v1.1.0
[INFO] [stderr]    Compiling flate2 v1.1.10
[INFO] [stderr]    Compiling base64 v0.23.1
[INFO] [stderr]    Compiling once_cell v1.21.4
[INFO] [stderr]    Compiling quick-error v2.0.1
[INFO] [stderr]    Compiling subtle v2.6.1
[INFO] [stderr]    Compiling serde_core v1.0.229
[INFO] [stderr]    Compiling pxfm v0.1.30
[INFO] [stderr]    Compiling indoc v2.0.7
[INFO] [stderr]    Compiling byteorder-lite v0.1.0
[INFO] [stderr]    Compiling png v0.18.1
[INFO] [stderr]    Compiling ureq-proto v0.6.4
[INFO] [stderr]    Compiling ring v0.17.14
[INFO] [stderr]    Compiling image-webp v0.2.4
[INFO] [stderr]    Compiling zune-jpeg v0.5.15
[INFO] [stderr]    Compiling gif v0.14.2
[INFO] [stderr]    Compiling errno v0.3.14
[INFO] [stderr]    Compiling getrandom v0.2.17
[INFO] [stderr]    Compiling signal-hook-registry v1.4.8
[INFO] [stderr]    Compiling mio v1.2.3
[INFO] [stderr]    Compiling parking_lot_core v0.9.12
[INFO] [stderr]    Compiling toml_parser v1.1.3+spec-1.1.0
[INFO] [stderr]    Compiling parking_lot v0.12.5
[INFO] [stderr]    Compiling indexmap v2.14.2
[INFO] [stderr]    Compiling unicode-truncate v2.0.1
[INFO] [stderr]    Compiling signal-hook-mio v0.2.5
[INFO] [stderr]    Compiling derive_more-impl v2.1.1
[INFO] [stderr]    Compiling strum_macros v0.28.0
[INFO] [stderr]    Compiling webpki-roots v1.0.9
[INFO] [stderr]    Compiling percent-encoding v2.3.2
[INFO] [stderr]    Compiling bytemuck v1.25.2
[INFO] [stderr]    Compiling utf8-zero v0.8.1
[INFO] [stderr]    Compiling serde_spanned v1.1.1
[INFO] [stderr]    Compiling unicase v2.9.0
[INFO] [stderr]    Compiling toml_datetime v1.1.1+spec-1.1.0
[INFO] [stderr]    Compiling serde_json v1.0.151
[INFO] [stderr]    Compiling darling_core v0.24.1
[INFO] [stderr]    Compiling derive_more v2.1.1
[INFO] [stderr]    Compiling sys-locale v0.3.2
[INFO] [stderr]    Compiling toml v1.1.6+spec-1.1.0
[INFO] [stderr]    Compiling strum v0.28.0
[INFO] [stderr]    Compiling thiserror-impl v2.0.21
[INFO] [stderr]    Compiling moxcms v0.8.1
[INFO] [stderr]    Compiling crossterm v0.29.0
[INFO] [stderr]    Compiling kasuari v0.4.12
[INFO] [stderr]    Compiling ratatui-core v0.1.2
[INFO] [stderr]    Compiling darling_macro v0.24.1
[INFO] [stderr]    Compiling darling v0.24.1
[INFO] [stderr]    Compiling instability v0.3.14
[INFO] [stderr]    Compiling ratatui-crossterm v0.1.2
[INFO] [stderr]    Compiling image v0.25.10
[INFO] [stderr]    Compiling rustls-webpki v0.103.15
[INFO] [stderr]    Compiling ureq v3.4.2
[INFO] [stderr]    Compiling quvyta-framework v0.1.33
[INFO] [stderr]    Compiling quvyta-browser v0.2.1 (/opt/rustwide/workdir)
[INFO] [stderr]     Finished `release` profile [optimized] target(s) in 2m 25s
[INFO] [stderr] warning: the following packages contain code that will be rejected by a future version of Rust: nix v0.28.0
[INFO] [stderr] note: to see what the problems were, use the option `--future-incompat-report`, or run `cargo report future-incompatibilities --id 2`
[INFO] running `Command { std: "docker" "inspect" "37c9f98f69e7f8c13a6623a3e956f91b9ba951c920b387338698f9a83090cff8", kill_on_drop: false }`
[INFO] running `Command { std: "docker" "exec" "-e" "SOURCE_DIR=/opt/rustwide/workdir" "-e" "CARGO_HOME=/opt/rustwide/cargo-home" "-e" "RUSTUP_HOME=/opt/rustwide/rustup-home" "-e" "CARGO_TARGET_DIR=/opt/rustwide/target" "-e" "CARGO_INCREMENTAL=0" "-e" "RUST_BACKTRACE=full" "-e" "RUSTFLAGS=--cap-lints=warn" "-e" "RUSTDOCFLAGS=--cap-lints=warn" "-w" "/opt/rustwide/workdir" "--user" "0:0" "37c9f98f69e7f8c13a6623a3e956f91b9ba951c920b387338698f9a83090cff8" "/opt/rustwide/cargo-home/bin/cargo" "+1.100.0-beta.1" "test" "--frozen" "--no-run" "--message-format=json" "--release", kill_on_drop: false }`
[INFO] [stderr]    Compiling serde_core v1.0.229
[INFO] [stderr]    Compiling toml_writer v1.1.2+spec-1.1.0
[INFO] [stderr]    Compiling winnow v0.7.15
[INFO] [stderr]    Compiling serde_spanned v1.1.1
[INFO] [stderr]    Compiling toml_datetime v0.7.5+spec-1.1.0
[INFO] [stderr]    Compiling serde_json v1.0.151
[INFO] [stderr]    Compiling toml v1.1.6+spec-1.1.0
[INFO] [stderr]    Compiling toml v0.9.12+spec-1.1.0
[INFO] [stderr]    Compiling quvyta-framework v0.1.33
[INFO] [stderr]    Compiling quvyta-browser v0.2.1 (/opt/rustwide/workdir)
[INFO] [stderr]     Finished `release` profile [optimized] target(s) in 1m 15s
[INFO] [stderr] warning: the following packages contain code that will be rejected by a future version of Rust: nix v0.28.0
[INFO] [stderr] note: to see what the problems were, use the option `--future-incompat-report`, or run `cargo report future-incompatibilities --id 2`
[INFO] running `Command { std: "docker" "inspect" "37c9f98f69e7f8c13a6623a3e956f91b9ba951c920b387338698f9a83090cff8", kill_on_drop: false }`
[INFO] running `Command { std: "docker" "exec" "-e" "SOURCE_DIR=/opt/rustwide/workdir" "-e" "CARGO_HOME=/opt/rustwide/cargo-home" "-e" "RUSTUP_HOME=/opt/rustwide/rustup-home" "-e" "CARGO_TARGET_DIR=/opt/rustwide/target" "-e" "CARGO_INCREMENTAL=0" "-e" "RUST_BACKTRACE=full" "-e" "RUSTFLAGS=--cap-lints=warn" "-e" "RUSTDOCFLAGS=--cap-lints=warn" "-w" "/opt/rustwide/workdir" "--user" "0:0" "37c9f98f69e7f8c13a6623a3e956f91b9ba951c920b387338698f9a83090cff8" "/opt/rustwide/cargo-home/bin/cargo" "+1.100.0-beta.1" "test" "--frozen" "--release", kill_on_drop: false }`
[INFO] [stderr]     Finished `release` profile [optimized] target(s) in 0.17s
[INFO] [stderr] warning: the following packages contain code that will be rejected by a future version of Rust: nix v0.28.0
[INFO] [stderr] note: to see what the problems were, use the option `--future-incompat-report`, or run `cargo report future-incompatibilities --id 2`
[INFO] [stderr]      Running unittests src/lib.rs (/opt/rustwide/target/release/build/quvyta-browser/8577662f5809e935/out/qbrowser-8577662f5809e935)
[INFO] [stdout] 
[INFO] [stdout] running 235 tests
[INFO] [stdout] test address::tests::an_address_with_a_known_scheme_stays_as_it_is ... ok
[INFO] [stdout] test address::tests::each_engine_searches_where_its_own_address_says ... ok
[INFO] [stdout] test address::tests::a_row_is_told_whether_it_opens_an_address_or_searches_for_words ... ok
[INFO] [stdout] test app::engine_link::tests::a_cell_the_terminal_does_not_report_is_a_common_fonts ... ok
[INFO] [stdout] test address::tests::the_engine_changes_only_what_is_searched_for ... ok
[INFO] [stdout] test app::engine_link::tests::the_page_is_as_many_pixels_as_its_cells_and_a_cell_is_hit_in_its_middle ... ok
[INFO] [stdout] test app::history::tests::a_page_seen_again_is_one_visit_at_the_newest_time ... ok
[INFO] [stdout] test address::tests::an_engine_qbrowser_does_not_know_is_the_default ... ok
[INFO] [stdout] test address::tests::nothing_typed_asks_for_nothing ... ok
[INFO] [stdout] test app::select::tests::a_letter_jumps_to_the_next_option_it_starts_and_skips_what_cannot_be_chosen ... ok
[INFO] [stdout] test app::install::tests::without_a_gate_the_package_manager_runs_itself_and_without_one_nothing_is_offered ... ok
[INFO] [stdout] test app::dialog::tests::the_title_names_the_site_and_not_the_whole_address ... ok
[INFO] [stdout] test app::engine_link::tests::a_half_block_picture_has_the_viewports_shape_and_a_pixel_for_every_half_block ... ok
[INFO] [stdout] test app::menu::tests::the_menu_keys_are_shift_f10_and_the_menu_key_alone ... ok
[INFO] [stdout] test app::menu::tests::a_clean_copy_collapses_whitespace_and_trims_the_ends ... ok
[INFO] [stdout] test app::tests::bookmarks::a_bookmark_another_window_kept_meanwhile_stays_when_the_star_keeps_this_page ... ignored, needs Chromium
[INFO] [stdout] test app::tests::bookmarks::a_click_on_a_suggestion_opens_it ... ignored, needs Chromium
[INFO] [stdout] test app::tests::bookmarks::a_click_on_the_bar_opens_the_bookmark_in_the_tab_and_a_middle_click_in_a_new_one ... ignored, needs Chromium
[INFO] [stdout] test app::tests::bookmarks::a_file_that_cannot_be_written_is_said_in_a_warning ... ignored, needs Chromium
[INFO] [stdout] test address::tests::a_domain_gets_https_and_this_machine_gets_http ... ok
[INFO] [stdout] test app::tests::bookmarks::a_kept_pages_star_is_in_the_accent_colour_not_only_filled ... ignored, needs Chromium
[INFO] [stdout] test app::tests::bookmarks::bookmarks_are_there_after_a_restart ... ignored, needs Chromium
[INFO] [stdout] test app::tests::bookmarks::bookmarks_that_do_not_fit_are_behind_more ... ignored, needs Chromium
[INFO] [stdout] test app::tests::bookmarks::broken_lines_in_the_file_are_skipped ... ignored, needs Chromium
[INFO] [stdout] test app::select::tests::the_list_stands_on_the_selects_own_cells_with_the_held_option_highlighted ... ok
[INFO] [stdout] test app::tests::bookmarks::ctrl_d_on_the_page_keeps_it_and_lets_it_go ... ignored, needs Chromium
[INFO] [stdout] test app::tests::bookmarks::enter_without_a_chosen_suggestion_goes_to_the_typed_address ... ignored, needs Chromium
[INFO] [stdout] test app::tests::bookmarks::esc_closes_the_suggestions_and_keeps_the_typed_text ... ignored, needs Chromium
[INFO] [stdout] test app::tests::bookmarks::the_menu_of_a_bookmark_opens_it_in_a_new_tab_and_takes_it_out ... ignored, needs Chromium
[INFO] [stdout] test app::tests::bookmarks::the_star_keeps_the_page_on_the_bar_and_on_disk_and_a_second_click_lets_it_go ... ignored, needs Chromium
[INFO] [stdout] test app::tests::bookmarks::typing_in_the_address_bar_suggests_bookmarks_and_the_arrows_and_enter_open_one ... ignored, needs Chromium
[INFO] [stdout] test app::menu::tests::a_clean_copy_leaves_a_snippet_on_one_line_where_a_raw_copy_keeps_its_shape ... ok
[INFO] [stdout] test app::tests::browsing::a_larger_font_with_the_same_cells_lays_the_page_out_again_and_clicks_still_land ... ignored, needs Chromium
[INFO] [stdout] test app::tests::browsing::a_page_that_takes_long_to_load_shows_the_loading_mark_beside_the_star ... ignored, needs Chromium
[INFO] [stdout] test app::tests::browsing::an_address_typed_after_clicking_the_address_bar_is_gone_to ... ignored, needs Chromium
[INFO] [stdout] test app::tests::browsing::back_and_forward_on_the_toolbar_walk_the_history ... ignored, needs Chromium
[INFO] [stdout] test app::tests::browsing::clicking_a_link_where_it_is_drawn_follows_it ... ignored, needs Chromium
[INFO] [stdout] test app::tests::browsing::esc_on_a_loading_page_stops_it ... ignored, needs Chromium
[INFO] [stdout] test app::tests::browsing::half_blocks_get_two_pixels_a_cell_and_real_pixels_the_whole_page_area ... ignored, needs Chromium
[INFO] [stdout] test app::tests::browsing::in_a_full_pixel_terminal_the_wheel_brings_a_new_picture_of_the_page_promptly ... ignored, needs Chromium
[INFO] [stdout] test address::tests::words_a_single_word_and_a_number_are_searched_for ... ok
[INFO] [stdout] test app::tests::browsing::keys_typed_after_clicking_a_field_of_the_page_land_in_it ... ignored, needs Chromium
[INFO] [stdout] test app::tests::browsing::the_start_address_is_drawn_and_its_tab_named_by_its_title ... ignored, needs Chromium
[INFO] [stdout] test app::tests::browsing::the_wheel_over_the_page_redraws_its_picture_promptly_in_a_large_window ... ignored, needs Chromium
[INFO] [stdout] test app::tests::browsing::the_wheel_over_the_page_scrolls_it ... ignored, needs Chromium
[INFO] [stdout] test app::bookmarks::tests::buttons_fit_with_a_cell_between_them_and_more_takes_its_room_when_some_do_not ... ok
[INFO] [stdout] test app::tests::browsing::with_cells_not_twice_as_tall_as_wide_the_page_fills_its_area_and_a_click_lands_where_it_is_drawn ... ignored, needs Chromium
[INFO] [stdout] test app::tests::copy::a_click_outside_the_menu_closes_it_and_still_reaches_what_it_landed_on ... ignored, needs Chromium
[INFO] [stdout] test app::tests::copy::a_double_click_still_reaches_the_page_as_one ... ignored, needs Chromium
[INFO] [stdout] test app::tests::copy::a_right_click_over_a_link_finds_it_at_any_zoom ... ignored, needs Chromium
[INFO] [stdout] test app::tests::copy::a_right_click_over_a_link_offers_to_open_it_in_a_new_tab_and_to_copy_its_address ... ignored, needs Chromium
[INFO] [stdout] test app::tests::copy::a_right_click_where_there_is_no_link_offers_no_link_entries ... ignored, needs Chromium
[INFO] [stdout] test app::tests::copy::a_selection_in_another_tab_does_not_answer_for_this_one ... ignored, needs Chromium
[INFO] [stdout] test app::tests::copy::copy_and_raw_copy_are_disabled_with_nothing_selected ... ignored, needs Chromium
[INFO] [stdout] test app::tests::copy::copy_gives_clean_text_and_raw_copy_gives_the_shapes ... ignored, needs Chromium
[INFO] [stdout] test app::tests::copy::ctrl_c_with_no_selection_still_reaches_the_page ... ignored, needs Chromium
[INFO] [stdout] test app::tests::copy::letting_go_does_not_copy ... ignored, needs Chromium
[INFO] [stdout] test app::tests::copy::narrow_screens_and_ascii_keep_the_menu_usable ... ignored, needs Chromium
[INFO] [stdout] test app::tests::copy::selecting_text_in_the_page_and_pressing_ctrl_c_copies_it ... ignored, needs Chromium
[INFO] [stdout] test app::tests::copy::the_address_bar_keeps_its_own_copy ... ignored, needs Chromium
[INFO] [stdout] test app::tests::copy::the_menu_is_reached_from_the_keyboard_too ... ignored, needs Chromium
[INFO] [stdout] test app::tests::copy::the_menu_opens_on_a_right_click_where_the_pointer_is ... ignored, needs Chromium
[INFO] [stdout] test app::tests::copy::the_reload_row_becomes_stop_while_the_page_loads ... ignored, needs Chromium
[INFO] [stdout] test app::tests::dialogs::a_confirm_answered_with_cancel_says_no_to_the_page ... ignored, needs Chromium
[INFO] [stdout] test app::install::tests::a_file_that_cannot_run_is_no_package_manager ... ok
[INFO] [stdout] test app::session::tests::the_list_reads_back_with_its_active_tab_and_without_empty_ones ... ok
[INFO] [stdout] test app::tests::dialogs::a_confirm_answered_with_ok_says_yes_to_the_page ... ignored, needs Chromium
[INFO] [stdout] test app::tests::dialogs::a_prompt_offers_its_text_and_hands_the_page_what_was_typed ... ignored, needs Chromium
[INFO] [stdout] test app::tests::dialogs::an_alert_shows_its_message_and_enter_lets_the_page_go_on ... ignored, needs Chromium
[INFO] [stdout] test app::tests::dialogs::esc_on_a_prompt_answers_nothing ... ignored, needs Chromium
[INFO] [stdout] test app::tests::history::a_history_file_that_cannot_be_written_is_said_in_a_corner ... ignored, needs Chromium
[INFO] [stdout] test app::tests::history::a_history_file_that_is_broken_costs_the_history_not_the_screen ... ignored, needs Chromium
[INFO] [stdout] test app::tests::history::a_middle_click_on_a_step_opens_it_in_a_new_tab ... ignored, needs Chromium
[INFO] [stdout] test app::tests::history::a_visit_can_be_taken_out ... ignored, needs Chromium
[INFO] [stdout] test app::tests::history::a_visit_survives_a_restart_and_a_temporary_profile_does_not ... ignored, needs Chromium
[INFO] [stdout] test app::tests::history::choosing_a_step_from_the_list_goes_there ... ignored, needs Chromium
[INFO] [stdout] test app::tests::history::narrow_screens_and_ascii_keep_the_history_usable ... ignored, needs Chromium
[INFO] [stdout] test app::tests::history::the_back_arrow_lists_where_the_tab_has_been ... ignored, needs Chromium
[INFO] [stdout] test app::tests::history::the_engine_reports_the_tabs_own_steps_and_which_one_it_is_at ... ignored, needs Chromium
[INFO] [stdout] test app::tests::history::the_history_screen_lists_what_was_seen_newest_first ... ignored, needs Chromium
[INFO] [stdout] test app::tests::history::the_list_buttons_are_disabled_with_nowhere_to_go ... ignored, needs Chromium
[INFO] [stdout] test app::tests::history::the_lists_and_the_screen_never_cover_the_address_bar ... ignored, needs Chromium
[INFO] [stdout] test app::tests::history::the_same_address_twice_is_one_visit_at_the_newest_time ... ignored, needs Chromium
[INFO] [stdout] test app::tests::keys::a_question_mark_typed_on_the_page_is_the_pages ... ignored, needs Chromium
[INFO] [stdout] test app::tests::keys::f1_opens_the_overview_over_the_page_and_esc_closes_it ... ignored, needs Chromium
[INFO] [stdout] test app::tests::plain::a_plain_terminal_shows_every_part_of_the_screen_in_ascii ... ignored, needs Chromium
[INFO] [stdout] test app::tests::reader::a_page_with_almost_no_text_says_so_and_its_button_brings_the_page_back ... ignored, needs Chromium
[INFO] [stdout] test app::tests::reader::a_reading_of_an_ascii_page_fits_a_terminal_of_forty_columns_in_ascii ... ignored, needs Chromium
[INFO] [stdout] test app::tests::reader::a_reading_shows_the_articles_own_words_and_leaves_its_furniture_out ... ignored, needs Chromium
[INFO] [stdout] test app::tests::reader::a_terminal_that_draws_no_picture_reads_the_page_from_its_own_button ... ignored, needs Chromium
[INFO] [stdout] test app::tests::reader::each_tab_keeps_its_own_reading_and_a_tab_that_goes_elsewhere_loses_it ... ignored, needs Chromium
[INFO] [stdout] test app::tests::reader::f9_and_the_toolbar_button_open_and_close_the_reading_and_esc_closes_it ... ignored, needs Chromium
[INFO] [stdout] test app::tests::reader::the_pages_own_scripts_never_hear_of_the_reading ... ignored, needs Chromium
[INFO] [stdout] test app::tests::select::a_click_on_a_list_that_shows_its_own_rows_goes_to_the_page ... ignored, needs Chromium
[INFO] [stdout] test app::tests::select::a_click_on_a_select_shows_its_options_in_qbrows_own_list ... ignored, needs Chromium
[INFO] [stdout] test app::tests::select::a_click_outside_closes_the_list_and_chooses_nothing ... ignored, needs Chromium
[INFO] [stdout] test app::tests::select::a_disabled_option_and_a_heading_are_not_chosen ... ignored, needs Chromium
[INFO] [stdout] test app::tests::select::a_double_click_elsewhere_still_reaches_the_page_as_one ... ignored, needs Chromium
[INFO] [stdout] test app::tests::select::choosing_an_option_with_a_click_sets_it_and_the_page_hears ... ignored, needs Chromium
[INFO] [stdout] test app::tests::select::esc_closes_the_list_and_the_value_stays ... ignored, needs Chromium
[INFO] [stdout] test app::tests::select::narrow_screens_and_ascii_keep_the_list_usable ... ignored, needs Chromium
[INFO] [stdout] test app::tests::select::the_keyboard_opens_the_list_of_a_focused_select_and_chooses_in_it ... ignored, needs Chromium
[INFO] [stdout] test app::tests::select::the_pages_own_scripts_cannot_see_the_question ... ignored, needs Chromium
[INFO] [stdout] test app::tests::settings::a_start_page_is_used_by_a_new_empty_tab ... ignored, needs Chromium
[INFO] [stdout] test app::tests::settings::a_start_page_that_cannot_be_used_says_so_in_its_row ... ignored, needs Chromium
[INFO] [stdout] test app::tests::settings::esc_and_the_gear_and_the_key_all_leave_the_screen_the_same_way ... ignored, needs Chromium
[INFO] [stdout] test app::tests::settings::the_search_engine_is_the_one_the_address_bar_uses ... ignored, needs Chromium
[INFO] [stdout] test app::tests::settings::the_tabs_and_the_toolbar_stay_while_the_settings_screen_is_open ... ignored, needs Chromium
[INFO] [stdout] test app::tests::states::a_crashed_tab_says_so_and_reload_brings_it_back ... ignored, needs Chromium
[INFO] [stdout] test app::tests::states::a_hangup_ends_chromium_too ... ignored, needs Chromium
[INFO] [stdout] test app::tests::states::a_second_qbrowser_on_the_same_profile_runs_on_a_temporary_one_and_says_so ... ignored, needs Chromium
[INFO] [stdout] test app::select::tests::alt_down_f4_and_space_open_the_list_and_plain_arrows_do_not ... ok
[INFO] [stdout] test app::tests::states::a_terminal_without_pictures_says_why_the_page_is_not_drawn ... ignored, needs Chromium
[INFO] [stdout] test app::tests::states::chromium_ending_on_its_own_is_said_and_restarting_brings_the_tabs_back ... ignored, needs Chromium
[INFO] [stdout] test app::tests::states::chromium_found_after_the_install_is_started ... ignored, needs Chromium
[INFO] [stdout] test app::install::tests::the_package_manager_found_installs_chromium_through_the_administrators_gate ... ok
[INFO] [stdout] test app::tests::states::quitting_ends_every_chromium_process ... ignored, needs Chromium
[INFO] [stdout] test app::history::tests::a_written_list_reads_back_the_same_and_a_broken_line_costs_only_itself ... ok
[INFO] [stdout] test app::tests::states::what_chromium_says_while_it_is_ended_leaves_the_last_screen_as_it_was ... ignored, needs Chromium
[INFO] [stdout] test app::tests::states::the_install_goes_through_the_administrators_gate_and_its_command_can_be_shown ... ok
[INFO] [stdout] test app::history::tests::today_and_yesterday_have_their_words_and_other_days_their_date ... ok
[INFO] [stdout] test app::tests::tabs::a_tab_closed_before_chromium_opened_it_does_not_come_back ... ignored, needs Chromium
[INFO] [stdout] test app::tests::tabs::a_target_blank_link_opens_a_tab_right_of_its_opener_and_shows_it ... ignored, needs Chromium
[INFO] [stdout] test app::tests::tabs::closing_the_last_tab_leaves_an_empty_one_with_the_keyboard_in_the_address_bar ... ignored, needs Chromium
[INFO] [stdout] test app::tests::tabs::plus_opens_an_empty_tab_and_what_is_typed_next_goes_into_its_address ... ignored, needs Chromium
[INFO] [stdout] test app::tests::tabs::the_close_mark_of_a_tab_closes_it_in_chromium_too ... ignored, needs Chromium
[INFO] [stdout] test app::tests::tabs::the_keys_open_close_and_change_tabs ... ignored, needs Chromium
[INFO] [stdout] test app::tests::tabs::the_strip_is_one_row_above_the_toolbar_and_a_lone_tab_does_not_stretch_across_it ... ignored, needs Chromium
[INFO] [stdout] test app::tests::tabs::the_tabs_open_at_quitting_come_back_at_the_next_start ... ignored, needs Chromium
[INFO] [stdout] test app::tests::zoom::ctrl_minus_as_most_terminals_send_it_zooms_out ... ignored, needs Chromium
[INFO] [stdout] test app::tests::zoom::the_engine_clamps_and_rounds_the_way_it_says_it_does ... ok
[INFO] [stdout] test app::tests::zoom::the_keys_work_from_the_page_and_from_the_toolbar ... ignored, needs Chromium
[INFO] [stdout] test app::tests::zoom::the_level_is_the_tabs_own ... ignored, needs Chromium
[INFO] [stdout] test app::tests::zoom::the_level_is_visible_without_being_asked_for ... ignored, needs Chromium
[INFO] [stdout] test app::tests::zoom::the_level_survives_a_resize_of_the_terminal ... ignored, needs Chromium
[INFO] [stdout] test app::tests::zoom::the_picture_is_the_same_size_at_every_zoom ... ignored, needs Chromium
[INFO] [stdout] test app::tests::zoom::zooming_in_makes_the_writing_bigger_and_the_layout_reflows ... ignored, needs Chromium
[INFO] [stdout] test app::tests::zoom::zooming_out_and_reset_walk_the_ladder_and_stop_at_its_ends ... ignored, needs Chromium
[INFO] [stdout] test app::zoom::tests::the_ladder_is_walked_from_both_ends_and_stops_at_them ... ok
[INFO] [stdout] test app::tests::keys::without_chromium_f1_still_shows_the_keys ... ok
[INFO] [stdout] test app::tests::states::a_newer_version_is_asked_for_once_at_start ... ok
[INFO] [stdout] test bookmarks::tests::an_address_is_kept_once_and_only_a_real_address_is_kept ... ok
[INFO] [stdout] test bookmarks::tests::broken_lines_and_repeats_are_skipped_and_the_rest_kept_in_order ... ok
[INFO] [stdout] test bookmarks::tests::suggestions_hold_the_typed_text_in_the_name_or_the_address_at_most_eight ... ok
[INFO] [stdout] test cli::tests::a_file_on_this_machine_opens_as_a_file_address ... ok
[INFO] [stdout] test bookmarks::tests::a_written_list_reads_back_the_same_with_names_made_to_fit_their_line ... ok
[INFO] [stdout] test app::tests::states::on_a_system_qbrowser_cannot_install_on_it_explains_the_way_by_hand ... ok
[INFO] [stdout] test cli::tests::an_address_opens_as_the_address_bar_would_and_nothing_opens_an_empty_tab ... ok
[INFO] [stdout] test cli::tests::options_are_read_and_the_unknown_is_named ... ok
[INFO] [stdout] test engine::cdp::tests::a_call_is_one_json_text_ended_by_a_nul_and_numbered_in_turn ... ok
[INFO] [stdout] test cli::tests::the_profile_folder_is_read_from_where_qbrow_started ... ok
[INFO] [stdout] test engine::cdp::tests::messages_are_read_up_to_each_nul_and_the_end_is_said ... ok
[INFO] [stdout] test engine::find::tests::a_file_that_cannot_run_is_not_found_and_neither_is_an_empty_path ... ok
[INFO] [stdout] test engine::history::tests::an_empty_step_becomes_the_list_the_history_reading_gives ... ok
[INFO] [stdout] test engine::find::tests::an_explicit_file_wins_over_the_search_path ... ok
[INFO] [stdout] test app::tests::states::a_terminal_too_small_says_so ... ok
[INFO] [stdout] test engine::input::tests::a_press_holds_its_button_and_a_release_holds_none ... ok
[INFO] [stdout] test engine::input::tests::a_typing_key_goes_down_with_its_text_and_an_acting_key_goes_down_raw ... ok
[INFO] [stdout] test engine::input::tests::modifiers_are_the_protocols_bits ... ok
[INFO] [stdout] test engine::find::tests::a_missing_explicit_path_falls_back_to_the_search_path_in_name_order ... ok
[INFO] [stdout] test engine::process::tests::chromium_starts_headless_away_from_the_desktop_and_without_a_port ... ok
[INFO] [stdout] test engine::process::tests::the_tail_keeps_the_last_lines_and_skips_the_bus_complaints ... ok
[INFO] [stdout] test engine::history::tests::every_step_is_read_with_its_own_number_and_the_tab_is_at_the_one_chromium_says ... ok
[INFO] [stdout] test engine::input::tests::a_drag_holds_its_button_and_the_wheel_carries_its_deltas ... ok
[INFO] [stdout] test engine::procfs::tests::a_signal_reaches_a_single_process ... ok
[INFO] [stdout] test engine::procfs::tests::a_reaped_process_has_exited_and_a_zombie_counts_as_exited ... ok
[INFO] [stdout] test engine::procfs::tests::this_process_runs_in_its_own_group_with_its_own_arguments ... ok
[INFO] [stdout] test engine::profile::tests::the_first_claim_is_persistent_and_a_second_one_is_temporary_until_released ... ok
[INFO] [stdout] test app::tests::states::without_chromium_the_screen_says_so_and_installs_only_when_asked ... ok
[INFO] [stdout] test engine::profile::tests::a_recorded_process_that_does_not_run_on_the_profile_is_left_alone ... ok
[INFO] [stdout] test engine::tests::browsing::a_crashed_tab_is_reported_and_comes_back_when_loaded_again ... ignored, needs Chromium
[INFO] [stdout] test engine::tests::browsing::a_picture_limit_shrinks_the_frames_but_not_the_page_and_can_be_lifted ... ignored, needs Chromium
[INFO] [stdout] test engine::tests::browsing::a_shown_tab_sends_frames_the_size_of_its_viewport ... ignored, needs Chromium
[INFO] [stdout] test engine::tests::browsing::a_target_blank_link_opens_a_tab_with_its_opener ... ignored, needs Chromium
[INFO] [stdout] test engine::tests::browsing::a_test_chromium_never_reaches_a_real_site ... ignored, needs Chromium
[INFO] [stdout] test engine::tests::browsing::a_window_the_page_opens_is_a_tab_and_closing_itself_closes_it ... ignored, needs Chromium
[INFO] [stdout] test engine::tests::browsing::back_and_forward_walk_the_history_and_say_where_they_can_go ... ignored, needs Chromium
[INFO] [stdout] test engine::tests::browsing::clicking_a_link_where_it_is_drawn_follows_it ... ignored, needs Chromium
[INFO] [stdout] test engine::tests::browsing::keys_pressed_after_clicking_a_field_land_in_it ... ignored, needs Chromium
[INFO] [stdout] test engine::tests::browsing::loading_titles_and_closing_are_reported ... ignored, needs Chromium
[INFO] [stdout] test engine::tests::browsing::the_wheel_scrolls_the_page_down ... ignored, needs Chromium
[INFO] [stdout] test engine::tests::fixture::chromium_is_missing_so_the_tests_that_drive_it_did_not_run ... ignored, no Chromium at QBROW_TEST_CHROMIUM (default /usr/bin/chromium): every test that drives a real Chromium is ignored
[INFO] [stdout] test engine::tests::fixture::every_test_that_runs_chromium_is_ignored_without_it ... FAILED
[INFO] [stdout] test engine::tests::lifecycle::a_chromium_that_ignores_being_closed_is_killed_with_its_helpers ... ignored, needs Chromium
[INFO] [stdout] test engine::tests::lifecycle::a_second_engine_on_the_same_profile_runs_on_a_temporary_one_that_is_removed ... ignored, needs Chromium
[INFO] [stdout] test engine::tests::lifecycle::after_shutdown_no_process_runs_on_the_profile ... ignored, needs Chromium
[INFO] [stdout] test engine::tests::lifecycle::an_orphan_chromium_left_on_the_profile_is_ended_by_the_next_start ... ignored, needs Chromium
[INFO] [stdout] test engine::tests::lifecycle::chromium_ending_on_its_own_is_reported_as_gone ... ignored, needs Chromium
[INFO] [stdout] test engine::tests::lifecycle::chromium_starts_with_no_way_to_reach_the_desk ... ignored, needs Chromium
[INFO] [stdout] test engine::tests::lifecycle::no_chromium_process_listens_on_a_port_anyone_on_the_machine_could_reach ... ignored, needs Chromium
[INFO] [stdout] test engine::tests::helpers::no_process_starts_a_helper_program ... FAILED
[INFO] [stdout] test engine::tests::selection::an_expression_that_throws_answers_with_its_reason ... ignored, needs Chromium
[INFO] [stdout] test engine::tests::selection::the_engine_reports_the_selection_and_forgets_it_when_the_tab_goes ... ignored, needs Chromium
[INFO] [stdout] test keys::tests::a_held_key_repeats_and_a_release_is_not_sent ... ok
[INFO] [stdout] test engine::process::tests::a_program_that_is_not_chromium_fails_with_its_last_words ... ok
[INFO] [stdout] test engine::tests::lifecycle::without_chromium_starting_says_not_found ... ok
[INFO] [stdout] test keys::tests::a_shifted_character_is_shift_on_its_us_key_and_a_letter_beyond_ascii_has_no_key ... ok
[INFO] [stdout] test keys::tests::enter_types_a_return_so_forms_submit ... ok
[INFO] [stdout] test engine::profile::tests::the_recorded_id_is_written_and_forgotten_on_release ... ok
[INFO] [stdout] test keys::tests::keys_that_act_go_down_raw_with_their_codes ... ok
[INFO] [stdout] test keys::tests::a_letter_types_itself_on_its_physical_key ... ok
[INFO] [stdout] test keys::tests::with_ctrl_or_alt_a_key_is_a_shortcut_that_types_nothing ... ok
[INFO] [stdout] test app::tests::settings::the_screen_is_readable_at_40_columns_and_in_ascii ... ok
[INFO] [stdout] test locales::tests::every_plural_has_exactly_the_forms_its_language_uses ... ok
[INFO] [stdout] test locales::tests::every_language_is_written_in_its_own_words ... ok
[INFO] [stdout] test engine::procfs::tests::a_signal_reaches_a_process_group_and_later_a_helper ... ok
[INFO] [stdout] test locales::tests::every_language_carries_every_english_key_and_nothing_else ... ok
[INFO] [stdout] test locales::tests::every_translation_keeps_the_english_placeholders ... ok
[INFO] [stdout] test app::tests::settings::a_broken_browser_conf_does_not_crash_the_screen ... ok
[INFO] [stdout] test app::history::tests::only_the_newest_visits_are_kept_past_the_most ... ok
[INFO] [stdout] test locales::tests::every_key_of_qbrowser_has_a_hint_label ... ok
[INFO] [stdout] test bookmarks::tests::two_windows_that_each_keep_a_page_keep_both ... ok
[INFO] [stdout] test app::tests::settings::the_shared_look_rows_are_the_frames ... ok
[INFO] [stdout] test app::tests::settings::changing_the_theme_through_these_rows_changes_the_screen ... ok
[INFO] [stdout] test app::tests::settings::another_application_changing_the_shared_look_is_seen_while_the_screen_is_open ... ok
[INFO] [stdout] test locales::tests::the_command_line_speaks_every_language_before_the_runtime_starts ... ok
[INFO] [stdout] test page_view::tests::a_click_on_the_header_or_the_side_bar_is_not_the_pages ... ok
[INFO] [stdout] test app::tests::states::with_the_quvyta_wide_switch_off_nothing_is_asked ... ok
[INFO] [stdout] test page_view::tests::a_drag_that_leaves_the_page_stays_on_its_edge ... ok
[INFO] [stdout] test locales::tests::every_file_loads_cleanly_and_names_its_language ... ok
[INFO] [stdout] test page_view::tests::keys_that_arrive_together_all_reach_the_page ... ok
[INFO] [stdout] test page_view::tests::a_second_press_on_the_same_cell_soon_after_is_a_double_click ... ok
[INFO] [stdout] test page_view::tests::a_third_press_is_a_triple_click_and_a_fourth_starts_over ... ok
[INFO] [stdout] test app::tests::settings::the_update_notice_switch_is_the_ecosystems_own ... ok
[INFO] [stdout] test page_view::tests::qbrowsers_own_keys_are_not_taken_by_the_page ... ok
[INFO] [stdout] test page_view::tests::the_page_is_its_picture_and_the_ground_before_there_is_one ... ok
[INFO] [stdout] test page_view::tests::a_paste_and_the_paste_key_reach_the_page_as_text ... ok
[INFO] [stdout] test locales::tests::the_framework_speaks_every_language_the_application_does ... ok
[INFO] [stdout] test page_view::tests::keys_the_page_uses_as_shortcuts_reach_it_without_text ... ok
[INFO] [stdout] test page_view::tests::a_click_reaches_the_page_at_its_own_cell_and_gives_it_focus ... ok
[INFO] [stdout] test page_view::tests::typing_reaches_the_page_with_its_text_and_tab_stays_there ... ok
[INFO] [stdout] test page_view::tests::other_buttons_drags_moves_and_the_wheel_reach_the_page ... ok
[INFO] [stdout] qbrow 0.2.1
[INFO] [stdout] qbrow 0.2.1: a real web browser in the terminal
[INFO] [stdout] 
[INFO] [stdout] Usage: qbrow [ADDRESS]
[INFO] [stdout] 
[INFO] [stdout]   ADDRESS            a web address, a file on this computer, or words to search for with
[INFO] [stdout]                      DuckDuckGo. Without one qbrow opens an empty tab.
[INFO] [stdout]   --profile FOLDER   keep cookies and sign-ins in FOLDER instead of the usual place
[INFO] [stdout]   --version          print the version
[INFO] [stdout]   --help             print this help
[INFO] [stdout] 
[INFO] [stdout] qbrow draws pages with Chromium or Chrome, found on PATH or at QBROW_CHROMIUM.
[INFO] [stdout] Once a day at start qbrow asks crates.io whether a newer version is out; turn it off in the settings.
[INFO] [stdout] test tests::an_unknown_option_or_a_missing_profile_folder_exits_with_2_and_the_rest_with_0 ... ok
[INFO] [stdout] test app::tests::settings::turning_the_update_notice_off_stops_the_question ... ok
[INFO] [stdout] test app::tests::settings::a_default_is_not_written_to_the_file ... ok
[INFO] [stdout] 
[INFO] [stdout] failures:
[INFO] [stdout] 
[INFO] [stdout] ---- engine::tests::fixture::every_test_that_runs_chromium_is_ignored_without_it stdout ----
[INFO] [stdout] 
[INFO] [stdout] thread 'engine::tests::fixture::every_test_that_runs_chromium_is_ignored_without_it' (2710) panicked at src/engine/tests/fixture.rs:535:48:
[INFO] [stdout] called `Result::unwrap()` on an `Err` value: Os { code: 2, kind: NotFound, message: "No such file or directory" }
[INFO] [stdout] stack backtrace:
[INFO] [stdout]    0:     0x62aa268e15e1 - <<std[617be2ca0a6fd877]::sys::backtrace::BacktraceLock>::print::DisplayBacktrace as core[a373ad73a504971]::fmt::Display>::fmt
[INFO] [stdout]    1:     0x62aa268fa98a - core[a373ad73a504971]::fmt::write
[INFO] [stdout]    2:     0x62aa268e662c - <alloc[2e1b2a31b91974c5]::vec::Vec<u8> as core[a373ad73a504971]::io::write::Write>::write_fmt
[INFO] [stdout]    3:     0x62aa268b6e56 - std[617be2ca0a6fd877]::panicking::default_hook::{closure#0}
[INFO] [stdout]    4:     0x62aa268d6e79 - std[617be2ca0a6fd877]::panicking::default_hook
[INFO] [stdout]    5:     0x62aa26563990 - test[aada8e7e76ba119b]::test_main_inner::{closure#0}
[INFO] [stdout]    6:     0x62aa268d7032 - std[617be2ca0a6fd877]::panicking::panic_with_hook
[INFO] [stdout]    7:     0x62aa268b6f02 - std[617be2ca0a6fd877]::panicking::panic_handler::{closure#0}
[INFO] [stdout]    8:     0x62aa268af759 - std[617be2ca0a6fd877]::sys::backtrace::__rust_end_short_backtrace::<std[617be2ca0a6fd877]::panicking::panic_handler::{closure#0}, !>
[INFO] [stdout]    9:     0x62aa268b7f9d - __rustc[ea4f61d10b84890b]::rust_begin_unwind
[INFO] [stdout]   10:     0x62aa268fb12c - core[a373ad73a504971]::panicking::panic_fmt
[INFO] [stdout]   11:     0x62aa268faf02 - core[a373ad73a504971]::result::unwrap_failed
[INFO] [stdout]   12:     0x62aa26507270 - qbrowser[5cb7eb4fed8ea29d]::engine::tests::fixture::every_test_that_runs_chromium_is_ignored_without_it::visit
[INFO] [stdout]   13:     0x62aa26510bb3 - <qbrowser[5cb7eb4fed8ea29d]::engine::tests::fixture::every_test_that_runs_chromium_is_ignored_without_it::{closure#0} as core[a373ad73a504971]::ops::function::FnOnce<()>>::call_once
[INFO] [stdout]   14:     0x62aa26556ddb - test[aada8e7e76ba119b]::__rust_begin_short_backtrace::<core[a373ad73a504971]::result::Result<(), alloc[2e1b2a31b91974c5]::string::String>, fn() -> core[a373ad73a504971]::result::Result<(), alloc[2e1b2a31b91974c5]::string::String>>
[INFO] [stdout]   15:     0x62aa26563fb5 - test[aada8e7e76ba119b]::run_test::{closure#0}
[INFO] [stdout]   16:     0x62aa2655d8a4 - std[617be2ca0a6fd877]::sys::backtrace::__rust_begin_short_backtrace::<test[aada8e7e76ba119b]::run_test::{closure#1}, ()>
[INFO] [stdout]   17:     0x62aa26567042 - <std[617be2ca0a6fd877]::thread::lifecycle::spawn_unchecked<test[aada8e7e76ba119b]::run_test::{closure#1}, ()>::{closure#1} as core[a373ad73a504971]::ops::function::FnOnce<()>>::call_once::{shim:vtable#0}
[INFO] [stdout]   18:     0x62aa268dfdbf - <std[617be2ca0a6fd877]::sys::thread::unix::Thread>::new::thread_start
[INFO] [stdout]   19:     0x77ad3a61ddfa - <unknown>
[INFO] [stdout]   20:     0x77ad3a6b13d4 - clone
[INFO] [stdout]   21:                0x0 - <unknown>
[INFO] [stdout] 
[INFO] [stdout] ---- engine::tests::helpers::no_process_starts_a_helper_program stdout ----
[INFO] [stdout] 
[INFO] [stdout] thread 'engine::tests::helpers::no_process_starts_a_helper_program' (2711) panicked at src/engine/tests/helpers.rs:36:48:
[INFO] [stdout] called `Result::unwrap()` on an `Err` value: Os { code: 2, kind: NotFound, message: "No such file or directory" }
[INFO] [stdout] stack backtrace:
[INFO] [stdout]    0:     0x62aa268e15e1 - <<std[617be2ca0a6fd877]::sys::backtrace::BacktraceLock>::print::DisplayBacktrace as core[a373ad73a504971]::fmt::Display>::fmt
[INFO] [stdout]    1:     0x62aa268fa98a - core[a373ad73a504971]::fmt::write
[INFO] [stdout]    2:     0x62aa268e662c - <alloc[2e1b2a31b91974c5]::vec::Vec<u8> as core[a373ad73a504971]::io::write::Write>::write_fmt
[INFO] [stdout]    3:     0x62aa268b6e56 - std[617be2ca0a6fd877]::panicking::default_hook::{closure#0}
[INFO] [stdout]    4:     0x62aa268d6e79 - std[617be2ca0a6fd877]::panicking::default_hook
[INFO] [stdout]    5:     0x62aa26563990 - test[aada8e7e76ba119b]::test_main_inner::{closure#0}
[INFO] [stdout]    6:     0x62aa268d7032 - std[617be2ca0a6fd877]::panicking::panic_with_hook
[INFO] [stdout]    7:     0x62aa268b6f02 - std[617be2ca0a6fd877]::panicking::panic_handler::{closure#0}
[INFO] [stdout]    8:     0x62aa268af759 - std[617be2ca0a6fd877]::sys::backtrace::__rust_end_short_backtrace::<std[617be2ca0a6fd877]::panicking::panic_handler::{closure#0}, !>
[INFO] [stdout]    9:     0x62aa268b7f9d - __rustc[ea4f61d10b84890b]::rust_begin_unwind
[INFO] [stdout]   10:     0x62aa268fb12c - core[a373ad73a504971]::panicking::panic_fmt
[INFO] [stdout]   11:     0x62aa268faf02 - core[a373ad73a504971]::result::unwrap_failed
[INFO] [stdout]   12:     0x62aa2645b500 - qbrowser[5cb7eb4fed8ea29d]::engine::tests::helpers::no_process_starts_a_helper_program::visit
[INFO] [stdout]   13:     0x62aa26460722 - <qbrowser[5cb7eb4fed8ea29d]::engine::tests::helpers::no_process_starts_a_helper_program::{closure#0} as core[a373ad73a504971]::ops::function::FnOnce<()>>::call_once
[INFO] [stdout]   14:     0x62aa26556ddb - test[aada8e7e76ba119b]::__rust_begin_short_backtrace::<core[a373ad73a504971]::result::Result<(), alloc[2e1b2a31b91974c5]::string::String>, fn() -> core[a373ad73a504971]::result::Result<(), alloc[2e1b2a31b91974c5]::string::String>>
[INFO] [stdout]   15:     0x62aa26563fb5 - test[aada8e7e76ba119b]::run_test::{closure#0}
[INFO] [stdout]   16:     0x62aa2655d8a4 - std[617be2ca0a6fd877]::sys::backtrace::__rust_begin_short_backtrace::<test[aada8e7e76ba119b]::run_test::{closure#1}, ()>
[INFO] [stdout]   17:     0x62aa26567042 - <std[617be2ca0a6fd877]::thread::lifecycle::spawn_unchecked<test[aada8e7e76ba119b]::run_test::{closure#1}, ()>::{closure#1} as core[a373ad73a504971]::ops::function::FnOnce<()>>::call_once::{shim:vtable#0}
[INFO] [stdout]   18:     0x62aa268dfdbf - <std[617be2ca0a6fd877]::sys::thread::unix::Thread>::new::thread_start
[INFO] [stdout]   19:     0x77ad3a61ddfa - <unknown>
[INFO] [stdout]   20:     0x77ad3a6b13d4 - clone
[INFO] [stdout]   21:                0x0 - <unknown>
[INFO] [stdout] 
[INFO] [stdout] 
[INFO] [stdout] failures:
[INFO] [stdout]     engine::tests::fixture::every_test_that_runs_chromium_is_ignored_without_it
[INFO] [stdout]     engine::tests::helpers::no_process_starts_a_helper_program
[INFO] [stdout] 
[INFO] [stdout] test result: FAILED. 102 passed; 2 failed; 131 ignored; 0 measured; 0 filtered out; finished in 1.01s
[INFO] [stdout] 
[INFO] [stderr] error: test failed, to rerun pass `--lib`
[INFO] running `Command { std: "docker" "inspect" "37c9f98f69e7f8c13a6623a3e956f91b9ba951c920b387338698f9a83090cff8", kill_on_drop: false }`
[INFO] running `Command { std: "docker" "rm" "-f" "37c9f98f69e7f8c13a6623a3e956f91b9ba951c920b387338698f9a83090cff8", kill_on_drop: false }`
[INFO] [stdout] 37c9f98f69e7f8c13a6623a3e956f91b9ba951c920b387338698f9a83090cff8
