[INFO] fetching crate quote-impersonated 0.1.0...
[INFO] testing quote-impersonated-0.1.0 against 1.99.0-beta.8+cargoflags=--release for beta-release-1.100-2
[INFO] extracting crate quote-impersonated 0.1.0 into /workspace/builds/worker-6-tc1/source
[INFO] started tweaking crates.io crate quote-impersonated 0.1.0
[INFO] finished tweaking crates.io crate quote-impersonated 0.1.0
[INFO] tweaked toml for crates.io crate quote-impersonated 0.1.0 written to /workspace/builds/worker-6-tc1/source/Cargo.toml
[INFO] validating manifest of crates.io crate quote-impersonated 0.1.0 on toolchain 1.99.0-beta.8
[INFO] running `Command { std: CARGO_HOME="/workspace/cargo-home" RUSTUP_HOME="/workspace/rustup-home" "/workspace/cargo-home/bin/cargo" "+1.99.0-beta.8" "metadata" "--manifest-path" "Cargo.toml" "--no-deps", kill_on_drop: false }`
[INFO] running `Command { std: CARGO_HOME="/workspace/cargo-home" RUSTUP_HOME="/workspace/rustup-home" "/workspace/cargo-home/bin/cargo" "+1.99.0-beta.8" "generate-lockfile" "--manifest-path" "Cargo.toml", kill_on_drop: false }`
[INFO] [stderr]     Updating crates.io index
[INFO] [stderr]      Locking 31 packages to highest compatible versions
[INFO] running `Command { std: CARGO_HOME="/workspace/cargo-home" RUSTUP_HOME="/workspace/rustup-home" "/workspace/cargo-home/bin/cargo" "+1.99.0-beta.8" "fetch" "--manifest-path" "Cargo.toml", kill_on_drop: false }`
[INFO] [stderr]  Downloading crates ...
[INFO] [stderr]   Downloaded dissimilar v1.0.11
[INFO] [stderr]   Downloaded trybuild v1.0.122
[INFO] [stderr]   Downloaded proc-macro2-impersonated v0.1.1
[INFO] [stderr]   Downloaded target-tuple v1.0.2
[INFO] running `Command { std: "docker" "create" "-v" "/var/lib/crater-agent-workspace/builds/worker-6-tc1/source:/opt/rustwide/workdir:ro,Z" "-v" "/var/lib/crater-agent-workspace/builds/worker-6-tc1/target:/opt/rustwide/target:rw,Z" "-v" "/var/lib/crater-agent-workspace/cargo-home:/opt/rustwide/cargo-home:ro,Z" "-v" "/var/lib/crater-agent-workspace/rustup-home:/opt/rustwide/rustup-home:ro,Z" "-m" "1610612736" "--network" "none" "ghcr.io/rust-lang/crates-build-env/linux@sha256:77db811e55d90add9212f6832c23229e3de5f1c1f9905e8cb07319ea15df73ac" "sleep" "infinity", kill_on_drop: false }`
[INFO] [stdout] fb4df5f953ee9d95b58315de6d7f32f0a6b88d2ec7e75ddd8586d8f8446b5e93
[INFO] running `Command { std: "docker" "start" "fb4df5f953ee9d95b58315de6d7f32f0a6b88d2ec7e75ddd8586d8f8446b5e93", kill_on_drop: false }`
[INFO] running `Command { std: "docker" "inspect" "fb4df5f953ee9d95b58315de6d7f32f0a6b88d2ec7e75ddd8586d8f8446b5e93", kill_on_drop: false }`
[INFO] running `Command { std: "docker" "exec" "-e" "SOURCE_DIR=/opt/rustwide/workdir" "-e" "CARGO_HOME=/opt/rustwide/cargo-home" "-e" "RUSTUP_HOME=/opt/rustwide/rustup-home" "-e" "CARGO_TARGET_DIR=/opt/rustwide/target" "-w" "/opt/rustwide/workdir" "--user" "0:0" "fb4df5f953ee9d95b58315de6d7f32f0a6b88d2ec7e75ddd8586d8f8446b5e93" "/opt/rustwide/cargo-home/bin/cargo" "+1.99.0-beta.8" "metadata" "--no-deps" "--format-version=1", kill_on_drop: false }`
[INFO] running `Command { std: "docker" "inspect" "fb4df5f953ee9d95b58315de6d7f32f0a6b88d2ec7e75ddd8586d8f8446b5e93", kill_on_drop: false }`
[INFO] running `Command { std: "docker" "exec" "-e" "SOURCE_DIR=/opt/rustwide/workdir" "-e" "CARGO_HOME=/opt/rustwide/cargo-home" "-e" "RUSTUP_HOME=/opt/rustwide/rustup-home" "-e" "CARGO_TARGET_DIR=/opt/rustwide/target" "-e" "CARGO_INCREMENTAL=0" "-e" "RUST_BACKTRACE=full" "-e" "RUSTFLAGS=--cap-lints=warn" "-e" "RUSTDOCFLAGS=--cap-lints=warn" "-w" "/opt/rustwide/workdir" "--user" "0:0" "fb4df5f953ee9d95b58315de6d7f32f0a6b88d2ec7e75ddd8586d8f8446b5e93" "/opt/rustwide/cargo-home/bin/cargo" "+1.99.0-beta.8" "build" "--frozen" "--message-format=json" "--release", kill_on_drop: false }`
[INFO] [stderr]    Compiling proc-macro2-impersonated v0.1.1
[INFO] [stderr]    Compiling unicode-xid v0.2.6
[INFO] [stderr]    Compiling quote-impersonated v0.1.0 (/opt/rustwide/workdir)
[INFO] [stderr]     Finished `release` profile [optimized] target(s) in 2.20s
[INFO] running `Command { std: "docker" "inspect" "fb4df5f953ee9d95b58315de6d7f32f0a6b88d2ec7e75ddd8586d8f8446b5e93", kill_on_drop: false }`
[INFO] running `Command { std: "docker" "exec" "-e" "SOURCE_DIR=/opt/rustwide/workdir" "-e" "CARGO_HOME=/opt/rustwide/cargo-home" "-e" "RUSTUP_HOME=/opt/rustwide/rustup-home" "-e" "CARGO_TARGET_DIR=/opt/rustwide/target" "-e" "CARGO_INCREMENTAL=0" "-e" "RUST_BACKTRACE=full" "-e" "RUSTFLAGS=--cap-lints=warn" "-e" "RUSTDOCFLAGS=--cap-lints=warn" "-w" "/opt/rustwide/workdir" "--user" "0:0" "fb4df5f953ee9d95b58315de6d7f32f0a6b88d2ec7e75ddd8586d8f8446b5e93" "/opt/rustwide/cargo-home/bin/cargo" "+1.99.0-beta.8" "test" "--frozen" "--no-run" "--message-format=json" "--release", kill_on_drop: false }`
[INFO] [stderr]    Compiling winnow v1.0.4
[INFO] [stderr]    Compiling serde_json v1.0.154
[INFO] [stderr]    Compiling target-tuple v1.0.2
[INFO] [stderr]    Compiling toml_datetime v1.1.2+spec-1.1.0
[INFO] [stderr]    Compiling serde_spanned v1.1.2
[INFO] [stderr]    Compiling toml_writer v1.1.3+spec-1.1.0
[INFO] [stderr]    Compiling glob v0.3.4
[INFO] [stderr]    Compiling dissimilar v1.0.11
[INFO] [stderr]    Compiling termcolor v1.4.1
[INFO] [stderr]    Compiling serde v1.0.229
[INFO] [stderr]    Compiling toml_parser v1.1.5+spec-1.1.0
[INFO] [stderr]    Compiling toml v1.1.8+spec-1.1.0
[INFO] [stderr]    Compiling trybuild v1.0.122
[INFO] [stderr]    Compiling quote-impersonated v0.1.0 (/opt/rustwide/workdir)
[INFO] [stdout] warning: unexpected `cfg` condition value: `cargo-clippy`
[INFO] [stdout]  --> tests/test.rs:1:13
[INFO] [stdout]   |
[INFO] [stdout] 1 | #![cfg_attr(feature = "cargo-clippy", allow(blacklisted_name))]
[INFO] [stdout]   |             ^^^^^^^^^^^^^^^^^^^^^^^^
[INFO] [stdout]   |
[INFO] [stdout]   = note: expected values for `feature` are: `default` and `proc-macro`
[INFO] [stdout]   = help: consider adding `cargo-clippy` as a feature in `Cargo.toml`
[INFO] [stdout]   = note: see <https://doc.rust-lang.org/nightly/rustc/check-cfg/cargo-specifics.html> for more information about checking conditional configuration
[INFO] [stdout]   = note: `#[warn(unexpected_cfgs)]` on by default
[INFO] [stdout] 
[INFO] [stdout] 
[INFO] [stderr]     Finished `release` profile [optimized] target(s) in 17.59s
[INFO] running `Command { std: "docker" "inspect" "fb4df5f953ee9d95b58315de6d7f32f0a6b88d2ec7e75ddd8586d8f8446b5e93", kill_on_drop: false }`
[INFO] running `Command { std: "docker" "exec" "-e" "SOURCE_DIR=/opt/rustwide/workdir" "-e" "CARGO_HOME=/opt/rustwide/cargo-home" "-e" "RUSTUP_HOME=/opt/rustwide/rustup-home" "-e" "CARGO_TARGET_DIR=/opt/rustwide/target" "-e" "CARGO_INCREMENTAL=0" "-e" "RUST_BACKTRACE=full" "-e" "RUSTFLAGS=--cap-lints=warn" "-e" "RUSTDOCFLAGS=--cap-lints=warn" "-w" "/opt/rustwide/workdir" "--user" "0:0" "fb4df5f953ee9d95b58315de6d7f32f0a6b88d2ec7e75ddd8586d8f8446b5e93" "/opt/rustwide/cargo-home/bin/cargo" "+1.99.0-beta.8" "test" "--frozen" "--release", kill_on_drop: false }`
[INFO] [stderr] warning: unexpected `cfg` condition value: `cargo-clippy`
[INFO] [stderr]  --> tests/test.rs:1:13
[INFO] [stderr]   |
[INFO] [stderr] 1 | #![cfg_attr(feature = "cargo-clippy", allow(blacklisted_name))]
[INFO] [stderr]   |             ^^^^^^^^^^^^^^^^^^^^^^^^
[INFO] [stderr]   |
[INFO] [stderr]   = note: expected values for `feature` are: `default` and `proc-macro`
[INFO] [stderr]   = help: consider adding `cargo-clippy` as a feature in `Cargo.toml`
[INFO] [stderr]   = note: see <https://doc.rust-lang.org/nightly/rustc/check-cfg/cargo-specifics.html> for more information about checking conditional configuration
[INFO] [stderr]   = note: `#[warn(unexpected_cfgs)]` on by default
[INFO] [stderr] 
[INFO] [stderr] warning: `quote-impersonated` (test "test") generated 1 warning
[INFO] [stderr]     Finished `release` profile [optimized] target(s) in 0.05s
[INFO] [stderr]      Running unittests src/lib.rs (/opt/rustwide/target/release/deps/quote_impersonated-1f77ea87b6b68c93)
[INFO] [stderr]      Running tests/compiletest.rs (/opt/rustwide/target/release/deps/compiletest-6afe1e84e77e3e22)
[INFO] [stdout] 
[INFO] [stdout] running 0 tests
[INFO] [stdout] 
[INFO] [stdout] test result: ok. 0 passed; 0 failed; 0 ignored; 0 measured; 0 filtered out; finished in 0.00s
[INFO] [stdout] 
[INFO] [stdout] 
[INFO] [stderr]      Running tests/test.rs (/opt/rustwide/target/release/deps/test-953c7601e519f243)
[INFO] [stdout] running 1 test
[INFO] [stdout] test ui ... ignored
[INFO] [stdout] 
[INFO] [stdout] test result: ok. 0 passed; 0 failed; 1 ignored; 0 measured; 0 filtered out; finished in 0.00s
[INFO] [stdout] 
[INFO] [stdout] 
[INFO] [stdout] running 33 tests
[INFO] [stdout] test test_append_tokens ... ok
[INFO] [stdout] test test_advanced ... ok
[INFO] [stdout] test test_btreeset_repetition ... ok
[INFO] [stdout] test test_cow ... ok
[INFO] [stdout] test test_duplicate ... ok
[INFO] [stdout] test test_char ... FAILED
[INFO] [stdout] test test_closure ... ok
[INFO] [stdout] test test_box_str ... ok
[INFO] [stdout] test test_inner_attr ... ok
[INFO] [stdout] test test_duplicate_name_repetition ... ok
[INFO] [stdout] test test_fancy_repetition ... ok
[INFO] [stdout] test test_duplicate_name_repetition_no_copy ... ok
[INFO] [stdout] test test_outer_attr ... ok
[INFO] [stdout] test test_outer_block_comment ... ok
[INFO] [stdout] test test_nonrep_in_repetition ... ok
[INFO] [stdout] test test_iter ... ok
[INFO] [stdout] test test_inner_line_comment ... ok
[INFO] [stdout] test test_integer ... ok
[INFO] [stdout] test test_outer_line_comment ... ok
[INFO] [stdout] test test_quote_impl ... ok
[INFO] [stdout] test test_quote_raw_id ... ok
[INFO] [stdout] test test_string ... FAILED
[INFO] [stdout] test test_str ... FAILED
[INFO] [stdout] test test_substitution ... ok
[INFO] [stdout] test test_star_after_repetition ... ok
[INFO] [stdout] test test_variable_name_conflict ... ok
[INFO] [stdout] test test_format_ident_strip_raw ... ok
[INFO] [stdout] test test_floating ... ok
[INFO] [stdout] test test_ident ... ok
[INFO] [stdout] test test_inner_block_comment ... ok
[INFO] [stdout] test test_format_ident ... ok
[INFO] [stdout] test test_nested_fancy_repetition ... ok
[INFO] [stdout] test test_empty_quote ... ok
[INFO] [stdout] 
[INFO] [stdout] failures:
[INFO] [stdout] 
[INFO] [stdout] ---- test_char stdout ----
[INFO] [stdout] 
[INFO] [stdout] thread 'test_char' (517) panicked at tests/test.rs:167:5:
[INFO] [stdout] assertion `left == right` failed
[INFO] [stdout]   left: "'\\u{0}' '#' '\"' '\\'' '\\n' '❤'"
[INFO] [stdout]  right: "'\\0' '#' '\"' '\\'' '\\n' '❤'"
[INFO] [stdout] stack backtrace:
[INFO] [stdout]    0:     0x625a90c87a91 - <<std[70759c8f55707aa4]::sys::backtrace::BacktraceLock>::print::DisplayBacktrace as core[df12db4294e9bfd3]::fmt::Display>::fmt
[INFO] [stdout]    1:     0x625a90c9ca7a - core[df12db4294e9bfd3]::fmt::write
[INFO] [stdout]    2:     0x625a90c8bfdc - <alloc[2182bb758b4b3781]::vec::Vec<u8> as core[df12db4294e9bfd3]::io::write::Write>::write_fmt
[INFO] [stdout]    3:     0x625a90c64086 - std[70759c8f55707aa4]::panicking::default_hook::{closure#0}
[INFO] [stdout]    4:     0x625a90c801f9 - std[70759c8f55707aa4]::panicking::default_hook
[INFO] [stdout]    5:     0x625a90c128d0 - test[9d35eded1c95d3be]::test_main_inner::<test[9d35eded1c95d3be]::test_main_static::{closure#0}>::{closure#0}
[INFO] [stdout]    6:     0x625a90c803b2 - std[70759c8f55707aa4]::panicking::panic_with_hook
[INFO] [stdout]    7:     0x625a90c64132 - std[70759c8f55707aa4]::panicking::panic_handler::{closure#0}
[INFO] [stdout]    8:     0x625a90c5ce89 - std[70759c8f55707aa4]::sys::backtrace::__rust_end_short_backtrace::<std[70759c8f55707aa4]::panicking::panic_handler::{closure#0}, !>
[INFO] [stdout]    9:     0x625a90c64d2d - __rustc[8fa7c3cbc660c2b3]::rust_begin_unwind
[INFO] [stdout]   10:     0x625a90c9d1ac - core[df12db4294e9bfd3]::panicking::panic_fmt
[INFO] [stdout]   11:     0x625a90c9d0c3 - core[df12db4294e9bfd3]::panicking::assert_failed_inner
[INFO] [stdout]   12:     0x625a90c04414 - core[df12db4294e9bfd3]::panicking::assert_failed::<&str, alloc[2182bb758b4b3781]::string::String>
[INFO] [stdout]   13:     0x625a90c02e5a - <test[16de1e6403d20bf5]::test_char::{closure#0} as core[df12db4294e9bfd3]::ops::function::FnOnce<()>>::call_once
[INFO] [stdout]   14:     0x625a90c05bbb - test[9d35eded1c95d3be]::__rust_begin_short_backtrace::<core[df12db4294e9bfd3]::result::Result<(), alloc[2182bb758b4b3781]::string::String>, fn() -> core[df12db4294e9bfd3]::result::Result<(), alloc[2182bb758b4b3781]::string::String>>
[INFO] [stdout]   15:     0x625a90c13225 - test[9d35eded1c95d3be]::run_test::{closure#0}
[INFO] [stdout]   16:     0x625a90c0cae4 - std[70759c8f55707aa4]::sys::backtrace::__rust_begin_short_backtrace::<test[9d35eded1c95d3be]::run_test::{closure#1}, ()>
[INFO] [stdout]   17:     0x625a90c16382 - <std[70759c8f55707aa4]::thread::lifecycle::spawn_unchecked<test[9d35eded1c95d3be]::run_test::{closure#1}, ()>::{closure#1} as core[df12db4294e9bfd3]::ops::function::FnOnce<()>>::call_once::{shim:vtable#0}
[INFO] [stdout]   18:     0x625a90c87369 - <std[70759c8f55707aa4]::sys::thread::unix::Thread>::new::thread_start
[INFO] [stdout]   19:     0x70f51ec82dfa - <unknown>
[INFO] [stdout]   20:     0x70f51ed163d4 - clone
[INFO] [stdout]   21:                0x0 - <unknown>
[INFO] [stdout] 
[INFO] [stdout] ---- test_string stdout ----
[INFO] [stdout] 
[INFO] [stdout] thread 'test_string' (543) panicked at tests/test.rs:183:5:
[INFO] [stdout] assertion `left == right` failed
[INFO] [stdout]   left: "\"\\u{0} a 'b \\\" c\""
[INFO] [stdout]  right: "\"\\0 a 'b \\\" c\""
[INFO] [stdout] stack backtrace:
[INFO] [stdout]    0:     0x625a90c87a91 - <<std[70759c8f55707aa4]::sys::backtrace::BacktraceLock>::print::DisplayBacktrace as core[df12db4294e9bfd3]::fmt::Display>::fmt
[INFO] [stdout]    1:     0x625a90c9ca7a - core[df12db4294e9bfd3]::fmt::write
[INFO] [stdout]    2:     0x625a90c8bfdc - <alloc[2182bb758b4b3781]::vec::Vec<u8> as core[df12db4294e9bfd3]::io::write::Write>::write_fmt
[INFO] [stdout]    3:     0x625a90c64086 - std[70759c8f55707aa4]::panicking::default_hook::{closure#0}
[INFO] [stdout]    4:     0x625a90c801f9 - std[70759c8f55707aa4]::panicking::default_hook
[INFO] [stdout]    5:     0x625a90c128d0 - test[9d35eded1c95d3be]::test_main_inner::<test[9d35eded1c95d3be]::test_main_static::{closure#0}>::{closure#0}
[INFO] [stdout]    6:     0x625a90c803b2 - std[70759c8f55707aa4]::panicking::panic_with_hook
[INFO] [stdout]    7:     0x625a90c64132 - std[70759c8f55707aa4]::panicking::panic_handler::{closure#0}
[INFO] [stdout]    8:     0x625a90c5ce89 - std[70759c8f55707aa4]::sys::backtrace::__rust_end_short_backtrace::<std[70759c8f55707aa4]::panicking::panic_handler::{closure#0}, !>
[INFO] [stdout]    9:     0x625a90c64d2d - __rustc[8fa7c3cbc660c2b3]::rust_begin_unwind
[INFO] [stdout]   10:     0x625a90c9d1ac - core[df12db4294e9bfd3]::panicking::panic_fmt
[INFO] [stdout]   11:     0x625a90c9d0c3 - core[df12db4294e9bfd3]::panicking::assert_failed_inner
[INFO] [stdout]   12:     0x625a90c04414 - core[df12db4294e9bfd3]::panicking::assert_failed::<&str, alloc[2182bb758b4b3781]::string::String>
[INFO] [stdout]   13:     0x625a90bfad70 - <test[16de1e6403d20bf5]::test_string::{closure#0} as core[df12db4294e9bfd3]::ops::function::FnOnce<()>>::call_once
[INFO] [stdout]   14:     0x625a90c05bbb - test[9d35eded1c95d3be]::__rust_begin_short_backtrace::<core[df12db4294e9bfd3]::result::Result<(), alloc[2182bb758b4b3781]::string::String>, fn() -> core[df12db4294e9bfd3]::result::Result<(), alloc[2182bb758b4b3781]::string::String>>
[INFO] [stdout]   15:     0x625a90c13225 - test[9d35eded1c95d3be]::run_test::{closure#0}
[INFO] [stdout]   16:     0x625a90c0cae4 - std[70759c8f55707aa4]::sys::backtrace::__rust_begin_short_backtrace::<test[9d35eded1c95d3be]::run_test::{closure#1}, ()>
[INFO] [stdout]   17:     0x625a90c16382 - <std[70759c8f55707aa4]::thread::lifecycle::spawn_unchecked<test[9d35eded1c95d3be]::run_test::{closure#1}, ()>::{closure#1} as core[df12db4294e9bfd3]::ops::function::FnOnce<()>>::call_once::{shim:vtable#0}
[INFO] [stdout]   18:     0x625a90c87369 - <std[70759c8f55707aa4]::sys::thread::unix::Thread>::new::thread_start
[INFO] [stdout]   19:     0x70f51ec82dfa - <unknown>
[INFO] [stdout]   20:     0x70f51ed163d4 - clone
[INFO] [stdout]   21:                0x0 - <unknown>
[INFO] [stdout] 
[INFO] [stdout] ---- test_str stdout ----
[INFO] [stdout] 
[INFO] [stdout] thread 'test_str' (542) panicked at tests/test.rs:175:5:
[INFO] [stdout] assertion `left == right` failed
[INFO] [stdout]   left: "\"\\u{0} a 'b \\\" c\""
[INFO] [stdout]  right: "\"\\0 a 'b \\\" c\""
[INFO] [stdout] stack backtrace:
[INFO] [stdout]    0:     0x625a90c87a91 - <<std[70759c8f55707aa4]::sys::backtrace::BacktraceLock>::print::DisplayBacktrace as core[df12db4294e9bfd3]::fmt::Display>::fmt
[INFO] [stdout]    1:     0x625a90c9ca7a - core[df12db4294e9bfd3]::fmt::write
[INFO] [stdout]    2:     0x625a90c8bfdc - <alloc[2182bb758b4b3781]::vec::Vec<u8> as core[df12db4294e9bfd3]::io::write::Write>::write_fmt
[INFO] [stdout]    3:     0x625a90c64086 - std[70759c8f55707aa4]::panicking::default_hook::{closure#0}
[INFO] [stdout]    4:     0x625a90c801f9 - std[70759c8f55707aa4]::panicking::default_hook
[INFO] [stdout]    5:     0x625a90c128d0 - test[9d35eded1c95d3be]::test_main_inner::<test[9d35eded1c95d3be]::test_main_static::{closure#0}>::{closure#0}
[INFO] [stdout]    6:     0x625a90c803b2 - std[70759c8f55707aa4]::panicking::panic_with_hook
[INFO] [stdout]    7:     0x625a90c64132 - std[70759c8f55707aa4]::panicking::panic_handler::{closure#0}
[INFO] [stdout]    8:     0x625a90c5ce89 - std[70759c8f55707aa4]::sys::backtrace::__rust_end_short_backtrace::<std[70759c8f55707aa4]::panicking::panic_handler::{closure#0}, !>
[INFO] [stdout]    9:     0x625a90c64d2d - __rustc[8fa7c3cbc660c2b3]::rust_begin_unwind
[INFO] [stdout]   10:     0x625a90c9d1ac - core[df12db4294e9bfd3]::panicking::panic_fmt
[INFO] [stdout]   11:     0x625a90c9d0c3 - core[df12db4294e9bfd3]::panicking::assert_failed_inner
[INFO] [stdout]   12:     0x625a90c04414 - core[df12db4294e9bfd3]::panicking::assert_failed::<&str, alloc[2182bb758b4b3781]::string::String>
[INFO] [stdout]   13:     0x625a90c02ba8 - <test[16de1e6403d20bf5]::test_str::{closure#0} as core[df12db4294e9bfd3]::ops::function::FnOnce<()>>::call_once
[INFO] [stdout]   14:     0x625a90c05bbb - test[9d35eded1c95d3be]::__rust_begin_short_backtrace::<core[df12db4294e9bfd3]::result::Result<(), alloc[2182bb758b4b3781]::string::String>, fn() -> core[df12db4294e9bfd3]::result::Result<(), alloc[2182bb758b4b3781]::string::String>>
[INFO] [stdout]   15:     0x625a90c13225 - test[9d35eded1c95d3be]::run_test::{closure#0}
[INFO] [stdout]   16:     0x625a90c0cae4 - std[70759c8f55707aa4]::sys::backtrace::__rust_begin_short_backtrace::<test[9d35eded1c95d3be]::run_test::{closure#1}, ()>
[INFO] [stdout]   17:     0x625a90c16382 - <std[70759c8f55707aa4]::thread::lifecycle::spawn_unchecked<test[9d35eded1c95d3be]::run_test::{closure#1}, ()>::{closure#1} as core[df12db4294e9bfd3]::ops::function::FnOnce<()>>::call_once::{shim:vtable#0}
[INFO] [stdout]   18:     0x625a90c87369 - <std[70759c8f55707aa4]::sys::thread::unix::Thread>::new::thread_start
[INFO] [stdout]   19:     0x70f51ec82dfa - <unknown>
[INFO] [stdout]   20:     0x70f51ed163d4 - clone
[INFO] [stdout]   21:                0x0 - <unknown>
[INFO] [stdout] 
[INFO] [stdout] 
[INFO] [stdout] failures:
[INFO] [stdout]     test_char
[INFO] [stdout]     test_str
[INFO] [stdout]     test_string
[INFO] [stdout] 
[INFO] [stdout] test result: FAILED. 30 passed; 3 failed; 0 ignored; 0 measured; 0 filtered out; finished in 0.02s
[INFO] [stdout] 
[INFO] [stderr] error: test failed, to rerun pass `--test test`
[INFO] running `Command { std: "docker" "inspect" "fb4df5f953ee9d95b58315de6d7f32f0a6b88d2ec7e75ddd8586d8f8446b5e93", kill_on_drop: false }`
[INFO] running `Command { std: "docker" "rm" "-f" "fb4df5f953ee9d95b58315de6d7f32f0a6b88d2ec7e75ddd8586d8f8446b5e93", kill_on_drop: false }`
[INFO] [stdout] fb4df5f953ee9d95b58315de6d7f32f0a6b88d2ec7e75ddd8586d8f8446b5e93
