[INFO] fetching crate quokka-migration 0.3.0-beta.0...
[INFO] testing quokka-migration-0.3.0-beta.0 against 1.100.0-beta.1+cargoflags=--release for beta-release-1.100-2
[INFO] extracting crate quokka-migration 0.3.0-beta.0 into /workspace/builds/worker-7-tc2/source
[INFO] started tweaking crates.io crate quokka-migration 0.3.0-beta.0
[INFO] removed 0 missing tests
[INFO] finished tweaking crates.io crate quokka-migration 0.3.0-beta.0
[INFO] tweaked toml for crates.io crate quokka-migration 0.3.0-beta.0 written to /workspace/builds/worker-7-tc2/source/Cargo.toml
[INFO] validating manifest of crates.io crate quokka-migration 0.3.0-beta.0 on toolchain 1.100.0-beta.1
[INFO] running `Command { std: CARGO_HOME="/workspace/cargo-home" RUSTUP_HOME="/workspace/rustup-home" "/workspace/cargo-home/bin/cargo" "+1.100.0-beta.1" "metadata" "--manifest-path" "Cargo.toml" "--no-deps", kill_on_drop: false }`
[INFO] crate crates.io crate quokka-migration 0.3.0-beta.0 already has a lockfile, it will not be regenerated
[INFO] running `Command { std: CARGO_HOME="/workspace/cargo-home" RUSTUP_HOME="/workspace/rustup-home" "/workspace/cargo-home/bin/cargo" "+1.100.0-beta.1" "fetch" "--manifest-path" "Cargo.toml", kill_on_drop: false }`
[INFO] running `Command { std: "docker" "create" "-v" "/var/lib/crater-agent-workspace/builds/worker-7-tc2/source:/opt/rustwide/workdir:ro,Z" "-v" "/var/lib/crater-agent-workspace/builds/worker-7-tc2/target:/opt/rustwide/target:rw,Z" "-v" "/var/lib/crater-agent-workspace/cargo-home:/opt/rustwide/cargo-home:ro,Z" "-v" "/var/lib/crater-agent-workspace/rustup-home:/opt/rustwide/rustup-home:ro,Z" "-m" "1610612736" "--network" "none" "ghcr.io/rust-lang/crates-build-env/linux@sha256:77db811e55d90add9212f6832c23229e3de5f1c1f9905e8cb07319ea15df73ac" "sleep" "infinity", kill_on_drop: false }`
[INFO] [stdout] 8c0bfdf81d767cd2365d8d2b78500565388c2c8337f23b4828d38855cee0dc3d
[INFO] running `Command { std: "docker" "start" "8c0bfdf81d767cd2365d8d2b78500565388c2c8337f23b4828d38855cee0dc3d", kill_on_drop: false }`
[INFO] running `Command { std: "docker" "inspect" "8c0bfdf81d767cd2365d8d2b78500565388c2c8337f23b4828d38855cee0dc3d", kill_on_drop: false }`
[INFO] running `Command { std: "docker" "exec" "-e" "SOURCE_DIR=/opt/rustwide/workdir" "-e" "CARGO_HOME=/opt/rustwide/cargo-home" "-e" "RUSTUP_HOME=/opt/rustwide/rustup-home" "-e" "CARGO_TARGET_DIR=/opt/rustwide/target" "-w" "/opt/rustwide/workdir" "--user" "0:0" "8c0bfdf81d767cd2365d8d2b78500565388c2c8337f23b4828d38855cee0dc3d" "/opt/rustwide/cargo-home/bin/cargo" "+1.100.0-beta.1" "metadata" "--no-deps" "--format-version=1", kill_on_drop: false }`
[INFO] running `Command { std: "docker" "inspect" "8c0bfdf81d767cd2365d8d2b78500565388c2c8337f23b4828d38855cee0dc3d", kill_on_drop: false }`
[INFO] running `Command { std: "docker" "exec" "-e" "SOURCE_DIR=/opt/rustwide/workdir" "-e" "CARGO_HOME=/opt/rustwide/cargo-home" "-e" "RUSTUP_HOME=/opt/rustwide/rustup-home" "-e" "CARGO_TARGET_DIR=/opt/rustwide/target" "-e" "CARGO_INCREMENTAL=0" "-e" "RUST_BACKTRACE=full" "-e" "RUSTFLAGS=--cap-lints=warn" "-e" "RUSTDOCFLAGS=--cap-lints=warn" "-w" "/opt/rustwide/workdir" "--user" "0:0" "8c0bfdf81d767cd2365d8d2b78500565388c2c8337f23b4828d38855cee0dc3d" "/opt/rustwide/cargo-home/bin/cargo" "+1.100.0-beta.1" "build" "--frozen" "--message-format=json" "--release", kill_on_drop: false }`
[INFO] [stderr]    Compiling proc-macro2 v1.0.103
[INFO] [stderr]    Compiling unicode-ident v1.0.20
[INFO] [stderr]    Compiling serde_core v1.0.228
[INFO] [stderr]    Compiling stable_deref_trait v1.2.1
[INFO] [stderr]    Compiling crossbeam-utils v0.8.21
[INFO] [stderr]    Compiling generic-array v0.14.9
[INFO] [stderr]    Compiling libc v0.2.177
[INFO] [stderr]    Compiling serde v1.0.228
[INFO] [stderr]    Compiling zerocopy v0.8.27
[INFO] [stderr]    Compiling serde_json v1.0.145
[INFO] [stderr]    Compiling mio v1.1.0
[INFO] [stderr]    Compiling socket2 v0.6.1
[INFO] [stderr]    Compiling hashbrown v0.16.0
[INFO] [stderr]    Compiling writeable v0.6.1
[INFO] [stderr]    Compiling litemap v0.8.0
[INFO] [stderr]    Compiling icu_properties_data v2.0.1
[INFO] [stderr]    Compiling icu_normalizer_data v2.0.0
[INFO] [stderr]    Compiling pin-project-lite v0.2.16
[INFO] [stderr]    Compiling num-conv v0.1.0
[INFO] [stderr]    Compiling time-core v0.1.6
[INFO] [stderr]    Compiling futures-core v0.3.31
[INFO] [stderr]    Compiling time-macros v0.2.24
[INFO] [stderr]    Compiling parking_lot_core v0.9.12
[INFO] [stderr]    Compiling scopeguard v1.2.0
[INFO] [stderr]    Compiling http-body v1.0.1
[INFO] [stderr]    Compiling lock_api v0.4.14
[INFO] [stderr]    Compiling tinyvec_macros v0.1.1
[INFO] [stderr]    Compiling futures-sink v0.3.31
[INFO] [stderr]    Compiling foldhash v0.1.5
[INFO] [stderr]    Compiling bytes v1.10.1
[INFO] [stderr]    Compiling form_urlencoded v1.2.2
[INFO] [stderr]    Compiling quote v1.0.41
[INFO] [stderr]    Compiling indexmap v2.12.0
[INFO] [stderr]    Compiling concurrent-queue v2.5.0
[INFO] [stderr]    Compiling tracing-core v0.1.34
[INFO] [stderr]    Compiling hashbrown v0.15.5
[INFO] [stderr]    Compiling crypto-common v0.1.6
[INFO] [stderr]    Compiling syn v2.0.108
[INFO] [stderr]    Compiling block-buffer v0.10.4
[INFO] [stderr]    Compiling deranged v0.5.5
[INFO] [stderr]    Compiling digest v0.10.7
[INFO] [stderr]    Compiling tinyvec v1.10.0
[INFO] [stderr]    Compiling getrandom v0.2.16
[INFO] [stderr]    Compiling rand_core v0.6.4
[INFO] [stderr]    Compiling num-traits v0.2.19
[INFO] [stderr]    Compiling thiserror v2.0.17
[INFO] [stderr]    Compiling futures-io v0.3.31
[INFO] [stderr]    Compiling futures-task v0.3.31
[INFO] [stderr]    Compiling crc-catalog v2.4.0
[INFO] [stderr]    Compiling slab v0.4.11
[INFO] [stderr]    Compiling log v0.4.28
[INFO] [stderr]    Compiling tokio v1.48.0
[INFO] [stderr]    Compiling parking v2.2.1
[INFO] [stderr]    Compiling pin-utils v0.1.0
[INFO] [stderr]    Compiling futures-util v0.3.31
[INFO] [stderr]    Compiling hashlink v0.10.0
[INFO] [stderr]    Compiling crc v3.3.0
[INFO] [stderr]    Compiling sha2 v0.10.9
[INFO] [stderr]    Compiling event-listener v5.4.1
[INFO] [stderr]    Compiling unicode-normalization v0.1.24
[INFO] [stderr]    Compiling hmac v0.12.1
[INFO] [stderr]    Compiling crossbeam-queue v0.3.12
[INFO] [stderr]    Compiling base64 v0.22.1
[INFO] [stderr]    Compiling uuid v1.18.1
[INFO] [stderr]    Compiling unicode-properties v0.1.3
[INFO] [stderr]    Compiling ppv-lite86 v0.2.21
[INFO] [stderr]    Compiling unicode-bidi v0.3.18
[INFO] [stderr]    Compiling hkdf v0.12.4
[INFO] [stderr]    Compiling md-5 v0.10.6
[INFO] [stderr]    Compiling stringprep v0.1.5
[INFO] [stderr]    Compiling futures-channel v0.3.31
[INFO] [stderr]    Compiling atoi v2.0.0
[INFO] [stderr]    Compiling http-body-util v0.1.3
[INFO] [stderr]    Compiling byteorder v1.5.0
[INFO] [stderr]    Compiling dotenvy v0.15.7
[INFO] [stderr]    Compiling rand_chacha v0.3.1
[INFO] [stderr]    Compiling winnow v0.7.13
[INFO] [stderr]    Compiling bitflags v2.10.0
[INFO] [stderr]    Compiling time v0.3.44
[INFO] [stderr]    Compiling hex v0.4.3
[INFO] [stderr]    Compiling whoami v1.6.1
[INFO] [stderr]    Compiling rand v0.8.5
[INFO] [stderr]    Compiling serde_path_to_error v0.1.20
[INFO] [stderr]    Compiling home v0.5.12
[INFO] [stderr]    Compiling synstructure v0.13.2
[INFO] [stderr]    Compiling darling_core v0.20.11
[INFO] [stderr]    Compiling tokio-stream v0.1.17
[INFO] [stderr]    Compiling serde_derive v1.0.228
[INFO] [stderr]    Compiling zerofrom-derive v0.1.6
[INFO] [stderr]    Compiling yoke-derive v0.8.0
[INFO] [stderr]    Compiling zerovec-derive v0.11.1
[INFO] [stderr]    Compiling displaydoc v0.2.5
[INFO] [stderr]    Compiling tracing-attributes v0.1.30
[INFO] [stderr]    Compiling tokio-macros v2.6.0
[INFO] [stderr]    Compiling thiserror-impl v2.0.17
[INFO] [stderr]    Compiling futures-macro v0.3.31
[INFO] [stderr]    Compiling axum-macros v0.5.0
[INFO] [stderr]    Compiling zerofrom v0.1.6
[INFO] [stderr]    Compiling yoke v0.8.0
[INFO] [stderr]    Compiling zerovec v0.11.4
[INFO] [stderr]    Compiling zerotrie v0.2.2
[INFO] [stderr]    Compiling tracing v0.1.41
[INFO] [stderr]    Compiling axum-core v0.5.5
[INFO] [stderr]    Compiling tinystr v0.8.1
[INFO] [stderr]    Compiling potential_utf v0.1.3
[INFO] [stderr]    Compiling darling_macro v0.20.11
[INFO] [stderr]    Compiling icu_collections v2.0.0
[INFO] [stderr]    Compiling darling v0.20.11
[INFO] [stderr]    Compiling quokka-macros v0.3.0-beta.0
[INFO] [stderr]    Compiling icu_locale_core v2.0.0
[INFO] [stderr]    Compiling icu_provider v2.0.0
[INFO] [stderr]    Compiling icu_properties v2.0.1
[INFO] [stderr]    Compiling smallvec v1.15.1
[INFO] [stderr]    Compiling either v1.15.0
[INFO] [stderr]    Compiling icu_normalizer v2.0.0
[INFO] [stderr]    Compiling serde_spanned v0.6.9
[INFO] [stderr]    Compiling toml_datetime v0.6.11
[INFO] [stderr]    Compiling serde_urlencoded v0.7.1
[INFO] [stderr]    Compiling futures-executor v0.3.31
[INFO] [stderr]    Compiling toml_edit v0.22.27
[INFO] [stderr]    Compiling parking_lot v0.12.5
[INFO] [stderr]    Compiling futures v0.3.31
[INFO] [stderr]    Compiling futures-intrusive v0.5.0
[INFO] [stderr]    Compiling idna_adapter v1.2.1
[INFO] [stderr]    Compiling idna v1.1.0
[INFO] [stderr]    Compiling url v2.5.7
[INFO] [stderr]    Compiling sqlx-core v0.8.6
[INFO] [stderr]    Compiling tokio-util v0.7.16
[INFO] [stderr]    Compiling tower v0.5.2
[INFO] [stderr]    Compiling toml v0.8.23
[INFO] [stderr]    Compiling h2 v0.4.12
[INFO] [stderr]    Compiling sqlx-postgres v0.8.6
[INFO] [stderr]    Compiling quokka-config v0.3.0-beta.0
[INFO] [stderr]    Compiling sqlx-macros-core v0.8.6
[INFO] [stderr]    Compiling hyper v1.7.0
[INFO] [stderr]    Compiling sqlx-macros v0.8.6
[INFO] [stderr]    Compiling hyper-util v0.1.17
[INFO] [stderr]    Compiling axum v0.8.6
[INFO] [stderr]    Compiling sqlx v0.8.6
[INFO] [stderr]    Compiling quokka-state v0.3.0-beta.0
[INFO] [stderr]    Compiling quokka-pouch v0.3.0-beta.0
[INFO] [stderr]    Compiling quokka-database v0.3.0-beta.0
[INFO] [stderr]    Compiling quokka-migration v0.3.0-beta.0 (/opt/rustwide/workdir)
[INFO] [stderr]     Finished `release` profile [optimized] target(s) in 2m 05s
[INFO] running `Command { std: "docker" "inspect" "8c0bfdf81d767cd2365d8d2b78500565388c2c8337f23b4828d38855cee0dc3d", kill_on_drop: false }`
[INFO] running `Command { std: "docker" "exec" "-e" "SOURCE_DIR=/opt/rustwide/workdir" "-e" "CARGO_HOME=/opt/rustwide/cargo-home" "-e" "RUSTUP_HOME=/opt/rustwide/rustup-home" "-e" "CARGO_TARGET_DIR=/opt/rustwide/target" "-e" "CARGO_INCREMENTAL=0" "-e" "RUST_BACKTRACE=full" "-e" "RUSTFLAGS=--cap-lints=warn" "-e" "RUSTDOCFLAGS=--cap-lints=warn" "-w" "/opt/rustwide/workdir" "--user" "0:0" "8c0bfdf81d767cd2365d8d2b78500565388c2c8337f23b4828d38855cee0dc3d" "/opt/rustwide/cargo-home/bin/cargo" "+1.100.0-beta.1" "test" "--frozen" "--no-run" "--message-format=json" "--release", kill_on_drop: false }`
[INFO] [stderr]    Compiling quokka-migration v0.3.0-beta.0 (/opt/rustwide/workdir)
[INFO] [stderr]     Finished `release` profile [optimized] target(s) in 9.10s
[INFO] running `Command { std: "docker" "inspect" "8c0bfdf81d767cd2365d8d2b78500565388c2c8337f23b4828d38855cee0dc3d", kill_on_drop: false }`
[INFO] running `Command { std: "docker" "exec" "-e" "SOURCE_DIR=/opt/rustwide/workdir" "-e" "CARGO_HOME=/opt/rustwide/cargo-home" "-e" "RUSTUP_HOME=/opt/rustwide/rustup-home" "-e" "CARGO_TARGET_DIR=/opt/rustwide/target" "-e" "CARGO_INCREMENTAL=0" "-e" "RUST_BACKTRACE=full" "-e" "RUSTFLAGS=--cap-lints=warn" "-e" "RUSTDOCFLAGS=--cap-lints=warn" "-w" "/opt/rustwide/workdir" "--user" "0:0" "8c0bfdf81d767cd2365d8d2b78500565388c2c8337f23b4828d38855cee0dc3d" "/opt/rustwide/cargo-home/bin/cargo" "+1.100.0-beta.1" "test" "--frozen" "--release", kill_on_drop: false }`
[INFO] [stderr]     Finished `release` profile [optimized] target(s) in 0.41s
[INFO] [stderr]      Running unittests src/lib.rs (/opt/rustwide/target/release/build/quokka-migration/72de1fa6281c69e9/out/quokka_migration-72de1fa6281c69e9)
[INFO] [stderr]      Running tests/test_migration.rs (/opt/rustwide/target/release/build/quokka-migration/dca5c27c7ff1c2a4/out/test_migration-dca5c27c7ff1c2a4)
[INFO] [stdout] 
[INFO] [stdout] running 0 tests
[INFO] [stdout] 
[INFO] [stdout] test result: ok. 0 passed; 0 failed; 0 ignored; 0 measured; 0 filtered out; finished in 0.00s
[INFO] [stdout] 
[INFO] [stdout] 
[INFO] [stdout] running 1 test
[INFO] [stderr] error: test failed, to rerun pass `--test test_migration`
[INFO] [stdout] test test_migration ... FAILED
[INFO] [stdout] 
[INFO] [stdout] failures:
[INFO] [stdout] 
[INFO] [stdout] ---- test_migration stdout ----
[INFO] [stdout] 
[INFO] [stdout] thread 'test_migration' (2888) panicked at /opt/rustwide/cargo-home/registry/src/index.crates.io-1949cf8c6b5b557f/sqlx-postgres-0.8.6/src/testing/mod.rs:96:44:
[INFO] [stdout] DATABASE_URL must be set: EnvVar(NotPresent)
[INFO] [stdout] stack backtrace:
[INFO] [stdout]    0:     0x64238bc00f11 - <<std[617be2ca0a6fd877]::sys::backtrace::BacktraceLock>::print::DisplayBacktrace as core[a373ad73a504971]::fmt::Display>::fmt
[INFO] [stdout]    1:     0x64238bc17b0a - core[a373ad73a504971]::fmt::write
[INFO] [stdout]    2:     0x64238bc056ec - <alloc[2e1b2a31b91974c5]::vec::Vec<u8> as core[a373ad73a504971]::io::write::Write>::write_fmt
[INFO] [stdout]    3:     0x64238bbdbdb6 - std[617be2ca0a6fd877]::panicking::default_hook::{closure#0}
[INFO] [stdout]    4:     0x64238bbf8cf9 - std[617be2ca0a6fd877]::panicking::default_hook
[INFO] [stdout]    5:     0x64238bab6840 - test[aada8e7e76ba119b]::test_main_inner::{closure#0}
[INFO] [stdout]    6:     0x64238bbf9022 - std[617be2ca0a6fd877]::panicking::panic_with_hook
[INFO] [stdout]    7:     0x64238bbdbe62 - std[617be2ca0a6fd877]::panicking::panic_handler::{closure#0}
[INFO] [stdout]    8:     0x64238bbd4859 - std[617be2ca0a6fd877]::sys::backtrace::__rust_end_short_backtrace::<std[617be2ca0a6fd877]::panicking::panic_handler::{closure#0}, !>
[INFO] [stdout]    9:     0x64238bbdccfd - __rustc[ea4f61d10b84890b]::rust_begin_unwind
[INFO] [stdout]   10:     0x64238bc1826c - core[a373ad73a504971]::panicking::panic_fmt
[INFO] [stdout]   11:     0x64238bc18042 - core[a373ad73a504971]::result::unwrap_failed
[INFO] [stdout]   12:     0x64238bb089ce - <sqlx_postgres[aafba85b455ea0ca]::database::Postgres as sqlx_core[cbd807fe6ee8814b]::testing::TestSupport>::test_context::{closure#0}
[INFO] [stdout]   13:     0x64238ba470c1 - sqlx_core[cbd807fe6ee8814b]::testing::run_test::<sqlx_postgres[aafba85b455ea0ca]::database::Postgres, sqlx_core[cbd807fe6ee8814b]::testing::run_test_with_pool<sqlx_postgres[aafba85b455ea0ca]::database::Postgres, fn(sqlx_core[cbd807fe6ee8814b]::pool::Pool<sqlx_postgres[aafba85b455ea0ca]::database::Postgres>) -> test_migration[f43d453eade9b331]::test_migration::test_migration::{closure#0}, test_migration[f43d453eade9b331]::test_migration::test_migration::{closure#0}>::{closure#0}, sqlx_core[cbd807fe6ee8814b]::testing::run_test_with_pool<sqlx_postgres[aafba85b455ea0ca]::database::Postgres, fn(sqlx_core[cbd807fe6ee8814b]::pool::Pool<sqlx_postgres[aafba85b455ea0ca]::database::Postgres>) -> test_migration[f43d453eade9b331]::test_migration::test_migration::{closure#0}, test_migration[f43d453eade9b331]::test_migration::test_migration::{closure#0}>::{closure#0}::{closure#0}>::{closure#0}
[INFO] [stdout]   14:     0x64238baa1df9 - <tokio[17300c6d9a5ffff2]::runtime::scheduler::current_thread::CurrentThread>::block_on::<sqlx_core[cbd807fe6ee8814b]::testing::run_test<sqlx_postgres[aafba85b455ea0ca]::database::Postgres, sqlx_core[cbd807fe6ee8814b]::testing::run_test_with_pool<sqlx_postgres[aafba85b455ea0ca]::database::Postgres, fn(sqlx_core[cbd807fe6ee8814b]::pool::Pool<sqlx_postgres[aafba85b455ea0ca]::database::Postgres>) -> test_migration[f43d453eade9b331]::test_migration::test_migration::{closure#0}, test_migration[f43d453eade9b331]::test_migration::test_migration::{closure#0}>::{closure#0}, sqlx_core[cbd807fe6ee8814b]::testing::run_test_with_pool<sqlx_postgres[aafba85b455ea0ca]::database::Postgres, fn(sqlx_core[cbd807fe6ee8814b]::pool::Pool<sqlx_postgres[aafba85b455ea0ca]::database::Postgres>) -> test_migration[f43d453eade9b331]::test_migration::test_migration::{closure#0}, test_migration[f43d453eade9b331]::test_migration::test_migration::{closure#0}>::{closure#0}::{closure#0}>::{closure#0}>
[INFO] [stdout]   15:     0x64238ba99239 - <tokio[17300c6d9a5ffff2]::runtime::runtime::Runtime>::block_on::<sqlx_core[cbd807fe6ee8814b]::testing::run_test<sqlx_postgres[aafba85b455ea0ca]::database::Postgres, sqlx_core[cbd807fe6ee8814b]::testing::run_test_with_pool<sqlx_postgres[aafba85b455ea0ca]::database::Postgres, fn(sqlx_core[cbd807fe6ee8814b]::pool::Pool<sqlx_postgres[aafba85b455ea0ca]::database::Postgres>) -> test_migration[f43d453eade9b331]::test_migration::test_migration::{closure#0}, test_migration[f43d453eade9b331]::test_migration::test_migration::{closure#0}>::{closure#0}, sqlx_core[cbd807fe6ee8814b]::testing::run_test_with_pool<sqlx_postgres[aafba85b455ea0ca]::database::Postgres, fn(sqlx_core[cbd807fe6ee8814b]::pool::Pool<sqlx_postgres[aafba85b455ea0ca]::database::Postgres>) -> test_migration[f43d453eade9b331]::test_migration::test_migration::{closure#0}, test_migration[f43d453eade9b331]::test_migration::test_migration::{closure#0}>::{closure#0}::{closure#0}>::{closure#0}>
[INFO] [stdout]   16:     0x64238ba7365c - sqlx_core[cbd807fe6ee8814b]::rt::test_block_on::<sqlx_core[cbd807fe6ee8814b]::testing::run_test<sqlx_postgres[aafba85b455ea0ca]::database::Postgres, sqlx_core[cbd807fe6ee8814b]::testing::run_test_with_pool<sqlx_postgres[aafba85b455ea0ca]::database::Postgres, fn(sqlx_core[cbd807fe6ee8814b]::pool::Pool<sqlx_postgres[aafba85b455ea0ca]::database::Postgres>) -> test_migration[f43d453eade9b331]::test_migration::test_migration::{closure#0}, test_migration[f43d453eade9b331]::test_migration::test_migration::{closure#0}>::{closure#0}, sqlx_core[cbd807fe6ee8814b]::testing::run_test_with_pool<sqlx_postgres[aafba85b455ea0ca]::database::Postgres, fn(sqlx_core[cbd807fe6ee8814b]::pool::Pool<sqlx_postgres[aafba85b455ea0ca]::database::Postgres>) -> test_migration[f43d453eade9b331]::test_migration::test_migration::{closure#0}, test_migration[f43d453eade9b331]::test_migration::test_migration::{closure#0}>::{closure#0}::{closure#0}>::{closure#0}>
[INFO] [stdout]   17:     0x64238baa5d2d - <test_migration[f43d453eade9b331]::test_migration::{closure#0} as core[a373ad73a504971]::ops::function::FnOnce<()>>::call_once
[INFO] [stdout]   18:     0x64238baa9c8b - test[aada8e7e76ba119b]::__rust_begin_short_backtrace::<core[a373ad73a504971]::result::Result<(), alloc[2e1b2a31b91974c5]::string::String>, fn() -> core[a373ad73a504971]::result::Result<(), alloc[2e1b2a31b91974c5]::string::String>>
[INFO] [stdout]   19:     0x64238bab6e65 - test[aada8e7e76ba119b]::run_test::{closure#0}
[INFO] [stdout]   20:     0x64238bab0754 - std[617be2ca0a6fd877]::sys::backtrace::__rust_begin_short_backtrace::<test[aada8e7e76ba119b]::run_test::{closure#1}, ()>
[INFO] [stdout]   21:     0x64238bab9ef2 - <std[617be2ca0a6fd877]::thread::lifecycle::spawn_unchecked<test[aada8e7e76ba119b]::run_test::{closure#1}, ()>::{closure#1} as core[a373ad73a504971]::ops::function::FnOnce<()>>::call_once::{shim:vtable#0}
[INFO] [stdout]   22:     0x64238bc003bf - <std[617be2ca0a6fd877]::sys::thread::unix::Thread>::new::thread_start
[INFO] [stdout]   23:     0x70e5c82b8dfa - <unknown>
[INFO] [stdout]   24:     0x70e5c834c3d4 - clone
[INFO] [stdout]   25:                0x0 - <unknown>
[INFO] [stdout] 
[INFO] [stdout] 
[INFO] [stdout] failures:
[INFO] [stdout]     test_migration
[INFO] [stdout] 
[INFO] [stdout] test result: FAILED. 0 passed; 1 failed; 0 ignored; 0 measured; 0 filtered out; finished in 0.01s
[INFO] [stdout] 
[INFO] running `Command { std: "docker" "inspect" "8c0bfdf81d767cd2365d8d2b78500565388c2c8337f23b4828d38855cee0dc3d", kill_on_drop: false }`
[INFO] running `Command { std: "docker" "rm" "-f" "8c0bfdf81d767cd2365d8d2b78500565388c2c8337f23b4828d38855cee0dc3d", kill_on_drop: false }`
[INFO] [stdout] 8c0bfdf81d767cd2365d8d2b78500565388c2c8337f23b4828d38855cee0dc3d
