[INFO] fetching crate quokka-database 0.3.0-beta.0...
[INFO] testing quokka-database-0.3.0-beta.0 against 1.99.0-beta.8+cargoflags=--release for beta-release-1.100-2
[INFO] extracting crate quokka-database 0.3.0-beta.0 into /workspace/builds/worker-2-tc1/source
[INFO] started tweaking crates.io crate quokka-database 0.3.0-beta.0
[INFO] removed 0 missing tests
[INFO] finished tweaking crates.io crate quokka-database 0.3.0-beta.0
[INFO] tweaked toml for crates.io crate quokka-database 0.3.0-beta.0 written to /workspace/builds/worker-2-tc1/source/Cargo.toml
[INFO] validating manifest of crates.io crate quokka-database 0.3.0-beta.0 on toolchain 1.99.0-beta.8
[INFO] running `Command { std: CARGO_HOME="/workspace/cargo-home" RUSTUP_HOME="/workspace/rustup-home" "/workspace/cargo-home/bin/cargo" "+1.99.0-beta.8" "metadata" "--manifest-path" "Cargo.toml" "--no-deps", kill_on_drop: false }`
[INFO] crate crates.io crate quokka-database 0.3.0-beta.0 already has a lockfile, it will not be regenerated
[INFO] running `Command { std: CARGO_HOME="/workspace/cargo-home" RUSTUP_HOME="/workspace/rustup-home" "/workspace/cargo-home/bin/cargo" "+1.99.0-beta.8" "fetch" "--manifest-path" "Cargo.toml", kill_on_drop: false }`
[INFO] [stderr]     Updating crates.io index
[INFO] [stderr]  Downloading crates ...
[INFO] [stderr]   Downloaded quokka-state v0.3.0-beta.0
[INFO] [stderr]   Downloaded quokka-config v0.3.0-beta.0
[INFO] [stderr]   Downloaded quokka-macros v0.3.0-beta.0
[INFO] running `Command { std: "docker" "create" "-v" "/var/lib/crater-agent-workspace/builds/worker-2-tc1/source:/opt/rustwide/workdir:ro,Z" "-v" "/var/lib/crater-agent-workspace/builds/worker-2-tc1/target:/opt/rustwide/target:rw,Z" "-v" "/var/lib/crater-agent-workspace/cargo-home:/opt/rustwide/cargo-home:ro,Z" "-v" "/var/lib/crater-agent-workspace/rustup-home:/opt/rustwide/rustup-home:ro,Z" "-m" "1610612736" "--network" "none" "ghcr.io/rust-lang/crates-build-env/linux@sha256:77db811e55d90add9212f6832c23229e3de5f1c1f9905e8cb07319ea15df73ac" "sleep" "infinity", kill_on_drop: false }`
[INFO] [stdout] d993d9410f2c125e1739bebdec29aeff9bbae8ced1eb08159d12010b4f221eff
[INFO] running `Command { std: "docker" "start" "d993d9410f2c125e1739bebdec29aeff9bbae8ced1eb08159d12010b4f221eff", kill_on_drop: false }`
[INFO] running `Command { std: "docker" "inspect" "d993d9410f2c125e1739bebdec29aeff9bbae8ced1eb08159d12010b4f221eff", kill_on_drop: false }`
[INFO] running `Command { std: "docker" "exec" "-e" "SOURCE_DIR=/opt/rustwide/workdir" "-e" "CARGO_HOME=/opt/rustwide/cargo-home" "-e" "RUSTUP_HOME=/opt/rustwide/rustup-home" "-e" "CARGO_TARGET_DIR=/opt/rustwide/target" "-w" "/opt/rustwide/workdir" "--user" "0:0" "d993d9410f2c125e1739bebdec29aeff9bbae8ced1eb08159d12010b4f221eff" "/opt/rustwide/cargo-home/bin/cargo" "+1.99.0-beta.8" "metadata" "--no-deps" "--format-version=1", kill_on_drop: false }`
[INFO] running `Command { std: "docker" "inspect" "d993d9410f2c125e1739bebdec29aeff9bbae8ced1eb08159d12010b4f221eff", kill_on_drop: false }`
[INFO] running `Command { std: "docker" "exec" "-e" "SOURCE_DIR=/opt/rustwide/workdir" "-e" "CARGO_HOME=/opt/rustwide/cargo-home" "-e" "RUSTUP_HOME=/opt/rustwide/rustup-home" "-e" "CARGO_TARGET_DIR=/opt/rustwide/target" "-e" "CARGO_INCREMENTAL=0" "-e" "RUST_BACKTRACE=full" "-e" "RUSTFLAGS=--cap-lints=warn" "-e" "RUSTDOCFLAGS=--cap-lints=warn" "-w" "/opt/rustwide/workdir" "--user" "0:0" "d993d9410f2c125e1739bebdec29aeff9bbae8ced1eb08159d12010b4f221eff" "/opt/rustwide/cargo-home/bin/cargo" "+1.99.0-beta.8" "build" "--frozen" "--message-format=json" "--release", kill_on_drop: false }`
[INFO] [stderr]    Compiling synstructure v0.13.2
[INFO] [stderr]    Compiling zerovec-derive v0.11.1
[INFO] [stderr]    Compiling displaydoc v0.2.5
[INFO] [stderr]    Compiling serde_core v1.0.228
[INFO] [stderr]    Compiling stable_deref_trait v1.2.1
[INFO] [stderr]    Compiling libc v0.2.177
[INFO] [stderr]    Compiling tracing-attributes v0.1.30
[INFO] [stderr]    Compiling crossbeam-utils v0.8.21
[INFO] [stderr]    Compiling serde v1.0.228
[INFO] [stderr]    Compiling serde_json v1.0.145
[INFO] [stderr]    Compiling mio v1.1.0
[INFO] [stderr]    Compiling socket2 v0.6.1
[INFO] [stderr]    Compiling tokio-macros v2.6.0
[INFO] [stderr]    Compiling num-traits v0.2.19
[INFO] [stderr]    Compiling indexmap v2.12.0
[INFO] [stderr]    Compiling time-core v0.1.6
[INFO] [stderr]    Compiling digest v0.10.7
[INFO] [stderr]    Compiling futures-macro v0.3.31
[INFO] [stderr]    Compiling crypto-common v0.1.6
[INFO] [stderr]    Compiling time-macros v0.2.24
[INFO] [stderr]    Compiling zerocopy v0.8.27
[INFO] [stderr]    Compiling parking_lot_core v0.9.12
[INFO] [stderr]    Compiling scopeguard v1.2.0
[INFO] [stderr]    Compiling lock_api v0.4.14
[INFO] [stderr]    Compiling futures-sink v0.3.31
[INFO] [stderr]    Compiling powerfmt v0.2.0
[INFO] [stderr]    Compiling tinyvec_macros v0.1.1
[INFO] [stderr]    Compiling zerofrom-derive v0.1.6
[INFO] [stderr]    Compiling yoke-derive v0.8.0
[INFO] [stderr]    Compiling tokio v1.48.0
[INFO] [stderr]    Compiling tinyvec v1.10.0
[INFO] [stderr]    Compiling deranged v0.5.5
[INFO] [stderr]    Compiling getrandom v0.2.16
[INFO] [stderr]    Compiling futures-util v0.3.31
[INFO] [stderr]    Compiling rand_core v0.6.4
[INFO] [stderr]    Compiling hashbrown v0.15.5
[INFO] [stderr]    Compiling form_urlencoded v1.2.2
[INFO] [stderr]    Compiling concurrent-queue v2.5.0
[INFO] [stderr]    Compiling tracing v0.1.41
[INFO] [stderr]    Compiling thiserror v2.0.17
[INFO] [stderr]    Compiling crc-catalog v2.4.0
[INFO] [stderr]    Compiling parking v2.2.1
[INFO] [stderr]    Compiling futures-task v0.3.31
[INFO] [stderr]    Compiling log v0.4.28
[INFO] [stderr]    Compiling futures-io v0.3.31
[INFO] [stderr]    Compiling slab v0.4.11
[INFO] [stderr]    Compiling event-listener v5.4.1
[INFO] [stderr]    Compiling crc v3.3.0
[INFO] [stderr]    Compiling sha2 v0.10.9
[INFO] [stderr]    Compiling time v0.3.44
[INFO] [stderr]    Compiling hashlink v0.10.0
[INFO] [stderr]    Compiling unicode-normalization v0.1.24
[INFO] [stderr]    Compiling crossbeam-queue v0.3.12
[INFO] [stderr]    Compiling hmac v0.12.1
[INFO] [stderr]    Compiling zerofrom v0.1.6
[INFO] [stderr]    Compiling yoke v0.8.0
[INFO] [stderr]    Compiling unicode-properties v0.1.3
[INFO] [stderr]    Compiling zerovec v0.11.4
[INFO] [stderr]    Compiling zerotrie v0.2.2
[INFO] [stderr]    Compiling unicode-bidi v0.3.18
[INFO] [stderr]    Compiling uuid v1.18.1
[INFO] [stderr]    Compiling base64 v0.22.1
[INFO] [stderr]    Compiling darling_core v0.20.11
[INFO] [stderr]    Compiling stringprep v0.1.5
[INFO] [stderr]    Compiling atoi v2.0.0
[INFO] [stderr]    Compiling hkdf v0.12.4
[INFO] [stderr]    Compiling ppv-lite86 v0.2.21
[INFO] [stderr]    Compiling futures-channel v0.3.31
[INFO] [stderr]    Compiling md-5 v0.10.6
[INFO] [stderr]    Compiling byteorder v1.5.0
[INFO] [stderr]    Compiling whoami v1.6.1
[INFO] [stderr]    Compiling home v0.5.12
[INFO] [stderr]    Compiling dotenvy v0.15.7
[INFO] [stderr]    Compiling bitflags v2.10.0
[INFO] [stderr]    Compiling hex v0.4.3
[INFO] [stderr]    Compiling rand_chacha v0.3.1
[INFO] [stderr]    Compiling tinystr v0.8.1
[INFO] [stderr]    Compiling potential_utf v0.1.3
[INFO] [stderr]    Compiling rand v0.8.5
[INFO] [stderr]    Compiling icu_collections v2.0.0
[INFO] [stderr]    Compiling icu_locale_core v2.0.0
[INFO] [stderr]    Compiling smallvec v1.15.1
[INFO] [stderr]    Compiling either v1.15.0
[INFO] [stderr]    Compiling parking_lot v0.12.5
[INFO] [stderr]    Compiling icu_provider v2.0.0
[INFO] [stderr]    Compiling futures-intrusive v0.5.0
[INFO] [stderr]    Compiling icu_normalizer v2.0.0
[INFO] [stderr]    Compiling icu_properties v2.0.1
[INFO] [stderr]    Compiling toml_datetime v0.6.11
[INFO] [stderr]    Compiling serde_spanned v0.6.9
[INFO] [stderr]    Compiling darling_macro v0.20.11
[INFO] [stderr]    Compiling winnow v0.7.13
[INFO] [stderr]    Compiling axum-core v0.5.5
[INFO] [stderr]    Compiling darling v0.20.11
[INFO] [stderr]    Compiling serde_urlencoded v0.7.1
[INFO] [stderr]    Compiling serde_path_to_error v0.1.20
[INFO] [stderr]    Compiling axum-macros v0.5.0
[INFO] [stderr]    Compiling idna_adapter v1.2.1
[INFO] [stderr]    Compiling tokio-stream v0.1.17
[INFO] [stderr]    Compiling idna v1.1.0
[INFO] [stderr]    Compiling quokka-macros v0.3.0-beta.0
[INFO] [stderr]    Compiling tokio-util v0.7.16
[INFO] [stderr]    Compiling tower v0.5.2
[INFO] [stderr]    Compiling futures-executor v0.3.31
[INFO] [stderr]    Compiling url v2.5.7
[INFO] [stderr]    Compiling futures v0.3.31
[INFO] [stderr]    Compiling h2 v0.4.12
[INFO] [stderr]    Compiling sqlx-core v0.8.6
[INFO] [stderr]    Compiling toml_edit v0.22.27
[INFO] [stderr]    Compiling toml v0.8.23
[INFO] [stderr]    Compiling sqlx-postgres v0.8.6
[INFO] [stderr]    Compiling quokka-config v0.3.0-beta.0
[INFO] [stderr]    Compiling hyper v1.7.0
[INFO] [stderr]    Compiling hyper-util v0.1.17
[INFO] [stderr]    Compiling axum v0.8.6
[INFO] [stderr]    Compiling sqlx-macros-core v0.8.6
[INFO] [stderr]    Compiling sqlx-macros v0.8.6
[INFO] [stderr]    Compiling sqlx v0.8.6
[INFO] [stderr]    Compiling quokka-state v0.3.0-beta.0
[INFO] [stderr]    Compiling quokka-database v0.3.0-beta.0 (/opt/rustwide/workdir)
[INFO] [stderr]     Finished `release` profile [optimized] target(s) in 1m 44s
[INFO] running `Command { std: "docker" "inspect" "d993d9410f2c125e1739bebdec29aeff9bbae8ced1eb08159d12010b4f221eff", kill_on_drop: false }`
[INFO] running `Command { std: "docker" "exec" "-e" "SOURCE_DIR=/opt/rustwide/workdir" "-e" "CARGO_HOME=/opt/rustwide/cargo-home" "-e" "RUSTUP_HOME=/opt/rustwide/rustup-home" "-e" "CARGO_TARGET_DIR=/opt/rustwide/target" "-e" "CARGO_INCREMENTAL=0" "-e" "RUST_BACKTRACE=full" "-e" "RUSTFLAGS=--cap-lints=warn" "-e" "RUSTDOCFLAGS=--cap-lints=warn" "-w" "/opt/rustwide/workdir" "--user" "0:0" "d993d9410f2c125e1739bebdec29aeff9bbae8ced1eb08159d12010b4f221eff" "/opt/rustwide/cargo-home/bin/cargo" "+1.99.0-beta.8" "test" "--frozen" "--no-run" "--message-format=json" "--release", kill_on_drop: false }`
[INFO] [stderr]    Compiling tokio v1.48.0
[INFO] [stderr]    Compiling time-macros v0.2.24
[INFO] [stderr]    Compiling deranged v0.5.5
[INFO] [stderr]    Compiling num_threads v0.1.7
[INFO] [stderr]    Compiling time v0.3.44
[INFO] [stderr]    Compiling sqlx-core v0.8.6
[INFO] [stderr]    Compiling sqlx-postgres v0.8.6
[INFO] [stderr]    Compiling tokio-util v0.7.16
[INFO] [stderr]    Compiling tokio-stream v0.1.17
[INFO] [stderr]    Compiling tower v0.5.2
[INFO] [stderr]    Compiling h2 v0.4.12
[INFO] [stderr]    Compiling sqlx-macros-core v0.8.6
[INFO] [stderr]    Compiling sqlx-macros v0.8.6
[INFO] [stderr]    Compiling hyper v1.7.0
[INFO] [stderr]    Compiling hyper-util v0.1.17
[INFO] [stderr]    Compiling axum v0.8.6
[INFO] [stderr]    Compiling sqlx v0.8.6
[INFO] [stderr]    Compiling quokka-state v0.3.0-beta.0
[INFO] [stderr]    Compiling quokka-database v0.3.0-beta.0 (/opt/rustwide/workdir)
[INFO] [stderr]     Finished `release` profile [optimized] target(s) in 1m 11s
[INFO] running `Command { std: "docker" "inspect" "d993d9410f2c125e1739bebdec29aeff9bbae8ced1eb08159d12010b4f221eff", kill_on_drop: false }`
[INFO] running `Command { std: "docker" "exec" "-e" "SOURCE_DIR=/opt/rustwide/workdir" "-e" "CARGO_HOME=/opt/rustwide/cargo-home" "-e" "RUSTUP_HOME=/opt/rustwide/rustup-home" "-e" "CARGO_TARGET_DIR=/opt/rustwide/target" "-e" "CARGO_INCREMENTAL=0" "-e" "RUST_BACKTRACE=full" "-e" "RUSTFLAGS=--cap-lints=warn" "-e" "RUSTDOCFLAGS=--cap-lints=warn" "-w" "/opt/rustwide/workdir" "--user" "0:0" "d993d9410f2c125e1739bebdec29aeff9bbae8ced1eb08159d12010b4f221eff" "/opt/rustwide/cargo-home/bin/cargo" "+1.99.0-beta.8" "test" "--frozen" "--release", kill_on_drop: false }`
[INFO] [stderr]     Finished `release` profile [optimized] target(s) in 0.23s
[INFO] [stderr]      Running unittests src/lib.rs (/opt/rustwide/target/release/deps/quokka_database-ca76d60b4a6a1c13)
[INFO] [stderr]      Running tests/db_criteria.rs (/opt/rustwide/target/release/deps/db_criteria-fee272c6a3d594a2)
[INFO] [stdout] 
[INFO] [stdout] running 0 tests
[INFO] [stdout] 
[INFO] [stdout] test result: ok. 0 passed; 0 failed; 0 ignored; 0 measured; 0 filtered out; finished in 0.00s
[INFO] [stdout] 
[INFO] [stdout] 
[INFO] [stdout] running 18 tests
[INFO] [stdout] test db_criteria::test_lt_criteria ... FAILED
[INFO] [stdout] test db_criteria::test_is_null_criteria ... FAILED
[INFO] [stdout] test db_criteria::test_in_criteria ... FAILED
[INFO] [stdout] test db_criteria::test_ne_criteria ... FAILED
[INFO] [stdout] test db_criteria::test_search_page_min ... FAILED
[INFO] [stdout] test db_criteria::test_or_criteria ... FAILED
[INFO] [stdout] test db_criteria::test_query_cleanup ... FAILED
[INFO] [stdout] test db_criteria::test_not_null_criteria ... FAILED
[INFO] [stdout] test db_criteria::test_eq_criteria ... FAILED
[INFO] [stdout] test db_criteria::test_plain_search ... FAILED
[INFO] [stdout] test db_criteria::test_gt_criteria ... FAILED
[INFO] [stdout] test db_criteria::test_lte_criteria ... FAILED
[INFO] [stdout] test db_criteria::test_search_paged ... FAILED
[INFO] [stdout] test db_criteria::test_gte_criteria ... FAILED
[INFO] [stdout] test db_criteria::test_like_criteria ... FAILED
[INFO] [stdout] test db_criteria::test_and_criteria ... FAILED
[INFO] [stdout] test db_criteria::test_search_by_id ... FAILED
[INFO] [stdout] test db_criteria::test_search_page_max ... FAILED
[INFO] [stdout] 
[INFO] [stdout] failures:
[INFO] [stdout] 
[INFO] [stdout] ---- db_criteria::test_lt_criteria stdout ----
[INFO] [stdout] 
[INFO] [stdout] thread 'db_criteria::test_lt_criteria' (2933) panicked at /opt/rustwide/cargo-home/registry/src/index.crates.io-1949cf8c6b5b557f/sqlx-postgres-0.8.6/src/testing/mod.rs:96:44:
[INFO] [stdout] DATABASE_URL must be set: EnvVar(NotPresent)
[INFO] [stdout] stack backtrace:
[INFO] [stdout]    0:     0x606584f804a1 - <<std[70759c8f55707aa4]::sys::backtrace::BacktraceLock>::print::DisplayBacktrace as core[df12db4294e9bfd3]::fmt::Display>::fmt
[INFO] [stdout]    1:     0x606584f9744a - core[df12db4294e9bfd3]::fmt::write
[INFO] [stdout]    2:     0x606584f84ecc - <alloc[2182bb758b4b3781]::vec::Vec<u8> as core[df12db4294e9bfd3]::io::write::Write>::write_fmt
[INFO] [stdout]    3:     0x606584f5b3e6 - std[70759c8f55707aa4]::panicking::default_hook::{closure#0}
[INFO] [stdout]    4:     0x606584f78239 - std[70759c8f55707aa4]::panicking::default_hook
[INFO] [stdout]    5:     0x606584e21fe0 - test[9d35eded1c95d3be]::test_main_inner::<test[9d35eded1c95d3be]::test_main_static::{closure#0}>::{closure#0}
[INFO] [stdout]    6:     0x606584f78562 - std[70759c8f55707aa4]::panicking::panic_with_hook
[INFO] [stdout]    7:     0x606584f5b492 - std[70759c8f55707aa4]::panicking::panic_handler::{closure#0}
[INFO] [stdout]    8:     0x606584f53ef9 - std[70759c8f55707aa4]::sys::backtrace::__rust_end_short_backtrace::<std[70759c8f55707aa4]::panicking::panic_handler::{closure#0}, !>
[INFO] [stdout]    9:     0x606584f5c31d - __rustc[8fa7c3cbc660c2b3]::rust_begin_unwind
[INFO] [stdout]   10:     0x606584f97bac - core[df12db4294e9bfd3]::panicking::panic_fmt
[INFO] [stdout]   11:     0x606584f97982 - core[df12db4294e9bfd3]::result::unwrap_failed
[INFO] [stdout]   12:     0x606584e7572e - <sqlx_postgres[51c9d2080fae9406]::database::Postgres as sqlx_core[b895c091407bc285]::testing::TestSupport>::test_context::{closure#0}
[INFO] [stdout]   13:     0x606584d04fc4 - sqlx_core[b895c091407bc285]::testing::run_test::<sqlx_postgres[51c9d2080fae9406]::database::Postgres, sqlx_core[b895c091407bc285]::testing::run_test_with_pool<sqlx_postgres[51c9d2080fae9406]::database::Postgres, fn(sqlx_core[b895c091407bc285]::pool::Pool<sqlx_postgres[51c9d2080fae9406]::database::Postgres>) -> db_criteria[75d149509d144b0d]::db_criteria::test_lt_criteria::test_lt_criteria::{closure#0}, db_criteria[75d149509d144b0d]::db_criteria::test_lt_criteria::test_lt_criteria::{closure#0}>::{closure#0}, sqlx_core[b895c091407bc285]::testing::run_test_with_pool<sqlx_postgres[51c9d2080fae9406]::database::Postgres, fn(sqlx_core[b895c091407bc285]::pool::Pool<sqlx_postgres[51c9d2080fae9406]::database::Postgres>) -> db_criteria[75d149509d144b0d]::db_criteria::test_lt_criteria::test_lt_criteria::{closure#0}, db_criteria[75d149509d144b0d]::db_criteria::test_lt_criteria::test_lt_criteria::{closure#0}>::{closure#0}::{closure#0}>::{closure#0}
[INFO] [stdout]   14:     0x606584d94718 - <tokio[1757fece24f7cf8e]::runtime::scheduler::current_thread::Context>::enter::<core[df12db4294e9bfd3]::task::poll::Poll<core[df12db4294e9bfd3]::result::Result<(), quokka_database[44132075566d29ba]::error::Error>>, <tokio[1757fece24f7cf8e]::runtime::scheduler::current_thread::CoreGuard>::block_on<core[df12db4294e9bfd3]::pin::Pin<&mut sqlx_core[b895c091407bc285]::testing::run_test<sqlx_postgres[51c9d2080fae9406]::database::Postgres, sqlx_core[b895c091407bc285]::testing::run_test_with_pool<sqlx_postgres[51c9d2080fae9406]::database::Postgres, fn(sqlx_core[b895c091407bc285]::pool::Pool<sqlx_postgres[51c9d2080fae9406]::database::Postgres>) -> db_criteria[75d149509d144b0d]::db_criteria::test_lt_criteria::test_lt_criteria::{closure#0}, db_criteria[75d149509d144b0d]::db_criteria::test_lt_criteria::test_lt_criteria::{closure#0}>::{closure#0}, sqlx_core[b895c091407bc285]::testing::run_test_with_pool<sqlx_postgres[51c9d2080fae9406]::database::Postgres, fn(sqlx_core[b895c091407bc285]::pool::Pool<sqlx_postgres[51c9d2080fae9406]::database::Postgres>) -> db_criteria[75d149509d144b0d]::db_criteria::test_lt_criteria::test_lt_criteria::{closure#0}, db_criteria[75d149509d144b0d]::db_criteria::test_lt_criteria::test_lt_criteria::{closure#0}>::{closure#0}::{closure#0}>::{closure#0}>>::{closure#0}::{closure#0}>
[INFO] [stdout]   15:     0x606584dfe0ef - <tokio[1757fece24f7cf8e]::runtime::context::scoped::Scoped<tokio[1757fece24f7cf8e]::runtime::scheduler::Context>>::set::<<tokio[1757fece24f7cf8e]::runtime::scheduler::current_thread::CoreGuard>::enter<<tokio[1757fece24f7cf8e]::runtime::scheduler::current_thread::CoreGuard>::block_on<core[df12db4294e9bfd3]::pin::Pin<&mut sqlx_core[b895c091407bc285]::testing::run_test<sqlx_postgres[51c9d2080fae9406]::database::Postgres, sqlx_core[b895c091407bc285]::testing::run_test_with_pool<sqlx_postgres[51c9d2080fae9406]::database::Postgres, fn(sqlx_core[b895c091407bc285]::pool::Pool<sqlx_postgres[51c9d2080fae9406]::database::Postgres>) -> db_criteria[75d149509d144b0d]::db_criteria::test_lt_criteria::test_lt_criteria::{closure#0}, db_criteria[75d149509d144b0d]::db_criteria::test_lt_criteria::test_lt_criteria::{closure#0}>::{closure#0}, sqlx_core[b895c091407bc285]::testing::run_test_with_pool<sqlx_postgres[51c9d2080fae9406]::database::Postgres, fn(sqlx_core[b895c091407bc285]::pool::Pool<sqlx_postgres[51c9d2080fae9406]::database::Postgres>) -> db_criteria[75d149509d144b0d]::db_criteria::test_lt_criteria::test_lt_criteria::{closure#0}, db_criteria[75d149509d144b0d]::db_criteria::test_lt_criteria::test_lt_criteria::{closure#0}>::{closure#0}::{closure#0}>::{closure#0}>>::{closure#0}, core[df12db4294e9bfd3]::option::Option<core[df12db4294e9bfd3]::result::Result<(), quokka_database[44132075566d29ba]::error::Error>>>::{closure#0}, (alloc[2182bb758b4b3781]::boxed::Box<tokio[1757fece24f7cf8e]::runtime::scheduler::current_thread::Core>, core[df12db4294e9bfd3]::option::Option<core[df12db4294e9bfd3]::result::Result<(), quokka_database[44132075566d29ba]::error::Error>>)>
[INFO] [stdout]   16:     0x606584d96f95 - <tokio[1757fece24f7cf8e]::runtime::scheduler::current_thread::CoreGuard>::block_on::<core[df12db4294e9bfd3]::pin::Pin<&mut sqlx_core[b895c091407bc285]::testing::run_test<sqlx_postgres[51c9d2080fae9406]::database::Postgres, sqlx_core[b895c091407bc285]::testing::run_test_with_pool<sqlx_postgres[51c9d2080fae9406]::database::Postgres, fn(sqlx_core[b895c091407bc285]::pool::Pool<sqlx_postgres[51c9d2080fae9406]::database::Postgres>) -> db_criteria[75d149509d144b0d]::db_criteria::test_lt_criteria::test_lt_criteria::{closure#0}, db_criteria[75d149509d144b0d]::db_criteria::test_lt_criteria::test_lt_criteria::{closure#0}>::{closure#0}, sqlx_core[b895c091407bc285]::testing::run_test_with_pool<sqlx_postgres[51c9d2080fae9406]::database::Postgres, fn(sqlx_core[b895c091407bc285]::pool::Pool<sqlx_postgres[51c9d2080fae9406]::database::Postgres>) -> db_criteria[75d149509d144b0d]::db_criteria::test_lt_criteria::test_lt_criteria::{closure#0}, db_criteria[75d149509d144b0d]::db_criteria::test_lt_criteria::test_lt_criteria::{closure#0}>::{closure#0}::{closure#0}>::{closure#0}>>
[INFO] [stdout]   17:     0x606584dcb003 - tokio[1757fece24f7cf8e]::runtime::context::runtime::enter_runtime::<<tokio[1757fece24f7cf8e]::runtime::scheduler::current_thread::CurrentThread>::block_on<sqlx_core[b895c091407bc285]::testing::run_test<sqlx_postgres[51c9d2080fae9406]::database::Postgres, sqlx_core[b895c091407bc285]::testing::run_test_with_pool<sqlx_postgres[51c9d2080fae9406]::database::Postgres, fn(sqlx_core[b895c091407bc285]::pool::Pool<sqlx_postgres[51c9d2080fae9406]::database::Postgres>) -> db_criteria[75d149509d144b0d]::db_criteria::test_lt_criteria::test_lt_criteria::{closure#0}, db_criteria[75d149509d144b0d]::db_criteria::test_lt_criteria::test_lt_criteria::{closure#0}>::{closure#0}, sqlx_core[b895c091407bc285]::testing::run_test_with_pool<sqlx_postgres[51c9d2080fae9406]::database::Postgres, fn(sqlx_core[b895c091407bc285]::pool::Pool<sqlx_postgres[51c9d2080fae9406]::database::Postgres>) -> db_criteria[75d149509d144b0d]::db_criteria::test_lt_criteria::test_lt_criteria::{closure#0}, db_criteria[75d149509d144b0d]::db_criteria::test_lt_criteria::test_lt_criteria::{closure#0}>::{closure#0}::{closure#0}>::{closure#0}>::{closure#0}, core[df12db4294e9bfd3]::result::Result<(), quokka_database[44132075566d29ba]::error::Error>>
[INFO] [stdout]   18:     0x606584de4bae - <tokio[1757fece24f7cf8e]::runtime::runtime::Runtime>::block_on::<sqlx_core[b895c091407bc285]::testing::run_test<sqlx_postgres[51c9d2080fae9406]::database::Postgres, sqlx_core[b895c091407bc285]::testing::run_test_with_pool<sqlx_postgres[51c9d2080fae9406]::database::Postgres, fn(sqlx_core[b895c091407bc285]::pool::Pool<sqlx_postgres[51c9d2080fae9406]::database::Postgres>) -> db_criteria[75d149509d144b0d]::db_criteria::test_lt_criteria::test_lt_criteria::{closure#0}, db_criteria[75d149509d144b0d]::db_criteria::test_lt_criteria::test_lt_criteria::{closure#0}>::{closure#0}, sqlx_core[b895c091407bc285]::testing::run_test_with_pool<sqlx_postgres[51c9d2080fae9406]::database::Postgres, fn(sqlx_core[b895c091407bc285]::pool::Pool<sqlx_postgres[51c9d2080fae9406]::database::Postgres>) -> db_criteria[75d149509d144b0d]::db_criteria::test_lt_criteria::test_lt_criteria::{closure#0}, db_criteria[75d149509d144b0d]::db_criteria::test_lt_criteria::test_lt_criteria::{closure#0}>::{closure#0}::{closure#0}>::{closure#0}>
[INFO] [stdout]   19:     0x606584df0cd3 - sqlx_core[b895c091407bc285]::rt::test_block_on::<sqlx_core[b895c091407bc285]::testing::run_test<sqlx_postgres[51c9d2080fae9406]::database::Postgres, sqlx_core[b895c091407bc285]::testing::run_test_with_pool<sqlx_postgres[51c9d2080fae9406]::database::Postgres, fn(sqlx_core[b895c091407bc285]::pool::Pool<sqlx_postgres[51c9d2080fae9406]::database::Postgres>) -> db_criteria[75d149509d144b0d]::db_criteria::test_lt_criteria::test_lt_criteria::{closure#0}, db_criteria[75d149509d144b0d]::db_criteria::test_lt_criteria::test_lt_criteria::{closure#0}>::{closure#0}, sqlx_core[b895c091407bc285]::testing::run_test_with_pool<sqlx_postgres[51c9d2080fae9406]::database::Postgres, fn(sqlx_core[b895c091407bc285]::pool::Pool<sqlx_postgres[51c9d2080fae9406]::database::Postgres>) -> db_criteria[75d149509d144b0d]::db_criteria::test_lt_criteria::test_lt_criteria::{closure#0}, db_criteria[75d149509d144b0d]::db_criteria::test_lt_criteria::test_lt_criteria::{closure#0}>::{closure#0}::{closure#0}>::{closure#0}>
[INFO] [stdout]   20:     0x606584e143df - <db_criteria[75d149509d144b0d]::db_criteria::test_lt_criteria::{closure#0} as core[df12db4294e9bfd3]::ops::function::FnOnce<()>>::call_once
[INFO] [stdout]   21:     0x606584e152cb - test[9d35eded1c95d3be]::__rust_begin_short_backtrace::<core[df12db4294e9bfd3]::result::Result<(), alloc[2182bb758b4b3781]::string::String>, fn() -> core[df12db4294e9bfd3]::result::Result<(), alloc[2182bb758b4b3781]::string::String>>
[INFO] [stdout]   22:     0x606584e22935 - test[9d35eded1c95d3be]::run_test::{closure#0}
[INFO] [stdout]   23:     0x606584e1c1f4 - std[70759c8f55707aa4]::sys::backtrace::__rust_begin_short_backtrace::<test[9d35eded1c95d3be]::run_test::{closure#1}, ()>
[INFO] [stdout]   24:     0x606584e25a92 - <std[70759c8f55707aa4]::thread::lifecycle::spawn_unchecked<test[9d35eded1c95d3be]::run_test::{closure#1}, ()>::{closure#1} as core[df12db4294e9bfd3]::ops::function::FnOnce<()>>::call_once::{shim:vtable#0}
[INFO] [stdout]   25:     0x606584f7f9c9 - <std[70759c8f55707aa4]::sys::thread::unix::Thread>::new::thread_start
[INFO] [stdout]   26:     0x71698692edfa - <unknown>
[INFO] [stdout]   27:     0x7169869c23d4 - clone
[INFO] [stdout]   28:                0x0 - <unknown>
[INFO] [stdout] 
[INFO] [stdout] ---- db_criteria::test_is_null_criteria stdout ----
[INFO] [stdout] 
[INFO] [stdout] thread 'db_criteria::test_is_null_criteria' (2931) panicked at /opt/rustwide/cargo-home/registry/src/index.crates.io-1949cf8c6b5b557f/sqlx-postgres-0.8.6/src/testing/mod.rs:96:44:
[INFO] [stdout] DATABASE_URL must be set: EnvVar(NotPresent)
[INFO] [stdout] stack backtrace:
[INFO] [stdout]    0:     0x606584f804a1 - <<std[70759c8f55707aa4]::sys::backtrace::BacktraceLock>::print::DisplayBacktrace as core[df12db4294e9bfd3]::fmt::Display>::fmt
[INFO] [stdout]    1:     0x606584f9744a - core[df12db4294e9bfd3]::fmt::write
[INFO] [stdout]    2:     0x606584f84ecc - <alloc[2182bb758b4b3781]::vec::Vec<u8> as core[df12db4294e9bfd3]::io::write::Write>::write_fmt
[INFO] [stdout]    3:     0x606584f5b3e6 - std[70759c8f55707aa4]::panicking::default_hook::{closure#0}
[INFO] [stdout]    4:     0x606584f78239 - std[70759c8f55707aa4]::panicking::default_hook
[INFO] [stdout]    5:     0x606584e21fe0 - test[9d35eded1c95d3be]::test_main_inner::<test[9d35eded1c95d3be]::test_main_static::{closure#0}>::{closure#0}
[INFO] [stdout]    6:     0x606584f78562 - std[70759c8f55707aa4]::panicking::panic_with_hook
[INFO] [stdout]    7:     0x606584f5b492 - std[70759c8f55707aa4]::panicking::panic_handler::{closure#0}
[INFO] [stdout]    8:     0x606584f53ef9 - std[70759c8f55707aa4]::sys::backtrace::__rust_end_short_backtrace::<std[70759c8f55707aa4]::panicking::panic_handler::{closure#0}, !>
[INFO] [stdout]    9:     0x606584f5c31d - __rustc[8fa7c3cbc660c2b3]::rust_begin_unwind
[INFO] [stdout]   10:     0x606584f97bac - core[df12db4294e9bfd3]::panicking::panic_fmt
[INFO] [stdout]   11:     0x606584f97982 - core[df12db4294e9bfd3]::result::unwrap_failed
[INFO] [stdout]   12:     0x606584e7572e - <sqlx_postgres[51c9d2080fae9406]::database::Postgres as sqlx_core[b895c091407bc285]::testing::TestSupport>::test_context::{closure#0}
[INFO] [stdout]   13:     0x606584d1d3a6 - sqlx_core[b895c091407bc285]::testing::run_test::<sqlx_postgres[51c9d2080fae9406]::database::Postgres, sqlx_core[b895c091407bc285]::testing::run_test_with_pool<sqlx_postgres[51c9d2080fae9406]::database::Postgres, fn(sqlx_core[b895c091407bc285]::pool::Pool<sqlx_postgres[51c9d2080fae9406]::database::Postgres>) -> db_criteria[75d149509d144b0d]::db_criteria::test_is_null_criteria::test_is_null_criteria::{closure#0}, db_criteria[75d149509d144b0d]::db_criteria::test_is_null_criteria::test_is_null_criteria::{closure#0}>::{closure#0}, sqlx_core[b895c091407bc285]::testing::run_test_with_pool<sqlx_postgres[51c9d2080fae9406]::database::Postgres, fn(sqlx_core[b895c091407bc285]::pool::Pool<sqlx_postgres[51c9d2080fae9406]::database::Postgres>) -> db_criteria[75d149509d144b0d]::db_criteria::test_is_null_criteria::test_is_null_criteria::{closure#0}, db_criteria[75d149509d144b0d]::db_criteria::test_is_null_criteria::test_is_null_criteria::{closure#0}>::{closure#0}::{closure#0}>::{closure#0}
[INFO] [stdout]   14:     0x606584d95ea8 - <tokio[1757fece24f7cf8e]::runtime::scheduler::current_thread::Context>::enter::<core[df12db4294e9bfd3]::task::poll::Poll<core[df12db4294e9bfd3]::result::Result<(), quokka_database[44132075566d29ba]::error::Error>>, <tokio[1757fece24f7cf8e]::runtime::scheduler::current_thread::CoreGuard>::block_on<core[df12db4294e9bfd3]::pin::Pin<&mut sqlx_core[b895c091407bc285]::testing::run_test<sqlx_postgres[51c9d2080fae9406]::database::Postgres, sqlx_core[b895c091407bc285]::testing::run_test_with_pool<sqlx_postgres[51c9d2080fae9406]::database::Postgres, fn(sqlx_core[b895c091407bc285]::pool::Pool<sqlx_postgres[51c9d2080fae9406]::database::Postgres>) -> db_criteria[75d149509d144b0d]::db_criteria::test_is_null_criteria::test_is_null_criteria::{closure#0}, db_criteria[75d149509d144b0d]::db_criteria::test_is_null_criteria::test_is_null_criteria::{closure#0}>::{closure#0}, sqlx_core[b895c091407bc285]::testing::run_test_with_pool<sqlx_postgres[51c9d2080fae9406]::database::Postgres, fn(sqlx_core[b895c091407bc285]::pool::Pool<sqlx_postgres[51c9d2080fae9406]::database::Postgres>) -> db_criteria[75d149509d144b0d]::db_criteria::test_is_null_criteria::test_is_null_criteria::{closure#0}, db_criteria[75d149509d144b0d]::db_criteria::test_is_null_criteria::test_is_null_criteria::{closure#0}>::{closure#0}::{closure#0}>::{closure#0}>>::{closure#0}::{closure#0}>
[INFO] [stdout]   15:     0x606584dffbbf - <tokio[1757fece24f7cf8e]::runtime::context::scoped::Scoped<tokio[1757fece24f7cf8e]::runtime::scheduler::Context>>::set::<<tokio[1757fece24f7cf8e]::runtime::scheduler::current_thread::CoreGuard>::enter<<tokio[1757fece24f7cf8e]::runtime::scheduler::current_thread::CoreGuard>::block_on<core[df12db4294e9bfd3]::pin::Pin<&mut sqlx_core[b895c091407bc285]::testing::run_test<sqlx_postgres[51c9d2080fae9406]::database::Postgres, sqlx_core[b895c091407bc285]::testing::run_test_with_pool<sqlx_postgres[51c9d2080fae9406]::database::Postgres, fn(sqlx_core[b895c091407bc285]::pool::Pool<sqlx_postgres[51c9d2080fae9406]::database::Postgres>) -> db_criteria[75d149509d144b0d]::db_criteria::test_is_null_criteria::test_is_null_criteria::{closure#0}, db_criteria[75d149509d144b0d]::db_criteria::test_is_null_criteria::test_is_null_criteria::{closure#0}>::{closure#0}, sqlx_core[b895c091407bc285]::testing::run_test_with_pool<sqlx_postgres[51c9d2080fae9406]::database::Postgres, fn(sqlx_core[b895c091407bc285]::pool::Pool<sqlx_postgres[51c9d2080fae9406]::database::Postgres>) -> db_criteria[75d149509d144b0d]::db_criteria::test_is_null_criteria::test_is_null_criteria::{closure#0}, db_criteria[75d149509d144b0d]::db_criteria::test_is_null_criteria::test_is_null_criteria::{closure#0}>::{closure#0}::{closure#0}>::{closure#0}>>::{closure#0}, core[df12db4294e9bfd3]::option::Option<core[df12db4294e9bfd3]::result::Result<(), quokka_database[44132075566d29ba]::error::Error>>>::{closure#0}, (alloc[2182bb758b4b3781]::boxed::Box<tokio[1757fece24f7cf8e]::runtime::scheduler::current_thread::Core>, core[df12db4294e9bfd3]::option::Option<core[df12db4294e9bfd3]::result::Result<(), quokka_database[44132075566d29ba]::error::Error>>)>
[INFO] [stdout]   16:     0x606584d99015 - <tokio[1757fece24f7cf8e]::runtime::scheduler::current_thread::CoreGuard>::block_on::<core[df12db4294e9bfd3]::pin::Pin<&mut sqlx_core[b895c091407bc285]::testing::run_test<sqlx_postgres[51c9d2080fae9406]::database::Postgres, sqlx_core[b895c091407bc285]::testing::run_test_with_pool<sqlx_postgres[51c9d2080fae9406]::database::Postgres, fn(sqlx_core[b895c091407bc285]::pool::Pool<sqlx_postgres[51c9d2080fae9406]::database::Postgres>) -> db_criteria[75d149509d144b0d]::db_criteria::test_is_null_criteria::test_is_null_criteria::{closure#0}, db_criteria[75d149509d144b0d]::db_criteria::test_is_null_criteria::test_is_null_criteria::{closure#0}>::{closure#0}, sqlx_core[b895c091407bc285]::testing::run_test_with_pool<sqlx_postgres[51c9d2080fae9406]::database::Postgres, fn(sqlx_core[b895c091407bc285]::pool::Pool<sqlx_postgres[51c9d2080fae9406]::database::Postgres>) -> db_criteria[75d149509d144b0d]::db_criteria::test_is_null_criteria::test_is_null_criteria::{closure#0}, db_criteria[75d149509d144b0d]::db_criteria::test_is_null_criteria::test_is_null_criteria::{closure#0}>::{closure#0}::{closure#0}>::{closure#0}>>
[INFO] [stdout]   17:     0x606584dcedc3 - tokio[1757fece24f7cf8e]::runtime::context::runtime::enter_runtime::<<tokio[1757fece24f7cf8e]::runtime::scheduler::current_thread::CurrentThread>::block_on<sqlx_core[b895c091407bc285]::testing::run_test<sqlx_postgres[51c9d2080fae9406]::database::Postgres, sqlx_core[b895c091407bc285]::testing::run_test_with_pool<sqlx_postgres[51c9d2080fae9406]::database::Postgres, fn(sqlx_core[b895c091407bc285]::pool::Pool<sqlx_postgres[51c9d2080fae9406]::database::Postgres>) -> db_criteria[75d149509d144b0d]::db_criteria::test_is_null_criteria::test_is_null_criteria::{closure#0}, db_criteria[75d149509d144b0d]::db_criteria::test_is_null_criteria::test_is_null_criteria::{closure#0}>::{closure#0}, sqlx_core[b895c091407bc285]::testing::run_test_with_pool<sqlx_postgres[51c9d2080fae9406]::database::Postgres, fn(sqlx_core[b895c091407bc285]::pool::Pool<sqlx_postgres[51c9d2080fae9406]::database::Postgres>) -> db_criteria[75d149509d144b0d]::db_criteria::test_is_null_criteria::test_is_null_criteria::{closure#0}, db_criteria[75d149509d144b0d]::db_criteria::test_is_null_criteria::test_is_null_criteria::{closure#0}>::{closure#0}::{closure#0}>::{closure#0}>::{closure#0}, core[df12db4294e9bfd3]::result::Result<(), quokka_database[44132075566d29ba]::error::Error>>
[INFO] [stdout]   18:     0x606584de5ffe - <tokio[1757fece24f7cf8e]::runtime::runtime::Runtime>::block_on::<sqlx_core[b895c091407bc285]::testing::run_test<sqlx_postgres[51c9d2080fae9406]::database::Postgres, sqlx_core[b895c091407bc285]::testing::run_test_with_pool<sqlx_postgres[51c9d2080fae9406]::database::Postgres, fn(sqlx_core[b895c091407bc285]::pool::Pool<sqlx_postgres[51c9d2080fae9406]::database::Postgres>) -> db_criteria[75d149509d144b0d]::db_criteria::test_is_null_criteria::test_is_null_criteria::{closure#0}, db_criteria[75d149509d144b0d]::db_criteria::test_is_null_criteria::test_is_null_criteria::{closure#0}>::{closure#0}, sqlx_core[b895c091407bc285]::testing::run_test_with_pool<sqlx_postgres[51c9d2080fae9406]::database::Postgres, fn(sqlx_core[b895c091407bc285]::pool::Pool<sqlx_postgres[51c9d2080fae9406]::database::Postgres>) -> db_criteria[75d149509d144b0d]::db_criteria::test_is_null_criteria::test_is_null_criteria::{closure#0}, db_criteria[75d149509d144b0d]::db_criteria::test_is_null_criteria::test_is_null_criteria::{closure#0}>::{closure#0}::{closure#0}>::{closure#0}>
[INFO] [stdout]   19:     0x606584df1d13 - sqlx_core[b895c091407bc285]::rt::test_block_on::<sqlx_core[b895c091407bc285]::testing::run_test<sqlx_postgres[51c9d2080fae9406]::database::Postgres, sqlx_core[b895c091407bc285]::testing::run_test_with_pool<sqlx_postgres[51c9d2080fae9406]::database::Postgres, fn(sqlx_core[b895c091407bc285]::pool::Pool<sqlx_postgres[51c9d2080fae9406]::database::Postgres>) -> db_criteria[75d149509d144b0d]::db_criteria::test_is_null_criteria::test_is_null_criteria::{closure#0}, db_criteria[75d149509d144b0d]::db_criteria::test_is_null_criteria::test_is_null_criteria::{closure#0}>::{closure#0}, sqlx_core[b895c091407bc285]::testing::run_test_with_pool<sqlx_postgres[51c9d2080fae9406]::database::Postgres, fn(sqlx_core[b895c091407bc285]::pool::Pool<sqlx_postgres[51c9d2080fae9406]::database::Postgres>) -> db_criteria[75d149509d144b0d]::db_criteria::test_is_null_criteria::test_is_null_criteria::{closure#0}, db_criteria[75d149509d144b0d]::db_criteria::test_is_null_criteria::test_is_null_criteria::{closure#0}>::{closure#0}::{closure#0}>::{closure#0}>
[INFO] [stdout]   20:     0x606584e150df - <db_criteria[75d149509d144b0d]::db_criteria::test_is_null_criteria::{closure#0} as core[df12db4294e9bfd3]::ops::function::FnOnce<()>>::call_once
[INFO] [stdout]   21:     0x606584e152cb - test[9d35eded1c95d3be]::__rust_begin_short_backtrace::<core[df12db4294e9bfd3]::result::Result<(), alloc[2182bb758b4b3781]::string::String>, fn() -> core[df12db4294e9bfd3]::result::Result<(), alloc[2182bb758b4b3781]::string::String>>
[INFO] [stdout]   22:     0x606584e22935 - test[9d35eded1c95d3be]::run_test::{closure#0}
[INFO] [stdout]   23:     0x606584e1c1f4 - std[70759c8f55707aa4]::sys::backtrace::__rust_begin_short_backtrace::<test[9d35eded1c95d3be]::run_test::{closure#1}, ()>
[INFO] [stdout]   24:     0x606584e25a92 - <std[70759c8f55707aa4]::thread::lifecycle::spawn_unchecked<test[9d35eded1c95d3be]::run_test::{closure#1}, ()>::{closure#1} as core[df12db4294e9bfd3]::ops::function::FnOnce<()>>::call_once::{shim:vtable#0}
[INFO] [stdout]   25:     0x606584f7f9c9 - <std[70759c8f55707aa4]::sys::thread::unix::Thread>::new::thread_start
[INFO] [stdout]   26:     0x71698692edfa - <unknown>
[INFO] [stdout]   27:     0x7169869c23d4 - clone
[INFO] [stdout]   28:                0x0 - <unknown>
[INFO] [stdout] 
[INFO] [stdout] ---- db_criteria::test_in_criteria stdout ----
[INFO] [stdout] 
[INFO] [stdout] thread 'db_criteria::test_in_criteria' (2930) panicked at /opt/rustwide/cargo-home/registry/src/index.crates.io-1949cf8c6b5b557f/sqlx-postgres-0.8.6/src/testing/mod.rs:96:44:
[INFO] [stdout] DATABASE_URL must be set: EnvVar(NotPresent)
[INFO] [stdout] stack backtrace:
[INFO] [stdout]    0:     0x606584f804a1 - <<std[70759c8f55707aa4]::sys::backtrace::BacktraceLock>::print::DisplayBacktrace as core[df12db4294e9bfd3]::fmt::Display>::fmt
[INFO] [stdout]    1:     0x606584f9744a - core[df12db4294e9bfd3]::fmt::write
[INFO] [stdout]    2:     0x606584f84ecc - <alloc[2182bb758b4b3781]::vec::Vec<u8> as core[df12db4294e9bfd3]::io::write::Write>::write_fmt
[INFO] [stdout]    3:     0x606584f5b3e6 - std[70759c8f55707aa4]::panicking::default_hook::{closure#0}
[INFO] [stdout]    4:     0x606584f78239 - std[70759c8f55707aa4]::panicking::default_hook
[INFO] [stdout]    5:     0x606584e21fe0 - test[9d35eded1c95d3be]::test_main_inner::<test[9d35eded1c95d3be]::test_main_static::{closure#0}>::{closure#0}
[INFO] [stdout]    6:     0x606584f78562 - std[70759c8f55707aa4]::panicking::panic_with_hook
[INFO] [stdout]    7:     0x606584f5b492 - std[70759c8f55707aa4]::panicking::panic_handler::{closure#0}
[INFO] [stdout]    8:     0x606584f53ef9 - std[70759c8f55707aa4]::sys::backtrace::__rust_end_short_backtrace::<std[70759c8f55707aa4]::panicking::panic_handler::{closure#0}, !>
[INFO] [stdout]    9:     0x606584f5c31d - __rustc[8fa7c3cbc660c2b3]::rust_begin_unwind
[INFO] [stdout]   10:     0x606584f97bac - core[df12db4294e9bfd3]::panicking::panic_fmt
[INFO] [stdout]   11:     0x606584f97982 - core[df12db4294e9bfd3]::result::unwrap_failed
[INFO] [stdout]   12:     0x606584e7572e - <sqlx_postgres[51c9d2080fae9406]::database::Postgres as sqlx_core[b895c091407bc285]::testing::TestSupport>::test_context::{closure#0}
[INFO] [stdout]   13:     0x606584d02192 - sqlx_core[b895c091407bc285]::testing::run_test::<sqlx_postgres[51c9d2080fae9406]::database::Postgres, sqlx_core[b895c091407bc285]::testing::run_test_with_pool<sqlx_postgres[51c9d2080fae9406]::database::Postgres, fn(sqlx_core[b895c091407bc285]::pool::Pool<sqlx_postgres[51c9d2080fae9406]::database::Postgres>) -> db_criteria[75d149509d144b0d]::db_criteria::test_in_criteria::test_in_criteria::{closure#0}, db_criteria[75d149509d144b0d]::db_criteria::test_in_criteria::test_in_criteria::{closure#0}>::{closure#0}, sqlx_core[b895c091407bc285]::testing::run_test_with_pool<sqlx_postgres[51c9d2080fae9406]::database::Postgres, fn(sqlx_core[b895c091407bc285]::pool::Pool<sqlx_postgres[51c9d2080fae9406]::database::Postgres>) -> db_criteria[75d149509d144b0d]::db_criteria::test_in_criteria::test_in_criteria::{closure#0}, db_criteria[75d149509d144b0d]::db_criteria::test_in_criteria::test_in_criteria::{closure#0}>::{closure#0}::{closure#0}>::{closure#0}
[INFO] [stdout]   14:     0x606584d94548 - <tokio[1757fece24f7cf8e]::runtime::scheduler::current_thread::Context>::enter::<core[df12db4294e9bfd3]::task::poll::Poll<core[df12db4294e9bfd3]::result::Result<(), quokka_database[44132075566d29ba]::error::Error>>, <tokio[1757fece24f7cf8e]::runtime::scheduler::current_thread::CoreGuard>::block_on<core[df12db4294e9bfd3]::pin::Pin<&mut sqlx_core[b895c091407bc285]::testing::run_test<sqlx_postgres[51c9d2080fae9406]::database::Postgres, sqlx_core[b895c091407bc285]::testing::run_test_with_pool<sqlx_postgres[51c9d2080fae9406]::database::Postgres, fn(sqlx_core[b895c091407bc285]::pool::Pool<sqlx_postgres[51c9d2080fae9406]::database::Postgres>) -> db_criteria[75d149509d144b0d]::db_criteria::test_in_criteria::test_in_criteria::{closure#0}, db_criteria[75d149509d144b0d]::db_criteria::test_in_criteria::test_in_criteria::{closure#0}>::{closure#0}, sqlx_core[b895c091407bc285]::testing::run_test_with_pool<sqlx_postgres[51c9d2080fae9406]::database::Postgres, fn(sqlx_core[b895c091407bc285]::pool::Pool<sqlx_postgres[51c9d2080fae9406]::database::Postgres>) -> db_criteria[75d149509d144b0d]::db_criteria::test_in_criteria::test_in_criteria::{closure#0}, db_criteria[75d149509d144b0d]::db_criteria::test_in_criteria::test_in_criteria::{closure#0}>::{closure#0}::{closure#0}>::{closure#0}>>::{closure#0}::{closure#0}>
[INFO] [stdout]   15:     0x606584dfdedf - <tokio[1757fece24f7cf8e]::runtime::context::scoped::Scoped<tokio[1757fece24f7cf8e]::runtime::scheduler::Context>>::set::<<tokio[1757fece24f7cf8e]::runtime::scheduler::current_thread::CoreGuard>::enter<<tokio[1757fece24f7cf8e]::runtime::scheduler::current_thread::CoreGuard>::block_on<core[df12db4294e9bfd3]::pin::Pin<&mut sqlx_core[b895c091407bc285]::testing::run_test<sqlx_postgres[51c9d2080fae9406]::database::Postgres, sqlx_core[b895c091407bc285]::testing::run_test_with_pool<sqlx_postgres[51c9d2080fae9406]::database::Postgres, fn(sqlx_core[b895c091407bc285]::pool::Pool<sqlx_postgres[51c9d2080fae9406]::database::Postgres>) -> db_criteria[75d149509d144b0d]::db_criteria::test_in_criteria::test_in_criteria::{closure#0}, db_criteria[75d149509d144b0d]::db_criteria::test_in_criteria::test_in_criteria::{closure#0}>::{closure#0}, sqlx_core[b895c091407bc285]::testing::run_test_with_pool<sqlx_postgres[51c9d2080fae9406]::database::Postgres, fn(sqlx_core[b895c091407bc285]::pool::Pool<sqlx_postgres[51c9d2080fae9406]::database::Postgres>) -> db_criteria[75d149509d144b0d]::db_criteria::test_in_criteria::test_in_criteria::{closure#0}, db_criteria[75d149509d144b0d]::db_criteria::test_in_criteria::test_in_criteria::{closure#0}>::{closure#0}::{closure#0}>::{closure#0}>>::{closure#0}, core[df12db4294e9bfd3]::option::Option<core[df12db4294e9bfd3]::result::Result<(), quokka_database[44132075566d29ba]::error::Error>>>::{closure#0}, (alloc[2182bb758b4b3781]::boxed::Box<tokio[1757fece24f7cf8e]::runtime::scheduler::current_thread::Core>, core[df12db4294e9bfd3]::option::Option<core[df12db4294e9bfd3]::result::Result<(), quokka_database[44132075566d29ba]::error::Error>>)>
[INFO] [stdout]   16:     0x606584d96d15 - <tokio[1757fece24f7cf8e]::runtime::scheduler::current_thread::CoreGuard>::block_on::<core[df12db4294e9bfd3]::pin::Pin<&mut sqlx_core[b895c091407bc285]::testing::run_test<sqlx_postgres[51c9d2080fae9406]::database::Postgres, sqlx_core[b895c091407bc285]::testing::run_test_with_pool<sqlx_postgres[51c9d2080fae9406]::database::Postgres, fn(sqlx_core[b895c091407bc285]::pool::Pool<sqlx_postgres[51c9d2080fae9406]::database::Postgres>) -> db_criteria[75d149509d144b0d]::db_criteria::test_in_criteria::test_in_criteria::{closure#0}, db_criteria[75d149509d144b0d]::db_criteria::test_in_criteria::test_in_criteria::{closure#0}>::{closure#0}, sqlx_core[b895c091407bc285]::testing::run_test_with_pool<sqlx_postgres[51c9d2080fae9406]::database::Postgres, fn(sqlx_core[b895c091407bc285]::pool::Pool<sqlx_postgres[51c9d2080fae9406]::database::Postgres>) -> db_criteria[75d149509d144b0d]::db_criteria::test_in_criteria::test_in_criteria::{closure#0}, db_criteria[75d149509d144b0d]::db_criteria::test_in_criteria::test_in_criteria::{closure#0}>::{closure#0}::{closure#0}>::{closure#0}>>
[INFO] [stdout]   17:     0x606584dcab43 - tokio[1757fece24f7cf8e]::runtime::context::runtime::enter_runtime::<<tokio[1757fece24f7cf8e]::runtime::scheduler::current_thread::CurrentThread>::block_on<sqlx_core[b895c091407bc285]::testing::run_test<sqlx_postgres[51c9d2080fae9406]::database::Postgres, sqlx_core[b895c091407bc285]::testing::run_test_with_pool<sqlx_postgres[51c9d2080fae9406]::database::Postgres, fn(sqlx_core[b895c091407bc285]::pool::Pool<sqlx_postgres[51c9d2080fae9406]::database::Postgres>) -> db_criteria[75d149509d144b0d]::db_criteria::test_in_criteria::test_in_criteria::{closure#0}, db_criteria[75d149509d144b0d]::db_criteria::test_in_criteria::test_in_criteria::{closure#0}>::{closure#0}, sqlx_core[b895c091407bc285]::testing::run_test_with_pool<sqlx_postgres[51c9d2080fae9406]::database::Postgres, fn(sqlx_core[b895c091407bc285]::pool::Pool<sqlx_postgres[51c9d2080fae9406]::database::Postgres>) -> db_criteria[75d149509d144b0d]::db_criteria::test_in_criteria::test_in_criteria::{closure#0}, db_criteria[75d149509d144b0d]::db_criteria::test_in_criteria::test_in_criteria::{closure#0}>::{closure#0}::{closure#0}>::{closure#0}>::{closure#0}, core[df12db4294e9bfd3]::result::Result<(), quokka_database[44132075566d29ba]::error::Error>>
[INFO] [stdout]   18:     0x606584de4a1e - <tokio[1757fece24f7cf8e]::runtime::runtime::Runtime>::block_on::<sqlx_core[b895c091407bc285]::testing::run_test<sqlx_postgres[51c9d2080fae9406]::database::Postgres, sqlx_core[b895c091407bc285]::testing::run_test_with_pool<sqlx_postgres[51c9d2080fae9406]::database::Postgres, fn(sqlx_core[b895c091407bc285]::pool::Pool<sqlx_postgres[51c9d2080fae9406]::database::Postgres>) -> db_criteria[75d149509d144b0d]::db_criteria::test_in_criteria::test_in_criteria::{closure#0}, db_criteria[75d149509d144b0d]::db_criteria::test_in_criteria::test_in_criteria::{closure#0}>::{closure#0}, sqlx_core[b895c091407bc285]::testing::run_test_with_pool<sqlx_postgres[51c9d2080fae9406]::database::Postgres, fn(sqlx_core[b895c091407bc285]::pool::Pool<sqlx_postgres[51c9d2080fae9406]::database::Postgres>) -> db_criteria[75d149509d144b0d]::db_criteria::test_in_criteria::test_in_criteria::{closure#0}, db_criteria[75d149509d144b0d]::db_criteria::test_in_criteria::test_in_criteria::{closure#0}>::{closure#0}::{closure#0}>::{closure#0}>
[INFO] [stdout]   19:     0x606584df0b93 - sqlx_core[b895c091407bc285]::rt::test_block_on::<sqlx_core[b895c091407bc285]::testing::run_test<sqlx_postgres[51c9d2080fae9406]::database::Postgres, sqlx_core[b895c091407bc285]::testing::run_test_with_pool<sqlx_postgres[51c9d2080fae9406]::database::Postgres, fn(sqlx_core[b895c091407bc285]::pool::Pool<sqlx_postgres[51c9d2080fae9406]::database::Postgres>) -> db_criteria[75d149509d144b0d]::db_criteria::test_in_criteria::test_in_criteria::{closure#0}, db_criteria[75d149509d144b0d]::db_criteria::test_in_criteria::test_in_criteria::{closure#0}>::{closure#0}, sqlx_core[b895c091407bc285]::testing::run_test_with_pool<sqlx_postgres[51c9d2080fae9406]::database::Postgres, fn(sqlx_core[b895c091407bc285]::pool::Pool<sqlx_postgres[51c9d2080fae9406]::database::Postgres>) -> db_criteria[75d149509d144b0d]::db_criteria::test_in_criteria::test_in_criteria::{closure#0}, db_criteria[75d149509d144b0d]::db_criteria::test_in_criteria::test_in_criteria::{closure#0}>::{closure#0}::{closure#0}>::{closure#0}>
[INFO] [stdout]   20:     0x606584e142df - <db_criteria[75d149509d144b0d]::db_criteria::test_in_criteria::{closure#0} as core[df12db4294e9bfd3]::ops::function::FnOnce<()>>::call_once
[INFO] [stdout]   21:     0x606584e152cb - test[9d35eded1c95d3be]::__rust_begin_short_backtrace::<core[df12db4294e9bfd3]::result::Result<(), alloc[2182bb758b4b3781]::string::String>, fn() -> core[df12db4294e9bfd3]::result::Result<(), alloc[2182bb758b4b3781]::string::String>>
[INFO] [stdout]   22:     0x606584e22935 - test[9d35eded1c95d3be]::run_test::{closure#0}
[INFO] [stdout]   23:     0x606584e1c1f4 - std[70759c8f55707aa4]::sys::backtrace::__rust_begin_short_backtrace::<test[9d35eded1c95d3be]::run_test::{closure#1}, ()>
[INFO] [stdout]   24:     0x606584e25a92 - <std[70759c8f55707aa4]::thread::lifecycle::spawn_unchecked<test[9d35eded1c95d3be]::run_test::{closure#1}, ()>::{closure#1} as core[df12db4294e9bfd3]::ops::function::FnOnce<()>>::call_once::{shim:vtable#0}
[INFO] [stdout]   25:     0x606584f7f9c9 - <std[70759c8f55707aa4]::sys::thread::unix::Thread>::new::thread_start
[INFO] [stdout]   26:     0x71698692edfa - <unknown>
[INFO] [stdout]   27:     0x7169869c23d4 - clone
[INFO] [stdout]   28:                0x0 - <unknown>
[INFO] [stdout] 
[INFO] [stdout] ---- db_criteria::test_ne_criteria stdout ----
[INFO] [stdout] 
[INFO] [stdout] thread 'db_criteria::test_ne_criteria' (2935) panicked at /opt/rustwide/cargo-home/registry/src/index.crates.io-1949cf8c6b5b557f/sqlx-postgres-0.8.6/src/testing/mod.rs:96:44:
[INFO] [stdout] DATABASE_URL must be set: EnvVar(NotPresent)
[INFO] [stdout] stack backtrace:
[INFO] [stdout]    0:     0x606584f804a1 - <<std[70759c8f55707aa4]::sys::backtrace::BacktraceLock>::print::DisplayBacktrace as core[df12db4294e9bfd3]::fmt::Display>::fmt
[INFO] [stdout]    1:     0x606584f9744a - core[df12db4294e9bfd3]::fmt::write
[INFO] [stdout]    2:     0x606584f84ecc - <alloc[2182bb758b4b3781]::vec::Vec<u8> as core[df12db4294e9bfd3]::io::write::Write>::write_fmt
[INFO] [stdout]    3:     0x606584f5b3e6 - std[70759c8f55707aa4]::panicking::default_hook::{closure#0}
[INFO] [stdout]    4:     0x606584f78239 - std[70759c8f55707aa4]::panicking::default_hook
[INFO] [stdout]    5:     0x606584e21fe0 - test[9d35eded1c95d3be]::test_main_inner::<test[9d35eded1c95d3be]::test_main_static::{closure#0}>::{closure#0}
[INFO] [stdout]    6:     0x606584f78562 - std[70759c8f55707aa4]::panicking::panic_with_hook
[INFO] [stdout]    7:     0x606584f5b492 - std[70759c8f55707aa4]::panicking::panic_handler::{closure#0}
[INFO] [stdout]    8:     0x606584f53ef9 - std[70759c8f55707aa4]::sys::backtrace::__rust_end_short_backtrace::<std[70759c8f55707aa4]::panicking::panic_handler::{closure#0}, !>
[INFO] [stdout]    9:     0x606584f5c31d - __rustc[8fa7c3cbc660c2b3]::rust_begin_unwind
[INFO] [stdout]   10:     0x606584f97bac - core[df12db4294e9bfd3]::panicking::panic_fmt
[INFO] [stdout]   11:     0x606584f97982 - core[df12db4294e9bfd3]::result::unwrap_failed
[INFO] [stdout]   12:     0x606584e7572e - <sqlx_postgres[51c9d2080fae9406]::database::Postgres as sqlx_core[b895c091407bc285]::testing::TestSupport>::test_context::{closure#0}
[INFO] [stdout]   13:     0x606584d07d18 - sqlx_core[b895c091407bc285]::testing::run_test::<sqlx_postgres[51c9d2080fae9406]::database::Postgres, sqlx_core[b895c091407bc285]::testing::run_test_with_pool<sqlx_postgres[51c9d2080fae9406]::database::Postgres, fn(sqlx_core[b895c091407bc285]::pool::Pool<sqlx_postgres[51c9d2080fae9406]::database::Postgres>) -> db_criteria[75d149509d144b0d]::db_criteria::test_ne_criteria::test_ne_criteria::{closure#0}, db_criteria[75d149509d144b0d]::db_criteria::test_ne_criteria::test_ne_criteria::{closure#0}>::{closure#0}, sqlx_core[b895c091407bc285]::testing::run_test_with_pool<sqlx_postgres[51c9d2080fae9406]::database::Postgres, fn(sqlx_core[b895c091407bc285]::pool::Pool<sqlx_postgres[51c9d2080fae9406]::database::Postgres>) -> db_criteria[75d149509d144b0d]::db_criteria::test_ne_criteria::test_ne_criteria::{closure#0}, db_criteria[75d149509d144b0d]::db_criteria::test_ne_criteria::test_ne_criteria::{closure#0}>::{closure#0}::{closure#0}>::{closure#0}
[INFO] [stdout]   14:     0x606584d948e8 - <tokio[1757fece24f7cf8e]::runtime::scheduler::current_thread::Context>::enter::<core[df12db4294e9bfd3]::task::poll::Poll<core[df12db4294e9bfd3]::result::Result<(), quokka_database[44132075566d29ba]::error::Error>>, <tokio[1757fece24f7cf8e]::runtime::scheduler::current_thread::CoreGuard>::block_on<core[df12db4294e9bfd3]::pin::Pin<&mut sqlx_core[b895c091407bc285]::testing::run_test<sqlx_postgres[51c9d2080fae9406]::database::Postgres, sqlx_core[b895c091407bc285]::testing::run_test_with_pool<sqlx_postgres[51c9d2080fae9406]::database::Postgres, fn(sqlx_core[b895c091407bc285]::pool::Pool<sqlx_postgres[51c9d2080fae9406]::database::Postgres>) -> db_criteria[75d149509d144b0d]::db_criteria::test_ne_criteria::test_ne_criteria::{closure#0}, db_criteria[75d149509d144b0d]::db_criteria::test_ne_criteria::test_ne_criteria::{closure#0}>::{closure#0}, sqlx_core[b895c091407bc285]::testing::run_test_with_pool<sqlx_postgres[51c9d2080fae9406]::database::Postgres, fn(sqlx_core[b895c091407bc285]::pool::Pool<sqlx_postgres[51c9d2080fae9406]::database::Postgres>) -> db_criteria[75d149509d144b0d]::db_criteria::test_ne_criteria::test_ne_criteria::{closure#0}, db_criteria[75d149509d144b0d]::db_criteria::test_ne_criteria::test_ne_criteria::{closure#0}>::{closure#0}::{closure#0}>::{closure#0}>>::{closure#0}::{closure#0}>
[INFO] [stdout]   15:     0x606584dfe2ff - <tokio[1757fece24f7cf8e]::runtime::context::scoped::Scoped<tokio[1757fece24f7cf8e]::runtime::scheduler::Context>>::set::<<tokio[1757fece24f7cf8e]::runtime::scheduler::current_thread::CoreGuard>::enter<<tokio[1757fece24f7cf8e]::runtime::scheduler::current_thread::CoreGuard>::block_on<core[df12db4294e9bfd3]::pin::Pin<&mut sqlx_core[b895c091407bc285]::testing::run_test<sqlx_postgres[51c9d2080fae9406]::database::Postgres, sqlx_core[b895c091407bc285]::testing::run_test_with_pool<sqlx_postgres[51c9d2080fae9406]::database::Postgres, fn(sqlx_core[b895c091407bc285]::pool::Pool<sqlx_postgres[51c9d2080fae9406]::database::Postgres>) -> db_criteria[75d149509d144b0d]::db_criteria::test_ne_criteria::test_ne_criteria::{closure#0}, db_criteria[75d149509d144b0d]::db_criteria::test_ne_criteria::test_ne_criteria::{closure#0}>::{closure#0}, sqlx_core[b895c091407bc285]::testing::run_test_with_pool<sqlx_postgres[51c9d2080fae9406]::database::Postgres, fn(sqlx_core[b895c091407bc285]::pool::Pool<sqlx_postgres[51c9d2080fae9406]::database::Postgres>) -> db_criteria[75d149509d144b0d]::db_criteria::test_ne_criteria::test_ne_criteria::{closure#0}, db_criteria[75d149509d144b0d]::db_criteria::test_ne_criteria::test_ne_criteria::{closure#0}>::{closure#0}::{closure#0}>::{closure#0}>>::{closure#0}, core[df12db4294e9bfd3]::option::Option<core[df12db4294e9bfd3]::result::Result<(), quokka_database[44132075566d29ba]::error::Error>>>::{closure#0}, (alloc[2182bb758b4b3781]::boxed::Box<tokio[1757fece24f7cf8e]::runtime::scheduler::current_thread::Core>, core[df12db4294e9bfd3]::option::Option<core[df12db4294e9bfd3]::result::Result<(), quokka_database[44132075566d29ba]::error::Error>>)>
[INFO] [stdout]   16:     0x606584d97215 - <tokio[1757fece24f7cf8e]::runtime::scheduler::current_thread::CoreGuard>::block_on::<core[df12db4294e9bfd3]::pin::Pin<&mut sqlx_core[b895c091407bc285]::testing::run_test<sqlx_postgres[51c9d2080fae9406]::database::Postgres, sqlx_core[b895c091407bc285]::testing::run_test_with_pool<sqlx_postgres[51c9d2080fae9406]::database::Postgres, fn(sqlx_core[b895c091407bc285]::pool::Pool<sqlx_postgres[51c9d2080fae9406]::database::Postgres>) -> db_criteria[75d149509d144b0d]::db_criteria::test_ne_criteria::test_ne_criteria::{closure#0}, db_criteria[75d149509d144b0d]::db_criteria::test_ne_criteria::test_ne_criteria::{closure#0}>::{closure#0}, sqlx_core[b895c091407bc285]::testing::run_test_with_pool<sqlx_postgres[51c9d2080fae9406]::database::Postgres, fn(sqlx_core[b895c091407bc285]::pool::Pool<sqlx_postgres[51c9d2080fae9406]::database::Postgres>) -> db_criteria[75d149509d144b0d]::db_criteria::test_ne_criteria::test_ne_criteria::{closure#0}, db_criteria[75d149509d144b0d]::db_criteria::test_ne_criteria::test_ne_criteria::{closure#0}>::{closure#0}::{closure#0}>::{closure#0}>>
[INFO] [stdout]   17:     0x606584dcb4c3 - tokio[1757fece24f7cf8e]::runtime::context::runtime::enter_runtime::<<tokio[1757fece24f7cf8e]::runtime::scheduler::current_thread::CurrentThread>::block_on<sqlx_core[b895c091407bc285]::testing::run_test<sqlx_postgres[51c9d2080fae9406]::database::Postgres, sqlx_core[b895c091407bc285]::testing::run_test_with_pool<sqlx_postgres[51c9d2080fae9406]::database::Postgres, fn(sqlx_core[b895c091407bc285]::pool::Pool<sqlx_postgres[51c9d2080fae9406]::database::Postgres>) -> db_criteria[75d149509d144b0d]::db_criteria::test_ne_criteria::test_ne_criteria::{closure#0}, db_criteria[75d149509d144b0d]::db_criteria::test_ne_criteria::test_ne_criteria::{closure#0}>::{closure#0}, sqlx_core[b895c091407bc285]::testing::run_test_with_pool<sqlx_postgres[51c9d2080fae9406]::database::Postgres, fn(sqlx_core[b895c091407bc285]::pool::Pool<sqlx_postgres[51c9d2080fae9406]::database::Postgres>) -> db_criteria[75d149509d144b0d]::db_criteria::test_ne_criteria::test_ne_criteria::{closure#0}, db_criteria[75d149509d144b0d]::db_criteria::test_ne_criteria::test_ne_criteria::{closure#0}>::{closure#0}::{closure#0}>::{closure#0}>::{closure#0}, core[df12db4294e9bfd3]::result::Result<(), quokka_database[44132075566d29ba]::error::Error>>
[INFO] [stdout]   18:     0x606584de4d3e - <tokio[1757fece24f7cf8e]::runtime::runtime::Runtime>::block_on::<sqlx_core[b895c091407bc285]::testing::run_test<sqlx_postgres[51c9d2080fae9406]::database::Postgres, sqlx_core[b895c091407bc285]::testing::run_test_with_pool<sqlx_postgres[51c9d2080fae9406]::database::Postgres, fn(sqlx_core[b895c091407bc285]::pool::Pool<sqlx_postgres[51c9d2080fae9406]::database::Postgres>) -> db_criteria[75d149509d144b0d]::db_criteria::test_ne_criteria::test_ne_criteria::{closure#0}, db_criteria[75d149509d144b0d]::db_criteria::test_ne_criteria::test_ne_criteria::{closure#0}>::{closure#0}, sqlx_core[b895c091407bc285]::testing::run_test_with_pool<sqlx_postgres[51c9d2080fae9406]::database::Postgres, fn(sqlx_core[b895c091407bc285]::pool::Pool<sqlx_postgres[51c9d2080fae9406]::database::Postgres>) -> db_criteria[75d149509d144b0d]::db_criteria::test_ne_criteria::test_ne_criteria::{closure#0}, db_criteria[75d149509d144b0d]::db_criteria::test_ne_criteria::test_ne_criteria::{closure#0}>::{closure#0}::{closure#0}>::{closure#0}>
[INFO] [stdout]   19:     0x606584df0e13 - sqlx_core[b895c091407bc285]::rt::test_block_on::<sqlx_core[b895c091407bc285]::testing::run_test<sqlx_postgres[51c9d2080fae9406]::database::Postgres, sqlx_core[b895c091407bc285]::testing::run_test_with_pool<sqlx_postgres[51c9d2080fae9406]::database::Postgres, fn(sqlx_core[b895c091407bc285]::pool::Pool<sqlx_postgres[51c9d2080fae9406]::database::Postgres>) -> db_criteria[75d149509d144b0d]::db_criteria::test_ne_criteria::test_ne_criteria::{closure#0}, db_criteria[75d149509d144b0d]::db_criteria::test_ne_criteria::test_ne_criteria::{closure#0}>::{closure#0}, sqlx_core[b895c091407bc285]::testing::run_test_with_pool<sqlx_postgres[51c9d2080fae9406]::database::Postgres, fn(sqlx_core[b895c091407bc285]::pool::Pool<sqlx_postgres[51c9d2080fae9406]::database::Postgres>) -> db_criteria[75d149509d144b0d]::db_criteria::test_ne_criteria::test_ne_criteria::{closure#0}, db_criteria[75d149509d144b0d]::db_criteria::test_ne_criteria::test_ne_criteria::{closure#0}>::{closure#0}::{closure#0}>::{closure#0}>
[INFO] [stdout]   20:     0x606584e144df - <db_criteria[75d149509d144b0d]::db_criteria::test_ne_criteria::{closure#0} as core[df12db4294e9bfd3]::ops::function::FnOnce<()>>::call_once
[INFO] [stdout]   21:     0x606584e152cb - test[9d35eded1c95d3be]::__rust_begin_short_backtrace::<core[df12db4294e9bfd3]::result::Result<(), alloc[2182bb758b4b3781]::string::String>, fn() -> core[df12db4294e9bfd3]::result::Result<(), alloc[2182bb758b4b3781]::string::String>>
[INFO] [stdout]   22:     0x606584e22935 - test[9d35eded1c95d3be]::run_test::{closure#0}
[INFO] [stdout]   23:     0x606584e1c1f4 - std[70759c8f55707aa4]::sys::backtrace::__rust_begin_short_backtrace::<test[9d35eded1c95d3be]::run_test::{closure#1}, ()>
[INFO] [stdout]   24:     0x606584e25a92 - <std[70759c8f55707aa4]::thread::lifecycle::spawn_unchecked<test[9d35eded1c95d3be]::run_test::{closure#1}, ()>::{closure#1} as core[df12db4294e9bfd3]::ops::function::FnOnce<()>>::call_once::{shim:vtable#0}
[INFO] [stdout]   25:     0x606584f7f9c9 - <std[70759c8f55707aa4]::sys::thread::unix::Thread>::new::thread_start
[INFO] [stdout]   26:     0x71698692edfa - <unknown>
[INFO] [stdout]   27:     0x7169869c23d4 - clone
[INFO] [stdout]   28:                0x0 - <unknown>
[INFO] [stdout] 
[INFO] [stdout] ---- db_criteria::test_search_page_min stdout ----
[INFO] [stdout] 
[INFO] [stdout] thread 'db_criteria::test_search_page_min' (2942) panicked at /opt/rustwide/cargo-home/registry/src/index.crates.io-1949cf8c6b5b557f/sqlx-postgres-0.8.6/src/testing/mod.rs:96:44:
[INFO] [stdout] DATABASE_URL must be set: EnvVar(NotPresent)
[INFO] [stdout] stack backtrace:
[INFO] [stdout]    0:     0x606584f804a1 - <<std[70759c8f55707aa4]::sys::backtrace::BacktraceLock>::print::DisplayBacktrace as core[df12db4294e9bfd3]::fmt::Display>::fmt
[INFO] [stdout]    1:     0x606584f9744a - core[df12db4294e9bfd3]::fmt::write
[INFO] [stdout]    2:     0x606584f84ecc - <alloc[2182bb758b4b3781]::vec::Vec<u8> as core[df12db4294e9bfd3]::io::write::Write>::write_fmt
[INFO] [stdout]    3:     0x606584f5b3e6 - std[70759c8f55707aa4]::panicking::default_hook::{closure#0}
[INFO] [stdout]    4:     0x606584f78239 - std[70759c8f55707aa4]::panicking::default_hook
[INFO] [stdout]    5:     0x606584e21fe0 - test[9d35eded1c95d3be]::test_main_inner::<test[9d35eded1c95d3be]::test_main_static::{closure#0}>::{closure#0}
[INFO] [stdout]    6:     0x606584f78562 - std[70759c8f55707aa4]::panicking::panic_with_hook
[INFO] [stdout]    7:     0x606584f5b492 - std[70759c8f55707aa4]::panicking::panic_handler::{closure#0}
[INFO] [stdout]    8:     0x606584f53ef9 - std[70759c8f55707aa4]::sys::backtrace::__rust_end_short_backtrace::<std[70759c8f55707aa4]::panicking::panic_handler::{closure#0}, !>
[INFO] [stdout]    9:     0x606584f5c31d - __rustc[8fa7c3cbc660c2b3]::rust_begin_unwind
[INFO] [stdout]   10:     0x606584f97bac - core[df12db4294e9bfd3]::panicking::panic_fmt
[INFO] [stdout]   11:     0x606584f97982 - core[df12db4294e9bfd3]::result::unwrap_failed
[INFO] [stdout]   12:     0x606584e7572e - <sqlx_postgres[51c9d2080fae9406]::database::Postgres as sqlx_core[b895c091407bc285]::testing::TestSupport>::test_context::{closure#0}
[INFO] [stdout]   13:     0x606584d1c3e0 - sqlx_core[b895c091407bc285]::testing::run_test::<sqlx_postgres[51c9d2080fae9406]::database::Postgres, sqlx_core[b895c091407bc285]::testing::run_test_with_pool<sqlx_postgres[51c9d2080fae9406]::database::Postgres, fn(sqlx_core[b895c091407bc285]::pool::Pool<sqlx_postgres[51c9d2080fae9406]::database::Postgres>) -> db_criteria[75d149509d144b0d]::db_criteria::test_search_page_min::test_search_page_min::{closure#0}, db_criteria[75d149509d144b0d]::db_criteria::test_search_page_min::test_search_page_min::{closure#0}>::{closure#0}, sqlx_core[b895c091407bc285]::testing::run_test_with_pool<sqlx_postgres[51c9d2080fae9406]::database::Postgres, fn(sqlx_core[b895c091407bc285]::pool::Pool<sqlx_postgres[51c9d2080fae9406]::database::Postgres>) -> db_criteria[75d149509d144b0d]::db_criteria::test_search_page_min::test_search_page_min::{closure#0}, db_criteria[75d149509d144b0d]::db_criteria::test_search_page_min::test_search_page_min::{closure#0}>::{closure#0}::{closure#0}>::{closure#0}
[INFO] [stdout]   14:     0x606584d95cd8 - <tokio[1757fece24f7cf8e]::runtime::scheduler::current_thread::Context>::enter::<core[df12db4294e9bfd3]::task::poll::Poll<core[df12db4294e9bfd3]::result::Result<(), quokka_database[44132075566d29ba]::error::Error>>, <tokio[1757fece24f7cf8e]::runtime::scheduler::current_thread::CoreGuard>::block_on<core[df12db4294e9bfd3]::pin::Pin<&mut sqlx_core[b895c091407bc285]::testing::run_test<sqlx_postgres[51c9d2080fae9406]::database::Postgres, sqlx_core[b895c091407bc285]::testing::run_test_with_pool<sqlx_postgres[51c9d2080fae9406]::database::Postgres, fn(sqlx_core[b895c091407bc285]::pool::Pool<sqlx_postgres[51c9d2080fae9406]::database::Postgres>) -> db_criteria[75d149509d144b0d]::db_criteria::test_search_page_min::test_search_page_min::{closure#0}, db_criteria[75d149509d144b0d]::db_criteria::test_search_page_min::test_search_page_min::{closure#0}>::{closure#0}, sqlx_core[b895c091407bc285]::testing::run_test_with_pool<sqlx_postgres[51c9d2080fae9406]::database::Postgres, fn(sqlx_core[b895c091407bc285]::pool::Pool<sqlx_postgres[51c9d2080fae9406]::database::Postgres>) -> db_criteria[75d149509d144b0d]::db_criteria::test_search_page_min::test_search_page_min::{closure#0}, db_criteria[75d149509d144b0d]::db_criteria::test_search_page_min::test_search_page_min::{closure#0}>::{closure#0}::{closure#0}>::{closure#0}>>::{closure#0}::{closure#0}>
[INFO] [stdout]   15:     0x606584dff9af - <tokio[1757fece24f7cf8e]::runtime::context::scoped::Scoped<tokio[1757fece24f7cf8e]::runtime::scheduler::Context>>::set::<<tokio[1757fece24f7cf8e]::runtime::scheduler::current_thread::CoreGuard>::enter<<tokio[1757fece24f7cf8e]::runtime::scheduler::current_thread::CoreGuard>::block_on<core[df12db4294e9bfd3]::pin::Pin<&mut sqlx_core[b895c091407bc285]::testing::run_test<sqlx_postgres[51c9d2080fae9406]::database::Postgres, sqlx_core[b895c091407bc285]::testing::run_test_with_pool<sqlx_postgres[51c9d2080fae9406]::database::Postgres, fn(sqlx_core[b895c091407bc285]::pool::Pool<sqlx_postgres[51c9d2080fae9406]::database::Postgres>) -> db_criteria[75d149509d144b0d]::db_criteria::test_search_page_min::test_search_page_min::{closure#0}, db_criteria[75d149509d144b0d]::db_criteria::test_search_page_min::test_search_page_min::{closure#0}>::{closure#0}, sqlx_core[b895c091407bc285]::testing::run_test_with_pool<sqlx_postgres[51c9d2080fae9406]::database::Postgres, fn(sqlx_core[b895c091407bc285]::pool::Pool<sqlx_postgres[51c9d2080fae9406]::database::Postgres>) -> db_criteria[75d149509d144b0d]::db_criteria::test_search_page_min::test_search_page_min::{closure#0}, db_criteria[75d149509d144b0d]::db_criteria::test_search_page_min::test_search_page_min::{closure#0}>::{closure#0}::{closure#0}>::{closure#0}>>::{closure#0}, core[df12db4294e9bfd3]::option::Option<core[df12db4294e9bfd3]::result::Result<(), quokka_database[44132075566d29ba]::error::Error>>>::{closure#0}, (alloc[2182bb758b4b3781]::boxed::Box<tokio[1757fece24f7cf8e]::runtime::scheduler::current_thread::Core>, core[df12db4294e9bfd3]::option::Option<core[df12db4294e9bfd3]::result::Result<(), quokka_database[44132075566d29ba]::error::Error>>)>
[INFO] [stdout]   16:     0x606584d98d95 - <tokio[1757fece24f7cf8e]::runtime::scheduler::current_thread::CoreGuard>::block_on::<core[df12db4294e9bfd3]::pin::Pin<&mut sqlx_core[b895c091407bc285]::testing::run_test<sqlx_postgres[51c9d2080fae9406]::database::Postgres, sqlx_core[b895c091407bc285]::testing::run_test_with_pool<sqlx_postgres[51c9d2080fae9406]::database::Postgres, fn(sqlx_core[b895c091407bc285]::pool::Pool<sqlx_postgres[51c9d2080fae9406]::database::Postgres>) -> db_criteria[75d149509d144b0d]::db_criteria::test_search_page_min::test_search_page_min::{closure#0}, db_criteria[75d149509d144b0d]::db_criteria::test_search_page_min::test_search_page_min::{closure#0}>::{closure#0}, sqlx_core[b895c091407bc285]::testing::run_test_with_pool<sqlx_postgres[51c9d2080fae9406]::database::Postgres, fn(sqlx_core[b895c091407bc285]::pool::Pool<sqlx_postgres[51c9d2080fae9406]::database::Postgres>) -> db_criteria[75d149509d144b0d]::db_criteria::test_search_page_min::test_search_page_min::{closure#0}, db_criteria[75d149509d144b0d]::db_criteria::test_search_page_min::test_search_page_min::{closure#0}>::{closure#0}::{closure#0}>::{closure#0}>>
[INFO] [stdout]   17:     0x606584dce903 - tokio[1757fece24f7cf8e]::runtime::context::runtime::enter_runtime::<<tokio[1757fece24f7cf8e]::runtime::scheduler::current_thread::CurrentThread>::block_on<sqlx_core[b895c091407bc285]::testing::run_test<sqlx_postgres[51c9d2080fae9406]::database::Postgres, sqlx_core[b895c091407bc285]::testing::run_test_with_pool<sqlx_postgres[51c9d2080fae9406]::database::Postgres, fn(sqlx_core[b895c091407bc285]::pool::Pool<sqlx_postgres[51c9d2080fae9406]::database::Postgres>) -> db_criteria[75d149509d144b0d]::db_criteria::test_search_page_min::test_search_page_min::{closure#0}, db_criteria[75d149509d144b0d]::db_criteria::test_search_page_min::test_search_page_min::{closure#0}>::{closure#0}, sqlx_core[b895c091407bc285]::testing::run_test_with_pool<sqlx_postgres[51c9d2080fae9406]::database::Postgres, fn(sqlx_core[b895c091407bc285]::pool::Pool<sqlx_postgres[51c9d2080fae9406]::database::Postgres>) -> db_criteria[75d149509d144b0d]::db_criteria::test_search_page_min::test_search_page_min::{closure#0}, db_criteria[75d149509d144b0d]::db_criteria::test_search_page_min::test_search_page_min::{closure#0}>::{closure#0}::{closure#0}>::{closure#0}>::{closure#0}, core[df12db4294e9bfd3]::result::Result<(), quokka_database[44132075566d29ba]::error::Error>>
[INFO] [stdout]   18:     0x606584de5e6e - <tokio[1757fece24f7cf8e]::runtime::runtime::Runtime>::block_on::<sqlx_core[b895c091407bc285]::testing::run_test<sqlx_postgres[51c9d2080fae9406]::database::Postgres, sqlx_core[b895c091407bc285]::testing::run_test_with_pool<sqlx_postgres[51c9d2080fae9406]::database::Postgres, fn(sqlx_core[b895c091407bc285]::pool::Pool<sqlx_postgres[51c9d2080fae9406]::database::Postgres>) -> db_criteria[75d149509d144b0d]::db_criteria::test_search_page_min::test_search_page_min::{closure#0}, db_criteria[75d149509d144b0d]::db_criteria::test_search_page_min::test_search_page_min::{closure#0}>::{closure#0}, sqlx_core[b895c091407bc285]::testing::run_test_with_pool<sqlx_postgres[51c9d2080fae9406]::database::Postgres, fn(sqlx_core[b895c091407bc285]::pool::Pool<sqlx_postgres[51c9d2080fae9406]::database::Postgres>) -> db_criteria[75d149509d144b0d]::db_criteria::test_search_page_min::test_search_page_min::{closure#0}, db_criteria[75d149509d144b0d]::db_criteria::test_search_page_min::test_search_page_min::{closure#0}>::{closure#0}::{closure#0}>::{closure#0}>
[INFO] [stdout]   19:     0x606584df1bd3 - sqlx_core[b895c091407bc285]::rt::test_block_on::<sqlx_core[b895c091407bc285]::testing::run_test<sqlx_postgres[51c9d2080fae9406]::database::Postgres, sqlx_core[b895c091407bc285]::testing::run_test_with_pool<sqlx_postgres[51c9d2080fae9406]::database::Postgres, fn(sqlx_core[b895c091407bc285]::pool::Pool<sqlx_postgres[51c9d2080fae9406]::database::Postgres>) -> db_criteria[75d149509d144b0d]::db_criteria::test_search_page_min::test_search_page_min::{closure#0}, db_criteria[75d149509d144b0d]::db_criteria::test_search_page_min::test_search_page_min::{closure#0}>::{closure#0}, sqlx_core[b895c091407bc285]::testing::run_test_with_pool<sqlx_postgres[51c9d2080fae9406]::database::Postgres, fn(sqlx_core[b895c091407bc285]::pool::Pool<sqlx_postgres[51c9d2080fae9406]::database::Postgres>) -> db_criteria[75d149509d144b0d]::db_criteria::test_search_page_min::test_search_page_min::{closure#0}, db_criteria[75d149509d144b0d]::db_criteria::test_search_page_min::test_search_page_min::{closure#0}>::{closure#0}::{closure#0}>::{closure#0}>
[INFO] [stdout]   20:     0x606584e14fdf - <db_criteria[75d149509d144b0d]::db_criteria::test_search_page_min::{closure#0} as core[df12db4294e9bfd3]::ops::function::FnOnce<()>>::call_once
[INFO] [stdout]   21:     0x606584e152cb - test[9d35eded1c95d3be]::__rust_begin_short_backtrace::<core[df12db4294e9bfd3]::result::Result<(), alloc[2182bb758b4b3781]::string::String>, fn() -> core[df12db4294e9bfd3]::result::Result<(), alloc[2182bb758b4b3781]::string::String>>
[INFO] [stdout]   22:     0x606584e22935 - test[9d35eded1c95d3be]::run_test::{closure#0}
[INFO] [stdout]   23:     0x606584e1c1f4 - std[70759c8f55707aa4]::sys::backtrace::__rust_begin_short_backtrace::<test[9d35eded1c95d3be]::run_test::{closure#1}, ()>
[INFO] [stdout]   24:     0x606584e25a92 - <std[70759c8f55707aa4]::thread::lifecycle::spawn_unchecked<test[9d35eded1c95d3be]::run_test::{closure#1}, ()>::{closure#1} as core[df12db4294e9bfd3]::ops::function::FnOnce<()>>::call_once::{shim:vtable#0}
[INFO] [stdout]   25:     0x606584f7f9c9 - <std[70759c8f55707aa4]::sys::thread::unix::Thread>::new::thread_start
[INFO] [stdout]   26:     0x71698692edfa - <unknown>
[INFO] [stdout]   27:     0x7169869c23d4 - clone
[INFO] [stdout]   28:                0x0 - <unknown>
[INFO] [stdout] 
[INFO] [stdout] ---- db_criteria::test_or_criteria stdout ----
[INFO] [stdout] 
[INFO] [stdout] thread 'db_criteria::test_or_criteria' (2937) panicked at /opt/rustwide/cargo-home/registry/src/index.crates.io-1949cf8c6b5b557f/sqlx-postgres-0.8.6/src/testing/mod.rs:96:44:
[INFO] [stdout] DATABASE_URL must be set: EnvVar(NotPresent)
[INFO] [stdout] stack backtrace:
[INFO] [stdout]    0:     0x606584f804a1 - <<std[70759c8f55707aa4]::sys::backtrace::BacktraceLock>::print::DisplayBacktrace as core[df12db4294e9bfd3]::fmt::Display>::fmt
[INFO] [stdout]    1:     0x606584f9744a - core[df12db4294e9bfd3]::fmt::write
[INFO] [stdout]    2:     0x606584f84ecc - <alloc[2182bb758b4b3781]::vec::Vec<u8> as core[df12db4294e9bfd3]::io::write::Write>::write_fmt
[INFO] [stdout]    3:     0x606584f5b3e6 - std[70759c8f55707aa4]::panicking::default_hook::{closure#0}
[INFO] [stdout]    4:     0x606584f78239 - std[70759c8f55707aa4]::panicking::default_hook
[INFO] [stdout]    5:     0x606584e21fe0 - test[9d35eded1c95d3be]::test_main_inner::<test[9d35eded1c95d3be]::test_main_static::{closure#0}>::{closure#0}
[INFO] [stdout]    6:     0x606584f78562 - std[70759c8f55707aa4]::panicking::panic_with_hook
[INFO] [stdout]    7:     0x606584f5b492 - std[70759c8f55707aa4]::panicking::panic_handler::{closure#0}
[INFO] [stdout]    8:     0x606584f53ef9 - std[70759c8f55707aa4]::sys::backtrace::__rust_end_short_backtrace::<std[70759c8f55707aa4]::panicking::panic_handler::{closure#0}, !>
[INFO] [stdout]    9:     0x606584f5c31d - __rustc[8fa7c3cbc660c2b3]::rust_begin_unwind
[INFO] [stdout]   10:     0x606584f97bac - core[df12db4294e9bfd3]::panicking::panic_fmt
[INFO] [stdout]   11:     0x606584f97982 - core[df12db4294e9bfd3]::result::unwrap_failed
[INFO] [stdout]   12:     0x606584e7572e - <sqlx_postgres[51c9d2080fae9406]::database::Postgres as sqlx_core[b895c091407bc285]::testing::TestSupport>::test_context::{closure#0}
[INFO] [stdout]   13:     0x606584d0ab56 - sqlx_core[b895c091407bc285]::testing::run_test::<sqlx_postgres[51c9d2080fae9406]::database::Postgres, sqlx_core[b895c091407bc285]::testing::run_test_with_pool<sqlx_postgres[51c9d2080fae9406]::database::Postgres, fn(sqlx_core[b895c091407bc285]::pool::Pool<sqlx_postgres[51c9d2080fae9406]::database::Postgres>) -> db_criteria[75d149509d144b0d]::db_criteria::test_or_criteria::test_or_criteria::{closure#0}, db_criteria[75d149509d144b0d]::db_criteria::test_or_criteria::test_or_criteria::{closure#0}>::{closure#0}, sqlx_core[b895c091407bc285]::testing::run_test_with_pool<sqlx_postgres[51c9d2080fae9406]::database::Postgres, fn(sqlx_core[b895c091407bc285]::pool::Pool<sqlx_postgres[51c9d2080fae9406]::database::Postgres>) -> db_criteria[75d149509d144b0d]::db_criteria::test_or_criteria::test_or_criteria::{closure#0}, db_criteria[75d149509d144b0d]::db_criteria::test_or_criteria::test_or_criteria::{closure#0}>::{closure#0}::{closure#0}>::{closure#0}
[INFO] [stdout]   14:     0x606584d94ab8 - <tokio[1757fece24f7cf8e]::runtime::scheduler::current_thread::Context>::enter::<core[df12db4294e9bfd3]::task::poll::Poll<core[df12db4294e9bfd3]::result::Result<(), quokka_database[44132075566d29ba]::error::Error>>, <tokio[1757fece24f7cf8e]::runtime::scheduler::current_thread::CoreGuard>::block_on<core[df12db4294e9bfd3]::pin::Pin<&mut sqlx_core[b895c091407bc285]::testing::run_test<sqlx_postgres[51c9d2080fae9406]::database::Postgres, sqlx_core[b895c091407bc285]::testing::run_test_with_pool<sqlx_postgres[51c9d2080fae9406]::database::Postgres, fn(sqlx_core[b895c091407bc285]::pool::Pool<sqlx_postgres[51c9d2080fae9406]::database::Postgres>) -> db_criteria[75d149509d144b0d]::db_criteria::test_or_criteria::test_or_criteria::{closure#0}, db_criteria[75d149509d144b0d]::db_criteria::test_or_criteria::test_or_criteria::{closure#0}>::{closure#0}, sqlx_core[b895c091407bc285]::testing::run_test_with_pool<sqlx_postgres[51c9d2080fae9406]::database::Postgres, fn(sqlx_core[b895c091407bc285]::pool::Pool<sqlx_postgres[51c9d2080fae9406]::database::Postgres>) -> db_criteria[75d149509d144b0d]::db_criteria::test_or_criteria::test_or_criteria::{closure#0}, db_criteria[75d149509d144b0d]::db_criteria::test_or_criteria::test_or_criteria::{closure#0}>::{closure#0}::{closure#0}>::{closure#0}>>::{closure#0}::{closure#0}>
[INFO] [stdout]   15:     0x606584dfe50f - <tokio[1757fece24f7cf8e]::runtime::context::scoped::Scoped<tokio[1757fece24f7cf8e]::runtime::scheduler::Context>>::set::<<tokio[1757fece24f7cf8e]::runtime::scheduler::current_thread::CoreGuard>::enter<<tokio[1757fece24f7cf8e]::runtime::scheduler::current_thread::CoreGuard>::block_on<core[df12db4294e9bfd3]::pin::Pin<&mut sqlx_core[b895c091407bc285]::testing::run_test<sqlx_postgres[51c9d2080fae9406]::database::Postgres, sqlx_core[b895c091407bc285]::testing::run_test_with_pool<sqlx_postgres[51c9d2080fae9406]::database::Postgres, fn(sqlx_core[b895c091407bc285]::pool::Pool<sqlx_postgres[51c9d2080fae9406]::database::Postgres>) -> db_criteria[75d149509d144b0d]::db_criteria::test_or_criteria::test_or_criteria::{closure#0}, db_criteria[75d149509d144b0d]::db_criteria::test_or_criteria::test_or_criteria::{closure#0}>::{closure#0}, sqlx_core[b895c091407bc285]::testing::run_test_with_pool<sqlx_postgres[51c9d2080fae9406]::database::Postgres, fn(sqlx_core[b895c091407bc285]::pool::Pool<sqlx_postgres[51c9d2080fae9406]::database::Postgres>) -> db_criteria[75d149509d144b0d]::db_criteria::test_or_criteria::test_or_criteria::{closure#0}, db_criteria[75d149509d144b0d]::db_criteria::test_or_criteria::test_or_criteria::{closure#0}>::{closure#0}::{closure#0}>::{closure#0}>>::{closure#0}, core[df12db4294e9bfd3]::option::Option<core[df12db4294e9bfd3]::result::Result<(), quokka_database[44132075566d29ba]::error::Error>>>::{closure#0}, (alloc[2182bb758b4b3781]::boxed::Box<tokio[1757fece24f7cf8e]::runtime::scheduler::current_thread::Core>, core[df12db4294e9bfd3]::option::Option<core[df12db4294e9bfd3]::result::Result<(), quokka_database[44132075566d29ba]::error::Error>>)>
[INFO] [stdout]   16:     0x606584d97495 - <tokio[1757fece24f7cf8e]::runtime::scheduler::current_thread::CoreGuard>::block_on::<core[df12db4294e9bfd3]::pin::Pin<&mut sqlx_core[b895c091407bc285]::testing::run_test<sqlx_postgres[51c9d2080fae9406]::database::Postgres, sqlx_core[b895c091407bc285]::testing::run_test_with_pool<sqlx_postgres[51c9d2080fae9406]::database::Postgres, fn(sqlx_core[b895c091407bc285]::pool::Pool<sqlx_postgres[51c9d2080fae9406]::database::Postgres>) -> db_criteria[75d149509d144b0d]::db_criteria::test_or_criteria::test_or_criteria::{closure#0}, db_criteria[75d149509d144b0d]::db_criteria::test_or_criteria::test_or_criteria::{closure#0}>::{closure#0}, sqlx_core[b895c091407bc285]::testing::run_test_with_pool<sqlx_postgres[51c9d2080fae9406]::database::Postgres, fn(sqlx_core[b895c091407bc285]::pool::Pool<sqlx_postgres[51c9d2080fae9406]::database::Postgres>) -> db_criteria[75d149509d144b0d]::db_criteria::test_or_criteria::test_or_criteria::{closure#0}, db_criteria[75d149509d144b0d]::db_criteria::test_or_criteria::test_or_criteria::{closure#0}>::{closure#0}::{closure#0}>::{closure#0}>>
[INFO] [stdout]   17:     0x606584dcb983 - tokio[1757fece24f7cf8e]::runtime::context::runtime::enter_runtime::<<tokio[1757fece24f7cf8e]::runtime::scheduler::current_thread::CurrentThread>::block_on<sqlx_core[b895c091407bc285]::testing::run_test<sqlx_postgres[51c9d2080fae9406]::database::Postgres, sqlx_core[b895c091407bc285]::testing::run_test_with_pool<sqlx_postgres[51c9d2080fae9406]::database::Postgres, fn(sqlx_core[b895c091407bc285]::pool::Pool<sqlx_postgres[51c9d2080fae9406]::database::Postgres>) -> db_criteria[75d149509d144b0d]::db_criteria::test_or_criteria::test_or_criteria::{closure#0}, db_criteria[75d149509d144b0d]::db_criteria::test_or_criteria::test_or_criteria::{closure#0}>::{closure#0}, sqlx_core[b895c091407bc285]::testing::run_test_with_pool<sqlx_postgres[51c9d2080fae9406]::database::Postgres, fn(sqlx_core[b895c091407bc285]::pool::Pool<sqlx_postgres[51c9d2080fae9406]::database::Postgres>) -> db_criteria[75d149509d144b0d]::db_criteria::test_or_criteria::test_or_criteria::{closure#0}, db_criteria[75d149509d144b0d]::db_criteria::test_or_criteria::test_or_criteria::{closure#0}>::{closure#0}::{closure#0}>::{closure#0}>::{closure#0}, core[df12db4294e9bfd3]::result::Result<(), quokka_database[44132075566d29ba]::error::Error>>
[INFO] [stdout]   18:     0x606584de4ece - <tokio[1757fece24f7cf8e]::runtime::runtime::Runtime>::block_on::<sqlx_core[b895c091407bc285]::testing::run_test<sqlx_postgres[51c9d2080fae9406]::database::Postgres, sqlx_core[b895c091407bc285]::testing::run_test_with_pool<sqlx_postgres[51c9d2080fae9406]::database::Postgres, fn(sqlx_core[b895c091407bc285]::pool::Pool<sqlx_postgres[51c9d2080fae9406]::database::Postgres>) -> db_criteria[75d149509d144b0d]::db_criteria::test_or_criteria::test_or_criteria::{closure#0}, db_criteria[75d149509d144b0d]::db_criteria::test_or_criteria::test_or_criteria::{closure#0}>::{closure#0}, sqlx_core[b895c091407bc285]::testing::run_test_with_pool<sqlx_postgres[51c9d2080fae9406]::database::Postgres, fn(sqlx_core[b895c091407bc285]::pool::Pool<sqlx_postgres[51c9d2080fae9406]::database::Postgres>) -> db_criteria[75d149509d144b0d]::db_criteria::test_or_criteria::test_or_criteria::{closure#0}, db_criteria[75d149509d144b0d]::db_criteria::test_or_criteria::test_or_criteria::{closure#0}>::{closure#0}::{closure#0}>::{closure#0}>
[INFO] [stdout]   19:     0x606584df0f53 - sqlx_core[b895c091407bc285]::rt::test_block_on::<sqlx_core[b895c091407bc285]::testing::run_test<sqlx_postgres[51c9d2080fae9406]::database::Postgres, sqlx_core[b895c091407bc285]::testing::run_test_with_pool<sqlx_postgres[51c9d2080fae9406]::database::Postgres, fn(sqlx_core[b895c091407bc285]::pool::Pool<sqlx_postgres[51c9d2080fae9406]::database::Postgres>) -> db_criteria[75d149509d144b0d]::db_criteria::test_or_criteria::test_or_criteria::{closure#0}, db_criteria[75d149509d144b0d]::db_criteria::test_or_criteria::test_or_criteria::{closure#0}>::{closure#0}, sqlx_core[b895c091407bc285]::testing::run_test_with_pool<sqlx_postgres[51c9d2080fae9406]::database::Postgres, fn(sqlx_core[b895c091407bc285]::pool::Pool<sqlx_postgres[51c9d2080fae9406]::database::Postgres>) -> db_criteria[75d149509d144b0d]::db_criteria::test_or_criteria::test_or_criteria::{closure#0}, db_criteria[75d149509d144b0d]::db_criteria::test_or_criteria::test_or_criteria::{closure#0}>::{closure#0}::{closure#0}>::{closure#0}>
[INFO] [stdout]   20:     0x606584e145df - <db_criteria[75d149509d144b0d]::db_criteria::test_or_criteria::{closure#0} as core[df12db4294e9bfd3]::ops::function::FnOnce<()>>::call_once
[INFO] [stdout]   21:     0x606584e152cb - test[9d35eded1c95d3be]::__rust_begin_short_backtrace::<core[df12db4294e9bfd3]::result::Result<(), alloc[2182bb758b4b3781]::string::String>, fn() -> core[df12db4294e9bfd3]::result::Result<(), alloc[2182bb758b4b3781]::string::String>>
[INFO] [stdout]   22:     0x606584e22935 - test[9d35eded1c95d3be]::run_test::{closure#0}
[INFO] [stdout]   23:     0x606584e1c1f4 - std[70759c8f55707aa4]::sys::backtrace::__rust_begin_short_backtrace::<test[9d35eded1c95d3be]::run_test::{closure#1}, ()>
[INFO] [stdout]   24:     0x606584e25a92 - <std[70759c8f55707aa4]::thread::lifecycle::spawn_unchecked<test[9d35eded1c95d3be]::run_test::{closure#1}, ()>::{closure#1} as core[df12db4294e9bfd3]::ops::function::FnOnce<()>>::call_once::{shim:vtable#0}
[INFO] [stdout]   25:     0x606584f7f9c9 - <std[70759c8f55707aa4]::sys::thread::unix::Thread>::new::thread_start
[INFO] [stdout]   26:     0x71698692edfa - <unknown>
[INFO] [stdout]   27:     0x7169869c23d4 - clone
[INFO] [stdout]   28:                0x0 - <unknown>
[INFO] [stdout] 
[INFO] [stdout] ---- db_criteria::test_query_cleanup stdout ----
[INFO] [stdout] 
[INFO] [stdout] thread 'db_criteria::test_query_cleanup' (2939) panicked at /opt/rustwide/cargo-home/registry/src/index.crates.io-1949cf8c6b5b557f/sqlx-postgres-0.8.6/src/testing/mod.rs:96:44:
[INFO] [stdout] DATABASE_URL must be set: EnvVar(NotPresent)
[INFO] [stdout] stack backtrace:
[INFO] [stdout]    0:     0x606584f804a1 - <<std[70759c8f55707aa4]::sys::backtrace::BacktraceLock>::print::DisplayBacktrace as core[df12db4294e9bfd3]::fmt::Display>::fmt
[INFO] [stdout]    1:     0x606584f9744a - core[df12db4294e9bfd3]::fmt::write
[INFO] [stdout]    2:     0x606584f84ecc - <alloc[2182bb758b4b3781]::vec::Vec<u8> as core[df12db4294e9bfd3]::io::write::Write>::write_fmt
[INFO] [stdout]    3:     0x606584f5b3e6 - std[70759c8f55707aa4]::panicking::default_hook::{closure#0}
[INFO] [stdout]    4:     0x606584f78239 - std[70759c8f55707aa4]::panicking::default_hook
[INFO] [stdout]    5:     0x606584e21fe0 - test[9d35eded1c95d3be]::test_main_inner::<test[9d35eded1c95d3be]::test_main_static::{closure#0}>::{closure#0}
[INFO] [stdout]    6:     0x606584f78562 - std[70759c8f55707aa4]::panicking::panic_with_hook
[INFO] [stdout]    7:     0x606584f5b492 - std[70759c8f55707aa4]::panicking::panic_handler::{closure#0}
[INFO] [stdout]    8:     0x606584f53ef9 - std[70759c8f55707aa4]::sys::backtrace::__rust_end_short_backtrace::<std[70759c8f55707aa4]::panicking::panic_handler::{closure#0}, !>
[INFO] [stdout]    9:     0x606584f5c31d - __rustc[8fa7c3cbc660c2b3]::rust_begin_unwind
[INFO] [stdout]   10:     0x606584f97bac - core[df12db4294e9bfd3]::panicking::panic_fmt
[INFO] [stdout]   11:     0x606584f97982 - core[df12db4294e9bfd3]::result::unwrap_failed
[INFO] [stdout]   12:     0x606584e7572e - <sqlx_postgres[51c9d2080fae9406]::database::Postgres as sqlx_core[b895c091407bc285]::testing::TestSupport>::test_context::{closure#0}
[INFO] [stdout]   13:     0x606584d1a2e7 - sqlx_core[b895c091407bc285]::testing::run_test::<sqlx_postgres[51c9d2080fae9406]::database::Postgres, sqlx_core[b895c091407bc285]::testing::run_test_with_pool<sqlx_postgres[51c9d2080fae9406]::database::Postgres, fn(sqlx_core[b895c091407bc285]::pool::Pool<sqlx_postgres[51c9d2080fae9406]::database::Postgres>) -> db_criteria[75d149509d144b0d]::db_criteria::test_query_cleanup::test_query_cleanup::{closure#0}, db_criteria[75d149509d144b0d]::db_criteria::test_query_cleanup::test_query_cleanup::{closure#0}>::{closure#0}, sqlx_core[b895c091407bc285]::testing::run_test_with_pool<sqlx_postgres[51c9d2080fae9406]::database::Postgres, fn(sqlx_core[b895c091407bc285]::pool::Pool<sqlx_postgres[51c9d2080fae9406]::database::Postgres>) -> db_criteria[75d149509d144b0d]::db_criteria::test_query_cleanup::test_query_cleanup::{closure#0}, db_criteria[75d149509d144b0d]::db_criteria::test_query_cleanup::test_query_cleanup::{closure#0}>::{closure#0}::{closure#0}>::{closure#0}
[INFO] [stdout]   14:     0x606584d95938 - <tokio[1757fece24f7cf8e]::runtime::scheduler::current_thread::Context>::enter::<core[df12db4294e9bfd3]::task::poll::Poll<core[df12db4294e9bfd3]::result::Result<(), quokka_database[44132075566d29ba]::error::Error>>, <tokio[1757fece24f7cf8e]::runtime::scheduler::current_thread::CoreGuard>::block_on<core[df12db4294e9bfd3]::pin::Pin<&mut sqlx_core[b895c091407bc285]::testing::run_test<sqlx_postgres[51c9d2080fae9406]::database::Postgres, sqlx_core[b895c091407bc285]::testing::run_test_with_pool<sqlx_postgres[51c9d2080fae9406]::database::Postgres, fn(sqlx_core[b895c091407bc285]::pool::Pool<sqlx_postgres[51c9d2080fae9406]::database::Postgres>) -> db_criteria[75d149509d144b0d]::db_criteria::test_query_cleanup::test_query_cleanup::{closure#0}, db_criteria[75d149509d144b0d]::db_criteria::test_query_cleanup::test_query_cleanup::{closure#0}>::{closure#0}, sqlx_core[b895c091407bc285]::testing::run_test_with_pool<sqlx_postgres[51c9d2080fae9406]::database::Postgres, fn(sqlx_core[b895c091407bc285]::pool::Pool<sqlx_postgres[51c9d2080fae9406]::database::Postgres>) -> db_criteria[75d149509d144b0d]::db_criteria::test_query_cleanup::test_query_cleanup::{closure#0}, db_criteria[75d149509d144b0d]::db_criteria::test_query_cleanup::test_query_cleanup::{closure#0}>::{closure#0}::{closure#0}>::{closure#0}>>::{closure#0}::{closure#0}>
[INFO] [stdout]   15:     0x606584dff58f - <tokio[1757fece24f7cf8e]::runtime::context::scoped::Scoped<tokio[1757fece24f7cf8e]::runtime::scheduler::Context>>::set::<<tokio[1757fece24f7cf8e]::runtime::scheduler::current_thread::CoreGuard>::enter<<tokio[1757fece24f7cf8e]::runtime::scheduler::current_thread::CoreGuard>::block_on<core[df12db4294e9bfd3]::pin::Pin<&mut sqlx_core[b895c091407bc285]::testing::run_test<sqlx_postgres[51c9d2080fae9406]::database::Postgres, sqlx_core[b895c091407bc285]::testing::run_test_with_pool<sqlx_postgres[51c9d2080fae9406]::database::Postgres, fn(sqlx_core[b895c091407bc285]::pool::Pool<sqlx_postgres[51c9d2080fae9406]::database::Postgres>) -> db_criteria[75d149509d144b0d]::db_criteria::test_query_cleanup::test_query_cleanup::{closure#0}, db_criteria[75d149509d144b0d]::db_criteria::test_query_cleanup::test_query_cleanup::{closure#0}>::{closure#0}, sqlx_core[b895c091407bc285]::testing::run_test_with_pool<sqlx_postgres[51c9d2080fae9406]::database::Postgres, fn(sqlx_core[b895c091407bc285]::pool::Pool<sqlx_postgres[51c9d2080fae9406]::database::Postgres>) -> db_criteria[75d149509d144b0d]::db_criteria::test_query_cleanup::test_query_cleanup::{closure#0}, db_criteria[75d149509d144b0d]::db_criteria::test_query_cleanup::test_query_cleanup::{closure#0}>::{closure#0}::{closure#0}>::{closure#0}>>::{closure#0}, core[df12db4294e9bfd3]::option::Option<core[df12db4294e9bfd3]::result::Result<(), quokka_database[44132075566d29ba]::error::Error>>>::{closure#0}, (alloc[2182bb758b4b3781]::boxed::Box<tokio[1757fece24f7cf8e]::runtime::scheduler::current_thread::Core>, core[df12db4294e9bfd3]::option::Option<core[df12db4294e9bfd3]::result::Result<(), quokka_database[44132075566d29ba]::error::Error>>)>
[INFO] [stdout]   16:     0x606584d98895 - <tokio[1757fece24f7cf8e]::runtime::scheduler::current_thread::CoreGuard>::block_on::<core[df12db4294e9bfd3]::pin::Pin<&mut sqlx_core[b895c091407bc285]::testing::run_test<sqlx_postgres[51c9d2080fae9406]::database::Postgres, sqlx_core[b895c091407bc285]::testing::run_test_with_pool<sqlx_postgres[51c9d2080fae9406]::database::Postgres, fn(sqlx_core[b895c091407bc285]::pool::Pool<sqlx_postgres[51c9d2080fae9406]::database::Postgres>) -> db_criteria[75d149509d144b0d]::db_criteria::test_query_cleanup::test_query_cleanup::{closure#0}, db_criteria[75d149509d144b0d]::db_criteria::test_query_cleanup::test_query_cleanup::{closure#0}>::{closure#0}, sqlx_core[b895c091407bc285]::testing::run_test_with_pool<sqlx_postgres[51c9d2080fae9406]::database::Postgres, fn(sqlx_core[b895c091407bc285]::pool::Pool<sqlx_postgres[51c9d2080fae9406]::database::Postgres>) -> db_criteria[75d149509d144b0d]::db_criteria::test_query_cleanup::test_query_cleanup::{closure#0}, db_criteria[75d149509d144b0d]::db_criteria::test_query_cleanup::test_query_cleanup::{closure#0}>::{closure#0}::{closure#0}>::{closure#0}>>
[INFO] [stdout]   17:     0x606584dcdf83 - tokio[1757fece24f7cf8e]::runtime::context::runtime::enter_runtime::<<tokio[1757fece24f7cf8e]::runtime::scheduler::current_thread::CurrentThread>::block_on<sqlx_core[b895c091407bc285]::testing::run_test<sqlx_postgres[51c9d2080fae9406]::database::Postgres, sqlx_core[b895c091407bc285]::testing::run_test_with_pool<sqlx_postgres[51c9d2080fae9406]::database::Postgres, fn(sqlx_core[b895c091407bc285]::pool::Pool<sqlx_postgres[51c9d2080fae9406]::database::Postgres>) -> db_criteria[75d149509d144b0d]::db_criteria::test_query_cleanup::test_query_cleanup::{closure#0}, db_criteria[75d149509d144b0d]::db_criteria::test_query_cleanup::test_query_cleanup::{closure#0}>::{closure#0}, sqlx_core[b895c091407bc285]::testing::run_test_with_pool<sqlx_postgres[51c9d2080fae9406]::database::Postgres, fn(sqlx_core[b895c091407bc285]::pool::Pool<sqlx_postgres[51c9d2080fae9406]::database::Postgres>) -> db_criteria[75d149509d144b0d]::db_criteria::test_query_cleanup::test_query_cleanup::{closure#0}, db_criteria[75d149509d144b0d]::db_criteria::test_query_cleanup::test_query_cleanup::{closure#0}>::{closure#0}::{closure#0}>::{closure#0}>::{closure#0}, core[df12db4294e9bfd3]::result::Result<(), quokka_database[44132075566d29ba]::error::Error>>
[INFO] [stdout]   18:     0x606584de5b4e - <tokio[1757fece24f7cf8e]::runtime::runtime::Runtime>::block_on::<sqlx_core[b895c091407bc285]::testing::run_test<sqlx_postgres[51c9d2080fae9406]::database::Postgres, sqlx_core[b895c091407bc285]::testing::run_test_with_pool<sqlx_postgres[51c9d2080fae9406]::database::Postgres, fn(sqlx_core[b895c091407bc285]::pool::Pool<sqlx_postgres[51c9d2080fae9406]::database::Postgres>) -> db_criteria[75d149509d144b0d]::db_criteria::test_query_cleanup::test_query_cleanup::{closure#0}, db_criteria[75d149509d144b0d]::db_criteria::test_query_cleanup::test_query_cleanup::{closure#0}>::{closure#0}, sqlx_core[b895c091407bc285]::testing::run_test_with_pool<sqlx_postgres[51c9d2080fae9406]::database::Postgres, fn(sqlx_core[b895c091407bc285]::pool::Pool<sqlx_postgres[51c9d2080fae9406]::database::Postgres>) -> db_criteria[75d149509d144b0d]::db_criteria::test_query_cleanup::test_query_cleanup::{closure#0}, db_criteria[75d149509d144b0d]::db_criteria::test_query_cleanup::test_query_cleanup::{closure#0}>::{closure#0}::{closure#0}>::{closure#0}>
[INFO] [stdout]   19:     0x606584df1953 - sqlx_core[b895c091407bc285]::rt::test_block_on::<sqlx_core[b895c091407bc285]::testing::run_test<sqlx_postgres[51c9d2080fae9406]::database::Postgres, sqlx_core[b895c091407bc285]::testing::run_test_with_pool<sqlx_postgres[51c9d2080fae9406]::database::Postgres, fn(sqlx_core[b895c091407bc285]::pool::Pool<sqlx_postgres[51c9d2080fae9406]::database::Postgres>) -> db_criteria[75d149509d144b0d]::db_criteria::test_query_cleanup::test_query_cleanup::{closure#0}, db_criteria[75d149509d144b0d]::db_criteria::test_query_cleanup::test_query_cleanup::{closure#0}>::{closure#0}, sqlx_core[b895c091407bc285]::testing::run_test_with_pool<sqlx_postgres[51c9d2080fae9406]::database::Postgres, fn(sqlx_core[b895c091407bc285]::pool::Pool<sqlx_postgres[51c9d2080fae9406]::database::Postgres>) -> db_criteria[75d149509d144b0d]::db_criteria::test_query_cleanup::test_query_cleanup::{closure#0}, db_criteria[75d149509d144b0d]::db_criteria::test_query_cleanup::test_query_cleanup::{closure#0}>::{closure#0}::{closure#0}>::{closure#0}>
[INFO] [stdout]   20:     0x606584e14ddf - <db_criteria[75d149509d144b0d]::db_criteria::test_query_cleanup::{closure#0} as core[df12db4294e9bfd3]::ops::function::FnOnce<()>>::call_once
[INFO] [stdout]   21:     0x606584e152cb - test[9d35eded1c95d3be]::__rust_begin_short_backtrace::<core[df12db4294e9bfd3]::result::Result<(), alloc[2182bb758b4b3781]::string::String>, fn() -> core[df12db4294e9bfd3]::result::Result<(), alloc[2182bb758b4b3781]::string::String>>
[INFO] [stdout]   22:     0x606584e22935 - test[9d35eded1c95d3be]::run_test::{closure#0}
[INFO] [stdout]   23:     0x606584e1c1f4 - std[70759c8f55707aa4]::sys::backtrace::__rust_begin_short_backtrace::<test[9d35eded1c95d3be]::run_test::{closure#1}, ()>
[INFO] [stdout]   24:     0x606584e25a92 - <std[70759c8f55707aa4]::thread::lifecycle::spawn_unchecked<test[9d35eded1c95d3be]::run_test::{closure#1}, ()>::{closure#1} as core[df12db4294e9bfd3]::ops::function::FnOnce<()>>::call_once::{shim:vtable#0}
[INFO] [stdout]   25:     0x606584f7f9c9 - <std[70759c8f55707aa4]::sys::thread::unix::Thread>::new::thread_start
[INFO] [stdout]   26:     0x71698692edfa - <unknown>
[INFO] [stdout]   27:     0x7169869c23d4 - clone
[INFO] [stdout]   28:                0x0 - <unknown>
[INFO] [stdout] 
[INFO] [stdout] ---- db_criteria::test_not_null_criteria stdout ----
[INFO] [stdout] 
[INFO] [stdout] thread 'db_criteria::test_not_null_criteria' (2936) panicked at /opt/rustwide/cargo-home/registry/src/index.crates.io-1949cf8c6b5b557f/sqlx-postgres-0.8.6/src/testing/mod.rs:96:44:
[INFO] [stdout] DATABASE_URL must be set: EnvVar(NotPresent)
[INFO] [stdout] stack backtrace:
[INFO] [stdout]    0:     0x606584f804a1 - <<std[70759c8f55707aa4]::sys::backtrace::BacktraceLock>::print::DisplayBacktrace as core[df12db4294e9bfd3]::fmt::Display>::fmt
[INFO] [stdout]    1:     0x606584f9744a - core[df12db4294e9bfd3]::fmt::write
[INFO] [stdout]    2:     0x606584f84ecc - <alloc[2182bb758b4b3781]::vec::Vec<u8> as core[df12db4294e9bfd3]::io::write::Write>::write_fmt
[INFO] [stdout]    3:     0x606584f5b3e6 - std[70759c8f55707aa4]::panicking::default_hook::{closure#0}
[INFO] [stdout]    4:     0x606584f78239 - std[70759c8f55707aa4]::panicking::default_hook
[INFO] [stdout]    5:     0x606584e21fe0 - test[9d35eded1c95d3be]::test_main_inner::<test[9d35eded1c95d3be]::test_main_static::{closure#0}>::{closure#0}
[INFO] [stdout]    6:     0x606584f78562 - std[70759c8f55707aa4]::panicking::panic_with_hook
[INFO] [stdout]    7:     0x606584f5b492 - std[70759c8f55707aa4]::panicking::panic_handler::{closure#0}
[INFO] [stdout]    8:     0x606584f53ef9 - std[70759c8f55707aa4]::sys::backtrace::__rust_end_short_backtrace::<std[70759c8f55707aa4]::panicking::panic_handler::{closure#0}, !>
[INFO] [stdout]    9:     0x606584f5c31d - __rustc[8fa7c3cbc660c2b3]::rust_begin_unwind
[INFO] [stdout]   10:     0x606584f97bac - core[df12db4294e9bfd3]::panicking::panic_fmt
[INFO] [stdout]   11:     0x606584f97982 - core[df12db4294e9bfd3]::result::unwrap_failed
[INFO] [stdout]   12:     0x606584e7572e - <sqlx_postgres[51c9d2080fae9406]::database::Postgres as sqlx_core[b895c091407bc285]::testing::TestSupport>::test_context::{closure#0}
[INFO] [stdout]   13:     0x606584d1ffd0 - sqlx_core[b895c091407bc285]::testing::run_test::<sqlx_postgres[51c9d2080fae9406]::database::Postgres, sqlx_core[b895c091407bc285]::testing::run_test_with_pool<sqlx_postgres[51c9d2080fae9406]::database::Postgres, fn(sqlx_core[b895c091407bc285]::pool::Pool<sqlx_postgres[51c9d2080fae9406]::database::Postgres>) -> db_criteria[75d149509d144b0d]::db_criteria::test_not_null_criteria::test_not_null_criteria::{closure#0}, db_criteria[75d149509d144b0d]::db_criteria::test_not_null_criteria::test_not_null_criteria::{closure#0}>::{closure#0}, sqlx_core[b895c091407bc285]::testing::run_test_with_pool<sqlx_postgres[51c9d2080fae9406]::database::Postgres, fn(sqlx_core[b895c091407bc285]::pool::Pool<sqlx_postgres[51c9d2080fae9406]::database::Postgres>) -> db_criteria[75d149509d144b0d]::db_criteria::test_not_null_criteria::test_not_null_criteria::{closure#0}, db_criteria[75d149509d144b0d]::db_criteria::test_not_null_criteria::test_not_null_criteria::{closure#0}>::{closure#0}::{closure#0}>::{closure#0}
[INFO] [stdout]   14:     0x606584d96078 - <tokio[1757fece24f7cf8e]::runtime::scheduler::current_thread::Context>::enter::<core[df12db4294e9bfd3]::task::poll::Poll<core[df12db4294e9bfd3]::result::Result<(), quokka_database[44132075566d29ba]::error::Error>>, <tokio[1757fece24f7cf8e]::runtime::scheduler::current_thread::CoreGuard>::block_on<core[df12db4294e9bfd3]::pin::Pin<&mut sqlx_core[b895c091407bc285]::testing::run_test<sqlx_postgres[51c9d2080fae9406]::database::Postgres, sqlx_core[b895c091407bc285]::testing::run_test_with_pool<sqlx_postgres[51c9d2080fae9406]::database::Postgres, fn(sqlx_core[b895c091407bc285]::pool::Pool<sqlx_postgres[51c9d2080fae9406]::database::Postgres>) -> db_criteria[75d149509d144b0d]::db_criteria::test_not_null_criteria::test_not_null_criteria::{closure#0}, db_criteria[75d149509d144b0d]::db_criteria::test_not_null_criteria::test_not_null_criteria::{closure#0}>::{closure#0}, sqlx_core[b895c091407bc285]::testing::run_test_with_pool<sqlx_postgres[51c9d2080fae9406]::database::Postgres, fn(sqlx_core[b895c091407bc285]::pool::Pool<sqlx_postgres[51c9d2080fae9406]::database::Postgres>) -> db_criteria[75d149509d144b0d]::db_criteria::test_not_null_criteria::test_not_null_criteria::{closure#0}, db_criteria[75d149509d144b0d]::db_criteria::test_not_null_criteria::test_not_null_criteria::{closure#0}>::{closure#0}::{closure#0}>::{closure#0}>>::{closure#0}::{closure#0}>
[INFO] [stdout]   15:     0x606584dffdcf - <tokio[1757fece24f7cf8e]::runtime::context::scoped::Scoped<tokio[1757fece24f7cf8e]::runtime::scheduler::Context>>::set::<<tokio[1757fece24f7cf8e]::runtime::scheduler::current_thread::CoreGuard>::enter<<tokio[1757fece24f7cf8e]::runtime::scheduler::current_thread::CoreGuard>::block_on<core[df12db4294e9bfd3]::pin::Pin<&mut sqlx_core[b895c091407bc285]::testing::run_test<sqlx_postgres[51c9d2080fae9406]::database::Postgres, sqlx_core[b895c091407bc285]::testing::run_test_with_pool<sqlx_postgres[51c9d2080fae9406]::database::Postgres, fn(sqlx_core[b895c091407bc285]::pool::Pool<sqlx_postgres[51c9d2080fae9406]::database::Postgres>) -> db_criteria[75d149509d144b0d]::db_criteria::test_not_null_criteria::test_not_null_criteria::{closure#0}, db_criteria[75d149509d144b0d]::db_criteria::test_not_null_criteria::test_not_null_criteria::{closure#0}>::{closure#0}, sqlx_core[b895c091407bc285]::testing::run_test_with_pool<sqlx_postgres[51c9d2080fae9406]::database::Postgres, fn(sqlx_core[b895c091407bc285]::pool::Pool<sqlx_postgres[51c9d2080fae9406]::database::Postgres>) -> db_criteria[75d149509d144b0d]::db_criteria::test_not_null_criteria::test_not_null_criteria::{closure#0}, db_criteria[75d149509d144b0d]::db_criteria::test_not_null_criteria::test_not_null_criteria::{closure#0}>::{closure#0}::{closure#0}>::{closure#0}>>::{closure#0}, core[df12db4294e9bfd3]::option::Option<core[df12db4294e9bfd3]::result::Result<(), quokka_database[44132075566d29ba]::error::Error>>>::{closure#0}, (alloc[2182bb758b4b3781]::boxed::Box<tokio[1757fece24f7cf8e]::runtime::scheduler::current_thread::Core>, core[df12db4294e9bfd3]::option::Option<core[df12db4294e9bfd3]::result::Result<(), quokka_database[44132075566d29ba]::error::Error>>)>
[INFO] [stdout]   16:     0x606584d99295 - <tokio[1757fece24f7cf8e]::runtime::scheduler::current_thread::CoreGuard>::block_on::<core[df12db4294e9bfd3]::pin::Pin<&mut sqlx_core[b895c091407bc285]::testing::run_test<sqlx_postgres[51c9d2080fae9406]::database::Postgres, sqlx_core[b895c091407bc285]::testing::run_test_with_pool<sqlx_postgres[51c9d2080fae9406]::database::Postgres, fn(sqlx_core[b895c091407bc285]::pool::Pool<sqlx_postgres[51c9d2080fae9406]::database::Postgres>) -> db_criteria[75d149509d144b0d]::db_criteria::test_not_null_criteria::test_not_null_criteria::{closure#0}, db_criteria[75d149509d144b0d]::db_criteria::test_not_null_criteria::test_not_null_criteria::{closure#0}>::{closure#0}, sqlx_core[b895c091407bc285]::testing::run_test_with_pool<sqlx_postgres[51c9d2080fae9406]::database::Postgres, fn(sqlx_core[b895c091407bc285]::pool::Pool<sqlx_postgres[51c9d2080fae9406]::database::Postgres>) -> db_criteria[75d149509d144b0d]::db_criteria::test_not_null_criteria::test_not_null_criteria::{closure#0}, db_criteria[75d149509d144b0d]::db_criteria::test_not_null_criteria::test_not_null_criteria::{closure#0}>::{closure#0}::{closure#0}>::{closure#0}>>
[INFO] [stdout]   17:     0x606584dcf283 - tokio[1757fece24f7cf8e]::runtime::context::runtime::enter_runtime::<<tokio[1757fece24f7cf8e]::runtime::scheduler::current_thread::CurrentThread>::block_on<sqlx_core[b895c091407bc285]::testing::run_test<sqlx_postgres[51c9d2080fae9406]::database::Postgres, sqlx_core[b895c091407bc285]::testing::run_test_with_pool<sqlx_postgres[51c9d2080fae9406]::database::Postgres, fn(sqlx_core[b895c091407bc285]::pool::Pool<sqlx_postgres[51c9d2080fae9406]::database::Postgres>) -> db_criteria[75d149509d144b0d]::db_criteria::test_not_null_criteria::test_not_null_criteria::{closure#0}, db_criteria[75d149509d144b0d]::db_criteria::test_not_null_criteria::test_not_null_criteria::{closure#0}>::{closure#0}, sqlx_core[b895c091407bc285]::testing::run_test_with_pool<sqlx_postgres[51c9d2080fae9406]::database::Postgres, fn(sqlx_core[b895c091407bc285]::pool::Pool<sqlx_postgres[51c9d2080fae9406]::database::Postgres>) -> db_criteria[75d149509d144b0d]::db_criteria::test_not_null_criteria::test_not_null_criteria::{closure#0}, db_criteria[75d149509d144b0d]::db_criteria::test_not_null_criteria::test_not_null_criteria::{closure#0}>::{closure#0}::{closure#0}>::{closure#0}>::{closure#0}, core[df12db4294e9bfd3]::result::Result<(), quokka_database[44132075566d29ba]::error::Error>>
[INFO] [stdout]   18:     0x606584de618e - <tokio[1757fece24f7cf8e]::runtime::runtime::Runtime>::block_on::<sqlx_core[b895c091407bc285]::testing::run_test<sqlx_postgres[51c9d2080fae9406]::database::Postgres, sqlx_core[b895c091407bc285]::testing::run_test_with_pool<sqlx_postgres[51c9d2080fae9406]::database::Postgres, fn(sqlx_core[b895c091407bc285]::pool::Pool<sqlx_postgres[51c9d2080fae9406]::database::Postgres>) -> db_criteria[75d149509d144b0d]::db_criteria::test_not_null_criteria::test_not_null_criteria::{closure#0}, db_criteria[75d149509d144b0d]::db_criteria::test_not_null_criteria::test_not_null_criteria::{closure#0}>::{closure#0}, sqlx_core[b895c091407bc285]::testing::run_test_with_pool<sqlx_postgres[51c9d2080fae9406]::database::Postgres, fn(sqlx_core[b895c091407bc285]::pool::Pool<sqlx_postgres[51c9d2080fae9406]::database::Postgres>) -> db_criteria[75d149509d144b0d]::db_criteria::test_not_null_criteria::test_not_null_criteria::{closure#0}, db_criteria[75d149509d144b0d]::db_criteria::test_not_null_criteria::test_not_null_criteria::{closure#0}>::{closure#0}::{closure#0}>::{closure#0}>
[INFO] [stdout]   19:     0x606584df1e53 - sqlx_core[b895c091407bc285]::rt::test_block_on::<sqlx_core[b895c091407bc285]::testing::run_test<sqlx_postgres[51c9d2080fae9406]::database::Postgres, sqlx_core[b895c091407bc285]::testing::run_test_with_pool<sqlx_postgres[51c9d2080fae9406]::database::Postgres, fn(sqlx_core[b895c091407bc285]::pool::Pool<sqlx_postgres[51c9d2080fae9406]::database::Postgres>) -> db_criteria[75d149509d144b0d]::db_criteria::test_not_null_criteria::test_not_null_criteria::{closure#0}, db_criteria[75d149509d144b0d]::db_criteria::test_not_null_criteria::test_not_null_criteria::{closure#0}>::{closure#0}, sqlx_core[b895c091407bc285]::testing::run_test_with_pool<sqlx_postgres[51c9d2080fae9406]::database::Postgres, fn(sqlx_core[b895c091407bc285]::pool::Pool<sqlx_postgres[51c9d2080fae9406]::database::Postgres>) -> db_criteria[75d149509d144b0d]::db_criteria::test_not_null_criteria::test_not_null_criteria::{closure#0}, db_criteria[75d149509d144b0d]::db_criteria::test_not_null_criteria::test_not_null_criteria::{closure#0}>::{closure#0}::{closure#0}>::{closure#0}>
[INFO] [stdout]   20:     0x606584e151df - <db_criteria[75d149509d144b0d]::db_criteria::test_not_null_criteria::{closure#0} as core[df12db4294e9bfd3]::ops::function::FnOnce<()>>::call_once
[INFO] [stdout]   21:     0x606584e152cb - test[9d35eded1c95d3be]::__rust_begin_short_backtrace::<core[df12db4294e9bfd3]::result::Result<(), alloc[2182bb758b4b3781]::string::String>, fn() -> core[df12db4294e9bfd3]::result::Result<(), alloc[2182bb758b4b3781]::string::String>>
[INFO] [stdout]   22:     0x606584e22935 - test[9d35eded1c95d3be]::run_test::{closure#0}
[INFO] [stdout]   23:     0x606584e1c1f4 - std[70759c8f55707aa4]::sys::backtrace::__rust_begin_short_backtrace::<test[9d35eded1c95d3be]::run_test::{closure#1}, ()>
[INFO] [stdout]   24:     0x606584e25a92 - <std[70759c8f55707aa4]::thread::lifecycle::spawn_unchecked<test[9d35eded1c95d3be]::run_test::{closure#1}, ()>::{closure#1} as core[df12db4294e9bfd3]::ops::function::FnOnce<()>>::call_once::{shim:vtable#0}
[INFO] [stdout]   25:     0x606584f7f9c9 - <std[70759c8f55707aa4]::sys::thread::unix::Thread>::new::thread_start
[INFO] [stdout]   26:     0x71698692edfa - <unknown>
[INFO] [stdout]   27:     0x7169869c23d4 - clone
[INFO] [stdout]   28:                0x0 - <unknown>
[INFO] [stdout] 
[INFO] [stdout] ---- db_criteria::test_eq_criteria stdout ----
[INFO] [stdout] 
[INFO] [stdout] thread 'db_criteria::test_eq_criteria' (2927) panicked at /opt/rustwide/cargo-home/registry/src/index.crates.io-1949cf8c6b5b557f/sqlx-postgres-0.8.6/src/testing/mod.rs:96:44:
[INFO] [stdout] DATABASE_URL must be set: EnvVar(NotPresent)
[INFO] [stdout] stack backtrace:
[INFO] [stdout]    0:     0x606584f804a1 - <<std[70759c8f55707aa4]::sys::backtrace::BacktraceLock>::print::DisplayBacktrace as core[df12db4294e9bfd3]::fmt::Display>::fmt
[INFO] [stdout]    1:     0x606584f9744a - core[df12db4294e9bfd3]::fmt::write
[INFO] [stdout]    2:     0x606584f84ecc - <alloc[2182bb758b4b3781]::vec::Vec<u8> as core[df12db4294e9bfd3]::io::write::Write>::write_fmt
[INFO] [stdout]    3:     0x606584f5b3e6 - std[70759c8f55707aa4]::panicking::default_hook::{closure#0}
[INFO] [stdout]    4:     0x606584f78239 - std[70759c8f55707aa4]::panicking::default_hook
[INFO] [stdout]    5:     0x606584e21fe0 - test[9d35eded1c95d3be]::test_main_inner::<test[9d35eded1c95d3be]::test_main_static::{closure#0}>::{closure#0}
[INFO] [stdout]    6:     0x606584f78562 - std[70759c8f55707aa4]::panicking::panic_with_hook
[INFO] [stdout]    7:     0x606584f5b492 - std[70759c8f55707aa4]::panicking::panic_handler::{closure#0}
[INFO] [stdout]    8:     0x606584f53ef9 - std[70759c8f55707aa4]::sys::backtrace::__rust_end_short_backtrace::<std[70759c8f55707aa4]::panicking::panic_handler::{closure#0}, !>
[INFO] [stdout]    9:     0x606584f5c31d - __rustc[8fa7c3cbc660c2b3]::rust_begin_unwind
[INFO] [stdout]   10:     0x606584f97bac - core[df12db4294e9bfd3]::panicking::panic_fmt
[INFO] [stdout]   11:     0x606584f97982 - core[df12db4294e9bfd3]::result::unwrap_failed
[INFO] [stdout]   12:     0x606584e7572e - <sqlx_postgres[51c9d2080fae9406]::database::Postgres as sqlx_core[b895c091407bc285]::testing::TestSupport>::test_context::{closure#0}
[INFO] [stdout]   13:     0x606584cfc6c8 - sqlx_core[b895c091407bc285]::testing::run_test::<sqlx_postgres[51c9d2080fae9406]::database::Postgres, sqlx_core[b895c091407bc285]::testing::run_test_with_pool<sqlx_postgres[51c9d2080fae9406]::database::Postgres, fn(sqlx_core[b895c091407bc285]::pool::Pool<sqlx_postgres[51c9d2080fae9406]::database::Postgres>) -> db_criteria[75d149509d144b0d]::db_criteria::test_eq_criteria::test_eq_criteria::{closure#0}, db_criteria[75d149509d144b0d]::db_criteria::test_eq_criteria::test_eq_criteria::{closure#0}>::{closure#0}, sqlx_core[b895c091407bc285]::testing::run_test_with_pool<sqlx_postgres[51c9d2080fae9406]::database::Postgres, fn(sqlx_core[b895c091407bc285]::pool::Pool<sqlx_postgres[51c9d2080fae9406]::database::Postgres>) -> db_criteria[75d149509d144b0d]::db_criteria::test_eq_criteria::test_eq_criteria::{closure#0}, db_criteria[75d149509d144b0d]::db_criteria::test_eq_criteria::test_eq_criteria::{closure#0}>::{closure#0}::{closure#0}>::{closure#0}
[INFO] [stdout]   14:     0x606584d941a8 - <tokio[1757fece24f7cf8e]::runtime::scheduler::current_thread::Context>::enter::<core[df12db4294e9bfd3]::task::poll::Poll<core[df12db4294e9bfd3]::result::Result<(), quokka_database[44132075566d29ba]::error::Error>>, <tokio[1757fece24f7cf8e]::runtime::scheduler::current_thread::CoreGuard>::block_on<core[df12db4294e9bfd3]::pin::Pin<&mut sqlx_core[b895c091407bc285]::testing::run_test<sqlx_postgres[51c9d2080fae9406]::database::Postgres, sqlx_core[b895c091407bc285]::testing::run_test_with_pool<sqlx_postgres[51c9d2080fae9406]::database::Postgres, fn(sqlx_core[b895c091407bc285]::pool::Pool<sqlx_postgres[51c9d2080fae9406]::database::Postgres>) -> db_criteria[75d149509d144b0d]::db_criteria::test_eq_criteria::test_eq_criteria::{closure#0}, db_criteria[75d149509d144b0d]::db_criteria::test_eq_criteria::test_eq_criteria::{closure#0}>::{closure#0}, sqlx_core[b895c091407bc285]::testing::run_test_with_pool<sqlx_postgres[51c9d2080fae9406]::database::Postgres, fn(sqlx_core[b895c091407bc285]::pool::Pool<sqlx_postgres[51c9d2080fae9406]::database::Postgres>) -> db_criteria[75d149509d144b0d]::db_criteria::test_eq_criteria::test_eq_criteria::{closure#0}, db_criteria[75d149509d144b0d]::db_criteria::test_eq_criteria::test_eq_criteria::{closure#0}>::{closure#0}::{closure#0}>::{closure#0}>>::{closure#0}::{closure#0}>
[INFO] [stdout]   15:     0x606584dfdabf - <tokio[1757fece24f7cf8e]::runtime::context::scoped::Scoped<tokio[1757fece24f7cf8e]::runtime::scheduler::Context>>::set::<<tokio[1757fece24f7cf8e]::runtime::scheduler::current_thread::CoreGuard>::enter<<tokio[1757fece24f7cf8e]::runtime::scheduler::current_thread::CoreGuard>::block_on<core[df12db4294e9bfd3]::pin::Pin<&mut sqlx_core[b895c091407bc285]::testing::run_test<sqlx_postgres[51c9d2080fae9406]::database::Postgres, sqlx_core[b895c091407bc285]::testing::run_test_with_pool<sqlx_postgres[51c9d2080fae9406]::database::Postgres, fn(sqlx_core[b895c091407bc285]::pool::Pool<sqlx_postgres[51c9d2080fae9406]::database::Postgres>) -> db_criteria[75d149509d144b0d]::db_criteria::test_eq_criteria::test_eq_criteria::{closure#0}, db_criteria[75d149509d144b0d]::db_criteria::test_eq_criteria::test_eq_criteria::{closure#0}>::{closure#0}, sqlx_core[b895c091407bc285]::testing::run_test_with_pool<sqlx_postgres[51c9d2080fae9406]::database::Postgres, fn(sqlx_core[b895c091407bc285]::pool::Pool<sqlx_postgres[51c9d2080fae9406]::database::Postgres>) -> db_criteria[75d149509d144b0d]::db_criteria::test_eq_criteria::test_eq_criteria::{closure#0}, db_criteria[75d149509d144b0d]::db_criteria::test_eq_criteria::test_eq_criteria::{closure#0}>::{closure#0}::{closure#0}>::{closure#0}>>::{closure#0}, core[df12db4294e9bfd3]::option::Option<core[df12db4294e9bfd3]::result::Result<(), quokka_database[44132075566d29ba]::error::Error>>>::{closure#0}, (alloc[2182bb758b4b3781]::boxed::Box<tokio[1757fece24f7cf8e]::runtime::scheduler::current_thread::Core>, core[df12db4294e9bfd3]::option::Option<core[df12db4294e9bfd3]::result::Result<(), quokka_database[44132075566d29ba]::error::Error>>)>
[INFO] [stdout]   16:     0x606584d96815 - <tokio[1757fece24f7cf8e]::runtime::scheduler::current_thread::CoreGuard>::block_on::<core[df12db4294e9bfd3]::pin::Pin<&mut sqlx_core[b895c091407bc285]::testing::run_test<sqlx_postgres[51c9d2080fae9406]::database::Postgres, sqlx_core[b895c091407bc285]::testing::run_test_with_pool<sqlx_postgres[51c9d2080fae9406]::database::Postgres, fn(sqlx_core[b895c091407bc285]::pool::Pool<sqlx_postgres[51c9d2080fae9406]::database::Postgres>) -> db_criteria[75d149509d144b0d]::db_criteria::test_eq_criteria::test_eq_criteria::{closure#0}, db_criteria[75d149509d144b0d]::db_criteria::test_eq_criteria::test_eq_criteria::{closure#0}>::{closure#0}, sqlx_core[b895c091407bc285]::testing::run_test_with_pool<sqlx_postgres[51c9d2080fae9406]::database::Postgres, fn(sqlx_core[b895c091407bc285]::pool::Pool<sqlx_postgres[51c9d2080fae9406]::database::Postgres>) -> db_criteria[75d149509d144b0d]::db_criteria::test_eq_criteria::test_eq_criteria::{closure#0}, db_criteria[75d149509d144b0d]::db_criteria::test_eq_criteria::test_eq_criteria::{closure#0}>::{closure#0}::{closure#0}>::{closure#0}>>
[INFO] [stdout]   17:     0x606584dca1c3 - tokio[1757fece24f7cf8e]::runtime::context::runtime::enter_runtime::<<tokio[1757fece24f7cf8e]::runtime::scheduler::current_thread::CurrentThread>::block_on<sqlx_core[b895c091407bc285]::testing::run_test<sqlx_postgres[51c9d2080fae9406]::database::Postgres, sqlx_core[b895c091407bc285]::testing::run_test_with_pool<sqlx_postgres[51c9d2080fae9406]::database::Postgres, fn(sqlx_core[b895c091407bc285]::pool::Pool<sqlx_postgres[51c9d2080fae9406]::database::Postgres>) -> db_criteria[75d149509d144b0d]::db_criteria::test_eq_criteria::test_eq_criteria::{closure#0}, db_criteria[75d149509d144b0d]::db_criteria::test_eq_criteria::test_eq_criteria::{closure#0}>::{closure#0}, sqlx_core[b895c091407bc285]::testing::run_test_with_pool<sqlx_postgres[51c9d2080fae9406]::database::Postgres, fn(sqlx_core[b895c091407bc285]::pool::Pool<sqlx_postgres[51c9d2080fae9406]::database::Postgres>) -> db_criteria[75d149509d144b0d]::db_criteria::test_eq_criteria::test_eq_criteria::{closure#0}, db_criteria[75d149509d144b0d]::db_criteria::test_eq_criteria::test_eq_criteria::{closure#0}>::{closure#0}::{closure#0}>::{closure#0}>::{closure#0}, core[df12db4294e9bfd3]::result::Result<(), quokka_database[44132075566d29ba]::error::Error>>
[INFO] [stdout]   18:     0x606584de46fe - <tokio[1757fece24f7cf8e]::runtime::runtime::Runtime>::block_on::<sqlx_core[b895c091407bc285]::testing::run_test<sqlx_postgres[51c9d2080fae9406]::database::Postgres, sqlx_core[b895c091407bc285]::testing::run_test_with_pool<sqlx_postgres[51c9d2080fae9406]::database::Postgres, fn(sqlx_core[b895c091407bc285]::pool::Pool<sqlx_postgres[51c9d2080fae9406]::database::Postgres>) -> db_criteria[75d149509d144b0d]::db_criteria::test_eq_criteria::test_eq_criteria::{closure#0}, db_criteria[75d149509d144b0d]::db_criteria::test_eq_criteria::test_eq_criteria::{closure#0}>::{closure#0}, sqlx_core[b895c091407bc285]::testing::run_test_with_pool<sqlx_postgres[51c9d2080fae9406]::database::Postgres, fn(sqlx_core[b895c091407bc285]::pool::Pool<sqlx_postgres[51c9d2080fae9406]::database::Postgres>) -> db_criteria[75d149509d144b0d]::db_criteria::test_eq_criteria::test_eq_criteria::{closure#0}, db_criteria[75d149509d144b0d]::db_criteria::test_eq_criteria::test_eq_criteria::{closure#0}>::{closure#0}::{closure#0}>::{closure#0}>
[INFO] [stdout]   19:     0x606584df0913 - sqlx_core[b895c091407bc285]::rt::test_block_on::<sqlx_core[b895c091407bc285]::testing::run_test<sqlx_postgres[51c9d2080fae9406]::database::Postgres, sqlx_core[b895c091407bc285]::testing::run_test_with_pool<sqlx_postgres[51c9d2080fae9406]::database::Postgres, fn(sqlx_core[b895c091407bc285]::pool::Pool<sqlx_postgres[51c9d2080fae9406]::database::Postgres>) -> db_criteria[75d149509d144b0d]::db_criteria::test_eq_criteria::test_eq_criteria::{closure#0}, db_criteria[75d149509d144b0d]::db_criteria::test_eq_criteria::test_eq_criteria::{closure#0}>::{closure#0}, sqlx_core[b895c091407bc285]::testing::run_test_with_pool<sqlx_postgres[51c9d2080fae9406]::database::Postgres, fn(sqlx_core[b895c091407bc285]::pool::Pool<sqlx_postgres[51c9d2080fae9406]::database::Postgres>) -> db_criteria[75d149509d144b0d]::db_criteria::test_eq_criteria::test_eq_criteria::{closure#0}, db_criteria[75d149509d144b0d]::db_criteria::test_eq_criteria::test_eq_criteria::{closure#0}>::{closure#0}::{closure#0}>::{closure#0}>
[INFO] [stdout]   20:     0x606584e140df - <db_criteria[75d149509d144b0d]::db_criteria::test_eq_criteria::{closure#0} as core[df12db4294e9bfd3]::ops::function::FnOnce<()>>::call_once
[INFO] [stdout]   21:     0x606584e152cb - test[9d35eded1c95d3be]::__rust_begin_short_backtrace::<core[df12db4294e9bfd3]::result::Result<(), alloc[2182bb758b4b3781]::string::String>, fn() -> core[df12db4294e9bfd3]::result::Result<(), alloc[2182bb758b4b3781]::string::String>>
[INFO] [stdout]   22:     0x606584e22935 - test[9d35eded1c95d3be]::run_test::{closure#0}
[INFO] [stdout]   23:     0x606584e1c1f4 - std[70759c8f55707aa4]::sys::backtrace::__rust_begin_short_backtrace::<test[9d35eded1c95d3be]::run_test::{closure#1}, ()>
[INFO] [stdout]   24:     0x606584e25a92 - <std[70759c8f55707aa4]::thread::lifecycle::spawn_unchecked<test[9d35eded1c95d3be]::run_test::{closure#1}, ()>::{closure#1} as core[df12db4294e9bfd3]::ops::function::FnOnce<()>>::call_once::{shim:vtable#0}
[INFO] [stdout]   25:     0x606584f7f9c9 - <std[70759c8f55707aa4]::sys::thread::unix::Thread>::new::thread_start
[INFO] [stdout]   26:     0x71698692edfa - <unknown>
[INFO] [stdout]   27:     0x7169869c23d4 - clone
[INFO] [stdout]   28:                0x0 - <unknown>
[INFO] [stdout] 
[INFO] [stdout] ---- db_criteria::test_plain_search stdout ----
[INFO] [stdout] 
[INFO] [stdout] thread 'db_criteria::test_plain_search' (2938) panicked at /opt/rustwide/cargo-home/registry/src/index.crates.io-1949cf8c6b5b557f/sqlx-postgres-0.8.6/src/testing/mod.rs:96:44:
[INFO] [stdout] DATABASE_URL must be set: EnvVar(NotPresent)
[INFO] [stdout] stack backtrace:
[INFO] [stdout]    0:     0x606584f804a1 - <<std[70759c8f55707aa4]::sys::backtrace::BacktraceLock>::print::DisplayBacktrace as core[df12db4294e9bfd3]::fmt::Display>::fmt
[INFO] [stdout]    1:     0x606584f9744a - core[df12db4294e9bfd3]::fmt::write
[INFO] [stdout]    2:     0x606584f84ecc - <alloc[2182bb758b4b3781]::vec::Vec<u8> as core[df12db4294e9bfd3]::io::write::Write>::write_fmt
[INFO] [stdout]    3:     0x606584f5b3e6 - std[70759c8f55707aa4]::panicking::default_hook::{closure#0}
[INFO] [stdout]    4:     0x606584f78239 - std[70759c8f55707aa4]::panicking::default_hook
[INFO] [stdout]    5:     0x606584e21fe0 - test[9d35eded1c95d3be]::test_main_inner::<test[9d35eded1c95d3be]::test_main_static::{closure#0}>::{closure#0}
[INFO] [stdout]    6:     0x606584f78562 - std[70759c8f55707aa4]::panicking::panic_with_hook
[INFO] [stdout]    7:     0x606584f5b492 - std[70759c8f55707aa4]::panicking::panic_handler::{closure#0}
[INFO] [stdout]    8:     0x606584f53ef9 - std[70759c8f55707aa4]::sys::backtrace::__rust_end_short_backtrace::<std[70759c8f55707aa4]::panicking::panic_handler::{closure#0}, !>
[INFO] [stdout]    9:     0x606584f5c31d - __rustc[8fa7c3cbc660c2b3]::rust_begin_unwind
[INFO] [stdout]   10:     0x606584f97bac - core[df12db4294e9bfd3]::panicking::panic_fmt
[INFO] [stdout]   11:     0x606584f97982 - core[df12db4294e9bfd3]::result::unwrap_failed
[INFO] [stdout]   12:     0x606584e7572e - <sqlx_postgres[51c9d2080fae9406]::database::Postgres as sqlx_core[b895c091407bc285]::testing::TestSupport>::test_context::{closure#0}
[INFO] [stdout]   13:     0x606584d144e0 - sqlx_core[b895c091407bc285]::testing::run_test::<sqlx_postgres[51c9d2080fae9406]::database::Postgres, sqlx_core[b895c091407bc285]::testing::run_test_with_pool<sqlx_postgres[51c9d2080fae9406]::database::Postgres, fn(sqlx_core[b895c091407bc285]::pool::Pool<sqlx_postgres[51c9d2080fae9406]::database::Postgres>) -> db_criteria[75d149509d144b0d]::db_criteria::test_plain_search::test_plain_search::{closure#0}, db_criteria[75d149509d144b0d]::db_criteria::test_plain_search::test_plain_search::{closure#0}>::{closure#0}, sqlx_core[b895c091407bc285]::testing::run_test_with_pool<sqlx_postgres[51c9d2080fae9406]::database::Postgres, fn(sqlx_core[b895c091407bc285]::pool::Pool<sqlx_postgres[51c9d2080fae9406]::database::Postgres>) -> db_criteria[75d149509d144b0d]::db_criteria::test_plain_search::test_plain_search::{closure#0}, db_criteria[75d149509d144b0d]::db_criteria::test_plain_search::test_plain_search::{closure#0}>::{closure#0}::{closure#0}>::{closure#0}
[INFO] [stdout]   14:     0x606584d951f8 - <tokio[1757fece24f7cf8e]::runtime::scheduler::current_thread::Context>::enter::<core[df12db4294e9bfd3]::task::poll::Poll<core[df12db4294e9bfd3]::result::Result<(), quokka_database[44132075566d29ba]::error::Error>>, <tokio[1757fece24f7cf8e]::runtime::scheduler::current_thread::CoreGuard>::block_on<core[df12db4294e9bfd3]::pin::Pin<&mut sqlx_core[b895c091407bc285]::testing::run_test<sqlx_postgres[51c9d2080fae9406]::database::Postgres, sqlx_core[b895c091407bc285]::testing::run_test_with_pool<sqlx_postgres[51c9d2080fae9406]::database::Postgres, fn(sqlx_core[b895c091407bc285]::pool::Pool<sqlx_postgres[51c9d2080fae9406]::database::Postgres>) -> db_criteria[75d149509d144b0d]::db_criteria::test_plain_search::test_plain_search::{closure#0}, db_criteria[75d149509d144b0d]::db_criteria::test_plain_search::test_plain_search::{closure#0}>::{closure#0}, sqlx_core[b895c091407bc285]::testing::run_test_with_pool<sqlx_postgres[51c9d2080fae9406]::database::Postgres, fn(sqlx_core[b895c091407bc285]::pool::Pool<sqlx_postgres[51c9d2080fae9406]::database::Postgres>) -> db_criteria[75d149509d144b0d]::db_criteria::test_plain_search::test_plain_search::{closure#0}, db_criteria[75d149509d144b0d]::db_criteria::test_plain_search::test_plain_search::{closure#0}>::{closure#0}::{closure#0}>::{closure#0}>>::{closure#0}::{closure#0}>
[INFO] [stdout]   15:     0x606584dfed4f - <tokio[1757fece24f7cf8e]::runtime::context::scoped::Scoped<tokio[1757fece24f7cf8e]::runtime::scheduler::Context>>::set::<<tokio[1757fece24f7cf8e]::runtime::scheduler::current_thread::CoreGuard>::enter<<tokio[1757fece24f7cf8e]::runtime::scheduler::current_thread::CoreGuard>::block_on<core[df12db4294e9bfd3]::pin::Pin<&mut sqlx_core[b895c091407bc285]::testing::run_test<sqlx_postgres[51c9d2080fae9406]::database::Postgres, sqlx_core[b895c091407bc285]::testing::run_test_with_pool<sqlx_postgres[51c9d2080fae9406]::database::Postgres, fn(sqlx_core[b895c091407bc285]::pool::Pool<sqlx_postgres[51c9d2080fae9406]::database::Postgres>) -> db_criteria[75d149509d144b0d]::db_criteria::test_plain_search::test_plain_search::{closure#0}, db_criteria[75d149509d144b0d]::db_criteria::test_plain_search::test_plain_search::{closure#0}>::{closure#0}, sqlx_core[b895c091407bc285]::testing::run_test_with_pool<sqlx_postgres[51c9d2080fae9406]::database::Postgres, fn(sqlx_core[b895c091407bc285]::pool::Pool<sqlx_postgres[51c9d2080fae9406]::database::Postgres>) -> db_criteria[75d149509d144b0d]::db_criteria::test_plain_search::test_plain_search::{closure#0}, db_criteria[75d149509d144b0d]::db_criteria::test_plain_search::test_plain_search::{closure#0}>::{closure#0}::{closure#0}>::{closure#0}>>::{closure#0}, core[df12db4294e9bfd3]::option::Option<core[df12db4294e9bfd3]::result::Result<(), quokka_database[44132075566d29ba]::error::Error>>>::{closure#0}, (alloc[2182bb758b4b3781]::boxed::Box<tokio[1757fece24f7cf8e]::runtime::scheduler::current_thread::Core>, core[df12db4294e9bfd3]::option::Option<core[df12db4294e9bfd3]::result::Result<(), quokka_database[44132075566d29ba]::error::Error>>)>
[INFO] [stdout]   16:     0x606584d97e95 - <tokio[1757fece24f7cf8e]::runtime::scheduler::current_thread::CoreGuard>::block_on::<core[df12db4294e9bfd3]::pin::Pin<&mut sqlx_core[b895c091407bc285]::testing::run_test<sqlx_postgres[51c9d2080fae9406]::database::Postgres, sqlx_core[b895c091407bc285]::testing::run_test_with_pool<sqlx_postgres[51c9d2080fae9406]::database::Postgres, fn(sqlx_core[b895c091407bc285]::pool::Pool<sqlx_postgres[51c9d2080fae9406]::database::Postgres>) -> db_criteria[75d149509d144b0d]::db_criteria::test_plain_search::test_plain_search::{closure#0}, db_criteria[75d149509d144b0d]::db_criteria::test_plain_search::test_plain_search::{closure#0}>::{closure#0}, sqlx_core[b895c091407bc285]::testing::run_test_with_pool<sqlx_postgres[51c9d2080fae9406]::database::Postgres, fn(sqlx_core[b895c091407bc285]::pool::Pool<sqlx_postgres[51c9d2080fae9406]::database::Postgres>) -> db_criteria[75d149509d144b0d]::db_criteria::test_plain_search::test_plain_search::{closure#0}, db_criteria[75d149509d144b0d]::db_criteria::test_plain_search::test_plain_search::{closure#0}>::{closure#0}::{closure#0}>::{closure#0}>>
[INFO] [stdout]   17:     0x606584dccc83 - tokio[1757fece24f7cf8e]::runtime::context::runtime::enter_runtime::<<tokio[1757fece24f7cf8e]::runtime::scheduler::current_thread::CurrentThread>::block_on<sqlx_core[b895c091407bc285]::testing::run_test<sqlx_postgres[51c9d2080fae9406]::database::Postgres, sqlx_core[b895c091407bc285]::testing::run_test_with_pool<sqlx_postgres[51c9d2080fae9406]::database::Postgres, fn(sqlx_core[b895c091407bc285]::pool::Pool<sqlx_postgres[51c9d2080fae9406]::database::Postgres>) -> db_criteria[75d149509d144b0d]::db_criteria::test_plain_search::test_plain_search::{closure#0}, db_criteria[75d149509d144b0d]::db_criteria::test_plain_search::test_plain_search::{closure#0}>::{closure#0}, sqlx_core[b895c091407bc285]::testing::run_test_with_pool<sqlx_postgres[51c9d2080fae9406]::database::Postgres, fn(sqlx_core[b895c091407bc285]::pool::Pool<sqlx_postgres[51c9d2080fae9406]::database::Postgres>) -> db_criteria[75d149509d144b0d]::db_criteria::test_plain_search::test_plain_search::{closure#0}, db_criteria[75d149509d144b0d]::db_criteria::test_plain_search::test_plain_search::{closure#0}>::{closure#0}::{closure#0}>::{closure#0}>::{closure#0}, core[df12db4294e9bfd3]::result::Result<(), quokka_database[44132075566d29ba]::error::Error>>
[INFO] [stdout]   18:     0x606584de550e - <tokio[1757fece24f7cf8e]::runtime::runtime::Runtime>::block_on::<sqlx_core[b895c091407bc285]::testing::run_test<sqlx_postgres[51c9d2080fae9406]::database::Postgres, sqlx_core[b895c091407bc285]::testing::run_test_with_pool<sqlx_postgres[51c9d2080fae9406]::database::Postgres, fn(sqlx_core[b895c091407bc285]::pool::Pool<sqlx_postgres[51c9d2080fae9406]::database::Postgres>) -> db_criteria[75d149509d144b0d]::db_criteria::test_plain_search::test_plain_search::{closure#0}, db_criteria[75d149509d144b0d]::db_criteria::test_plain_search::test_plain_search::{closure#0}>::{closure#0}, sqlx_core[b895c091407bc285]::testing::run_test_with_pool<sqlx_postgres[51c9d2080fae9406]::database::Postgres, fn(sqlx_core[b895c091407bc285]::pool::Pool<sqlx_postgres[51c9d2080fae9406]::database::Postgres>) -> db_criteria[75d149509d144b0d]::db_criteria::test_plain_search::test_plain_search::{closure#0}, db_criteria[75d149509d144b0d]::db_criteria::test_plain_search::test_plain_search::{closure#0}>::{closure#0}::{closure#0}>::{closure#0}>
[INFO] [stdout]   19:     0x606584df1453 - sqlx_core[b895c091407bc285]::rt::test_block_on::<sqlx_core[b895c091407bc285]::testing::run_test<sqlx_postgres[51c9d2080fae9406]::database::Postgres, sqlx_core[b895c091407bc285]::testing::run_test_with_pool<sqlx_postgres[51c9d2080fae9406]::database::Postgres, fn(sqlx_core[b895c091407bc285]::pool::Pool<sqlx_postgres[51c9d2080fae9406]::database::Postgres>) -> db_criteria[75d149509d144b0d]::db_criteria::test_plain_search::test_plain_search::{closure#0}, db_criteria[75d149509d144b0d]::db_criteria::test_plain_search::test_plain_search::{closure#0}>::{closure#0}, sqlx_core[b895c091407bc285]::testing::run_test_with_pool<sqlx_postgres[51c9d2080fae9406]::database::Postgres, fn(sqlx_core[b895c091407bc285]::pool::Pool<sqlx_postgres[51c9d2080fae9406]::database::Postgres>) -> db_criteria[75d149509d144b0d]::db_criteria::test_plain_search::test_plain_search::{closure#0}, db_criteria[75d149509d144b0d]::db_criteria::test_plain_search::test_plain_search::{closure#0}>::{closure#0}::{closure#0}>::{closure#0}>
[INFO] [stdout]   20:     0x606584e149df - <db_criteria[75d149509d144b0d]::db_criteria::test_plain_search::{closure#0} as core[df12db4294e9bfd3]::ops::function::FnOnce<()>>::call_once
[INFO] [stdout]   21:     0x606584e152cb - test[9d35eded1c95d3be]::__rust_begin_short_backtrace::<core[df12db4294e9bfd3]::result::Result<(), alloc[2182bb758b4b3781]::string::String>, fn() -> core[df12db4294e9bfd3]::result::Result<(), alloc[2182bb758b4b3781]::string::String>>
[INFO] [stdout]   22:     0x606584e22935 - test[9d35eded1c95d3be]::run_test::{closure#0}
[INFO] [stdout]   23:     0x606584e1c1f4 - std[70759c8f55707aa4]::sys::backtrace::__rust_begin_short_backtrace::<test[9d35eded1c95d3be]::run_test::{closure#1}, ()>
[INFO] [stdout]   24:     0x606584e25a92 - <std[70759c8f55707aa4]::thread::lifecycle::spawn_unchecked<test[9d35eded1c95d3be]::run_test::{closure#1}, ()>::{closure#1} as core[df12db4294e9bfd3]::ops::function::FnOnce<()>>::call_once::{shim:vtable#0}
[INFO] [stdout]   25:     0x606584f7f9c9 - <std[70759c8f55707aa4]::sys::thread::unix::Thread>::new::thread_start
[INFO] [stdout]   26:     0x71698692edfa - <unknown>
[INFO] [stdout]   27:     0x7169869c23d4 - clone
[INFO] [stdout]   28:                0x0 - <unknown>
[INFO] [stdout] 
[INFO] [stdout] ---- db_criteria::test_gt_criteria stdout ----
[INFO] [stdout] 
[INFO] [stdout] thread 'db_criteria::test_gt_criteria' (2928) panicked at /opt/rustwide/cargo-home/registry/src/index.crates.io-1949cf8c6b5b557f/sqlx-postgres-0.8.6/src/testing/mod.rs:96:44:
[INFO] [stdout] DATABASE_URL must be set: EnvVar(NotPresent)
[INFO] [stdout] stack backtrace:
[INFO] [stdout]    0:     0x606584f804a1 - <<std[70759c8f55707aa4]::sys::backtrace::BacktraceLock>::print::DisplayBacktrace as core[df12db4294e9bfd3]::fmt::Display>::fmt
[INFO] [stdout]    1:     0x606584f9744a - core[df12db4294e9bfd3]::fmt::write
[INFO] [stdout]    2:     0x606584f84ecc - <alloc[2182bb758b4b3781]::vec::Vec<u8> as core[df12db4294e9bfd3]::io::write::Write>::write_fmt
[INFO] [stdout]    3:     0x606584f5b3e6 - std[70759c8f55707aa4]::panicking::default_hook::{closure#0}
[INFO] [stdout]    4:     0x606584f78239 - std[70759c8f55707aa4]::panicking::default_hook
[INFO] [stdout]    5:     0x606584e21fe0 - test[9d35eded1c95d3be]::test_main_inner::<test[9d35eded1c95d3be]::test_main_static::{closure#0}>::{closure#0}
[INFO] [stdout]    6:     0x606584f78562 - std[70759c8f55707aa4]::panicking::panic_with_hook
[INFO] [stdout]    7:     0x606584f5b492 - std[70759c8f55707aa4]::panicking::panic_handler::{closure#0}
[INFO] [stdout]    8:     0x606584f53ef9 - std[70759c8f55707aa4]::sys::backtrace::__rust_end_short_backtrace::<std[70759c8f55707aa4]::panicking::panic_handler::{closure#0}, !>
[INFO] [stdout]    9:     0x606584f5c31d - __rustc[8fa7c3cbc660c2b3]::rust_begin_unwind
[INFO] [stdout]   10:     0x606584f97bac - core[df12db4294e9bfd3]::panicking::panic_fmt
[INFO] [stdout]   11:     0x606584f97982 - core[df12db4294e9bfd3]::result::unwrap_failed
[INFO] [stdout]   12:     0x606584e7572e - <sqlx_postgres[51c9d2080fae9406]::database::Postgres as sqlx_core[b895c091407bc285]::testing::TestSupport>::test_context::{closure#0}
[INFO] [stdout]   13:     0x606584cff444 - sqlx_core[b895c091407bc285]::testing::run_test::<sqlx_postgres[51c9d2080fae9406]::database::Postgres, sqlx_core[b895c091407bc285]::testing::run_test_with_pool<sqlx_postgres[51c9d2080fae9406]::database::Postgres, fn(sqlx_core[b895c091407bc285]::pool::Pool<sqlx_postgres[51c9d2080fae9406]::database::Postgres>) -> db_criteria[75d149509d144b0d]::db_criteria::test_gt_criteria::test_gt_criteria::{closure#0}, db_criteria[75d149509d144b0d]::db_criteria::test_gt_criteria::test_gt_criteria::{closure#0}>::{closure#0}, sqlx_core[b895c091407bc285]::testing::run_test_with_pool<sqlx_postgres[51c9d2080fae9406]::database::Postgres, fn(sqlx_core[b895c091407bc285]::pool::Pool<sqlx_postgres[51c9d2080fae9406]::database::Postgres>) -> db_criteria[75d149509d144b0d]::db_criteria::test_gt_criteria::test_gt_criteria::{closure#0}, db_criteria[75d149509d144b0d]::db_criteria::test_gt_criteria::test_gt_criteria::{closure#0}>::{closure#0}::{closure#0}>::{closure#0}
[INFO] [stdout]   14:     0x606584d94378 - <tokio[1757fece24f7cf8e]::runtime::scheduler::current_thread::Context>::enter::<core[df12db4294e9bfd3]::task::poll::Poll<core[df12db4294e9bfd3]::result::Result<(), quokka_database[44132075566d29ba]::error::Error>>, <tokio[1757fece24f7cf8e]::runtime::scheduler::current_thread::CoreGuard>::block_on<core[df12db4294e9bfd3]::pin::Pin<&mut sqlx_core[b895c091407bc285]::testing::run_test<sqlx_postgres[51c9d2080fae9406]::database::Postgres, sqlx_core[b895c091407bc285]::testing::run_test_with_pool<sqlx_postgres[51c9d2080fae9406]::database::Postgres, fn(sqlx_core[b895c091407bc285]::pool::Pool<sqlx_postgres[51c9d2080fae9406]::database::Postgres>) -> db_criteria[75d149509d144b0d]::db_criteria::test_gt_criteria::test_gt_criteria::{closure#0}, db_criteria[75d149509d144b0d]::db_criteria::test_gt_criteria::test_gt_criteria::{closure#0}>::{closure#0}, sqlx_core[b895c091407bc285]::testing::run_test_with_pool<sqlx_postgres[51c9d2080fae9406]::database::Postgres, fn(sqlx_core[b895c091407bc285]::pool::Pool<sqlx_postgres[51c9d2080fae9406]::database::Postgres>) -> db_criteria[75d149509d144b0d]::db_criteria::test_gt_criteria::test_gt_criteria::{closure#0}, db_criteria[75d149509d144b0d]::db_criteria::test_gt_criteria::test_gt_criteria::{closure#0}>::{closure#0}::{closure#0}>::{closure#0}>>::{closure#0}::{closure#0}>
[INFO] [stdout]   15:     0x606584dfdccf - <tokio[1757fece24f7cf8e]::runtime::context::scoped::Scoped<tokio[1757fece24f7cf8e]::runtime::scheduler::Context>>::set::<<tokio[1757fece24f7cf8e]::runtime::scheduler::current_thread::CoreGuard>::enter<<tokio[1757fece24f7cf8e]::runtime::scheduler::current_thread::CoreGuard>::block_on<core[df12db4294e9bfd3]::pin::Pin<&mut sqlx_core[b895c091407bc285]::testing::run_test<sqlx_postgres[51c9d2080fae9406]::database::Postgres, sqlx_core[b895c091407bc285]::testing::run_test_with_pool<sqlx_postgres[51c9d2080fae9406]::database::Postgres, fn(sqlx_core[b895c091407bc285]::pool::Pool<sqlx_postgres[51c9d2080fae9406]::database::Postgres>) -> db_criteria[75d149509d144b0d]::db_criteria::test_gt_criteria::test_gt_criteria::{closure#0}, db_criteria[75d149509d144b0d]::db_criteria::test_gt_criteria::test_gt_criteria::{closure#0}>::{closure#0}, sqlx_core[b895c091407bc285]::testing::run_test_with_pool<sqlx_postgres[51c9d2080fae9406]::database::Postgres, fn(sqlx_core[b895c091407bc285]::pool::Pool<sqlx_postgres[51c9d2080fae9406]::database::Postgres>) -> db_criteria[75d149509d144b0d]::db_criteria::test_gt_criteria::test_gt_criteria::{closure#0}, db_criteria[75d149509d144b0d]::db_criteria::test_gt_criteria::test_gt_criteria::{closure#0}>::{closure#0}::{closure#0}>::{closure#0}>>::{closure#0}, core[df12db4294e9bfd3]::option::Option<core[df12db4294e9bfd3]::result::Result<(), quokka_database[44132075566d29ba]::error::Error>>>::{closure#0}, (alloc[2182bb758b4b3781]::boxed::Box<tokio[1757fece24f7cf8e]::runtime::scheduler::current_thread::Core>, core[df12db4294e9bfd3]::option::Option<core[df12db4294e9bfd3]::result::Result<(), quokka_database[44132075566d29ba]::error::Error>>)>
[INFO] [stdout]   16:     0x606584d96a95 - <tokio[1757fece24f7cf8e]::runtime::scheduler::current_thread::CoreGuard>::block_on::<core[df12db4294e9bfd3]::pin::Pin<&mut sqlx_core[b895c091407bc285]::testing::run_test<sqlx_postgres[51c9d2080fae9406]::database::Postgres, sqlx_core[b895c091407bc285]::testing::run_test_with_pool<sqlx_postgres[51c9d2080fae9406]::database::Postgres, fn(sqlx_core[b895c091407bc285]::pool::Pool<sqlx_postgres[51c9d2080fae9406]::database::Postgres>) -> db_criteria[75d149509d144b0d]::db_criteria::test_gt_criteria::test_gt_criteria::{closure#0}, db_criteria[75d149509d144b0d]::db_criteria::test_gt_criteria::test_gt_criteria::{closure#0}>::{closure#0}, sqlx_core[b895c091407bc285]::testing::run_test_with_pool<sqlx_postgres[51c9d2080fae9406]::database::Postgres, fn(sqlx_core[b895c091407bc285]::pool::Pool<sqlx_postgres[51c9d2080fae9406]::database::Postgres>) -> db_criteria[75d149509d144b0d]::db_criteria::test_gt_criteria::test_gt_criteria::{closure#0}, db_criteria[75d149509d144b0d]::db_criteria::test_gt_criteria::test_gt_criteria::{closure#0}>::{closure#0}::{closure#0}>::{closure#0}>>
[INFO] [stdout]   17:     0x606584dca683 - tokio[1757fece24f7cf8e]::runtime::context::runtime::enter_runtime::<<tokio[1757fece24f7cf8e]::runtime::scheduler::current_thread::CurrentThread>::block_on<sqlx_core[b895c091407bc285]::testing::run_test<sqlx_postgres[51c9d2080fae9406]::database::Postgres, sqlx_core[b895c091407bc285]::testing::run_test_with_pool<sqlx_postgres[51c9d2080fae9406]::database::Postgres, fn(sqlx_core[b895c091407bc285]::pool::Pool<sqlx_postgres[51c9d2080fae9406]::database::Postgres>) -> db_criteria[75d149509d144b0d]::db_criteria::test_gt_criteria::test_gt_criteria::{closure#0}, db_criteria[75d149509d144b0d]::db_criteria::test_gt_criteria::test_gt_criteria::{closure#0}>::{closure#0}, sqlx_core[b895c091407bc285]::testing::run_test_with_pool<sqlx_postgres[51c9d2080fae9406]::database::Postgres, fn(sqlx_core[b895c091407bc285]::pool::Pool<sqlx_postgres[51c9d2080fae9406]::database::Postgres>) -> db_criteria[75d149509d144b0d]::db_criteria::test_gt_criteria::test_gt_criteria::{closure#0}, db_criteria[75d149509d144b0d]::db_criteria::test_gt_criteria::test_gt_criteria::{closure#0}>::{closure#0}::{closure#0}>::{closure#0}>::{closure#0}, core[df12db4294e9bfd3]::result::Result<(), quokka_database[44132075566d29ba]::error::Error>>
[INFO] [stdout]   18:     0x606584de488e - <tokio[1757fece24f7cf8e]::runtime::runtime::Runtime>::block_on::<sqlx_core[b895c091407bc285]::testing::run_test<sqlx_postgres[51c9d2080fae9406]::database::Postgres, sqlx_core[b895c091407bc285]::testing::run_test_with_pool<sqlx_postgres[51c9d2080fae9406]::database::Postgres, fn(sqlx_core[b895c091407bc285]::pool::Pool<sqlx_postgres[51c9d2080fae9406]::database::Postgres>) -> db_criteria[75d149509d144b0d]::db_criteria::test_gt_criteria::test_gt_criteria::{closure#0}, db_criteria[75d149509d144b0d]::db_criteria::test_gt_criteria::test_gt_criteria::{closure#0}>::{closure#0}, sqlx_core[b895c091407bc285]::testing::run_test_with_pool<sqlx_postgres[51c9d2080fae9406]::database::Postgres, fn(sqlx_core[b895c091407bc285]::pool::Pool<sqlx_postgres[51c9d2080fae9406]::database::Postgres>) -> db_criteria[75d149509d144b0d]::db_criteria::test_gt_criteria::test_gt_criteria::{closure#0}, db_criteria[75d149509d144b0d]::db_criteria::test_gt_criteria::test_gt_criteria::{closure#0}>::{closure#0}::{closure#0}>::{closure#0}>
[INFO] [stdout]   19:     0x606584df0a53 - sqlx_core[b895c091407bc285]::rt::test_block_on::<sqlx_core[b895c091407bc285]::testing::run_test<sqlx_postgres[51c9d2080fae9406]::database::Postgres, sqlx_core[b895c091407bc285]::testing::run_test_with_pool<sqlx_postgres[51c9d2080fae9406]::database::Postgres, fn(sqlx_core[b895c091407bc285]::pool::Pool<sqlx_postgres[51c9d2080fae9406]::database::Postgres>) -> db_criteria[75d149509d144b0d]::db_criteria::test_gt_criteria::test_gt_criteria::{closure#0}, db_criteria[75d149509d144b0d]::db_criteria::test_gt_criteria::test_gt_criteria::{closure#0}>::{closure#0}, sqlx_core[b895c091407bc285]::testing::run_test_with_pool<sqlx_postgres[51c9d2080fae9406]::database::Postgres, fn(sqlx_core[b895c091407bc285]::pool::Pool<sqlx_postgres[51c9d2080fae9406]::database::Postgres>) -> db_criteria[75d149509d144b0d]::db_criteria::test_gt_criteria::test_gt_criteria::{closure#0}, db_criteria[75d149509d144b0d]::db_criteria::test_gt_criteria::test_gt_criteria::{closure#0}>::{closure#0}::{closure#0}>::{closure#0}>
[INFO] [stdout]   20:     0x606584e141df - <db_criteria[75d149509d144b0d]::db_criteria::test_gt_criteria::{closure#0} as core[df12db4294e9bfd3]::ops::function::FnOnce<()>>::call_once
[INFO] [stdout]   21:     0x606584e152cb - test[9d35eded1c95d3be]::__rust_begin_short_backtrace::<core[df12db4294e9bfd3]::result::Result<(), alloc[2182bb758b4b3781]::string::String>, fn() -> core[df12db4294e9bfd3]::result::Result<(), alloc[2182bb758b4b3781]::string::String>>
[INFO] [stdout]   22:     0x606584e22935 - test[9d35eded1c95d3be]::run_test::{closure#0}
[INFO] [stdout]   23:     0x606584e1c1f4 - std[70759c8f55707aa4]::sys::backtrace::__rust_begin_short_backtrace::<test[9d35eded1c95d3be]::run_test::{closure#1}, ()>
[INFO] [stdout]   24:     0x606584e25a92 - <std[70759c8f55707aa4]::thread::lifecycle::spawn_unchecked<test[9d35eded1c95d3be]::run_test::{closure#1}, ()>::{closure#1} as core[df12db4294e9bfd3]::ops::function::FnOnce<()>>::call_once::{shim:vtable#0}
[INFO] [stdout]   25:     0x606584f7f9c9 - <std[70759c8f55707aa4]::sys::thread::unix::Thread>::new::thread_start
[INFO] [stdout]   26:     0x71698692edfa - <unknown>
[INFO] [stdout]   27:     0x7169869c23d4 - clone
[INFO] [stdout]   28:                0x0 - <unknown>
[INFO] [stdout] 
[INFO] [stdout] ---- db_criteria::test_lte_criteria stdout ----
[INFO] [stdout] 
[INFO] [stdout] thread 'db_criteria::test_lte_criteria' (2934) panicked at /opt/rustwide/cargo-home/registry/src/index.crates.io-1949cf8c6b5b557f/sqlx-postgres-0.8.6/src/testing/mod.rs:96:44:
[INFO] [stdout] DATABASE_URL must be set: EnvVar(NotPresent)
[INFO] [stdout] stack backtrace:
[INFO] [stdout]    0:     0x606584f804a1 - <<std[70759c8f55707aa4]::sys::backtrace::BacktraceLock>::print::DisplayBacktrace as core[df12db4294e9bfd3]::fmt::Display>::fmt
[INFO] [stdout]    1:     0x606584f9744a - core[df12db4294e9bfd3]::fmt::write
[INFO] [stdout]    2:     0x606584f84ecc - <alloc[2182bb758b4b3781]::vec::Vec<u8> as core[df12db4294e9bfd3]::io::write::Write>::write_fmt
[INFO] [stdout]    3:     0x606584f5b3e6 - std[70759c8f55707aa4]::panicking::default_hook::{closure#0}
[INFO] [stdout]    4:     0x606584f78239 - std[70759c8f55707aa4]::panicking::default_hook
[INFO] [stdout]    5:     0x606584e21fe0 - test[9d35eded1c95d3be]::test_main_inner::<test[9d35eded1c95d3be]::test_main_static::{closure#0}>::{closure#0}
[INFO] [stdout]    6:     0x606584f78562 - std[70759c8f55707aa4]::panicking::panic_with_hook
[INFO] [stdout]    7:     0x606584f5b492 - std[70759c8f55707aa4]::panicking::panic_handler::{closure#0}
[INFO] [stdout]    8:     0x606584f53ef9 - std[70759c8f55707aa4]::sys::backtrace::__rust_end_short_backtrace::<std[70759c8f55707aa4]::panicking::panic_handler::{closure#0}, !>
[INFO] [stdout]    9:     0x606584f5c31d - __rustc[8fa7c3cbc660c2b3]::rust_begin_unwind
[INFO] [stdout]   10:     0x606584f97bac - core[df12db4294e9bfd3]::panicking::panic_fmt
[INFO] [stdout]   11:     0x606584f97982 - core[df12db4294e9bfd3]::result::unwrap_failed
[INFO] [stdout]   12:     0x606584e7572e - <sqlx_postgres[51c9d2080fae9406]::database::Postgres as sqlx_core[b895c091407bc285]::testing::TestSupport>::test_context::{closure#0}
[INFO] [stdout]   13:     0x606584d11794 - sqlx_core[b895c091407bc285]::testing::run_test::<sqlx_postgres[51c9d2080fae9406]::database::Postgres, sqlx_core[b895c091407bc285]::testing::run_test_with_pool<sqlx_postgres[51c9d2080fae9406]::database::Postgres, fn(sqlx_core[b895c091407bc285]::pool::Pool<sqlx_postgres[51c9d2080fae9406]::database::Postgres>) -> db_criteria[75d149509d144b0d]::db_criteria::test_lte_criteria::test_lte_criteria::{closure#0}, db_criteria[75d149509d144b0d]::db_criteria::test_lte_criteria::test_lte_criteria::{closure#0}>::{closure#0}, sqlx_core[b895c091407bc285]::testing::run_test_with_pool<sqlx_postgres[51c9d2080fae9406]::database::Postgres, fn(sqlx_core[b895c091407bc285]::pool::Pool<sqlx_postgres[51c9d2080fae9406]::database::Postgres>) -> db_criteria[75d149509d144b0d]::db_criteria::test_lte_criteria::test_lte_criteria::{closure#0}, db_criteria[75d149509d144b0d]::db_criteria::test_lte_criteria::test_lte_criteria::{closure#0}>::{closure#0}::{closure#0}>::{closure#0}
[INFO] [stdout]   14:     0x606584d95028 - <tokio[1757fece24f7cf8e]::runtime::scheduler::current_thread::Context>::enter::<core[df12db4294e9bfd3]::task::poll::Poll<core[df12db4294e9bfd3]::result::Result<(), quokka_database[44132075566d29ba]::error::Error>>, <tokio[1757fece24f7cf8e]::runtime::scheduler::current_thread::CoreGuard>::block_on<core[df12db4294e9bfd3]::pin::Pin<&mut sqlx_core[b895c091407bc285]::testing::run_test<sqlx_postgres[51c9d2080fae9406]::database::Postgres, sqlx_core[b895c091407bc285]::testing::run_test_with_pool<sqlx_postgres[51c9d2080fae9406]::database::Postgres, fn(sqlx_core[b895c091407bc285]::pool::Pool<sqlx_postgres[51c9d2080fae9406]::database::Postgres>) -> db_criteria[75d149509d144b0d]::db_criteria::test_lte_criteria::test_lte_criteria::{closure#0}, db_criteria[75d149509d144b0d]::db_criteria::test_lte_criteria::test_lte_criteria::{closure#0}>::{closure#0}, sqlx_core[b895c091407bc285]::testing::run_test_with_pool<sqlx_postgres[51c9d2080fae9406]::database::Postgres, fn(sqlx_core[b895c091407bc285]::pool::Pool<sqlx_postgres[51c9d2080fae9406]::database::Postgres>) -> db_criteria[75d149509d144b0d]::db_criteria::test_lte_criteria::test_lte_criteria::{closure#0}, db_criteria[75d149509d144b0d]::db_criteria::test_lte_criteria::test_lte_criteria::{closure#0}>::{closure#0}::{closure#0}>::{closure#0}>>::{closure#0}::{closure#0}>
[INFO] [stdout]   15:     0x606584dfeb3f - <tokio[1757fece24f7cf8e]::runtime::context::scoped::Scoped<tokio[1757fece24f7cf8e]::runtime::scheduler::Context>>::set::<<tokio[1757fece24f7cf8e]::runtime::scheduler::current_thread::CoreGuard>::enter<<tokio[1757fece24f7cf8e]::runtime::scheduler::current_thread::CoreGuard>::block_on<core[df12db4294e9bfd3]::pin::Pin<&mut sqlx_core[b895c091407bc285]::testing::run_test<sqlx_postgres[51c9d2080fae9406]::database::Postgres, sqlx_core[b895c091407bc285]::testing::run_test_with_pool<sqlx_postgres[51c9d2080fae9406]::database::Postgres, fn(sqlx_core[b895c091407bc285]::pool::Pool<sqlx_postgres[51c9d2080fae9406]::database::Postgres>) -> db_criteria[75d149509d144b0d]::db_criteria::test_lte_criteria::test_lte_criteria::{closure#0}, db_criteria[75d149509d144b0d]::db_criteria::test_lte_criteria::test_lte_criteria::{closure#0}>::{closure#0}, sqlx_core[b895c091407bc285]::testing::run_test_with_pool<sqlx_postgres[51c9d2080fae9406]::database::Postgres, fn(sqlx_core[b895c091407bc285]::pool::Pool<sqlx_postgres[51c9d2080fae9406]::database::Postgres>) -> db_criteria[75d149509d144b0d]::db_criteria::test_lte_criteria::test_lte_criteria::{closure#0}, db_criteria[75d149509d144b0d]::db_criteria::test_lte_criteria::test_lte_criteria::{closure#0}>::{closure#0}::{closure#0}>::{closure#0}>>::{closure#0}, core[df12db4294e9bfd3]::option::Option<core[df12db4294e9bfd3]::result::Result<(), quokka_database[44132075566d29ba]::error::Error>>>::{closure#0}, (alloc[2182bb758b4b3781]::boxed::Box<tokio[1757fece24f7cf8e]::runtime::scheduler::current_thread::Core>, core[df12db4294e9bfd3]::option::Option<core[df12db4294e9bfd3]::result::Result<(), quokka_database[44132075566d29ba]::error::Error>>)>
[INFO] [stdout]   16:     0x606584d97c15 - <tokio[1757fece24f7cf8e]::runtime::scheduler::current_thread::CoreGuard>::block_on::<core[df12db4294e9bfd3]::pin::Pin<&mut sqlx_core[b895c091407bc285]::testing::run_test<sqlx_postgres[51c9d2080fae9406]::database::Postgres, sqlx_core[b895c091407bc285]::testing::run_test_with_pool<sqlx_postgres[51c9d2080fae9406]::database::Postgres, fn(sqlx_core[b895c091407bc285]::pool::Pool<sqlx_postgres[51c9d2080fae9406]::database::Postgres>) -> db_criteria[75d149509d144b0d]::db_criteria::test_lte_criteria::test_lte_criteria::{closure#0}, db_criteria[75d149509d144b0d]::db_criteria::test_lte_criteria::test_lte_criteria::{closure#0}>::{closure#0}, sqlx_core[b895c091407bc285]::testing::run_test_with_pool<sqlx_postgres[51c9d2080fae9406]::database::Postgres, fn(sqlx_core[b895c091407bc285]::pool::Pool<sqlx_postgres[51c9d2080fae9406]::database::Postgres>) -> db_criteria[75d149509d144b0d]::db_criteria::test_lte_criteria::test_lte_criteria::{closure#0}, db_criteria[75d149509d144b0d]::db_criteria::test_lte_criteria::test_lte_criteria::{closure#0}>::{closure#0}::{closure#0}>::{closure#0}>>
[INFO] [stdout]   17:     0x606584dcc7c3 - tokio[1757fece24f7cf8e]::runtime::context::runtime::enter_runtime::<<tokio[1757fece24f7cf8e]::runtime::scheduler::current_thread::CurrentThread>::block_on<sqlx_core[b895c091407bc285]::testing::run_test<sqlx_postgres[51c9d2080fae9406]::database::Postgres, sqlx_core[b895c091407bc285]::testing::run_test_with_pool<sqlx_postgres[51c9d2080fae9406]::database::Postgres, fn(sqlx_core[b895c091407bc285]::pool::Pool<sqlx_postgres[51c9d2080fae9406]::database::Postgres>) -> db_criteria[75d149509d144b0d]::db_criteria::test_lte_criteria::test_lte_criteria::{closure#0}, db_criteria[75d149509d144b0d]::db_criteria::test_lte_criteria::test_lte_criteria::{closure#0}>::{closure#0}, sqlx_core[b895c091407bc285]::testing::run_test_with_pool<sqlx_postgres[51c9d2080fae9406]::database::Postgres, fn(sqlx_core[b895c091407bc285]::pool::Pool<sqlx_postgres[51c9d2080fae9406]::database::Postgres>) -> db_criteria[75d149509d144b0d]::db_criteria::test_lte_criteria::test_lte_criteria::{closure#0}, db_criteria[75d149509d144b0d]::db_criteria::test_lte_criteria::test_lte_criteria::{closure#0}>::{closure#0}::{closure#0}>::{closure#0}>::{closure#0}, core[df12db4294e9bfd3]::result::Result<(), quokka_database[44132075566d29ba]::error::Error>>
[INFO] [stdout]   18:     0x606584de537e - <tokio[1757fece24f7cf8e]::runtime::runtime::Runtime>::block_on::<sqlx_core[b895c091407bc285]::testing::run_test<sqlx_postgres[51c9d2080fae9406]::database::Postgres, sqlx_core[b895c091407bc285]::testing::run_test_with_pool<sqlx_postgres[51c9d2080fae9406]::database::Postgres, fn(sqlx_core[b895c091407bc285]::pool::Pool<sqlx_postgres[51c9d2080fae9406]::database::Postgres>) -> db_criteria[75d149509d144b0d]::db_criteria::test_lte_criteria::test_lte_criteria::{closure#0}, db_criteria[75d149509d144b0d]::db_criteria::test_lte_criteria::test_lte_criteria::{closure#0}>::{closure#0}, sqlx_core[b895c091407bc285]::testing::run_test_with_pool<sqlx_postgres[51c9d2080fae9406]::database::Postgres, fn(sqlx_core[b895c091407bc285]::pool::Pool<sqlx_postgres[51c9d2080fae9406]::database::Postgres>) -> db_criteria[75d149509d144b0d]::db_criteria::test_lte_criteria::test_lte_criteria::{closure#0}, db_criteria[75d149509d144b0d]::db_criteria::test_lte_criteria::test_lte_criteria::{closure#0}>::{closure#0}::{closure#0}>::{closure#0}>
[INFO] [stdout]   19:     0x606584df1313 - sqlx_core[b895c091407bc285]::rt::test_block_on::<sqlx_core[b895c091407bc285]::testing::run_test<sqlx_postgres[51c9d2080fae9406]::database::Postgres, sqlx_core[b895c091407bc285]::testing::run_test_with_pool<sqlx_postgres[51c9d2080fae9406]::database::Postgres, fn(sqlx_core[b895c091407bc285]::pool::Pool<sqlx_postgres[51c9d2080fae9406]::database::Postgres>) -> db_criteria[75d149509d144b0d]::db_criteria::test_lte_criteria::test_lte_criteria::{closure#0}, db_criteria[75d149509d144b0d]::db_criteria::test_lte_criteria::test_lte_criteria::{closure#0}>::{closure#0}, sqlx_core[b895c091407bc285]::testing::run_test_with_pool<sqlx_postgres[51c9d2080fae9406]::database::Postgres, fn(sqlx_core[b895c091407bc285]::pool::Pool<sqlx_postgres[51c9d2080fae9406]::database::Postgres>) -> db_criteria[75d149509d144b0d]::db_criteria::test_lte_criteria::test_lte_criteria::{closure#0}, db_criteria[75d149509d144b0d]::db_criteria::test_lte_criteria::test_lte_criteria::{closure#0}>::{closure#0}::{closure#0}>::{closure#0}>
[INFO] [stdout]   20:     0x606584e148df - <db_criteria[75d149509d144b0d]::db_criteria::test_lte_criteria::{closure#0} as core[df12db4294e9bfd3]::ops::function::FnOnce<()>>::call_once
[INFO] [stdout]   21:     0x606584e152cb - test[9d35eded1c95d3be]::__rust_begin_short_backtrace::<core[df12db4294e9bfd3]::result::Result<(), alloc[2182bb758b4b3781]::string::String>, fn() -> core[df12db4294e9bfd3]::result::Result<(), alloc[2182bb758b4b3781]::string::String>>
[INFO] [stdout]   22:     0x606584e22935 - test[9d35eded1c95d3be]::run_test::{closure#0}
[INFO] [stdout]   23:     0x606584e1c1f4 - std[70759c8f55707aa4]::sys::backtrace::__rust_begin_short_backtrace::<test[9d35eded1c95d3be]::run_test::{closure#1}, ()>
[INFO] [stdout]   24:     0x606584e25a92 - <std[70759c8f55707aa4]::thread::lifecycle::spawn_unchecked<test[9d35eded1c95d3be]::run_test::{closure#1}, ()>::{closure#1} as core[df12db4294e9bfd3]::ops::function::FnOnce<()>>::call_once::{shim:vtable#0}
[INFO] [stdout]   25:     0x606584f7f9c9 - <std[70759c8f55707aa4]::sys::thread::unix::Thread>::new::thread_start
[INFO] [stdout]   26:     0x71698692edfa - <unknown>
[INFO] [stdout]   27:     0x7169869c23d4 - clone
[INFO] [stdout]   28:                0x0 - <unknown>
[INFO] [stdout] 
[INFO] [stdout] ---- db_criteria::test_search_paged stdout ----
[INFO] [stdout] 
[INFO] [stdout] thread 'db_criteria::test_search_paged' (2943) panicked at /opt/rustwide/cargo-home/registry/src/index.crates.io-1949cf8c6b5b557f/sqlx-postgres-0.8.6/src/testing/mod.rs:96:44:
[INFO] [stdout] DATABASE_URL must be set: EnvVar(NotPresent)
[INFO] [stdout] stack backtrace:
[INFO] [stdout]    0:     0x606584f804a1 - <<std[70759c8f55707aa4]::sys::backtrace::BacktraceLock>::print::DisplayBacktrace as core[df12db4294e9bfd3]::fmt::Display>::fmt
[INFO] [stdout]    1:     0x606584f9744a - core[df12db4294e9bfd3]::fmt::write
[INFO] [stdout]    2:     0x606584f84ecc - <alloc[2182bb758b4b3781]::vec::Vec<u8> as core[df12db4294e9bfd3]::io::write::Write>::write_fmt
[INFO] [stdout]    3:     0x606584f5b3e6 - std[70759c8f55707aa4]::panicking::default_hook::{closure#0}
[INFO] [stdout]    4:     0x606584f78239 - std[70759c8f55707aa4]::panicking::default_hook
[INFO] [stdout]    5:     0x606584e21fe0 - test[9d35eded1c95d3be]::test_main_inner::<test[9d35eded1c95d3be]::test_main_static::{closure#0}>::{closure#0}
[INFO] [stdout]    6:     0x606584f78562 - std[70759c8f55707aa4]::panicking::panic_with_hook
[INFO] [stdout]    7:     0x606584f5b492 - std[70759c8f55707aa4]::panicking::panic_handler::{closure#0}
[INFO] [stdout]    8:     0x606584f53ef9 - std[70759c8f55707aa4]::sys::backtrace::__rust_end_short_backtrace::<std[70759c8f55707aa4]::panicking::panic_handler::{closure#0}, !>
[INFO] [stdout]    9:     0x606584f5c31d - __rustc[8fa7c3cbc660c2b3]::rust_begin_unwind
[INFO] [stdout]   10:     0x606584f97bac - core[df12db4294e9bfd3]::panicking::panic_fmt
[INFO] [stdout]   11:     0x606584f97982 - core[df12db4294e9bfd3]::result::unwrap_failed
[INFO] [stdout]   12:     0x606584e7572e - <sqlx_postgres[51c9d2080fae9406]::database::Postgres as sqlx_core[b895c091407bc285]::testing::TestSupport>::test_context::{closure#0}
[INFO] [stdout]   13:     0x606584d16570 - sqlx_core[b895c091407bc285]::testing::run_test::<sqlx_postgres[51c9d2080fae9406]::database::Postgres, sqlx_core[b895c091407bc285]::testing::run_test_with_pool<sqlx_postgres[51c9d2080fae9406]::database::Postgres, fn(sqlx_core[b895c091407bc285]::pool::Pool<sqlx_postgres[51c9d2080fae9406]::database::Postgres>) -> db_criteria[75d149509d144b0d]::db_criteria::test_search_paged::test_search_paged::{closure#0}, db_criteria[75d149509d144b0d]::db_criteria::test_search_paged::test_search_paged::{closure#0}>::{closure#0}, sqlx_core[b895c091407bc285]::testing::run_test_with_pool<sqlx_postgres[51c9d2080fae9406]::database::Postgres, fn(sqlx_core[b895c091407bc285]::pool::Pool<sqlx_postgres[51c9d2080fae9406]::database::Postgres>) -> db_criteria[75d149509d144b0d]::db_criteria::test_search_paged::test_search_paged::{closure#0}, db_criteria[75d149509d144b0d]::db_criteria::test_search_paged::test_search_paged::{closure#0}>::{closure#0}::{closure#0}>::{closure#0}
[INFO] [stdout]   14:     0x606584d95598 - <tokio[1757fece24f7cf8e]::runtime::scheduler::current_thread::Context>::enter::<core[df12db4294e9bfd3]::task::poll::Poll<core[df12db4294e9bfd3]::result::Result<(), quokka_database[44132075566d29ba]::error::Error>>, <tokio[1757fece24f7cf8e]::runtime::scheduler::current_thread::CoreGuard>::block_on<core[df12db4294e9bfd3]::pin::Pin<&mut sqlx_core[b895c091407bc285]::testing::run_test<sqlx_postgres[51c9d2080fae9406]::database::Postgres, sqlx_core[b895c091407bc285]::testing::run_test_with_pool<sqlx_postgres[51c9d2080fae9406]::database::Postgres, fn(sqlx_core[b895c091407bc285]::pool::Pool<sqlx_postgres[51c9d2080fae9406]::database::Postgres>) -> db_criteria[75d149509d144b0d]::db_criteria::test_search_paged::test_search_paged::{closure#0}, db_criteria[75d149509d144b0d]::db_criteria::test_search_paged::test_search_paged::{closure#0}>::{closure#0}, sqlx_core[b895c091407bc285]::testing::run_test_with_pool<sqlx_postgres[51c9d2080fae9406]::database::Postgres, fn(sqlx_core[b895c091407bc285]::pool::Pool<sqlx_postgres[51c9d2080fae9406]::database::Postgres>) -> db_criteria[75d149509d144b0d]::db_criteria::test_search_paged::test_search_paged::{closure#0}, db_criteria[75d149509d144b0d]::db_criteria::test_search_paged::test_search_paged::{closure#0}>::{closure#0}::{closure#0}>::{closure#0}>>::{closure#0}::{closure#0}>
[INFO] [stdout]   15:     0x606584dff16f - <tokio[1757fece24f7cf8e]::runtime::context::scoped::Scoped<tokio[1757fece24f7cf8e]::runtime::scheduler::Context>>::set::<<tokio[1757fece24f7cf8e]::runtime::scheduler::current_thread::CoreGuard>::enter<<tokio[1757fece24f7cf8e]::runtime::scheduler::current_thread::CoreGuard>::block_on<core[df12db4294e9bfd3]::pin::Pin<&mut sqlx_core[b895c091407bc285]::testing::run_test<sqlx_postgres[51c9d2080fae9406]::database::Postgres, sqlx_core[b895c091407bc285]::testing::run_test_with_pool<sqlx_postgres[51c9d2080fae9406]::database::Postgres, fn(sqlx_core[b895c091407bc285]::pool::Pool<sqlx_postgres[51c9d2080fae9406]::database::Postgres>) -> db_criteria[75d149509d144b0d]::db_criteria::test_search_paged::test_search_paged::{closure#0}, db_criteria[75d149509d144b0d]::db_criteria::test_search_paged::test_search_paged::{closure#0}>::{closure#0}, sqlx_core[b895c091407bc285]::testing::run_test_with_pool<sqlx_postgres[51c9d2080fae9406]::database::Postgres, fn(sqlx_core[b895c091407bc285]::pool::Pool<sqlx_postgres[51c9d2080fae9406]::database::Postgres>) -> db_criteria[75d149509d144b0d]::db_criteria::test_search_paged::test_search_paged::{closure#0}, db_criteria[75d149509d144b0d]::db_criteria::test_search_paged::test_search_paged::{closure#0}>::{closure#0}::{closure#0}>::{closure#0}>>::{closure#0}, core[df12db4294e9bfd3]::option::Option<core[df12db4294e9bfd3]::result::Result<(), quokka_database[44132075566d29ba]::error::Error>>>::{closure#0}, (alloc[2182bb758b4b3781]::boxed::Box<tokio[1757fece24f7cf8e]::runtime::scheduler::current_thread::Core>, core[df12db4294e9bfd3]::option::Option<core[df12db4294e9bfd3]::result::Result<(), quokka_database[44132075566d29ba]::error::Error>>)>
[INFO] [stdout]   16:     0x606584d98395 - <tokio[1757fece24f7cf8e]::runtime::scheduler::current_thread::CoreGuard>::block_on::<core[df12db4294e9bfd3]::pin::Pin<&mut sqlx_core[b895c091407bc285]::testing::run_test<sqlx_postgres[51c9d2080fae9406]::database::Postgres, sqlx_core[b895c091407bc285]::testing::run_test_with_pool<sqlx_postgres[51c9d2080fae9406]::database::Postgres, fn(sqlx_core[b895c091407bc285]::pool::Pool<sqlx_postgres[51c9d2080fae9406]::database::Postgres>) -> db_criteria[75d149509d144b0d]::db_criteria::test_search_paged::test_search_paged::{closure#0}, db_criteria[75d149509d144b0d]::db_criteria::test_search_paged::test_search_paged::{closure#0}>::{closure#0}, sqlx_core[b895c091407bc285]::testing::run_test_with_pool<sqlx_postgres[51c9d2080fae9406]::database::Postgres, fn(sqlx_core[b895c091407bc285]::pool::Pool<sqlx_postgres[51c9d2080fae9406]::database::Postgres>) -> db_criteria[75d149509d144b0d]::db_criteria::test_search_paged::test_search_paged::{closure#0}, db_criteria[75d149509d144b0d]::db_criteria::test_search_paged::test_search_paged::{closure#0}>::{closure#0}::{closure#0}>::{closure#0}>>
[INFO] [stdout]   17:     0x606584dcd603 - tokio[1757fece24f7cf8e]::runtime::context::runtime::enter_runtime::<<tokio[1757fece24f7cf8e]::runtime::scheduler::current_thread::CurrentThread>::block_on<sqlx_core[b895c091407bc285]::testing::run_test<sqlx_postgres[51c9d2080fae9406]::database::Postgres, sqlx_core[b895c091407bc285]::testing::run_test_with_pool<sqlx_postgres[51c9d2080fae9406]::database::Postgres, fn(sqlx_core[b895c091407bc285]::pool::Pool<sqlx_postgres[51c9d2080fae9406]::database::Postgres>) -> db_criteria[75d149509d144b0d]::db_criteria::test_search_paged::test_search_paged::{closure#0}, db_criteria[75d149509d144b0d]::db_criteria::test_search_paged::test_search_paged::{closure#0}>::{closure#0}, sqlx_core[b895c091407bc285]::testing::run_test_with_pool<sqlx_postgres[51c9d2080fae9406]::database::Postgres, fn(sqlx_core[b895c091407bc285]::pool::Pool<sqlx_postgres[51c9d2080fae9406]::database::Postgres>) -> db_criteria[75d149509d144b0d]::db_criteria::test_search_paged::test_search_paged::{closure#0}, db_criteria[75d149509d144b0d]::db_criteria::test_search_paged::test_search_paged::{closure#0}>::{closure#0}::{closure#0}>::{closure#0}>::{closure#0}, core[df12db4294e9bfd3]::result::Result<(), quokka_database[44132075566d29ba]::error::Error>>
[INFO] [stdout]   18:     0x606584de582e - <tokio[1757fece24f7cf8e]::runtime::runtime::Runtime>::block_on::<sqlx_core[b895c091407bc285]::testing::run_test<sqlx_postgres[51c9d2080fae9406]::database::Postgres, sqlx_core[b895c091407bc285]::testing::run_test_with_pool<sqlx_postgres[51c9d2080fae9406]::database::Postgres, fn(sqlx_core[b895c091407bc285]::pool::Pool<sqlx_postgres[51c9d2080fae9406]::database::Postgres>) -> db_criteria[75d149509d144b0d]::db_criteria::test_search_paged::test_search_paged::{closure#0}, db_criteria[75d149509d144b0d]::db_criteria::test_search_paged::test_search_paged::{closure#0}>::{closure#0}, sqlx_core[b895c091407bc285]::testing::run_test_with_pool<sqlx_postgres[51c9d2080fae9406]::database::Postgres, fn(sqlx_core[b895c091407bc285]::pool::Pool<sqlx_postgres[51c9d2080fae9406]::database::Postgres>) -> db_criteria[75d149509d144b0d]::db_criteria::test_search_paged::test_search_paged::{closure#0}, db_criteria[75d149509d144b0d]::db_criteria::test_search_paged::test_search_paged::{closure#0}>::{closure#0}::{closure#0}>::{closure#0}>
[INFO] [stdout]   19:     0x606584df16d3 - sqlx_core[b895c091407bc285]::rt::test_block_on::<sqlx_core[b895c091407bc285]::testing::run_test<sqlx_postgres[51c9d2080fae9406]::database::Postgres, sqlx_core[b895c091407bc285]::testing::run_test_with_pool<sqlx_postgres[51c9d2080fae9406]::database::Postgres, fn(sqlx_core[b895c091407bc285]::pool::Pool<sqlx_postgres[51c9d2080fae9406]::database::Postgres>) -> db_criteria[75d149509d144b0d]::db_criteria::test_search_paged::test_search_paged::{closure#0}, db_criteria[75d149509d144b0d]::db_criteria::test_search_paged::test_search_paged::{closure#0}>::{closure#0}, sqlx_core[b895c091407bc285]::testing::run_test_with_pool<sqlx_postgres[51c9d2080fae9406]::database::Postgres, fn(sqlx_core[b895c091407bc285]::pool::Pool<sqlx_postgres[51c9d2080fae9406]::database::Postgres>) -> db_criteria[75d149509d144b0d]::db_criteria::test_search_paged::test_search_paged::{closure#0}, db_criteria[75d149509d144b0d]::db_criteria::test_search_paged::test_search_paged::{closure#0}>::{closure#0}::{closure#0}>::{closure#0}>
[INFO] [stdout]   20:     0x606584e14bdf - <db_criteria[75d149509d144b0d]::db_criteria::test_search_paged::{closure#0} as core[df12db4294e9bfd3]::ops::function::FnOnce<()>>::call_once
[INFO] [stdout]   21:     0x606584e152cb - test[9d35eded1c95d3be]::__rust_begin_short_backtrace::<core[df12db4294e9bfd3]::result::Result<(), alloc[2182bb758b4b3781]::string::String>, fn() -> core[df12db4294e9bfd3]::result::Result<(), alloc[2182bb758b4b3781]::string::String>>
[INFO] [stdout]   22:     0x606584e22935 - test[9d35eded1c95d3be]::run_test::{closure#0}
[INFO] [stdout]   23:     0x606584e1c1f4 - std[70759c8f55707aa4]::sys::backtrace::__rust_begin_short_backtrace::<test[9d35eded1c95d3be]::run_test::{closure#1}, ()>
[INFO] [stdout]   24:     0x606584e25a92 - <std[70759c8f55707aa4]::thread::lifecycle::spawn_unchecked<test[9d35eded1c95d3be]::run_test::{closure#1}, ()>::{closure#1} as core[df12db4294e9bfd3]::ops::function::FnOnce<()>>::call_once::{shim:vtable#0}
[INFO] [stdout]   25:     0x606584f7f9c9 - <std[70759c8f55707aa4]::sys::thread::unix::Thread>::new::thread_start
[INFO] [stdout]   26:     0x71698692edfa - <unknown>
[INFO] [stdout]   27:     0x7169869c23d4 - clone
[INFO] [stdout]   28:                0x0 - <unknown>
[INFO] [stdout] 
[INFO] [stdout] ---- db_criteria::test_gte_criteria stdout ----
[INFO] [stdout] 
[INFO] [stdout] thread 'db_criteria::test_gte_criteria' (2929) panicked at /opt/rustwide/cargo-home/registry/src/index.crates.io-1949cf8c6b5b557f/sqlx-postgres-0.8.6/src/testing/mod.rs:96:44:
[INFO] [stdout] DATABASE_URL must be set: EnvVar(NotPresent)
[INFO] [stdout] stack backtrace:
[INFO] [stdout]    0:     0x606584f804a1 - <<std[70759c8f55707aa4]::sys::backtrace::BacktraceLock>::print::DisplayBacktrace as core[df12db4294e9bfd3]::fmt::Display>::fmt
[INFO] [stdout]    1:     0x606584f9744a - core[df12db4294e9bfd3]::fmt::write
[INFO] [stdout]    2:     0x606584f84ecc - <alloc[2182bb758b4b3781]::vec::Vec<u8> as core[df12db4294e9bfd3]::io::write::Write>::write_fmt
[INFO] [stdout]    3:     0x606584f5b3e6 - std[70759c8f55707aa4]::panicking::default_hook::{closure#0}
[INFO] [stdout]    4:     0x606584f78239 - std[70759c8f55707aa4]::panicking::default_hook
[INFO] [stdout]    5:     0x606584e21fe0 - test[9d35eded1c95d3be]::test_main_inner::<test[9d35eded1c95d3be]::test_main_static::{closure#0}>::{closure#0}
[INFO] [stdout]    6:     0x606584f78562 - std[70759c8f55707aa4]::panicking::panic_with_hook
[INFO] [stdout]    7:     0x606584f5b492 - std[70759c8f55707aa4]::panicking::panic_handler::{closure#0}
[INFO] [stdout]    8:     0x606584f53ef9 - std[70759c8f55707aa4]::sys::backtrace::__rust_end_short_backtrace::<std[70759c8f55707aa4]::panicking::panic_handler::{closure#0}, !>
[INFO] [stdout]    9:     0x606584f5c31d - __rustc[8fa7c3cbc660c2b3]::rust_begin_unwind
[INFO] [stdout]   10:     0x606584f97bac - core[df12db4294e9bfd3]::panicking::panic_fmt
[INFO] [stdout]   11:     0x606584f97982 - core[df12db4294e9bfd3]::result::unwrap_failed
[INFO] [stdout]   12:     0x606584e7572e - <sqlx_postgres[51c9d2080fae9406]::database::Postgres as sqlx_core[b895c091407bc285]::testing::TestSupport>::test_context::{closure#0}
[INFO] [stdout]   13:     0x606584d0ea34 - sqlx_core[b895c091407bc285]::testing::run_test::<sqlx_postgres[51c9d2080fae9406]::database::Postgres, sqlx_core[b895c091407bc285]::testing::run_test_with_pool<sqlx_postgres[51c9d2080fae9406]::database::Postgres, fn(sqlx_core[b895c091407bc285]::pool::Pool<sqlx_postgres[51c9d2080fae9406]::database::Postgres>) -> db_criteria[75d149509d144b0d]::db_criteria::test_gte_criteria::test_gte_criteria::{closure#0}, db_criteria[75d149509d144b0d]::db_criteria::test_gte_criteria::test_gte_criteria::{closure#0}>::{closure#0}, sqlx_core[b895c091407bc285]::testing::run_test_with_pool<sqlx_postgres[51c9d2080fae9406]::database::Postgres, fn(sqlx_core[b895c091407bc285]::pool::Pool<sqlx_postgres[51c9d2080fae9406]::database::Postgres>) -> db_criteria[75d149509d144b0d]::db_criteria::test_gte_criteria::test_gte_criteria::{closure#0}, db_criteria[75d149509d144b0d]::db_criteria::test_gte_criteria::test_gte_criteria::{closure#0}>::{closure#0}::{closure#0}>::{closure#0}
[INFO] [stdout]   14:     0x606584d94e58 - <tokio[1757fece24f7cf8e]::runtime::scheduler::current_thread::Context>::enter::<core[df12db4294e9bfd3]::task::poll::Poll<core[df12db4294e9bfd3]::result::Result<(), quokka_database[44132075566d29ba]::error::Error>>, <tokio[1757fece24f7cf8e]::runtime::scheduler::current_thread::CoreGuard>::block_on<core[df12db4294e9bfd3]::pin::Pin<&mut sqlx_core[b895c091407bc285]::testing::run_test<sqlx_postgres[51c9d2080fae9406]::database::Postgres, sqlx_core[b895c091407bc285]::testing::run_test_with_pool<sqlx_postgres[51c9d2080fae9406]::database::Postgres, fn(sqlx_core[b895c091407bc285]::pool::Pool<sqlx_postgres[51c9d2080fae9406]::database::Postgres>) -> db_criteria[75d149509d144b0d]::db_criteria::test_gte_criteria::test_gte_criteria::{closure#0}, db_criteria[75d149509d144b0d]::db_criteria::test_gte_criteria::test_gte_criteria::{closure#0}>::{closure#0}, sqlx_core[b895c091407bc285]::testing::run_test_with_pool<sqlx_postgres[51c9d2080fae9406]::database::Postgres, fn(sqlx_core[b895c091407bc285]::pool::Pool<sqlx_postgres[51c9d2080fae9406]::database::Postgres>) -> db_criteria[75d149509d144b0d]::db_criteria::test_gte_criteria::test_gte_criteria::{closure#0}, db_criteria[75d149509d144b0d]::db_criteria::test_gte_criteria::test_gte_criteria::{closure#0}>::{closure#0}::{closure#0}>::{closure#0}>>::{closure#0}::{closure#0}>
[INFO] [stdout]   15:     0x606584dfe92f - <tokio[1757fece24f7cf8e]::runtime::context::scoped::Scoped<tokio[1757fece24f7cf8e]::runtime::scheduler::Context>>::set::<<tokio[1757fece24f7cf8e]::runtime::scheduler::current_thread::CoreGuard>::enter<<tokio[1757fece24f7cf8e]::runtime::scheduler::current_thread::CoreGuard>::block_on<core[df12db4294e9bfd3]::pin::Pin<&mut sqlx_core[b895c091407bc285]::testing::run_test<sqlx_postgres[51c9d2080fae9406]::database::Postgres, sqlx_core[b895c091407bc285]::testing::run_test_with_pool<sqlx_postgres[51c9d2080fae9406]::database::Postgres, fn(sqlx_core[b895c091407bc285]::pool::Pool<sqlx_postgres[51c9d2080fae9406]::database::Postgres>) -> db_criteria[75d149509d144b0d]::db_criteria::test_gte_criteria::test_gte_criteria::{closure#0}, db_criteria[75d149509d144b0d]::db_criteria::test_gte_criteria::test_gte_criteria::{closure#0}>::{closure#0}, sqlx_core[b895c091407bc285]::testing::run_test_with_pool<sqlx_postgres[51c9d2080fae9406]::database::Postgres, fn(sqlx_core[b895c091407bc285]::pool::Pool<sqlx_postgres[51c9d2080fae9406]::database::Postgres>) -> db_criteria[75d149509d144b0d]::db_criteria::test_gte_criteria::test_gte_criteria::{closure#0}, db_criteria[75d149509d144b0d]::db_criteria::test_gte_criteria::test_gte_criteria::{closure#0}>::{closure#0}::{closure#0}>::{closure#0}>>::{closure#0}, core[df12db4294e9bfd3]::option::Option<core[df12db4294e9bfd3]::result::Result<(), quokka_database[44132075566d29ba]::error::Error>>>::{closure#0}, (alloc[2182bb758b4b3781]::boxed::Box<tokio[1757fece24f7cf8e]::runtime::scheduler::current_thread::Core>, core[df12db4294e9bfd3]::option::Option<core[df12db4294e9bfd3]::result::Result<(), quokka_database[44132075566d29ba]::error::Error>>)>
[INFO] [stdout]   16:     0x606584d97995 - <tokio[1757fece24f7cf8e]::runtime::scheduler::current_thread::CoreGuard>::block_on::<core[df12db4294e9bfd3]::pin::Pin<&mut sqlx_core[b895c091407bc285]::testing::run_test<sqlx_postgres[51c9d2080fae9406]::database::Postgres, sqlx_core[b895c091407bc285]::testing::run_test_with_pool<sqlx_postgres[51c9d2080fae9406]::database::Postgres, fn(sqlx_core[b895c091407bc285]::pool::Pool<sqlx_postgres[51c9d2080fae9406]::database::Postgres>) -> db_criteria[75d149509d144b0d]::db_criteria::test_gte_criteria::test_gte_criteria::{closure#0}, db_criteria[75d149509d144b0d]::db_criteria::test_gte_criteria::test_gte_criteria::{closure#0}>::{closure#0}, sqlx_core[b895c091407bc285]::testing::run_test_with_pool<sqlx_postgres[51c9d2080fae9406]::database::Postgres, fn(sqlx_core[b895c091407bc285]::pool::Pool<sqlx_postgres[51c9d2080fae9406]::database::Postgres>) -> db_criteria[75d149509d144b0d]::db_criteria::test_gte_criteria::test_gte_criteria::{closure#0}, db_criteria[75d149509d144b0d]::db_criteria::test_gte_criteria::test_gte_criteria::{closure#0}>::{closure#0}::{closure#0}>::{closure#0}>>
[INFO] [stdout]   17:     0x606584dcc303 - tokio[1757fece24f7cf8e]::runtime::context::runtime::enter_runtime::<<tokio[1757fece24f7cf8e]::runtime::scheduler::current_thread::CurrentThread>::block_on<sqlx_core[b895c091407bc285]::testing::run_test<sqlx_postgres[51c9d2080fae9406]::database::Postgres, sqlx_core[b895c091407bc285]::testing::run_test_with_pool<sqlx_postgres[51c9d2080fae9406]::database::Postgres, fn(sqlx_core[b895c091407bc285]::pool::Pool<sqlx_postgres[51c9d2080fae9406]::database::Postgres>) -> db_criteria[75d149509d144b0d]::db_criteria::test_gte_criteria::test_gte_criteria::{closure#0}, db_criteria[75d149509d144b0d]::db_criteria::test_gte_criteria::test_gte_criteria::{closure#0}>::{closure#0}, sqlx_core[b895c091407bc285]::testing::run_test_with_pool<sqlx_postgres[51c9d2080fae9406]::database::Postgres, fn(sqlx_core[b895c091407bc285]::pool::Pool<sqlx_postgres[51c9d2080fae9406]::database::Postgres>) -> db_criteria[75d149509d144b0d]::db_criteria::test_gte_criteria::test_gte_criteria::{closure#0}, db_criteria[75d149509d144b0d]::db_criteria::test_gte_criteria::test_gte_criteria::{closure#0}>::{closure#0}::{closure#0}>::{closure#0}>::{closure#0}, core[df12db4294e9bfd3]::result::Result<(), quokka_database[44132075566d29ba]::error::Error>>
[INFO] [stdout]   18:     0x606584de51ee - <tokio[1757fece24f7cf8e]::runtime::runtime::Runtime>::block_on::<sqlx_core[b895c091407bc285]::testing::run_test<sqlx_postgres[51c9d2080fae9406]::database::Postgres, sqlx_core[b895c091407bc285]::testing::run_test_with_pool<sqlx_postgres[51c9d2080fae9406]::database::Postgres, fn(sqlx_core[b895c091407bc285]::pool::Pool<sqlx_postgres[51c9d2080fae9406]::database::Postgres>) -> db_criteria[75d149509d144b0d]::db_criteria::test_gte_criteria::test_gte_criteria::{closure#0}, db_criteria[75d149509d144b0d]::db_criteria::test_gte_criteria::test_gte_criteria::{closure#0}>::{closure#0}, sqlx_core[b895c091407bc285]::testing::run_test_with_pool<sqlx_postgres[51c9d2080fae9406]::database::Postgres, fn(sqlx_core[b895c091407bc285]::pool::Pool<sqlx_postgres[51c9d2080fae9406]::database::Postgres>) -> db_criteria[75d149509d144b0d]::db_criteria::test_gte_criteria::test_gte_criteria::{closure#0}, db_criteria[75d149509d144b0d]::db_criteria::test_gte_criteria::test_gte_criteria::{closure#0}>::{closure#0}::{closure#0}>::{closure#0}>
[INFO] [stdout]   19:     0x606584df11d3 - sqlx_core[b895c091407bc285]::rt::test_block_on::<sqlx_core[b895c091407bc285]::testing::run_test<sqlx_postgres[51c9d2080fae9406]::database::Postgres, sqlx_core[b895c091407bc285]::testing::run_test_with_pool<sqlx_postgres[51c9d2080fae9406]::database::Postgres, fn(sqlx_core[b895c091407bc285]::pool::Pool<sqlx_postgres[51c9d2080fae9406]::database::Postgres>) -> db_criteria[75d149509d144b0d]::db_criteria::test_gte_criteria::test_gte_criteria::{closure#0}, db_criteria[75d149509d144b0d]::db_criteria::test_gte_criteria::test_gte_criteria::{closure#0}>::{closure#0}, sqlx_core[b895c091407bc285]::testing::run_test_with_pool<sqlx_postgres[51c9d2080fae9406]::database::Postgres, fn(sqlx_core[b895c091407bc285]::pool::Pool<sqlx_postgres[51c9d2080fae9406]::database::Postgres>) -> db_criteria[75d149509d144b0d]::db_criteria::test_gte_criteria::test_gte_criteria::{closure#0}, db_criteria[75d149509d144b0d]::db_criteria::test_gte_criteria::test_gte_criteria::{closure#0}>::{closure#0}::{closure#0}>::{closure#0}>
[INFO] [stdout]   20:     0x606584e147df - <db_criteria[75d149509d144b0d]::db_criteria::test_gte_criteria::{closure#0} as core[df12db4294e9bfd3]::ops::function::FnOnce<()>>::call_once
[INFO] [stdout]   21:     0x606584e152cb - test[9d35eded1c95d3be]::__rust_begin_short_backtrace::<core[df12db4294e9bfd3]::result::Result<(), alloc[2182bb758b4b3781]::string::String>, fn() -> core[df12db4294e9bfd3]::result::Result<(), alloc[2182bb758b4b3781]::string::String>>
[INFO] [stdout]   22:     0x606584e22935 - test[9d35eded1c95d3be]::run_test::{closure#0}
[INFO] [stdout]   23:     0x606584e1c1f4 - std[70759c8f55707aa4]::sys::backtrace::__rust_begin_short_backtrace::<test[9d35eded1c95d3be]::run_test::{closure#1}, ()>
[INFO] [stdout]   24:     0x606584e25a92 - <std[70759c8f55707aa4]::thread::lifecycle::spawn_unchecked<test[9d35eded1c95d3be]::run_test::{closure#1}, ()>::{closure#1} as core[df12db4294e9bfd3]::ops::function::FnOnce<()>>::call_once::{shim:vtable#0}
[INFO] [stdout]   25:     0x606584f7f9c9 - <std[70759c8f55707aa4]::sys::thread::unix::Thread>::new::thread_start
[INFO] [stdout]   26:     0x71698692edfa - <unknown>
[INFO] [stdout]   27:     0x7169869c23d4 - clone
[INFO] [stdout]   28:                0x0 - <unknown>
[INFO] [stdout] 
[INFO] [stdout] ---- db_criteria::test_like_criteria stdout ----
[INFO] [stdout] 
[INFO] [stdout] thread 'db_criteria::test_like_criteria' (2932) panicked at /opt/rustwide/cargo-home/registry/src/index.crates.io-1949cf8c6b5b557f/sqlx-postgres-0.8.6/src/testing/mod.rs:96:44:
[INFO] [stdout] DATABASE_URL must be set: EnvVar(NotPresent)
[INFO] [stdout] stack backtrace:
[INFO] [stdout]    0:     0x606584f804a1 - <<std[70759c8f55707aa4]::sys::backtrace::BacktraceLock>::print::DisplayBacktrace as core[df12db4294e9bfd3]::fmt::Display>::fmt
[INFO] [stdout]    1:     0x606584f9744a - core[df12db4294e9bfd3]::fmt::write
[INFO] [stdout]    2:     0x606584f84ecc - <alloc[2182bb758b4b3781]::vec::Vec<u8> as core[df12db4294e9bfd3]::io::write::Write>::write_fmt
[INFO] [stdout]    3:     0x606584f5b3e6 - std[70759c8f55707aa4]::panicking::default_hook::{closure#0}
[INFO] [stdout]    4:     0x606584f78239 - std[70759c8f55707aa4]::panicking::default_hook
[INFO] [stdout]    5:     0x606584e21fe0 - test[9d35eded1c95d3be]::test_main_inner::<test[9d35eded1c95d3be]::test_main_static::{closure#0}>::{closure#0}
[INFO] [stdout]    6:     0x606584f78562 - std[70759c8f55707aa4]::panicking::panic_with_hook
[INFO] [stdout]    7:     0x606584f5b492 - std[70759c8f55707aa4]::panicking::panic_handler::{closure#0}
[INFO] [stdout]    8:     0x606584f53ef9 - std[70759c8f55707aa4]::sys::backtrace::__rust_end_short_backtrace::<std[70759c8f55707aa4]::panicking::panic_handler::{closure#0}, !>
[INFO] [stdout]    9:     0x606584f5c31d - __rustc[8fa7c3cbc660c2b3]::rust_begin_unwind
[INFO] [stdout]   10:     0x606584f97bac - core[df12db4294e9bfd3]::panicking::panic_fmt
[INFO] [stdout]   11:     0x606584f97982 - core[df12db4294e9bfd3]::result::unwrap_failed
[INFO] [stdout]   12:     0x606584e7572e - <sqlx_postgres[51c9d2080fae9406]::database::Postgres as sqlx_core[b895c091407bc285]::testing::TestSupport>::test_context::{closure#0}
[INFO] [stdout]   13:     0x606584d17548 - sqlx_core[b895c091407bc285]::testing::run_test::<sqlx_postgres[51c9d2080fae9406]::database::Postgres, sqlx_core[b895c091407bc285]::testing::run_test_with_pool<sqlx_postgres[51c9d2080fae9406]::database::Postgres, fn(sqlx_core[b895c091407bc285]::pool::Pool<sqlx_postgres[51c9d2080fae9406]::database::Postgres>) -> db_criteria[75d149509d144b0d]::db_criteria::test_like_criteria::test_like_criteria::{closure#0}, db_criteria[75d149509d144b0d]::db_criteria::test_like_criteria::test_like_criteria::{closure#0}>::{closure#0}, sqlx_core[b895c091407bc285]::testing::run_test_with_pool<sqlx_postgres[51c9d2080fae9406]::database::Postgres, fn(sqlx_core[b895c091407bc285]::pool::Pool<sqlx_postgres[51c9d2080fae9406]::database::Postgres>) -> db_criteria[75d149509d144b0d]::db_criteria::test_like_criteria::test_like_criteria::{closure#0}, db_criteria[75d149509d144b0d]::db_criteria::test_like_criteria::test_like_criteria::{closure#0}>::{closure#0}::{closure#0}>::{closure#0}
[INFO] [stdout]   14:     0x606584d95768 - <tokio[1757fece24f7cf8e]::runtime::scheduler::current_thread::Context>::enter::<core[df12db4294e9bfd3]::task::poll::Poll<core[df12db4294e9bfd3]::result::Result<(), quokka_database[44132075566d29ba]::error::Error>>, <tokio[1757fece24f7cf8e]::runtime::scheduler::current_thread::CoreGuard>::block_on<core[df12db4294e9bfd3]::pin::Pin<&mut sqlx_core[b895c091407bc285]::testing::run_test<sqlx_postgres[51c9d2080fae9406]::database::Postgres, sqlx_core[b895c091407bc285]::testing::run_test_with_pool<sqlx_postgres[51c9d2080fae9406]::database::Postgres, fn(sqlx_core[b895c091407bc285]::pool::Pool<sqlx_postgres[51c9d2080fae9406]::database::Postgres>) -> db_criteria[75d149509d144b0d]::db_criteria::test_like_criteria::test_like_criteria::{closure#0}, db_criteria[75d149509d144b0d]::db_criteria::test_like_criteria::test_like_criteria::{closure#0}>::{closure#0}, sqlx_core[b895c091407bc285]::testing::run_test_with_pool<sqlx_postgres[51c9d2080fae9406]::database::Postgres, fn(sqlx_core[b895c091407bc285]::pool::Pool<sqlx_postgres[51c9d2080fae9406]::database::Postgres>) -> db_criteria[75d149509d144b0d]::db_criteria::test_like_criteria::test_like_criteria::{closure#0}, db_criteria[75d149509d144b0d]::db_criteria::test_like_criteria::test_like_criteria::{closure#0}>::{closure#0}::{closure#0}>::{closure#0}>>::{closure#0}::{closure#0}>
[INFO] [stdout]   15:     0x606584dff37f - <tokio[1757fece24f7cf8e]::runtime::context::scoped::Scoped<tokio[1757fece24f7cf8e]::runtime::scheduler::Context>>::set::<<tokio[1757fece24f7cf8e]::runtime::scheduler::current_thread::CoreGuard>::enter<<tokio[1757fece24f7cf8e]::runtime::scheduler::current_thread::CoreGuard>::block_on<core[df12db4294e9bfd3]::pin::Pin<&mut sqlx_core[b895c091407bc285]::testing::run_test<sqlx_postgres[51c9d2080fae9406]::database::Postgres, sqlx_core[b895c091407bc285]::testing::run_test_with_pool<sqlx_postgres[51c9d2080fae9406]::database::Postgres, fn(sqlx_core[b895c091407bc285]::pool::Pool<sqlx_postgres[51c9d2080fae9406]::database::Postgres>) -> db_criteria[75d149509d144b0d]::db_criteria::test_like_criteria::test_like_criteria::{closure#0}, db_criteria[75d149509d144b0d]::db_criteria::test_like_criteria::test_like_criteria::{closure#0}>::{closure#0}, sqlx_core[b895c091407bc285]::testing::run_test_with_pool<sqlx_postgres[51c9d2080fae9406]::database::Postgres, fn(sqlx_core[b895c091407bc285]::pool::Pool<sqlx_postgres[51c9d2080fae9406]::database::Postgres>) -> db_criteria[75d149509d144b0d]::db_criteria::test_like_criteria::test_like_criteria::{closure#0}, db_criteria[75d149509d144b0d]::db_criteria::test_like_criteria::test_like_criteria::{closure#0}>::{closure#0}::{closure#0}>::{closure#0}>>::{closure#0}, core[df12db4294e9bfd3]::option::Option<core[df12db4294e9bfd3]::result::Result<(), quokka_database[44132075566d29ba]::error::Error>>>::{closure#0}, (alloc[2182bb758b4b3781]::boxed::Box<tokio[1757fece24f7cf8e]::runtime::scheduler::current_thread::Core>, core[df12db4294e9bfd3]::option::Option<core[df12db4294e9bfd3]::result::Result<(), quokka_database[44132075566d29ba]::error::Error>>)>
[INFO] [stdout]   16:     0x606584d98615 - <tokio[1757fece24f7cf8e]::runtime::scheduler::current_thread::CoreGuard>::block_on::<core[df12db4294e9bfd3]::pin::Pin<&mut sqlx_core[b895c091407bc285]::testing::run_test<sqlx_postgres[51c9d2080fae9406]::database::Postgres, sqlx_core[b895c091407bc285]::testing::run_test_with_pool<sqlx_postgres[51c9d2080fae9406]::database::Postgres, fn(sqlx_core[b895c091407bc285]::pool::Pool<sqlx_postgres[51c9d2080fae9406]::database::Postgres>) -> db_criteria[75d149509d144b0d]::db_criteria::test_like_criteria::test_like_criteria::{closure#0}, db_criteria[75d149509d144b0d]::db_criteria::test_like_criteria::test_like_criteria::{closure#0}>::{closure#0}, sqlx_core[b895c091407bc285]::testing::run_test_with_pool<sqlx_postgres[51c9d2080fae9406]::database::Postgres, fn(sqlx_core[b895c091407bc285]::pool::Pool<sqlx_postgres[51c9d2080fae9406]::database::Postgres>) -> db_criteria[75d149509d144b0d]::db_criteria::test_like_criteria::test_like_criteria::{closure#0}, db_criteria[75d149509d144b0d]::db_criteria::test_like_criteria::test_like_criteria::{closure#0}>::{closure#0}::{closure#0}>::{closure#0}>>
[INFO] [stdout]   17:     0x606584dcdac3 - tokio[1757fece24f7cf8e]::runtime::context::runtime::enter_runtime::<<tokio[1757fece24f7cf8e]::runtime::scheduler::current_thread::CurrentThread>::block_on<sqlx_core[b895c091407bc285]::testing::run_test<sqlx_postgres[51c9d2080fae9406]::database::Postgres, sqlx_core[b895c091407bc285]::testing::run_test_with_pool<sqlx_postgres[51c9d2080fae9406]::database::Postgres, fn(sqlx_core[b895c091407bc285]::pool::Pool<sqlx_postgres[51c9d2080fae9406]::database::Postgres>) -> db_criteria[75d149509d144b0d]::db_criteria::test_like_criteria::test_like_criteria::{closure#0}, db_criteria[75d149509d144b0d]::db_criteria::test_like_criteria::test_like_criteria::{closure#0}>::{closure#0}, sqlx_core[b895c091407bc285]::testing::run_test_with_pool<sqlx_postgres[51c9d2080fae9406]::database::Postgres, fn(sqlx_core[b895c091407bc285]::pool::Pool<sqlx_postgres[51c9d2080fae9406]::database::Postgres>) -> db_criteria[75d149509d144b0d]::db_criteria::test_like_criteria::test_like_criteria::{closure#0}, db_criteria[75d149509d144b0d]::db_criteria::test_like_criteria::test_like_criteria::{closure#0}>::{closure#0}::{closure#0}>::{closure#0}>::{closure#0}, core[df12db4294e9bfd3]::result::Result<(), quokka_database[44132075566d29ba]::error::Error>>
[INFO] [stdout]   18:     0x606584de59be - <tokio[1757fece24f7cf8e]::runtime::runtime::Runtime>::block_on::<sqlx_core[b895c091407bc285]::testing::run_test<sqlx_postgres[51c9d2080fae9406]::database::Postgres, sqlx_core[b895c091407bc285]::testing::run_test_with_pool<sqlx_postgres[51c9d2080fae9406]::database::Postgres, fn(sqlx_core[b895c091407bc285]::pool::Pool<sqlx_postgres[51c9d2080fae9406]::database::Postgres>) -> db_criteria[75d149509d144b0d]::db_criteria::test_like_criteria::test_like_criteria::{closure#0}, db_criteria[75d149509d144b0d]::db_criteria::test_like_criteria::test_like_criteria::{closure#0}>::{closure#0}, sqlx_core[b895c091407bc285]::testing::run_test_with_pool<sqlx_postgres[51c9d2080fae9406]::database::Postgres, fn(sqlx_core[b895c091407bc285]::pool::Pool<sqlx_postgres[51c9d2080fae9406]::database::Postgres>) -> db_criteria[75d149509d144b0d]::db_criteria::test_like_criteria::test_like_criteria::{closure#0}, db_criteria[75d149509d144b0d]::db_criteria::test_like_criteria::test_like_criteria::{closure#0}>::{closure#0}::{closure#0}>::{closure#0}>
[INFO] [stdout]   19:     0x606584df1813 - sqlx_core[b895c091407bc285]::rt::test_block_on::<sqlx_core[b895c091407bc285]::testing::run_test<sqlx_postgres[51c9d2080fae9406]::database::Postgres, sqlx_core[b895c091407bc285]::testing::run_test_with_pool<sqlx_postgres[51c9d2080fae9406]::database::Postgres, fn(sqlx_core[b895c091407bc285]::pool::Pool<sqlx_postgres[51c9d2080fae9406]::database::Postgres>) -> db_criteria[75d149509d144b0d]::db_criteria::test_like_criteria::test_like_criteria::{closure#0}, db_criteria[75d149509d144b0d]::db_criteria::test_like_criteria::test_like_criteria::{closure#0}>::{closure#0}, sqlx_core[b895c091407bc285]::testing::run_test_with_pool<sqlx_postgres[51c9d2080fae9406]::database::Postgres, fn(sqlx_core[b895c091407bc285]::pool::Pool<sqlx_postgres[51c9d2080fae9406]::database::Postgres>) -> db_criteria[75d149509d144b0d]::db_criteria::test_like_criteria::test_like_criteria::{closure#0}, db_criteria[75d149509d144b0d]::db_criteria::test_like_criteria::test_like_criteria::{closure#0}>::{closure#0}::{closure#0}>::{closure#0}>
[INFO] [stdout]   20:     0x606584e14cdf - <db_criteria[75d149509d144b0d]::db_criteria::test_like_criteria::{closure#0} as core[df12db4294e9bfd3]::ops::function::FnOnce<()>>::call_once
[INFO] [stdout]   21:     0x606584e152cb - test[9d35eded1c95d3be]::__rust_begin_short_backtrace::<core[df12db4294e9bfd3]::result::Result<(), alloc[2182bb758b4b3781]::string::String>, fn() -> core[df12db4294e9bfd3]::result::Result<(), alloc[2182bb758b4b3781]::string::String>>
[INFO] [stdout]   22:     0x606584e22935 - test[9d35eded1c95d3be]::run_test::{closure#0}
[INFO] [stdout]   23:     0x606584e1c1f4 - std[70759c8f55707aa4]::sys::backtrace::__rust_begin_short_backtrace::<test[9d35eded1c95d3be]::run_test::{closure#1}, ()>
[INFO] [stdout]   24:     0x606584e25a92 - <std[70759c8f55707aa4]::thread::lifecycle::spawn_unchecked<test[9d35eded1c95d3be]::run_test::{closure#1}, ()>::{closure#1} as core[df12db4294e9bfd3]::ops::function::FnOnce<()>>::call_once::{shim:vtable#0}
[INFO] [stdout]   25:     0x606584f7f9c9 - <std[70759c8f55707aa4]::sys::thread::unix::Thread>::new::thread_start
[INFO] [stdout]   26:     0x71698692edfa - <unknown>
[INFO] [stdout]   27:     0x7169869c23d4 - clone
[INFO] [stdout]   28:                0x0 - <unknown>
[INFO] [stdout] 
[INFO] [stdout] ---- db_criteria::test_and_criteria stdout ----
[INFO] [stdout] 
[INFO] [stdout] thread 'db_criteria::test_and_criteria' (2926) panicked at /opt/rustwide/cargo-home/registry/src/index.crates.io-1949cf8c6b5b557f/sqlx-postgres-0.8.6/src/testing/mod.rs:96:44:
[INFO] [stdout] DATABASE_URL must be set: EnvVar(NotPresent)
[INFO] [stdout] stack backtrace:
[INFO] [stdout]    0:     0x606584f804a1 - <<std[70759c8f55707aa4]::sys::backtrace::BacktraceLock>::print::DisplayBacktrace as core[df12db4294e9bfd3]::fmt::Display>::fmt
[INFO] [stdout]    1:     0x606584f9744a - core[df12db4294e9bfd3]::fmt::write
[INFO] [stdout]    2:     0x606584f84ecc - <alloc[2182bb758b4b3781]::vec::Vec<u8> as core[df12db4294e9bfd3]::io::write::Write>::write_fmt
[INFO] [stdout]    3:     0x606584f5b3e6 - std[70759c8f55707aa4]::panicking::default_hook::{closure#0}
[INFO] [stdout]    4:     0x606584f78239 - std[70759c8f55707aa4]::panicking::default_hook
[INFO] [stdout]    5:     0x606584e21fe0 - test[9d35eded1c95d3be]::test_main_inner::<test[9d35eded1c95d3be]::test_main_static::{closure#0}>::{closure#0}
[INFO] [stdout]    6:     0x606584f78562 - std[70759c8f55707aa4]::panicking::panic_with_hook
[INFO] [stdout]    7:     0x606584f5b492 - std[70759c8f55707aa4]::panicking::panic_handler::{closure#0}
[INFO] [stdout]    8:     0x606584f53ef9 - std[70759c8f55707aa4]::sys::backtrace::__rust_end_short_backtrace::<std[70759c8f55707aa4]::panicking::panic_handler::{closure#0}, !>
[INFO] [stdout]    9:     0x606584f5c31d - __rustc[8fa7c3cbc660c2b3]::rust_begin_unwind
[INFO] [stdout]   10:     0x606584f97bac - core[df12db4294e9bfd3]::panicking::panic_fmt
[INFO] [stdout]   11:     0x606584f97982 - core[df12db4294e9bfd3]::result::unwrap_failed
[INFO] [stdout]   12:     0x606584e7572e - <sqlx_postgres[51c9d2080fae9406]::database::Postgres as sqlx_core[b895c091407bc285]::testing::TestSupport>::test_context::{closure#0}
[INFO] [stdout]   13:     0x606584d0bba4 - sqlx_core[b895c091407bc285]::testing::run_test::<sqlx_postgres[51c9d2080fae9406]::database::Postgres, sqlx_core[b895c091407bc285]::testing::run_test_with_pool<sqlx_postgres[51c9d2080fae9406]::database::Postgres, fn(sqlx_core[b895c091407bc285]::pool::Pool<sqlx_postgres[51c9d2080fae9406]::database::Postgres>) -> db_criteria[75d149509d144b0d]::db_criteria::test_and_criteria::test_and_criteria::{closure#0}, db_criteria[75d149509d144b0d]::db_criteria::test_and_criteria::test_and_criteria::{closure#0}>::{closure#0}, sqlx_core[b895c091407bc285]::testing::run_test_with_pool<sqlx_postgres[51c9d2080fae9406]::database::Postgres, fn(sqlx_core[b895c091407bc285]::pool::Pool<sqlx_postgres[51c9d2080fae9406]::database::Postgres>) -> db_criteria[75d149509d144b0d]::db_criteria::test_and_criteria::test_and_criteria::{closure#0}, db_criteria[75d149509d144b0d]::db_criteria::test_and_criteria::test_and_criteria::{closure#0}>::{closure#0}::{closure#0}>::{closure#0}
[INFO] [stdout]   14:     0x606584d94c88 - <tokio[1757fece24f7cf8e]::runtime::scheduler::current_thread::Context>::enter::<core[df12db4294e9bfd3]::task::poll::Poll<core[df12db4294e9bfd3]::result::Result<(), quokka_database[44132075566d29ba]::error::Error>>, <tokio[1757fece24f7cf8e]::runtime::scheduler::current_thread::CoreGuard>::block_on<core[df12db4294e9bfd3]::pin::Pin<&mut sqlx_core[b895c091407bc285]::testing::run_test<sqlx_postgres[51c9d2080fae9406]::database::Postgres, sqlx_core[b895c091407bc285]::testing::run_test_with_pool<sqlx_postgres[51c9d2080fae9406]::database::Postgres, fn(sqlx_core[b895c091407bc285]::pool::Pool<sqlx_postgres[51c9d2080fae9406]::database::Postgres>) -> db_criteria[75d149509d144b0d]::db_criteria::test_and_criteria::test_and_criteria::{closure#0}, db_criteria[75d149509d144b0d]::db_criteria::test_and_criteria::test_and_criteria::{closure#0}>::{closure#0}, sqlx_core[b895c091407bc285]::testing::run_test_with_pool<sqlx_postgres[51c9d2080fae9406]::database::Postgres, fn(sqlx_core[b895c091407bc285]::pool::Pool<sqlx_postgres[51c9d2080fae9406]::database::Postgres>) -> db_criteria[75d149509d144b0d]::db_criteria::test_and_criteria::test_and_criteria::{closure#0}, db_criteria[75d149509d144b0d]::db_criteria::test_and_criteria::test_and_criteria::{closure#0}>::{closure#0}::{closure#0}>::{closure#0}>>::{closure#0}::{closure#0}>
[INFO] [stdout]   15:     0x606584dfe71f - <tokio[1757fece24f7cf8e]::runtime::context::scoped::Scoped<tokio[1757fece24f7cf8e]::runtime::scheduler::Context>>::set::<<tokio[1757fece24f7cf8e]::runtime::scheduler::current_thread::CoreGuard>::enter<<tokio[1757fece24f7cf8e]::runtime::scheduler::current_thread::CoreGuard>::block_on<core[df12db4294e9bfd3]::pin::Pin<&mut sqlx_core[b895c091407bc285]::testing::run_test<sqlx_postgres[51c9d2080fae9406]::database::Postgres, sqlx_core[b895c091407bc285]::testing::run_test_with_pool<sqlx_postgres[51c9d2080fae9406]::database::Postgres, fn(sqlx_core[b895c091407bc285]::pool::Pool<sqlx_postgres[51c9d2080fae9406]::database::Postgres>) -> db_criteria[75d149509d144b0d]::db_criteria::test_and_criteria::test_and_criteria::{closure#0}, db_criteria[75d149509d144b0d]::db_criteria::test_and_criteria::test_and_criteria::{closure#0}>::{closure#0}, sqlx_core[b895c091407bc285]::testing::run_test_with_pool<sqlx_postgres[51c9d2080fae9406]::database::Postgres, fn(sqlx_core[b895c091407bc285]::pool::Pool<sqlx_postgres[51c9d2080fae9406]::database::Postgres>) -> db_criteria[75d149509d144b0d]::db_criteria::test_and_criteria::test_and_criteria::{closure#0}, db_criteria[75d149509d144b0d]::db_criteria::test_and_criteria::test_and_criteria::{closure#0}>::{closure#0}::{closure#0}>::{closure#0}>>::{closure#0}, core[df12db4294e9bfd3]::option::Option<core[df12db4294e9bfd3]::result::Result<(), quokka_database[44132075566d29ba]::error::Error>>>::{closure#0}, (alloc[2182bb758b4b3781]::boxed::Box<tokio[1757fece24f7cf8e]::runtime::scheduler::current_thread::Core>, core[df12db4294e9bfd3]::option::Option<core[df12db4294e9bfd3]::result::Result<(), quokka_database[44132075566d29ba]::error::Error>>)>
[INFO] [stdout]   16:     0x606584d97715 - <tokio[1757fece24f7cf8e]::runtime::scheduler::current_thread::CoreGuard>::block_on::<core[df12db4294e9bfd3]::pin::Pin<&mut sqlx_core[b895c091407bc285]::testing::run_test<sqlx_postgres[51c9d2080fae9406]::database::Postgres, sqlx_core[b895c091407bc285]::testing::run_test_with_pool<sqlx_postgres[51c9d2080fae9406]::database::Postgres, fn(sqlx_core[b895c091407bc285]::pool::Pool<sqlx_postgres[51c9d2080fae9406]::database::Postgres>) -> db_criteria[75d149509d144b0d]::db_criteria::test_and_criteria::test_and_criteria::{closure#0}, db_criteria[75d149509d144b0d]::db_criteria::test_and_criteria::test_and_criteria::{closure#0}>::{closure#0}, sqlx_core[b895c091407bc285]::testing::run_test_with_pool<sqlx_postgres[51c9d2080fae9406]::database::Postgres, fn(sqlx_core[b895c091407bc285]::pool::Pool<sqlx_postgres[51c9d2080fae9406]::database::Postgres>) -> db_criteria[75d149509d144b0d]::db_criteria::test_and_criteria::test_and_criteria::{closure#0}, db_criteria[75d149509d144b0d]::db_criteria::test_and_criteria::test_and_criteria::{closure#0}>::{closure#0}::{closure#0}>::{closure#0}>>
[INFO] [stdout]   17:     0x606584dcbe43 - tokio[1757fece24f7cf8e]::runtime::context::runtime::enter_runtime::<<tokio[1757fece24f7cf8e]::runtime::scheduler::current_thread::CurrentThread>::block_on<sqlx_core[b895c091407bc285]::testing::run_test<sqlx_postgres[51c9d2080fae9406]::database::Postgres, sqlx_core[b895c091407bc285]::testing::run_test_with_pool<sqlx_postgres[51c9d2080fae9406]::database::Postgres, fn(sqlx_core[b895c091407bc285]::pool::Pool<sqlx_postgres[51c9d2080fae9406]::database::Postgres>) -> db_criteria[75d149509d144b0d]::db_criteria::test_and_criteria::test_and_criteria::{closure#0}, db_criteria[75d149509d144b0d]::db_criteria::test_and_criteria::test_and_criteria::{closure#0}>::{closure#0}, sqlx_core[b895c091407bc285]::testing::run_test_with_pool<sqlx_postgres[51c9d2080fae9406]::database::Postgres, fn(sqlx_core[b895c091407bc285]::pool::Pool<sqlx_postgres[51c9d2080fae9406]::database::Postgres>) -> db_criteria[75d149509d144b0d]::db_criteria::test_and_criteria::test_and_criteria::{closure#0}, db_criteria[75d149509d144b0d]::db_criteria::test_and_criteria::test_and_criteria::{closure#0}>::{closure#0}::{closure#0}>::{closure#0}>::{closure#0}, core[df12db4294e9bfd3]::result::Result<(), quokka_database[44132075566d29ba]::error::Error>>
[INFO] [stdout]   18:     0x606584de505e - <tokio[1757fece24f7cf8e]::runtime::runtime::Runtime>::block_on::<sqlx_core[b895c091407bc285]::testing::run_test<sqlx_postgres[51c9d2080fae9406]::database::Postgres, sqlx_core[b895c091407bc285]::testing::run_test_with_pool<sqlx_postgres[51c9d2080fae9406]::database::Postgres, fn(sqlx_core[b895c091407bc285]::pool::Pool<sqlx_postgres[51c9d2080fae9406]::database::Postgres>) -> db_criteria[75d149509d144b0d]::db_criteria::test_and_criteria::test_and_criteria::{closure#0}, db_criteria[75d149509d144b0d]::db_criteria::test_and_criteria::test_and_criteria::{closure#0}>::{closure#0}, sqlx_core[b895c091407bc285]::testing::run_test_with_pool<sqlx_postgres[51c9d2080fae9406]::database::Postgres, fn(sqlx_core[b895c091407bc285]::pool::Pool<sqlx_postgres[51c9d2080fae9406]::database::Postgres>) -> db_criteria[75d149509d144b0d]::db_criteria::test_and_criteria::test_and_criteria::{closure#0}, db_criteria[75d149509d144b0d]::db_criteria::test_and_criteria::test_and_criteria::{closure#0}>::{closure#0}::{closure#0}>::{closure#0}>
[INFO] [stdout]   19:     0x606584df1093 - sqlx_core[b895c091407bc285]::rt::test_block_on::<sqlx_core[b895c091407bc285]::testing::run_test<sqlx_postgres[51c9d2080fae9406]::database::Postgres, sqlx_core[b895c091407bc285]::testing::run_test_with_pool<sqlx_postgres[51c9d2080fae9406]::database::Postgres, fn(sqlx_core[b895c091407bc285]::pool::Pool<sqlx_postgres[51c9d2080fae9406]::database::Postgres>) -> db_criteria[75d149509d144b0d]::db_criteria::test_and_criteria::test_and_criteria::{closure#0}, db_criteria[75d149509d144b0d]::db_criteria::test_and_criteria::test_and_criteria::{closure#0}>::{closure#0}, sqlx_core[b895c091407bc285]::testing::run_test_with_pool<sqlx_postgres[51c9d2080fae9406]::database::Postgres, fn(sqlx_core[b895c091407bc285]::pool::Pool<sqlx_postgres[51c9d2080fae9406]::database::Postgres>) -> db_criteria[75d149509d144b0d]::db_criteria::test_and_criteria::test_and_criteria::{closure#0}, db_criteria[75d149509d144b0d]::db_criteria::test_and_criteria::test_and_criteria::{closure#0}>::{closure#0}::{closure#0}>::{closure#0}>
[INFO] [stdout]   20:     0x606584e146df - <db_criteria[75d149509d144b0d]::db_criteria::test_and_criteria::{closure#0} as core[df12db4294e9bfd3]::ops::function::FnOnce<()>>::call_once
[INFO] [stdout]   21:     0x606584e152cb - test[9d35eded1c95d3be]::__rust_begin_short_backtrace::<core[df12db4294e9bfd3]::result::Result<(), alloc[2182bb758b4b3781]::string::String>, fn() -> core[df12db4294e9bfd3]::result::Result<(), alloc[2182bb758b4b3781]::string::String>>
[INFO] [stdout]   22:     0x606584e22935 - test[9d35eded1c95d3be]::run_test::{closure#0}
[INFO] [stdout]   23:     0x606584e1c1f4 - std[70759c8f55707aa4]::sys::backtrace::__rust_begin_short_backtrace::<test[9d35eded1c95d3be]::run_test::{closure#1}, ()>
[INFO] [stdout]   24:     0x606584e25a92 - <std[70759c8f55707aa4]::thread::lifecycle::spawn_unchecked<test[9d35eded1c95d3be]::run_test::{closure#1}, ()>::{closure#1} as core[df12db4294e9bfd3]::ops::function::FnOnce<()>>::call_once::{shim:vtable#0}
[INFO] [stdout]   25:     0x606584f7f9c9 - <std[70759c8f55707aa4]::sys::thread::unix::Thread>::new::thread_start
[INFO] [stdout]   26:     0x71698692edfa - <unknown>
[INFO] [stdout]   27:     0x7169869c23d4 - clone
[INFO] [stdout]   28:                0x0 - <unknown>
[INFO] [stdout] 
[INFO] [stdout] ---- db_criteria::test_search_by_id stdout ----
[INFO] [stdout] 
[INFO] [stdout] thread 'db_criteria::test_search_by_id' (2940) panicked at /opt/rustwide/cargo-home/registry/src/index.crates.io-1949cf8c6b5b557f/sqlx-postgres-0.8.6/src/testing/mod.rs:96:44:
[INFO] [stdout] DATABASE_URL must be set: EnvVar(NotPresent)
[INFO] [stdout] stack backtrace:
[INFO] [stdout]    0:     0x606584f804a1 - <<std[70759c8f55707aa4]::sys::backtrace::BacktraceLock>::print::DisplayBacktrace as core[df12db4294e9bfd3]::fmt::Display>::fmt
[INFO] [stdout]    1:     0x606584f9744a - core[df12db4294e9bfd3]::fmt::write
[INFO] [stdout]    2:     0x606584f84ecc - <alloc[2182bb758b4b3781]::vec::Vec<u8> as core[df12db4294e9bfd3]::io::write::Write>::write_fmt
[INFO] [stdout]    3:     0x606584f5b3e6 - std[70759c8f55707aa4]::panicking::default_hook::{closure#0}
[INFO] [stdout]    4:     0x606584f78239 - std[70759c8f55707aa4]::panicking::default_hook
[INFO] [stdout]    5:     0x606584e21fe0 - test[9d35eded1c95d3be]::test_main_inner::<test[9d35eded1c95d3be]::test_main_static::{closure#0}>::{closure#0}
[INFO] [stdout]    6:     0x606584f78562 - std[70759c8f55707aa4]::panicking::panic_with_hook
[INFO] [stdout]    7:     0x606584f5b492 - std[70759c8f55707aa4]::panicking::panic_handler::{closure#0}
[INFO] [stdout]    8:     0x606584f53ef9 - std[70759c8f55707aa4]::sys::backtrace::__rust_end_short_backtrace::<std[70759c8f55707aa4]::panicking::panic_handler::{closure#0}, !>
[INFO] [stdout]    9:     0x606584f5c31d - __rustc[8fa7c3cbc660c2b3]::rust_begin_unwind
[INFO] [stdout]   10:     0x606584f97bac - core[df12db4294e9bfd3]::panicking::panic_fmt
[INFO] [stdout]   11:     0x606584f97982 - core[df12db4294e9bfd3]::result::unwrap_failed
[INFO] [stdout]   12:     0x606584e7572e - <sqlx_postgres[51c9d2080fae9406]::database::Postgres as sqlx_core[b895c091407bc285]::testing::TestSupport>::test_context::{closure#0}
[INFO] [stdout]   13:     0x606584d15530 - sqlx_core[b895c091407bc285]::testing::run_test::<sqlx_postgres[51c9d2080fae9406]::database::Postgres, sqlx_core[b895c091407bc285]::testing::run_test_with_pool<sqlx_postgres[51c9d2080fae9406]::database::Postgres, fn(sqlx_core[b895c091407bc285]::pool::Pool<sqlx_postgres[51c9d2080fae9406]::database::Postgres>) -> db_criteria[75d149509d144b0d]::db_criteria::test_search_by_id::test_search_by_id::{closure#0}, db_criteria[75d149509d144b0d]::db_criteria::test_search_by_id::test_search_by_id::{closure#0}>::{closure#0}, sqlx_core[b895c091407bc285]::testing::run_test_with_pool<sqlx_postgres[51c9d2080fae9406]::database::Postgres, fn(sqlx_core[b895c091407bc285]::pool::Pool<sqlx_postgres[51c9d2080fae9406]::database::Postgres>) -> db_criteria[75d149509d144b0d]::db_criteria::test_search_by_id::test_search_by_id::{closure#0}, db_criteria[75d149509d144b0d]::db_criteria::test_search_by_id::test_search_by_id::{closure#0}>::{closure#0}::{closure#0}>::{closure#0}
[INFO] [stdout]   14:     0x606584d953c8 - <tokio[1757fece24f7cf8e]::runtime::scheduler::current_thread::Context>::enter::<core[df12db4294e9bfd3]::task::poll::Poll<core[df12db4294e9bfd3]::result::Result<(), quokka_database[44132075566d29ba]::error::Error>>, <tokio[1757fece24f7cf8e]::runtime::scheduler::current_thread::CoreGuard>::block_on<core[df12db4294e9bfd3]::pin::Pin<&mut sqlx_core[b895c091407bc285]::testing::run_test<sqlx_postgres[51c9d2080fae9406]::database::Postgres, sqlx_core[b895c091407bc285]::testing::run_test_with_pool<sqlx_postgres[51c9d2080fae9406]::database::Postgres, fn(sqlx_core[b895c091407bc285]::pool::Pool<sqlx_postgres[51c9d2080fae9406]::database::Postgres>) -> db_criteria[75d149509d144b0d]::db_criteria::test_search_by_id::test_search_by_id::{closure#0}, db_criteria[75d149509d144b0d]::db_criteria::test_search_by_id::test_search_by_id::{closure#0}>::{closure#0}, sqlx_core[b895c091407bc285]::testing::run_test_with_pool<sqlx_postgres[51c9d2080fae9406]::database::Postgres, fn(sqlx_core[b895c091407bc285]::pool::Pool<sqlx_postgres[51c9d2080fae9406]::database::Postgres>) -> db_criteria[75d149509d144b0d]::db_criteria::test_search_by_id::test_search_by_id::{closure#0}, db_criteria[75d149509d144b0d]::db_criteria::test_search_by_id::test_search_by_id::{closure#0}>::{closure#0}::{closure#0}>::{closure#0}>>::{closure#0}::{closure#0}>
[INFO] [stdout]   15:     0x606584dfef5f - <tokio[1757fece24f7cf8e]::runtime::context::scoped::Scoped<tokio[1757fece24f7cf8e]::runtime::scheduler::Context>>::set::<<tokio[1757fece24f7cf8e]::runtime::scheduler::current_thread::CoreGuard>::enter<<tokio[1757fece24f7cf8e]::runtime::scheduler::current_thread::CoreGuard>::block_on<core[df12db4294e9bfd3]::pin::Pin<&mut sqlx_core[b895c091407bc285]::testing::run_test<sqlx_postgres[51c9d2080fae9406]::database::Postgres, sqlx_core[b895c091407bc285]::testing::run_test_with_pool<sqlx_postgres[51c9d2080fae9406]::database::Postgres, fn(sqlx_core[b895c091407bc285]::pool::Pool<sqlx_postgres[51c9d2080fae9406]::database::Postgres>) -> db_criteria[75d149509d144b0d]::db_criteria::test_search_by_id::test_search_by_id::{closure#0}, db_criteria[75d149509d144b0d]::db_criteria::test_search_by_id::test_search_by_id::{closure#0}>::{closure#0}, sqlx_core[b895c091407bc285]::testing::run_test_with_pool<sqlx_postgres[51c9d2080fae9406]::database::Postgres, fn(sqlx_core[b895c091407bc285]::pool::Pool<sqlx_postgres[51c9d2080fae9406]::database::Postgres>) -> db_criteria[75d149509d144b0d]::db_criteria::test_search_by_id::test_search_by_id::{closure#0}, db_criteria[75d149509d144b0d]::db_criteria::test_search_by_id::test_search_by_id::{closure#0}>::{closure#0}::{closure#0}>::{closure#0}>>::{closure#0}, core[df12db4294e9bfd3]::option::Option<core[df12db4294e9bfd3]::result::Result<(), quokka_database[44132075566d29ba]::error::Error>>>::{closure#0}, (alloc[2182bb758b4b3781]::boxed::Box<tokio[1757fece24f7cf8e]::runtime::scheduler::current_thread::Core>, core[df12db4294e9bfd3]::option::Option<core[df12db4294e9bfd3]::result::Result<(), quokka_database[44132075566d29ba]::error::Error>>)>
[INFO] [stdout]   16:     0x606584d98115 - <tokio[1757fece24f7cf8e]::runtime::scheduler::current_thread::CoreGuard>::block_on::<core[df12db4294e9bfd3]::pin::Pin<&mut sqlx_core[b895c091407bc285]::testing::run_test<sqlx_postgres[51c9d2080fae9406]::database::Postgres, sqlx_core[b895c091407bc285]::testing::run_test_with_pool<sqlx_postgres[51c9d2080fae9406]::database::Postgres, fn(sqlx_core[b895c091407bc285]::pool::Pool<sqlx_postgres[51c9d2080fae9406]::database::Postgres>) -> db_criteria[75d149509d144b0d]::db_criteria::test_search_by_id::test_search_by_id::{closure#0}, db_criteria[75d149509d144b0d]::db_criteria::test_search_by_id::test_search_by_id::{closure#0}>::{closure#0}, sqlx_core[b895c091407bc285]::testing::run_test_with_pool<sqlx_postgres[51c9d2080fae9406]::database::Postgres, fn(sqlx_core[b895c091407bc285]::pool::Pool<sqlx_postgres[51c9d2080fae9406]::database::Postgres>) -> db_criteria[75d149509d144b0d]::db_criteria::test_search_by_id::test_search_by_id::{closure#0}, db_criteria[75d149509d144b0d]::db_criteria::test_search_by_id::test_search_by_id::{closure#0}>::{closure#0}::{closure#0}>::{closure#0}>>
[INFO] [stdout]   17:     0x606584dcd143 - tokio[1757fece24f7cf8e]::runtime::context::runtime::enter_runtime::<<tokio[1757fece24f7cf8e]::runtime::scheduler::current_thread::CurrentThread>::block_on<sqlx_core[b895c091407bc285]::testing::run_test<sqlx_postgres[51c9d2080fae9406]::database::Postgres, sqlx_core[b895c091407bc285]::testing::run_test_with_pool<sqlx_postgres[51c9d2080fae9406]::database::Postgres, fn(sqlx_core[b895c091407bc285]::pool::Pool<sqlx_postgres[51c9d2080fae9406]::database::Postgres>) -> db_criteria[75d149509d144b0d]::db_criteria::test_search_by_id::test_search_by_id::{closure#0}, db_criteria[75d149509d144b0d]::db_criteria::test_search_by_id::test_search_by_id::{closure#0}>::{closure#0}, sqlx_core[b895c091407bc285]::testing::run_test_with_pool<sqlx_postgres[51c9d2080fae9406]::database::Postgres, fn(sqlx_core[b895c091407bc285]::pool::Pool<sqlx_postgres[51c9d2080fae9406]::database::Postgres>) -> db_criteria[75d149509d144b0d]::db_criteria::test_search_by_id::test_search_by_id::{closure#0}, db_criteria[75d149509d144b0d]::db_criteria::test_search_by_id::test_search_by_id::{closure#0}>::{closure#0}::{closure#0}>::{closure#0}>::{closure#0}, core[df12db4294e9bfd3]::result::Result<(), quokka_database[44132075566d29ba]::error::Error>>
[INFO] [stdout]   18:     0x606584de569e - <tokio[1757fece24f7cf8e]::runtime::runtime::Runtime>::block_on::<sqlx_core[b895c091407bc285]::testing::run_test<sqlx_postgres[51c9d2080fae9406]::database::Postgres, sqlx_core[b895c091407bc285]::testing::run_test_with_pool<sqlx_postgres[51c9d2080fae9406]::database::Postgres, fn(sqlx_core[b895c091407bc285]::pool::Pool<sqlx_postgres[51c9d2080fae9406]::database::Postgres>) -> db_criteria[75d149509d144b0d]::db_criteria::test_search_by_id::test_search_by_id::{closure#0}, db_criteria[75d149509d144b0d]::db_criteria::test_search_by_id::test_search_by_id::{closure#0}>::{closure#0}, sqlx_core[b895c091407bc285]::testing::run_test_with_pool<sqlx_postgres[51c9d2080fae9406]::database::Postgres, fn(sqlx_core[b895c091407bc285]::pool::Pool<sqlx_postgres[51c9d2080fae9406]::database::Postgres>) -> db_criteria[75d149509d144b0d]::db_criteria::test_search_by_id::test_search_by_id::{closure#0}, db_criteria[75d149509d144b0d]::db_criteria::test_search_by_id::test_search_by_id::{closure#0}>::{closure#0}::{closure#0}>::{closure#0}>
[INFO] [stdout]   19:     0x606584df1593 - sqlx_core[b895c091407bc285]::rt::test_block_on::<sqlx_core[b895c091407bc285]::testing::run_test<sqlx_postgres[51c9d2080fae9406]::database::Postgres, sqlx_core[b895c091407bc285]::testing::run_test_with_pool<sqlx_postgres[51c9d2080fae9406]::database::Postgres, fn(sqlx_core[b895c091407bc285]::pool::Pool<sqlx_postgres[51c9d2080fae9406]::database::Postgres>) -> db_criteria[75d149509d144b0d]::db_criteria::test_search_by_id::test_search_by_id::{closure#0}, db_criteria[75d149509d144b0d]::db_criteria::test_search_by_id::test_search_by_id::{closure#0}>::{closure#0}, sqlx_core[b895c091407bc285]::testing::run_test_with_pool<sqlx_postgres[51c9d2080fae9406]::database::Postgres, fn(sqlx_core[b895c091407bc285]::pool::Pool<sqlx_postgres[51c9d2080fae9406]::database::Postgres>) -> db_criteria[75d149509d144b0d]::db_criteria::test_search_by_id::test_search_by_id::{closure#0}, db_criteria[75d149509d144b0d]::db_criteria::test_search_by_id::test_search_by_id::{closure#0}>::{closure#0}::{closure#0}>::{closure#0}>
[INFO] [stdout]   20:     0x606584e14adf - <db_criteria[75d149509d144b0d]::db_criteria::test_search_by_id::{closure#0} as core[df12db4294e9bfd3]::ops::function::FnOnce<()>>::call_once
[INFO] [stdout]   21:     0x606584e152cb - test[9d35eded1c95d3be]::__rust_begin_short_backtrace::<core[df12db4294e9bfd3]::result::Result<(), alloc[2182bb758b4b3781]::string::String>, fn() -> core[df12db4294e9bfd3]::result::Result<(), alloc[2182bb758b4b3781]::string::String>>
[INFO] [stdout]   22:     0x606584e22935 - test[9d35eded1c95d3be]::run_test::{closure#0}
[INFO] [stdout]   23:     0x606584e1c1f4 - std[70759c8f55707aa4]::sys::backtrace::__rust_begin_short_backtrace::<test[9d35eded1c95d3be]::run_test::{closure#1}, ()>
[INFO] [stdout]   24:     0x606584e25a92 - <std[70759c8f55707aa4]::thread::lifecycle::spawn_unchecked<test[9d35eded1c95d3be]::run_test::{closure#1}, ()>::{closure#1} as core[df12db4294e9bfd3]::ops::function::FnOnce<()>>::call_once::{shim:vtable#0}
[INFO] [stdout]   25:     0x606584f7f9c9 - <std[70759c8f55707aa4]::sys::thread::unix::Thread>::new::thread_start
[INFO] [stdout]   26:     0x71698692edfa - <unknown>
[INFO] [stdout]   27:     0x7169869c23d4 - clone
[INFO] [stdout]   28:                0x0 - <unknown>
[INFO] [stdout] 
[INFO] [stdout] ---- db_criteria::test_search_page_max stdout ----
[INFO] [stdout] 
[INFO] [stdout] thread 'db_criteria::test_search_page_max' (2941) panicked at /opt/rustwide/cargo-home/registry/src/index.crates.io-1949cf8c6b5b557f/sqlx-postgres-0.8.6/src/testing/mod.rs:96:44:
[INFO] [stdout] DATABASE_URL must be set: EnvVar(NotPresent)
[INFO] [stdout] stack backtrace:
[INFO] [stdout]    0:     0x606584f804a1 - <<std[70759c8f55707aa4]::sys::backtrace::BacktraceLock>::print::DisplayBacktrace as core[df12db4294e9bfd3]::fmt::Display>::fmt
[INFO] [stdout]    1:     0x606584f9744a - core[df12db4294e9bfd3]::fmt::write
[INFO] [stdout]    2:     0x606584f84ecc - <alloc[2182bb758b4b3781]::vec::Vec<u8> as core[df12db4294e9bfd3]::io::write::Write>::write_fmt
[INFO] [stdout]    3:     0x606584f5b3e6 - std[70759c8f55707aa4]::panicking::default_hook::{closure#0}
[INFO] [stdout]    4:     0x606584f78239 - std[70759c8f55707aa4]::panicking::default_hook
[INFO] [stdout]    5:     0x606584e21fe0 - test[9d35eded1c95d3be]::test_main_inner::<test[9d35eded1c95d3be]::test_main_static::{closure#0}>::{closure#0}
[INFO] [stdout]    6:     0x606584f78562 - std[70759c8f55707aa4]::panicking::panic_with_hook
[INFO] [stdout]    7:     0x606584f5b492 - std[70759c8f55707aa4]::panicking::panic_handler::{closure#0}
[INFO] [stdout]    8:     0x606584f53ef9 - std[70759c8f55707aa4]::sys::backtrace::__rust_end_short_backtrace::<std[70759c8f55707aa4]::panicking::panic_handler::{closure#0}, !>
[INFO] [stdout]    9:     0x606584f5c31d - __rustc[8fa7c3cbc660c2b3]::rust_begin_unwind
[INFO] [stdout]   10:     0x606584f97bac - core[df12db4294e9bfd3]::panicking::panic_fmt
[INFO] [stdout]   11:     0x606584f97982 - core[df12db4294e9bfd3]::result::unwrap_failed
[INFO] [stdout]   12:     0x606584e7572e - <sqlx_postgres[51c9d2080fae9406]::database::Postgres as sqlx_core[b895c091407bc285]::testing::TestSupport>::test_context::{closure#0}
[INFO] [stdout]   13:     0x606584d1b430 - sqlx_core[b895c091407bc285]::testing::run_test::<sqlx_postgres[51c9d2080fae9406]::database::Postgres, sqlx_core[b895c091407bc285]::testing::run_test_with_pool<sqlx_postgres[51c9d2080fae9406]::database::Postgres, fn(sqlx_core[b895c091407bc285]::pool::Pool<sqlx_postgres[51c9d2080fae9406]::database::Postgres>) -> db_criteria[75d149509d144b0d]::db_criteria::test_search_page_max::test_search_page_max::{closure#0}, db_criteria[75d149509d144b0d]::db_criteria::test_search_page_max::test_search_page_max::{closure#0}>::{closure#0}, sqlx_core[b895c091407bc285]::testing::run_test_with_pool<sqlx_postgres[51c9d2080fae9406]::database::Postgres, fn(sqlx_core[b895c091407bc285]::pool::Pool<sqlx_postgres[51c9d2080fae9406]::database::Postgres>) -> db_criteria[75d149509d144b0d]::db_criteria::test_search_page_max::test_search_page_max::{closure#0}, db_criteria[75d149509d144b0d]::db_criteria::test_search_page_max::test_search_page_max::{closure#0}>::{closure#0}::{closure#0}>::{closure#0}
[INFO] [stdout]   14:     0x606584d95b08 - <tokio[1757fece24f7cf8e]::runtime::scheduler::current_thread::Context>::enter::<core[df12db4294e9bfd3]::task::poll::Poll<core[df12db4294e9bfd3]::result::Result<(), quokka_database[44132075566d29ba]::error::Error>>, <tokio[1757fece24f7cf8e]::runtime::scheduler::current_thread::CoreGuard>::block_on<core[df12db4294e9bfd3]::pin::Pin<&mut sqlx_core[b895c091407bc285]::testing::run_test<sqlx_postgres[51c9d2080fae9406]::database::Postgres, sqlx_core[b895c091407bc285]::testing::run_test_with_pool<sqlx_postgres[51c9d2080fae9406]::database::Postgres, fn(sqlx_core[b895c091407bc285]::pool::Pool<sqlx_postgres[51c9d2080fae9406]::database::Postgres>) -> db_criteria[75d149509d144b0d]::db_criteria::test_search_page_max::test_search_page_max::{closure#0}, db_criteria[75d149509d144b0d]::db_criteria::test_search_page_max::test_search_page_max::{closure#0}>::{closure#0}, sqlx_core[b895c091407bc285]::testing::run_test_with_pool<sqlx_postgres[51c9d2080fae9406]::database::Postgres, fn(sqlx_core[b895c091407bc285]::pool::Pool<sqlx_postgres[51c9d2080fae9406]::database::Postgres>) -> db_criteria[75d149509d144b0d]::db_criteria::test_search_page_max::test_search_page_max::{closure#0}, db_criteria[75d149509d144b0d]::db_criteria::test_search_page_max::test_search_page_max::{closure#0}>::{closure#0}::{closure#0}>::{closure#0}>>::{closure#0}::{closure#0}>
[INFO] [stdout]   15:     0x606584dff79f - <tokio[1757fece24f7cf8e]::runtime::context::scoped::Scoped<tokio[1757fece24f7cf8e]::runtime::scheduler::Context>>::set::<<tokio[1757fece24f7cf8e]::runtime::scheduler::current_thread::CoreGuard>::enter<<tokio[1757fece24f7cf8e]::runtime::scheduler::current_thread::CoreGuard>::block_on<core[df12db4294e9bfd3]::pin::Pin<&mut sqlx_core[b895c091407bc285]::testing::run_test<sqlx_postgres[51c9d2080fae9406]::database::Postgres, sqlx_core[b895c091407bc285]::testing::run_test_with_pool<sqlx_postgres[51c9d2080fae9406]::database::Postgres, fn(sqlx_core[b895c091407bc285]::pool::Pool<sqlx_postgres[51c9d2080fae9406]::database::Postgres>) -> db_criteria[75d149509d144b0d]::db_criteria::test_search_page_max::test_search_page_max::{closure#0}, db_criteria[75d149509d144b0d]::db_criteria::test_search_page_max::test_search_page_max::{closure#0}>::{closure#0}, sqlx_core[b895c091407bc285]::testing::run_test_with_pool<sqlx_postgres[51c9d2080fae9406]::database::Postgres, fn(sqlx_core[b895c091407bc285]::pool::Pool<sqlx_postgres[51c9d2080fae9406]::database::Postgres>) -> db_criteria[75d149509d144b0d]::db_criteria::test_search_page_max::test_search_page_max::{closure#0}, db_criteria[75d149509d144b0d]::db_criteria::test_search_page_max::test_search_page_max::{closure#0}>::{closure#0}::{closure#0}>::{closure#0}>>::{closure#0}, core[df12db4294e9bfd3]::option::Option<core[df12db4294e9bfd3]::result::Result<(), quokka_database[44132075566d29ba]::error::Error>>>::{closure#0}, (alloc[2182bb758b4b3781]::boxed::Box<tokio[1757fece24f7cf8e]::runtime::scheduler::current_thread::Core>, core[df12db4294e9bfd3]::option::Option<core[df12db4294e9bfd3]::result::Result<(), quokka_database[44132075566d29ba]::error::Error>>)>
[INFO] [stdout]   16:     0x606584d98b15 - <tokio[1757fece24f7cf8e]::runtime::scheduler::current_thread::CoreGuard>::block_on::<core[df12db4294e9bfd3]::pin::Pin<&mut sqlx_core[b895c091407bc285]::testing::run_test<sqlx_postgres[51c9d2080fae9406]::database::Postgres, sqlx_core[b895c091407bc285]::testing::run_test_with_pool<sqlx_postgres[51c9d2080fae9406]::database::Postgres, fn(sqlx_core[b895c091407bc285]::pool::Pool<sqlx_postgres[51c9d2080fae9406]::database::Postgres>) -> db_criteria[75d149509d144b0d]::db_criteria::test_search_page_max::test_search_page_max::{closure#0}, db_criteria[75d149509d144b0d]::db_criteria::test_search_page_max::test_search_page_max::{closure#0}>::{closure#0}, sqlx_core[b895c091407bc285]::testing::run_test_with_pool<sqlx_postgres[51c9d2080fae9406]::database::Postgres, fn(sqlx_core[b895c091407bc285]::pool::Pool<sqlx_postgres[51c9d2080fae9406]::database::Postgres>) -> db_criteria[75d149509d144b0d]::db_criteria::test_search_page_max::test_search_page_max::{closure#0}, db_criteria[75d149509d144b0d]::db_criteria::test_search_page_max::test_search_page_max::{closure#0}>::{closure#0}::{closure#0}>::{closure#0}>>
[INFO] [stdout]   17:     0x606584dce443 - tokio[1757fece24f7cf8e]::runtime::context::runtime::enter_runtime::<<tokio[1757fece24f7cf8e]::runtime::scheduler::current_thread::CurrentThread>::block_on<sqlx_core[b895c091407bc285]::testing::run_test<sqlx_postgres[51c9d2080fae9406]::database::Postgres, sqlx_core[b895c091407bc285]::testing::run_test_with_pool<sqlx_postgres[51c9d2080fae9406]::database::Postgres, fn(sqlx_core[b895c091407bc285]::pool::Pool<sqlx_postgres[51c9d2080fae9406]::database::Postgres>) -> db_criteria[75d149509d144b0d]::db_criteria::test_search_page_max::test_search_page_max::{closure#0}, db_criteria[75d149509d144b0d]::db_criteria::test_search_page_max::test_search_page_max::{closure#0}>::{closure#0}, sqlx_core[b895c091407bc285]::testing::run_test_with_pool<sqlx_postgres[51c9d2080fae9406]::database::Postgres, fn(sqlx_core[b895c091407bc285]::pool::Pool<sqlx_postgres[51c9d2080fae9406]::database::Postgres>) -> db_criteria[75d149509d144b0d]::db_criteria::test_search_page_max::test_search_page_max::{closure#0}, db_criteria[75d149509d144b0d]::db_criteria::test_search_page_max::test_search_page_max::{closure#0}>::{closure#0}::{closure#0}>::{closure#0}>::{closure#0}, core[df12db4294e9bfd3]::result::Result<(), quokka_database[44132075566d29ba]::error::Error>>
[INFO] [stdout]   18:     0x606584de5cde - <tokio[1757fece24f7cf8e]::runtime::runtime::Runtime>::block_on::<sqlx_core[b895c091407bc285]::testing::run_test<sqlx_postgres[51c9d2080fae9406]::database::Postgres, sqlx_core[b895c091407bc285]::testing::run_test_with_pool<sqlx_postgres[51c9d2080fae9406]::database::Postgres, fn(sqlx_core[b895c091407bc285]::pool::Pool<sqlx_postgres[51c9d2080fae9406]::database::Postgres>) -> db_criteria[75d149509d144b0d]::db_criteria::test_search_page_max::test_search_page_max::{closure#0}, db_criteria[75d149509d144b0d]::db_criteria::test_search_page_max::test_search_page_max::{closure#0}>::{closure#0}, sqlx_core[b895c091407bc285]::testing::run_test_with_pool<sqlx_postgres[51c9d2080fae9406]::database::Postgres, fn(sqlx_core[b895c091407bc285]::pool::Pool<sqlx_postgres[51c9d2080fae9406]::database::Postgres>) -> db_criteria[75d149509d144b0d]::db_criteria::test_search_page_max::test_search_page_max::{closure#0}, db_criteria[75d149509d144b0d]::db_criteria::test_search_page_max::test_search_page_max::{closure#0}>::{closure#0}::{closure#0}>::{closure#0}>
[INFO] [stdout]   19:     0x606584df1a93 - sqlx_core[b895c091407bc285]::rt::test_block_on::<sqlx_core[b895c091407bc285]::testing::run_test<sqlx_postgres[51c9d2080fae9406]::database::Postgres, sqlx_core[b895c091407bc285]::testing::run_test_with_pool<sqlx_postgres[51c9d2080fae9406]::database::Postgres, fn(sqlx_core[b895c091407bc285]::pool::Pool<sqlx_postgres[51c9d2080fae9406]::database::Postgres>) -> db_criteria[75d149509d144b0d]::db_criteria::test_search_page_max::test_search_page_max::{closure#0}, db_criteria[75d149509d144b0d]::db_criteria::test_search_page_max::test_search_page_max::{closure#0}>::{closure#0}, sqlx_core[b895c091407bc285]::testing::run_test_with_pool<sqlx_postgres[51c9d2080fae9406]::database::Postgres, fn(sqlx_core[b895c091407bc285]::pool::Pool<sqlx_postgres[51c9d2080fae9406]::database::Postgres>) -> db_criteria[75d149509d144b0d]::db_criteria::test_search_page_max::test_search_page_max::{closure#0}, db_criteria[75d149509d144b0d]::db_criteria::test_search_page_max::test_search_page_max::{closure#0}>::{closure#0}::{closure#0}>::{closure#0}>
[INFO] [stdout]   20:     0x606584e14edf - <db_criteria[75d149509d144b0d]::db_criteria::test_search_page_max::{closure#0} as core[df12db4294e9bfd3]::ops::function::FnOnce<()>>::call_once
[INFO] [stdout]   21:     0x606584e152cb - test[9d35eded1c95d3be]::__rust_begin_short_backtrace::<core[df12db4294e9bfd3]::result::Result<(), alloc[2182bb758b4b3781]::string::String>, fn() -> core[df12db4294e9bfd3]::result::Result<(), alloc[2182bb758b4b3781]::string::String>>
[INFO] [stdout]   22:     0x606584e22935 - test[9d35eded1c95d3be]::run_test::{closure#0}
[INFO] [stdout]   23:     0x606584e1c1f4 - std[70759c8f55707aa4]::sys::backtrace::__rust_begin_short_backtrace::<test[9d35eded1c95d3be]::run_test::{closure#1}, ()>
[INFO] [stdout]   24:     0x606584e25a92 - <std[70759c8f55707aa4]::thread::lifecycle::spawn_unchecked<test[9d35eded1c95d3be]::run_test::{closure#1}, ()>::{closure#1} as core[df12db4294e9bfd3]::ops::function::FnOnce<()>>::call_once::{shim:vtable#0}
[INFO] [stdout]   25:     0x606584f7f9c9 - <std[70759c8f55707aa4]::sys::thread::unix::Thread>::new::thread_start
[INFO] [stdout]   26:     0x71698692edfa - <unknown>
[INFO] [stdout]   27:     0x7169869c23d4 - clone
[INFO] [stdout]   28:                0x0 - <unknown>
[INFO] [stdout] 
[INFO] [stdout] 
[INFO] [stdout] failures:
[INFO] [stdout]     db_criteria::test_and_criteria
[INFO] [stdout]     db_criteria::test_eq_criteria
[INFO] [stdout]     db_criteria::test_gt_criteria
[INFO] [stdout]     db_criteria::test_gte_criteria
[INFO] [stdout]     db_criteria::test_in_criteria
[INFO] [stdout]     db_criteria::test_is_null_criteria
[INFO] [stdout]     db_criteria::test_like_criteria
[INFO] [stdout]     db_criteria::test_lt_criteria
[INFO] [stdout]     db_criteria::test_lte_criteria
[INFO] [stdout]     db_criteria::test_ne_criteria
[INFO] [stdout]     db_criteria::test_not_null_criteria
[INFO] [stdout]     db_criteria::test_or_criteria
[INFO] [stdout]     db_criteria::test_plain_search
[INFO] [stdout]     db_criteria::test_query_cleanup
[INFO] [stdout]     db_criteria::test_search_by_id
[INFO] [stdout]     db_criteria::test_search_page_max
[INFO] [stdout]     db_criteria::test_search_page_min
[INFO] [stdout]     db_criteria::test_search_paged
[INFO] [stdout] 
[INFO] [stdout] test result: FAILED. 0 passed; 18 failed; 0 ignored; 0 measured; 0 filtered out; finished in 0.02s
[INFO] [stdout] 
[INFO] [stderr] error: test failed, to rerun pass `--test db_criteria`
[INFO] running `Command { std: "docker" "inspect" "d993d9410f2c125e1739bebdec29aeff9bbae8ced1eb08159d12010b4f221eff", kill_on_drop: false }`
[INFO] running `Command { std: "docker" "rm" "-f" "d993d9410f2c125e1739bebdec29aeff9bbae8ced1eb08159d12010b4f221eff", kill_on_drop: false }`
[INFO] [stdout] d993d9410f2c125e1739bebdec29aeff9bbae8ced1eb08159d12010b4f221eff
