[INFO] fetching crate quiver 0.6.1...
[INFO] testing quiver-0.6.1 against 1.99.0-beta.8+cargoflags=--release for beta-release-1.100-2
[INFO] extracting crate quiver 0.6.1 into /workspace/builds/worker-5-tc1/source
[INFO] started tweaking crates.io crate quiver 0.6.1
[INFO] removed 0 missing examples
[INFO] removed 0 missing tests
[INFO] finished tweaking crates.io crate quiver 0.6.1
[INFO] tweaked toml for crates.io crate quiver 0.6.1 written to /workspace/builds/worker-5-tc1/source/Cargo.toml
[INFO] validating manifest of crates.io crate quiver 0.6.1 on toolchain 1.99.0-beta.8
[INFO] running `Command { std: CARGO_HOME="/workspace/cargo-home" RUSTUP_HOME="/workspace/rustup-home" "/workspace/cargo-home/bin/cargo" "+1.99.0-beta.8" "metadata" "--manifest-path" "Cargo.toml" "--no-deps", kill_on_drop: false }`
[INFO] crate crates.io crate quiver 0.6.1 already has a lockfile, it will not be regenerated
[INFO] running `Command { std: CARGO_HOME="/workspace/cargo-home" RUSTUP_HOME="/workspace/rustup-home" "/workspace/cargo-home/bin/cargo" "+1.99.0-beta.8" "fetch" "--manifest-path" "Cargo.toml", kill_on_drop: false }`
[INFO] [stderr]     Updating crates.io index
[INFO] [stderr]  Downloading crates ...
[INFO] [stderr]   Downloaded trybuild v1.0.116
[INFO] [stderr]   Downloaded arrow-select v58.3.0
[INFO] [stderr]   Downloaded quiver_types v0.6.1
[INFO] [stderr]   Downloaded quiver_derive v0.6.1
[INFO] [stderr]   Downloaded arrow-string v58.3.0
[INFO] [stderr]   Downloaded arrow-arith v58.3.0
[INFO] [stderr]   Downloaded arrow-row v58.3.0
[INFO] [stderr]   Downloaded arrow-ord v58.3.0
[INFO] [stderr]   Downloaded arrow v58.3.0
[INFO] [stderr]   Downloaded arrow-cast v58.3.0
[INFO] running `Command { std: "docker" "create" "-v" "/var/lib/crater-agent-workspace/builds/worker-5-tc1/source:/opt/rustwide/workdir:ro,Z" "-v" "/var/lib/crater-agent-workspace/builds/worker-5-tc1/target:/opt/rustwide/target:rw,Z" "-v" "/var/lib/crater-agent-workspace/cargo-home:/opt/rustwide/cargo-home:ro,Z" "-v" "/var/lib/crater-agent-workspace/rustup-home:/opt/rustwide/rustup-home:ro,Z" "-m" "1610612736" "--network" "none" "ghcr.io/rust-lang/crates-build-env/linux@sha256:77db811e55d90add9212f6832c23229e3de5f1c1f9905e8cb07319ea15df73ac" "sleep" "infinity", kill_on_drop: false }`
[INFO] [stdout] f142e5d0a800a43cde6002f270b1f8901f0c5b9f0443657d04564fe24c8d33a9
[INFO] running `Command { std: "docker" "start" "f142e5d0a800a43cde6002f270b1f8901f0c5b9f0443657d04564fe24c8d33a9", kill_on_drop: false }`
[INFO] running `Command { std: "docker" "inspect" "f142e5d0a800a43cde6002f270b1f8901f0c5b9f0443657d04564fe24c8d33a9", kill_on_drop: false }`
[INFO] running `Command { std: "docker" "exec" "-e" "SOURCE_DIR=/opt/rustwide/workdir" "-e" "CARGO_HOME=/opt/rustwide/cargo-home" "-e" "RUSTUP_HOME=/opt/rustwide/rustup-home" "-e" "CARGO_TARGET_DIR=/opt/rustwide/target" "-w" "/opt/rustwide/workdir" "--user" "0:0" "f142e5d0a800a43cde6002f270b1f8901f0c5b9f0443657d04564fe24c8d33a9" "/opt/rustwide/cargo-home/bin/cargo" "+1.99.0-beta.8" "metadata" "--no-deps" "--format-version=1", kill_on_drop: false }`
[INFO] running `Command { std: "docker" "inspect" "f142e5d0a800a43cde6002f270b1f8901f0c5b9f0443657d04564fe24c8d33a9", kill_on_drop: false }`
[INFO] running `Command { std: "docker" "exec" "-e" "SOURCE_DIR=/opt/rustwide/workdir" "-e" "CARGO_HOME=/opt/rustwide/cargo-home" "-e" "RUSTUP_HOME=/opt/rustwide/rustup-home" "-e" "CARGO_TARGET_DIR=/opt/rustwide/target" "-e" "CARGO_INCREMENTAL=0" "-e" "RUST_BACKTRACE=full" "-e" "RUSTFLAGS=--cap-lints=warn" "-e" "RUSTDOCFLAGS=--cap-lints=warn" "-w" "/opt/rustwide/workdir" "--user" "0:0" "f142e5d0a800a43cde6002f270b1f8901f0c5b9f0443657d04564fe24c8d33a9" "/opt/rustwide/cargo-home/bin/cargo" "+1.99.0-beta.8" "build" "--frozen" "--message-format=json" "--release", kill_on_drop: false }`
[INFO] [stderr]    Compiling arrow-schema v58.3.0
[INFO] [stderr]    Compiling once_cell v1.21.4
[INFO] [stderr]    Compiling lexical-util v1.0.7
[INFO] [stderr]    Compiling num-traits v0.2.19
[INFO] [stderr]    Compiling ahash v0.8.12
[INFO] [stderr]    Compiling regex-syntax v0.8.10
[INFO] [stderr]    Compiling aho-corasick v1.1.4
[INFO] [stderr]    Compiling getrandom v0.3.4
[INFO] [stderr]    Compiling zerocopy-derive v0.8.50
[INFO] [stderr]    Compiling bytemuck_derive v1.11.0
[INFO] [stderr]    Compiling thiserror-impl v2.0.18
[INFO] [stderr]    Compiling quiver_derive v0.6.1
[INFO] [stderr]    Compiling lexical-write-integer v1.0.6
[INFO] [stderr]    Compiling lexical-parse-integer v1.0.6
[INFO] [stderr]    Compiling lexical-write-float v1.0.6
[INFO] [stderr]    Compiling lexical-parse-float v1.0.6
[INFO] [stderr]    Compiling thiserror v2.0.18
[INFO] [stderr]    Compiling bytemuck v1.25.2
[INFO] [stderr]    Compiling num-integer v0.1.46
[INFO] [stderr]    Compiling chrono v0.4.44
[INFO] [stderr]    Compiling num-complex v0.4.6
[INFO] [stderr]    Compiling lexical-core v1.0.6
[INFO] [stderr]    Compiling atoi v2.0.0
[INFO] [stderr]    Compiling zerocopy v0.8.50
[INFO] [stderr]    Compiling num-bigint v0.4.6
[INFO] [stderr]    Compiling regex-automata v0.4.14
[INFO] [stderr]    Compiling regex v1.12.3
[INFO] [stderr]    Compiling half v2.7.1
[INFO] [stderr]    Compiling arrow-buffer v58.3.0
[INFO] [stderr]    Compiling arrow-data v58.3.0
[INFO] [stderr]    Compiling arrow-array v58.3.0
[INFO] [stderr]    Compiling arrow-select v58.3.0
[INFO] [stderr]    Compiling arrow-arith v58.3.0
[INFO] [stderr]    Compiling arrow-row v58.3.0
[INFO] [stderr]    Compiling arrow-ord v58.3.0
[INFO] [stderr]    Compiling arrow-string v58.3.0
[INFO] [stderr]    Compiling arrow-cast v58.3.0
[INFO] [stderr]    Compiling arrow v58.3.0
[INFO] [stderr]    Compiling quiver_types v0.6.1
[INFO] [stderr]    Compiling quiver v0.6.1 (/opt/rustwide/workdir)
[INFO] [stderr]     Finished `release` profile [optimized] target(s) in 2m 35s
[INFO] running `Command { std: "docker" "inspect" "f142e5d0a800a43cde6002f270b1f8901f0c5b9f0443657d04564fe24c8d33a9", kill_on_drop: false }`
[INFO] running `Command { std: "docker" "exec" "-e" "SOURCE_DIR=/opt/rustwide/workdir" "-e" "CARGO_HOME=/opt/rustwide/cargo-home" "-e" "RUSTUP_HOME=/opt/rustwide/rustup-home" "-e" "CARGO_TARGET_DIR=/opt/rustwide/target" "-e" "CARGO_INCREMENTAL=0" "-e" "RUST_BACKTRACE=full" "-e" "RUSTFLAGS=--cap-lints=warn" "-e" "RUSTDOCFLAGS=--cap-lints=warn" "-w" "/opt/rustwide/workdir" "--user" "0:0" "f142e5d0a800a43cde6002f270b1f8901f0c5b9f0443657d04564fe24c8d33a9" "/opt/rustwide/cargo-home/bin/cargo" "+1.99.0-beta.8" "test" "--frozen" "--no-run" "--message-format=json" "--release", kill_on_drop: false }`
[INFO] [stderr]    Compiling target-triple v1.0.0
[INFO] [stderr]    Compiling winnow v1.0.3
[INFO] [stderr]    Compiling serde v1.0.228
[INFO] [stderr]    Compiling serde_json v1.0.150
[INFO] [stderr]    Compiling toml_parser v1.1.2+spec-1.1.0
[INFO] [stderr]    Compiling toml v1.1.2+spec-1.1.0
[INFO] [stderr]    Compiling trybuild v1.0.116
[INFO] [stderr]    Compiling quiver v0.6.1 (/opt/rustwide/workdir)
[INFO] [stderr]     Finished `release` profile [optimized] target(s) in 20.13s
[INFO] running `Command { std: "docker" "inspect" "f142e5d0a800a43cde6002f270b1f8901f0c5b9f0443657d04564fe24c8d33a9", kill_on_drop: false }`
[INFO] running `Command { std: "docker" "exec" "-e" "SOURCE_DIR=/opt/rustwide/workdir" "-e" "CARGO_HOME=/opt/rustwide/cargo-home" "-e" "RUSTUP_HOME=/opt/rustwide/rustup-home" "-e" "CARGO_TARGET_DIR=/opt/rustwide/target" "-e" "CARGO_INCREMENTAL=0" "-e" "RUST_BACKTRACE=full" "-e" "RUSTFLAGS=--cap-lints=warn" "-e" "RUSTDOCFLAGS=--cap-lints=warn" "-w" "/opt/rustwide/workdir" "--user" "0:0" "f142e5d0a800a43cde6002f270b1f8901f0c5b9f0443657d04564fe24c8d33a9" "/opt/rustwide/cargo-home/bin/cargo" "+1.99.0-beta.8" "test" "--frozen" "--release", kill_on_drop: false }`
[INFO] [stderr]     Finished `release` profile [optimized] target(s) in 0.07s
[INFO] [stderr]      Running unittests src/lib.rs (/opt/rustwide/target/release/deps/quiver-636977696e3cc4f4)
[INFO] [stdout] 
[INFO] [stdout] running 0 tests
[INFO] [stdout] 
[INFO] [stdout] test result: ok. 0 passed; 0 failed; 0 ignored; 0 measured; 0 filtered out; finished in 0.00s
[INFO] [stdout] 
[INFO] [stderr]      Running tests/column.rs (/opt/rustwide/target/release/deps/column-515a121f14b17aab)
[INFO] [stdout] 
[INFO] [stdout] running 14 tests
[INFO] [stdout] test column_metadata ... ok
[INFO] [stdout] test column_partial_eq ... ok
[INFO] [stdout] test column_names_survive_every_route ... ok
[INFO] [stdout] test column_to_dyn_and_back ... ok
[INFO] [stdout] test column_slice ... ok
[INFO] [stdout] test dyn_column_try_new_validation ... ok
[INFO] [stdout] test dyn_column_validation_names_the_field ... ok
[INFO] [stdout] test deref_to_slice ... ok
[INFO] [stdout] test empty_column ... ok
[INFO] [stdout] test metadata_is_copy_on_write ... ok
[INFO] [stdout] test from_record_batch_and_name ... ok
[INFO] [stdout] test names ... ok
[INFO] [stdout] test static_data_type ... ok
[INFO] [stdout] test new_null ... ok
[INFO] [stdout] 
[INFO] [stdout] test result: ok. 14 passed; 0 failed; 0 ignored; 0 measured; 0 filtered out; finished in 0.00s
[INFO] [stdout] 
[INFO] [stderr]      Running tests/compile_fail.rs (/opt/rustwide/target/release/deps/compile_fail-1aa5b3e09db707ce)
[INFO] [stdout] 
[INFO] [stdout] running 1 test
[INFO] [stderr]    Compiling proc-macro2 v1.0.106
[INFO] [stderr]    Compiling quote v1.0.45
[INFO] [stderr]    Compiling unicode-ident v1.0.24
[INFO] [stderr]    Compiling libm v0.2.16
[INFO] [stderr]    Compiling autocfg v1.5.1
[INFO] [stderr]    Compiling zerocopy v0.8.50
[INFO] [stderr]     Checking cfg-if v1.0.4
[INFO] [stderr]    Compiling libc v0.2.186
[INFO] [stderr]    Compiling version_check v0.9.5
[INFO] [stderr]    Compiling getrandom v0.3.4
[INFO] [stderr]     Checking bytes v1.11.1
[INFO] [stderr]     Checking iana-time-zone v0.1.65
[INFO] [stderr]     Checking arrow-schema v58.3.0
[INFO] [stderr]     Checking once_cell v1.21.4
[INFO] [stderr]     Checking hashbrown v0.17.1
[INFO] [stderr]     Checking lexical-util v1.0.7
[INFO] [stderr]     Checking memchr v2.8.1
[INFO] [stderr]     Checking regex-syntax v0.8.10
[INFO] [stderr]     Checking base64 v0.22.1
[INFO] [stderr]     Checking ryu v1.0.23
[INFO] [stderr]    Compiling thiserror v2.0.18
[INFO] [stderr]     Checking aho-corasick v1.1.4
[INFO] [stderr]    Compiling ahash v0.8.12
[INFO] [stderr]     Checking lexical-parse-integer v1.0.6
[INFO] [stderr]     Checking lexical-write-integer v1.0.6
[INFO] [stderr]     Checking lexical-parse-float v1.0.6
[INFO] [stderr]    Compiling num-traits v0.2.19
[INFO] [stderr]     Checking lexical-write-float v1.0.6
[INFO] [stderr]    Compiling syn v2.0.117
[INFO] [stderr]     Checking lexical-core v1.0.6
[INFO] [stderr]     Checking num-integer v0.1.46
[INFO] [stderr]     Checking num-complex v0.4.6
[INFO] [stderr]     Checking chrono v0.4.44
[INFO] [stderr]     Checking atoi v2.0.0
[INFO] [stderr]     Checking regex-automata v0.4.14
[INFO] [stderr]     Checking num-bigint v0.4.6
[INFO] [stderr]     Checking regex v1.12.3
[INFO] [stderr]    Compiling zerocopy-derive v0.8.50
[INFO] [stderr]    Compiling bytemuck_derive v1.11.0
[INFO] [stderr]    Compiling thiserror-impl v2.0.18
[INFO] [stderr]    Compiling quiver_derive v0.6.1
[INFO] [stderr]     Checking bytemuck v1.25.2
[INFO] [stderr]     Checking half v2.7.1
[INFO] [stderr]     Checking arrow-buffer v58.3.0
[INFO] [stderr]     Checking arrow-data v58.3.0
[INFO] [stderr]     Checking arrow-array v58.3.0
[INFO] [stderr]     Checking arrow-select v58.3.0
[INFO] [stderr]     Checking arrow-arith v58.3.0
[INFO] [stderr]     Checking arrow-row v58.3.0
[INFO] [stderr]     Checking arrow-ord v58.3.0
[INFO] [stderr]     Checking arrow-string v58.3.0
[INFO] [stderr]     Checking arrow-cast v58.3.0
[INFO] [stderr]     Checking arrow v58.3.0
[INFO] [stderr]     Checking quiver_types v0.6.1
[INFO] [stderr]     Checking quiver v0.6.1 (/opt/rustwide/workdir)
[INFO] [stderr]     Checking quiver-tests v0.0.0 (/opt/rustwide/target/tests/trybuild/quiver)
[INFO] [stderr]     Finished `dev` profile [unoptimized + debuginfo] target(s) in 13.08s
[INFO] [stderr] 
[INFO] [stderr] 
[INFO] [stderr] test tests/compile_fail/column_without_logical_type.rs ... error
[INFO] [stderr] Read-only file system (os error 30)
[INFO] [stderr] 
[INFO] [stderr] test tests/compile_fail/conflicting_exhaustiveness.rs ... error
[INFO] [stderr] Read-only file system (os error 30)
[INFO] [stderr] 
[INFO] [stderr] test tests/compile_fail/dictionary_option_key.rs ... error
[INFO] [stderr] Read-only file system (os error 30)
[INFO] [stderr] 
[INFO] [stderr] test tests/compile_fail/duplicate_declared_metadata.rs ... error
[INFO] [stderr] Read-only file system (os error 30)
[INFO] [stderr] 
[INFO] [stderr] test tests/compile_fail/duplicate_metadata.rs ... error
[INFO] [stderr] Read-only file system (os error 30)
[INFO] [stderr] 
[INFO] [stderr] test tests/compile_fail/exhaustive_with_extra_columns.rs ... error
[INFO] [stderr] Read-only file system (os error 30)
[INFO] [stderr] 
[INFO] [stderr] test tests/compile_fail/generics.rs ... error
[INFO] [stderr] Read-only file system (os error 30)
[INFO] [stderr] 
[INFO] [stderr] test tests/compile_fail/malformed_declared_metadata.rs ... error
[INFO] [stderr] Read-only file system (os error 30)
[INFO] [stderr] 
[INFO] [stderr] test tests/compile_fail/no_static_schema.rs ... error
[INFO] [stderr] Read-only file system (os error 30)
[INFO] [stderr] 
[INFO] [stderr] test tests/compile_fail/punted_type.rs ... error
[INFO] [stderr] Read-only file system (os error 30)
[INFO] [stderr] 
[INFO] [stderr] test tests/compile_fail/unknown_attribute.rs ... error
[INFO] [stderr] Read-only file system (os error 30)
[INFO] [stderr] 
[INFO] [stderr] test tests/compile_fail/unsupported_type.rs ... error
[INFO] [stderr] Read-only file system (os error 30)
[INFO] [stderr] 
[INFO] [stderr] 
[INFO] [stderr] 
[INFO] [stdout] test compile_fail ... FAILED
[INFO] [stdout] 
[INFO] [stdout] failures:
[INFO] [stdout] 
[INFO] [stdout] ---- compile_fail stdout ----
[INFO] [stdout] 
[INFO] [stdout] thread 'compile_fail' (1528) panicked at /opt/rustwide/cargo-home/registry/src/index.crates.io-1949cf8c6b5b557f/trybuild-1.0.116/src/run.rs:102:13:
[INFO] [stdout] 12 of 12 tests failed
[INFO] [stdout] stack backtrace:
[INFO] [stdout]    0:     0x5b87140998d1 - <<std[70759c8f55707aa4]::sys::backtrace::BacktraceLock>::print::DisplayBacktrace as core[df12db4294e9bfd3]::fmt::Display>::fmt
[INFO] [stdout]    1:     0x5b87140aff5a - core[df12db4294e9bfd3]::fmt::write
[INFO] [stdout]    2:     0x5b871409e39c - <alloc[2182bb758b4b3781]::vec::Vec<u8> as core[df12db4294e9bfd3]::io::write::Write>::write_fmt
[INFO] [stdout]    3:     0x5b8714072db6 - std[70759c8f55707aa4]::panicking::default_hook::{closure#0}
[INFO] [stdout]    4:     0x5b8714090f49 - std[70759c8f55707aa4]::panicking::default_hook
[INFO] [stdout]    5:     0x5b871402a220 - test[9d35eded1c95d3be]::test_main_inner::<test[9d35eded1c95d3be]::test_main_static::{closure#0}>::{closure#0}
[INFO] [stdout]    6:     0x5b8714091102 - std[70759c8f55707aa4]::panicking::panic_with_hook
[INFO] [stdout]    7:     0x5b8714072e62 - std[70759c8f55707aa4]::panicking::panic_handler::{closure#0}
[INFO] [stdout]    8:     0x5b871406b729 - std[70759c8f55707aa4]::sys::backtrace::__rust_end_short_backtrace::<std[70759c8f55707aa4]::panicking::panic_handler::{closure#0}, !>
[INFO] [stdout]    9:     0x5b8714073a5d - __rustc[8fa7c3cbc660c2b3]::rust_begin_unwind
[INFO] [stdout]   10:     0x5b87140b06cc - core[df12db4294e9bfd3]::panicking::panic_fmt
[INFO] [stdout]   11:     0x5b8713f7a308 - <trybuild[5f71e835ff0e700c]::Runner>::run
[INFO] [stdout]   12:     0x5b8713f7de10 - <trybuild[5f71e835ff0e700c]::TestCases as core[df12db4294e9bfd3]::ops::drop::Drop>::drop
[INFO] [stdout]   13:     0x5b8713f74e68 - compile_fail[caa9813602754e5a]::compile_fail
[INFO] [stdout]   14:     0x5b8713f75069 - <compile_fail[caa9813602754e5a]::compile_fail::{closure#0} as core[df12db4294e9bfd3]::ops::function::FnOnce<()>>::call_once
[INFO] [stdout]   15:     0x5b871401d50b - test[9d35eded1c95d3be]::__rust_begin_short_backtrace::<core[df12db4294e9bfd3]::result::Result<(), alloc[2182bb758b4b3781]::string::String>, fn() -> core[df12db4294e9bfd3]::result::Result<(), alloc[2182bb758b4b3781]::string::String>>
[INFO] [stdout]   16:     0x5b871402ab75 - test[9d35eded1c95d3be]::run_test::{closure#0}
[INFO] [stdout]   17:     0x5b8714024434 - std[70759c8f55707aa4]::sys::backtrace::__rust_begin_short_backtrace::<test[9d35eded1c95d3be]::run_test::{closure#1}, ()>
[INFO] [stdout]   18:     0x5b871402dcd2 - <std[70759c8f55707aa4]::thread::lifecycle::spawn_unchecked<test[9d35eded1c95d3be]::run_test::{closure#1}, ()>::{closure#1} as core[df12db4294e9bfd3]::ops::function::FnOnce<()>>::call_once::{shim:vtable#0}
[INFO] [stdout]   19:     0x5b8714098b89 - <std[70759c8f55707aa4]::sys::thread::unix::Thread>::new::thread_start
[INFO] [stdout]   20:     0x714cf11fedfa - <unknown>
[INFO] [stdout]   21:     0x714cf12923d4 - clone
[INFO] [stdout]   22:                0x0 - <unknown>
[INFO] [stdout] 
[INFO] [stdout] 
[INFO] [stdout] failures:
[INFO] [stdout]     compile_fail
[INFO] [stdout] 
[INFO] [stdout] test result: FAILED. 0 passed; 1 failed; 0 ignored; 0 measured; 0 filtered out; finished in 19.63s
[INFO] [stdout] 
[INFO] [stderr] error: test failed, to rerun pass `--test compile_fail`
[INFO] running `Command { std: "docker" "inspect" "f142e5d0a800a43cde6002f270b1f8901f0c5b9f0443657d04564fe24c8d33a9", kill_on_drop: false }`
[INFO] running `Command { std: "docker" "rm" "-f" "f142e5d0a800a43cde6002f270b1f8901f0c5b9f0443657d04564fe24c8d33a9", kill_on_drop: false }`
[INFO] [stdout] f142e5d0a800a43cde6002f270b1f8901f0c5b9f0443657d04564fe24c8d33a9
