[INFO] fetching crate quietset 0.16.0...
[INFO] testing quietset-0.16.0 against 1.99.0-beta.8+cargoflags=--release for beta-release-1.100-2
[INFO] extracting crate quietset 0.16.0 into /workspace/builds/worker-2-tc1/source
[INFO] started tweaking crates.io crate quietset 0.16.0
[INFO] removed 0 missing tests
[INFO] finished tweaking crates.io crate quietset 0.16.0
[INFO] tweaked toml for crates.io crate quietset 0.16.0 written to /workspace/builds/worker-2-tc1/source/Cargo.toml
[INFO] validating manifest of crates.io crate quietset 0.16.0 on toolchain 1.99.0-beta.8
[INFO] running `Command { std: CARGO_HOME="/workspace/cargo-home" RUSTUP_HOME="/workspace/rustup-home" "/workspace/cargo-home/bin/cargo" "+1.99.0-beta.8" "metadata" "--manifest-path" "Cargo.toml" "--no-deps", kill_on_drop: false }`
[INFO] crate crates.io crate quietset 0.16.0 already has a lockfile, it will not be regenerated
[INFO] running `Command { std: CARGO_HOME="/workspace/cargo-home" RUSTUP_HOME="/workspace/rustup-home" "/workspace/cargo-home/bin/cargo" "+1.99.0-beta.8" "fetch" "--manifest-path" "Cargo.toml", kill_on_drop: false }`
[INFO] running `Command { std: "docker" "create" "-v" "/var/lib/crater-agent-workspace/builds/worker-2-tc1/source:/opt/rustwide/workdir:ro,Z" "-v" "/var/lib/crater-agent-workspace/builds/worker-2-tc1/target:/opt/rustwide/target:rw,Z" "-v" "/var/lib/crater-agent-workspace/cargo-home:/opt/rustwide/cargo-home:ro,Z" "-v" "/var/lib/crater-agent-workspace/rustup-home:/opt/rustwide/rustup-home:ro,Z" "-m" "1610612736" "--network" "none" "ghcr.io/rust-lang/crates-build-env/linux@sha256:77db811e55d90add9212f6832c23229e3de5f1c1f9905e8cb07319ea15df73ac" "sleep" "infinity", kill_on_drop: false }`
[INFO] [stdout] 819430b4c8ee3edd742f5c3ee099588228e3cb110a306971183411a6745b6de9
[INFO] running `Command { std: "docker" "start" "819430b4c8ee3edd742f5c3ee099588228e3cb110a306971183411a6745b6de9", kill_on_drop: false }`
[INFO] running `Command { std: "docker" "inspect" "819430b4c8ee3edd742f5c3ee099588228e3cb110a306971183411a6745b6de9", kill_on_drop: false }`
[INFO] running `Command { std: "docker" "exec" "-e" "SOURCE_DIR=/opt/rustwide/workdir" "-e" "CARGO_HOME=/opt/rustwide/cargo-home" "-e" "RUSTUP_HOME=/opt/rustwide/rustup-home" "-e" "CARGO_TARGET_DIR=/opt/rustwide/target" "-w" "/opt/rustwide/workdir" "--user" "0:0" "819430b4c8ee3edd742f5c3ee099588228e3cb110a306971183411a6745b6de9" "/opt/rustwide/cargo-home/bin/cargo" "+1.99.0-beta.8" "metadata" "--no-deps" "--format-version=1", kill_on_drop: false }`
[INFO] running `Command { std: "docker" "inspect" "819430b4c8ee3edd742f5c3ee099588228e3cb110a306971183411a6745b6de9", kill_on_drop: false }`
[INFO] running `Command { std: "docker" "exec" "-e" "SOURCE_DIR=/opt/rustwide/workdir" "-e" "CARGO_HOME=/opt/rustwide/cargo-home" "-e" "RUSTUP_HOME=/opt/rustwide/rustup-home" "-e" "CARGO_TARGET_DIR=/opt/rustwide/target" "-e" "CARGO_INCREMENTAL=0" "-e" "RUST_BACKTRACE=full" "-e" "RUSTFLAGS=--cap-lints=warn" "-e" "RUSTDOCFLAGS=--cap-lints=warn" "-w" "/opt/rustwide/workdir" "--user" "0:0" "819430b4c8ee3edd742f5c3ee099588228e3cb110a306971183411a6745b6de9" "/opt/rustwide/cargo-home/bin/cargo" "+1.99.0-beta.8" "build" "--frozen" "--message-format=json" "--release", kill_on_drop: false }`
[INFO] [stderr]    Compiling serde_core v1.0.228
[INFO] [stderr]    Compiling csv-core v0.1.13
[INFO] [stderr]    Compiling syn v2.0.118
[INFO] [stderr]    Compiling ordered-float v5.3.0
[INFO] [stderr]    Compiling thiserror-impl v2.0.18
[INFO] [stderr]    Compiling serde_derive v1.0.228
[INFO] [stderr]    Compiling indexmap v2.14.0
[INFO] [stderr]    Compiling serde_json v1.0.150
[INFO] [stderr]    Compiling csv v1.4.0
[INFO] [stderr]    Compiling thiserror v2.0.18
[INFO] [stderr]    Compiling serde v1.0.228
[INFO] [stderr]    Compiling quietset v0.16.0 (/opt/rustwide/workdir)
[INFO] [stderr]     Finished `release` profile [optimized] target(s) in 14.37s
[INFO] running `Command { std: "docker" "inspect" "819430b4c8ee3edd742f5c3ee099588228e3cb110a306971183411a6745b6de9", kill_on_drop: false }`
[INFO] running `Command { std: "docker" "exec" "-e" "SOURCE_DIR=/opt/rustwide/workdir" "-e" "CARGO_HOME=/opt/rustwide/cargo-home" "-e" "RUSTUP_HOME=/opt/rustwide/rustup-home" "-e" "CARGO_TARGET_DIR=/opt/rustwide/target" "-e" "CARGO_INCREMENTAL=0" "-e" "RUST_BACKTRACE=full" "-e" "RUSTFLAGS=--cap-lints=warn" "-e" "RUSTDOCFLAGS=--cap-lints=warn" "-w" "/opt/rustwide/workdir" "--user" "0:0" "819430b4c8ee3edd742f5c3ee099588228e3cb110a306971183411a6745b6de9" "/opt/rustwide/cargo-home/bin/cargo" "+1.99.0-beta.8" "test" "--frozen" "--no-run" "--message-format=json" "--release", kill_on_drop: false }`
[INFO] [stderr]    Compiling serde_core v1.0.228
[INFO] [stderr]    Compiling cc v1.2.65
[INFO] [stderr]    Compiling syn v2.0.118
[INFO] [stderr]    Compiling regex-automata v0.4.14
[INFO] [stderr]    Compiling ordered-float v5.3.0
[INFO] [stderr]    Compiling alloca v0.4.0
[INFO] [stderr]    Compiling regex v1.12.4
[INFO] [stderr]    Compiling serde_derive v1.0.228
[INFO] [stderr]    Compiling zerocopy-derive v0.8.52
[INFO] [stderr]    Compiling thiserror-impl v2.0.18
[INFO] [stderr]    Compiling serde_json v1.0.150
[INFO] [stderr]    Compiling csv v1.4.0
[INFO] [stderr]    Compiling indexmap v2.14.0
[INFO] [stderr]    Compiling thiserror v2.0.18
[INFO] [stderr]    Compiling zerocopy v0.8.52
[INFO] [stderr]    Compiling serde v1.0.228
[INFO] [stderr]    Compiling tinytemplate v1.2.1
[INFO] [stderr]    Compiling quietset v0.16.0 (/opt/rustwide/workdir)
[INFO] [stderr]    Compiling half v2.7.1
[INFO] [stderr]    Compiling ciborium-ll v0.2.2
[INFO] [stderr]    Compiling ciborium v0.2.2
[INFO] [stderr]    Compiling criterion v0.8.2
[INFO] [stderr]     Finished `release` profile [optimized] target(s) in 48.86s
[INFO] running `Command { std: "docker" "inspect" "819430b4c8ee3edd742f5c3ee099588228e3cb110a306971183411a6745b6de9", kill_on_drop: false }`
[INFO] running `Command { std: "docker" "exec" "-e" "SOURCE_DIR=/opt/rustwide/workdir" "-e" "CARGO_HOME=/opt/rustwide/cargo-home" "-e" "RUSTUP_HOME=/opt/rustwide/rustup-home" "-e" "CARGO_TARGET_DIR=/opt/rustwide/target" "-e" "CARGO_INCREMENTAL=0" "-e" "RUST_BACKTRACE=full" "-e" "RUSTFLAGS=--cap-lints=warn" "-e" "RUSTDOCFLAGS=--cap-lints=warn" "-w" "/opt/rustwide/workdir" "--user" "0:0" "819430b4c8ee3edd742f5c3ee099588228e3cb110a306971183411a6745b6de9" "/opt/rustwide/cargo-home/bin/cargo" "+1.99.0-beta.8" "test" "--frozen" "--release", kill_on_drop: false }`
[INFO] [stderr]     Finished `release` profile [optimized] target(s) in 0.10s
[INFO] [stderr]      Running unittests src/lib.rs (/opt/rustwide/target/release/deps/quietset-bbfe85e9f89f5205)
[INFO] [stdout] 
[INFO] [stdout] running 97 tests
[INFO] [stdout] test active_review::tests::test_action_target_fields_add_model_counts_distinct_plus_one ... ok
[INFO] [stdout] test active_review::tests::test_action_target_fields_add_seed_increments_max_observed_seed ... ok
[INFO] [stdout] test active_review::tests::test_risk_reduction_and_utility_for_at_risk_keep_sample ... ok
[INFO] [stdout] test active_review::tests::test_all_five_signals_map_to_distinct_suggested_actions ... ok
[INFO] [stdout] test active_review::tests::test_select_within_budget_zero_budget_selects_nothing ... ok
[INFO] [stdout] test active_review::tests::test_coverage_gain_and_utility_for_non_keep_sample ... ok
[INFO] [stdout] test agreement::tests::test_result_is_independent_of_pair_order ... ok
[INFO] [stdout] test active_review::tests::test_select_within_budget_skips_unaffordable_and_continues_scanning ... ok
[INFO] [stdout] test active_review::tests::test_select_within_budget_unbounded_includes_everything_sorted_by_utility ... ok
[INFO] [stdout] test active_review::tests::test_action_target_fields_none_when_relevant_raw_value_absent ... ok
[INFO] [stdout] test agreement::tests::test_reversed_rank_order_is_perfect_negative ... ok
[INFO] [stdout] test agreement::tests::test_ties_use_average_rank_not_arbitrary_order ... ok
[INFO] [stdout] test block::tests::test_compute_block_report_is_order_independent ... ok
[INFO] [stdout] test active_review::tests::test_action_target_fields_add_evaluator_counts_distinct_plus_one ... ok
[INFO] [stdout] test block::tests::test_multiple_layer_ids_within_one_block_is_normal ... ok
[INFO] [stdout] test active_review::tests::test_rank_active_review_is_order_independent ... ok
[INFO] [stdout] test agreement::tests::test_identical_rank_order_is_perfect_positive ... ok
[INFO] [stdout] test active_review::tests::test_rank_by_utility_reorders_vs_urgency ... ok
[INFO] [stdout] test block::tests::test_incomplete_loss_recipe_coverage_does_not_change_classification ... ok
[INFO] [stdout] test active_review::tests::test_no_labels_sample_has_none_flip_ratio_and_zero_expected_fields ... ok
[INFO] [stdout] test block::tests::test_insufficient_with_no_condition_axes ... ok
[INFO] [stdout] test block::tests::test_mixed_loss_recipe_overrides_pathological_too ... ok
[INFO] [stdout] test block::tests::test_partially_missing_fields_only_use_observations_that_carry_them ... ok
[INFO] [stdout] test block::tests::test_score_all_blocks_skips_observations_without_block_id ... ok
[INFO] [stdout] test active_review::tests::test_action_target_fields_increase_budget_doubles_max_observed_budget ... ok
[INFO] [stdout] test block::tests::test_score_all_blocks_values_are_order_independent_per_block_id ... ok
[INFO] [stdout] test block::tests::test_sensitivity_boundary_exact_value_is_not_flagged ... ok
[INFO] [stdout] test block::tests::test_seed_sensitive ... ok
[INFO] [stdout] test block::tests::test_sensitivity_boundary_just_below_value_is_flagged ... ok
[INFO] [stdout] test active_review::tests::test_action_target_fields_request_gold_label_has_no_targets ... ok
[INFO] [stdout] test agreement::tests::test_fewer_than_two_pairs_is_none ... ok
[INFO] [stdout] test block::tests::test_single_observation_is_insufficient_even_with_every_field_present ... ok
[INFO] [stdout] test agreement::tests::test_zero_variance_side_is_none ... ok
[INFO] [stdout] test block::tests::test_order_sensitive ... ok
[INFO] [stdout] test block::tests::test_loss_recipe_issues_reports_mixed_and_incomplete_but_not_clean_blocks ... ok
[INFO] [stdout] test block::tests::test_mixed_loss_recipe_forces_insufficient_even_over_stable_growth ... ok
[INFO] [stdout] test block::tests::test_single_checkpoint_only_leaves_checkpoint_factor_none ... ok
[INFO] [stdout] test block::tests::test_pathological_overrides_everything ... ok
[INFO] [stdout] test block::tests::test_stable_boundary_just_below_threshold_is_not_stable ... ok
[INFO] [stdout] test block::tests::test_stable_growth ... ok
[INFO] [stdout] test latent_truth::tests::test_compute_latent_truth_none_with_single_evaluator ... ok
[INFO] [stdout] test block::tests::test_loss_recipe_comparable_matches_mixed_and_cross_side_cases ... ok
[INFO] [stdout] test latent_truth::tests::test_compute_latent_truth_none_with_single_label ... ok
[INFO] [stdout] test block::tests::test_single_seed_only_leaves_seed_factor_none ... ok
[INFO] [stdout] test block::tests::test_stable_boundary_at_exact_threshold_is_stable ... ok
[INFO] [stdout] test block::tests::test_trajectory_sensitive ... ok
[INFO] [stdout] test block::tests::test_stable_shrink ... ok
[INFO] [stdout] test block::tests::test_zero_observations_is_insufficient_not_a_panic ... ok
[INFO] [stdout] test latent_truth::tests::test_correlated_evaluators_lower_effective_n_and_warn ... ok
[INFO] [stdout] test latent_truth::tests::test_compute_latent_truth_converges_quickly_on_clean_data ... ok
[INFO] [stdout] test latent_truth::tests::test_compute_latent_truth_adversarial_tie_hits_iteration_cap ... ok
[INFO] [stdout] test latent_truth::tests::test_demotion_reason_all_flags_off_returns_none ... ok
[INFO] [stdout] test latent_truth::tests::test_demotion_reason_correlated_warning_alone ... ok
[INFO] [stdout] test preflight::tests::test_before_after_identity_mismatch_is_detected_and_blocking ... ok
[INFO] [stdout] test preflight::tests::test_block_id_entirely_absent_is_blocking ... ok
[INFO] [stdout] test latent_truth::tests::test_correlated_twins_blind_spot_when_uncontested ... ok
[INFO] [stdout] test latent_truth::tests::test_demotion_reason_priority_order ... ok
[INFO] [stdout] test latent_truth::tests::test_evaluator_pairwise_correlation_independent_contingency_computed ... ok
[INFO] [stdout] test preflight::tests::test_block_spanning_two_run_ids_is_reported_as_mixed_and_blocking ... ok
[INFO] [stdout] test preflight::tests::test_blocks_with_fewer_than_three_seeds_are_listed_and_not_blocking ... ok
[INFO] [stdout] test latent_truth::tests::test_em_step_exact_two_evaluator_two_label ... ok
[INFO] [stdout] test latent_truth::tests::test_demotion_reason_min_effective_n_alone ... ok
[INFO] [stdout] test preflight::tests::test_checkpoint_correspondence_is_none_without_after ... ok
[INFO] [stdout] test latent_truth::tests::test_evaluator_effective_n_diagnostics_single_evaluator ... ok
[INFO] [stdout] test latent_truth::tests::test_evaluator_pairwise_correlation_below_min_shared_defaults_to_zero ... ok
[INFO] [stdout] test latent_truth::tests::test_evaluator_effective_n_diagnostics_arithmetic ... ok
[INFO] [stdout] test preflight::tests::test_loss_recipe_mismatch_block_is_not_comparable_and_blocking ... ok
[INFO] [stdout] test preflight::tests::test_one_sided_run_id_is_not_an_identity_mismatch ... ok
[INFO] [stdout] test preflight::tests::test_findings_are_empty_and_ready_on_a_fully_instrumented_dataset ... ok
[INFO] [stdout] test stable_wrong::tests::test_hand_derived_evaluator_and_model_rates ... ok
[INFO] [stdout] test latent_truth::tests::test_demotion_reason_non_convergence_alone ... ok
[INFO] [stdout] test latent_truth::tests::test_evaluator_pairwise_correlation_exact_full_correlation ... ok
[INFO] [stdout] test preflight::tests::test_block_with_partial_run_id_is_incomplete_coverage_and_a_warning ... ok
[INFO] [stdout] test preflight::tests::test_partial_field_coverage_is_warning_not_blocking ... ok
[INFO] [stdout] test preflight::tests::test_after_side_coverage_is_reported_separately_from_input_side ... ok
[INFO] [stdout] test stable_wrong::tests::test_non_keep_samples_never_contribute_no_vacuous_rows ... ok
[INFO] [stdout] test latent_truth::tests::test_compute_latent_truth_terminates_on_adversarial_tie ... ok
[INFO] [stdout] test preflight::tests::test_run_id_check_is_inert_when_run_id_absent_everywhere ... ok
[INFO] [stdout] test stable_wrong::tests::test_sort_order_ties_break_by_key_ascending ... ok
[INFO] [stdout] test preflight::tests::test_missing_block_id_observations_are_counted_not_silently_dropped ... ok
[INFO] [stdout] test preflight::tests::test_zero_matched_blocks_is_blocking ... ok
[INFO] [stdout] test stable_wrong::tests::test_multi_evaluator_sample_contributes_to_both_non_partition ... ok
[INFO] [stdout] test stable_wrong::tests::test_hand_derived_budget_rates_with_dedup ... ok
[INFO] [stdout] test trajectory_audit::tests::test_group_size_mismatch_detected ... ok
[INFO] [stdout] test preflight::tests::test_checkpoint_correspondence_lists_blocks_present_on_only_one_side ... ok
[INFO] [stdout] test trajectory_audit::tests::test_only_matched_blocks_are_reported ... ok
[INFO] [stdout] test trajectory_audit::tests::test_compute_trajectory_audit_is_order_independent ... ok
[INFO] [stdout] test trajectory_audit::tests::test_destructive_block_sorts_first ... ok
[INFO] [stdout] test trajectory_audit::tests::test_empty_before_and_after_produces_no_entries ... ok
[INFO] [stdout] test trajectory_audit::tests::test_loss_recipe_mismatch_marks_entry_not_comparable ... ok
[INFO] [stdout] test trajectory_audit::tests::test_loss_recipe_mixed_within_one_side_is_not_comparable_even_if_sets_match ... ok
[INFO] [stdout] test trajectory_audit::tests::test_reproducibility_3seed_requires_at_least_three_seeds ... ok
[INFO] [stdout] test trajectory_audit::tests::test_group_size_match_reports_nothing ... ok
[INFO] [stdout] test trajectory_audit::tests::test_same_loss_recipe_both_sides_is_comparable ... ok
[INFO] [stdout] test preflight::tests::test_field_coverage_reports_fraction_present ... ok
[INFO] [stdout] test trajectory_audit::tests::test_missing_layer_id_on_one_side_treats_it_as_zero_not_a_crash ... ok
[INFO] [stdout] test trajectory_audit::tests::test_missing_loss_recipe_on_both_sides_is_comparable ... ok
[INFO] [stdout] 
[INFO] [stdout] test result: ok. 97 passed; 0 failed; 0 ignored; 0 measured; 0 filtered out; finished in 0.01s
[INFO] [stdout] 
[INFO] [stderr]      Running tests/docs_consistency.rs (/opt/rustwide/target/release/deps/docs_consistency-a5ea94bcb2666922)
[INFO] [stdout] 
[INFO] [stdout] running 3 tests
[INFO] [stdout] test readme_provenance_table_and_metrics_doc_list_the_same_metrics ... FAILED
[INFO] [stdout] test latent_truth_confidence_caveat_is_documented_as_not_a_correctness_guarantee ... FAILED
[INFO] [stderr] error: test failed, to rerun pass `--test docs_consistency`
[INFO] [stdout] test stability_score_is_documented_as_not_a_calibrated_probability ... FAILED
[INFO] [stdout] 
[INFO] [stdout] failures:
[INFO] [stdout] 
[INFO] [stdout] ---- readme_provenance_table_and_metrics_doc_list_the_same_metrics stdout ----
[INFO] [stdout] 
[INFO] [stdout] thread 'readme_provenance_table_and_metrics_doc_list_the_same_metrics' (1075) panicked at tests/docs_consistency.rs:27:29:
[INFO] [stdout] failed to read ../../README.md: No such file or directory (os error 2)
[INFO] [stdout] stack backtrace:
[INFO] [stdout]    0:     0x57232801f071 - <<std[70759c8f55707aa4]::sys::backtrace::BacktraceLock>::print::DisplayBacktrace as core[df12db4294e9bfd3]::fmt::Display>::fmt
[INFO] [stdout]    1:     0x5723280332ba - core[df12db4294e9bfd3]::fmt::write
[INFO] [stdout]    2:     0x57232802350c - <alloc[2182bb758b4b3781]::vec::Vec<u8> as core[df12db4294e9bfd3]::io::write::Write>::write_fmt
[INFO] [stdout]    3:     0x572327ffb2f6 - std[70759c8f55707aa4]::panicking::default_hook::{closure#0}
[INFO] [stdout]    4:     0x572328017469 - std[70759c8f55707aa4]::panicking::default_hook
[INFO] [stdout]    5:     0x572327fb33a0 - test[9d35eded1c95d3be]::test_main_inner::<test[9d35eded1c95d3be]::test_main_static::{closure#0}>::{closure#0}
[INFO] [stdout]    6:     0x572328017622 - std[70759c8f55707aa4]::panicking::panic_with_hook
[INFO] [stdout]    7:     0x572327ffb3a2 - std[70759c8f55707aa4]::panicking::panic_handler::{closure#0}
[INFO] [stdout]    8:     0x572327ff3f99 - std[70759c8f55707aa4]::sys::backtrace::__rust_end_short_backtrace::<std[70759c8f55707aa4]::panicking::panic_handler::{closure#0}, !>
[INFO] [stdout]    9:     0x572327ffbf9d - __rustc[8fa7c3cbc660c2b3]::rust_begin_unwind
[INFO] [stdout]   10:     0x5723280339ec - core[df12db4294e9bfd3]::panicking::panic_fmt
[INFO] [stdout]   11:     0x572327fa3d1a - docs_consistency[e095bc7003c76ff]::read::{closure#0}
[INFO] [stdout]   12:     0x572327fa4e74 - <docs_consistency[e095bc7003c76ff]::readme_provenance_table_and_metrics_doc_list_the_same_metrics::{closure#0} as core[df12db4294e9bfd3]::ops::function::FnOnce<()>>::call_once
[INFO] [stdout]   13:     0x572327fa668b - test[9d35eded1c95d3be]::__rust_begin_short_backtrace::<core[df12db4294e9bfd3]::result::Result<(), alloc[2182bb758b4b3781]::string::String>, fn() -> core[df12db4294e9bfd3]::result::Result<(), alloc[2182bb758b4b3781]::string::String>>
[INFO] [stdout]   14:     0x572327fb3cf5 - test[9d35eded1c95d3be]::run_test::{closure#0}
[INFO] [stdout]   15:     0x572327fad5b4 - std[70759c8f55707aa4]::sys::backtrace::__rust_begin_short_backtrace::<test[9d35eded1c95d3be]::run_test::{closure#1}, ()>
[INFO] [stdout]   16:     0x572327fb6e52 - <std[70759c8f55707aa4]::thread::lifecycle::spawn_unchecked<test[9d35eded1c95d3be]::run_test::{closure#1}, ()>::{closure#1} as core[df12db4294e9bfd3]::ops::function::FnOnce<()>>::call_once::{shim:vtable#0}
[INFO] [stdout]   17:     0x57232801e5d9 - <std[70759c8f55707aa4]::sys::thread::unix::Thread>::new::thread_start
[INFO] [stdout]   18:     0x7d04e9a78dfa - <unknown>
[INFO] [stdout]   19:     0x7d04e9b0c3d4 - clone
[INFO] [stdout]   20:                0x0 - <unknown>
[INFO] [stdout] 
[INFO] [stdout] ---- latent_truth_confidence_caveat_is_documented_as_not_a_correctness_guarantee stdout ----
[INFO] [stdout] 
[INFO] [stdout] thread 'latent_truth_confidence_caveat_is_documented_as_not_a_correctness_guarantee' (1074) panicked at tests/docs_consistency.rs:27:29:
[INFO] [stdout] failed to read ../../README.md: No such file or directory (os error 2)
[INFO] [stdout] stack backtrace:
[INFO] [stdout]    0:     0x57232801f071 - <<std[70759c8f55707aa4]::sys::backtrace::BacktraceLock>::print::DisplayBacktrace as core[df12db4294e9bfd3]::fmt::Display>::fmt
[INFO] [stdout]    1:     0x5723280332ba - core[df12db4294e9bfd3]::fmt::write
[INFO] [stdout]    2:     0x57232802350c - <alloc[2182bb758b4b3781]::vec::Vec<u8> as core[df12db4294e9bfd3]::io::write::Write>::write_fmt
[INFO] [stdout]    3:     0x572327ffb2f6 - std[70759c8f55707aa4]::panicking::default_hook::{closure#0}
[INFO] [stdout]    4:     0x572328017469 - std[70759c8f55707aa4]::panicking::default_hook
[INFO] [stdout]    5:     0x572327fb33a0 - test[9d35eded1c95d3be]::test_main_inner::<test[9d35eded1c95d3be]::test_main_static::{closure#0}>::{closure#0}
[INFO] [stdout]    6:     0x572328017622 - std[70759c8f55707aa4]::panicking::panic_with_hook
[INFO] [stdout]    7:     0x572327ffb3a2 - std[70759c8f55707aa4]::panicking::panic_handler::{closure#0}
[INFO] [stdout]    8:     0x572327ff3f99 - std[70759c8f55707aa4]::sys::backtrace::__rust_end_short_backtrace::<std[70759c8f55707aa4]::panicking::panic_handler::{closure#0}, !>
[INFO] [stdout]    9:     0x572327ffbf9d - __rustc[8fa7c3cbc660c2b3]::rust_begin_unwind
[INFO] [stdout]   10:     0x5723280339ec - core[df12db4294e9bfd3]::panicking::panic_fmt
[INFO] [stdout]   11:     0x572327fa3d1a - docs_consistency[e095bc7003c76ff]::read::{closure#0}
[INFO] [stdout]   12:     0x572327fa57c1 - <docs_consistency[e095bc7003c76ff]::latent_truth_confidence_caveat_is_documented_as_not_a_correctness_guarantee::{closure#0} as core[df12db4294e9bfd3]::ops::function::FnOnce<()>>::call_once
[INFO] [stdout]   13:     0x572327fa668b - test[9d35eded1c95d3be]::__rust_begin_short_backtrace::<core[df12db4294e9bfd3]::result::Result<(), alloc[2182bb758b4b3781]::string::String>, fn() -> core[df12db4294e9bfd3]::result::Result<(), alloc[2182bb758b4b3781]::string::String>>
[INFO] [stdout]   14:     0x572327fb3cf5 - test[9d35eded1c95d3be]::run_test::{closure#0}
[INFO] [stdout]   15:     0x572327fad5b4 - std[70759c8f55707aa4]::sys::backtrace::__rust_begin_short_backtrace::<test[9d35eded1c95d3be]::run_test::{closure#1}, ()>
[INFO] [stdout]   16:     0x572327fb6e52 - <std[70759c8f55707aa4]::thread::lifecycle::spawn_unchecked<test[9d35eded1c95d3be]::run_test::{closure#1}, ()>::{closure#1} as core[df12db4294e9bfd3]::ops::function::FnOnce<()>>::call_once::{shim:vtable#0}
[INFO] [stdout]   17:     0x57232801e5d9 - <std[70759c8f55707aa4]::sys::thread::unix::Thread>::new::thread_start
[INFO] [stdout]   18:     0x7d04e9a78dfa - <unknown>
[INFO] [stdout]   19:     0x7d04e9b0c3d4 - clone
[INFO] [stdout]   20:                0x0 - <unknown>
[INFO] [stdout] 
[INFO] [stdout] ---- stability_score_is_documented_as_not_a_calibrated_probability stdout ----
[INFO] [stdout] 
[INFO] [stdout] thread 'stability_score_is_documented_as_not_a_calibrated_probability' (1076) panicked at tests/docs_consistency.rs:27:29:
[INFO] [stdout] failed to read ../../README.md: No such file or directory (os error 2)
[INFO] [stdout] stack backtrace:
[INFO] [stdout]    0:     0x57232801f071 - <<std[70759c8f55707aa4]::sys::backtrace::BacktraceLock>::print::DisplayBacktrace as core[df12db4294e9bfd3]::fmt::Display>::fmt
[INFO] [stdout]    1:     0x5723280332ba - core[df12db4294e9bfd3]::fmt::write
[INFO] [stdout]    2:     0x57232802350c - <alloc[2182bb758b4b3781]::vec::Vec<u8> as core[df12db4294e9bfd3]::io::write::Write>::write_fmt
[INFO] [stdout]    3:     0x572327ffb2f6 - std[70759c8f55707aa4]::panicking::default_hook::{closure#0}
[INFO] [stdout]    4:     0x572328017469 - std[70759c8f55707aa4]::panicking::default_hook
[INFO] [stdout]    5:     0x572327fb33a0 - test[9d35eded1c95d3be]::test_main_inner::<test[9d35eded1c95d3be]::test_main_static::{closure#0}>::{closure#0}
[INFO] [stdout]    6:     0x572328017622 - std[70759c8f55707aa4]::panicking::panic_with_hook
[INFO] [stdout]    7:     0x572327ffb3a2 - std[70759c8f55707aa4]::panicking::panic_handler::{closure#0}
[INFO] [stdout]    8:     0x572327ff3f99 - std[70759c8f55707aa4]::sys::backtrace::__rust_end_short_backtrace::<std[70759c8f55707aa4]::panicking::panic_handler::{closure#0}, !>
[INFO] [stdout]    9:     0x572327ffbf9d - __rustc[8fa7c3cbc660c2b3]::rust_begin_unwind
[INFO] [stdout]   10:     0x5723280339ec - core[df12db4294e9bfd3]::panicking::panic_fmt
[INFO] [stdout]   11:     0x572327fa3d1a - docs_consistency[e095bc7003c76ff]::read::{closure#0}
[INFO] [stdout]   12:     0x572327fa5301 - <docs_consistency[e095bc7003c76ff]::stability_score_is_documented_as_not_a_calibrated_probability::{closure#0} as core[df12db4294e9bfd3]::ops::function::FnOnce<()>>::call_once
[INFO] [stdout]   13:     0x572327fa668b - test[9d35eded1c95d3be]::__rust_begin_short_backtrace::<core[df12db4294e9bfd3]::result::Result<(), alloc[2182bb758b4b3781]::string::String>, fn() -> core[df12db4294e9bfd3]::result::Result<(), alloc[2182bb758b4b3781]::string::String>>
[INFO] [stdout]   14:     0x572327fb3cf5 - test[9d35eded1c95d3be]::run_test::{closure#0}
[INFO] [stdout]   15:     0x572327fad5b4 - std[70759c8f55707aa4]::sys::backtrace::__rust_begin_short_backtrace::<test[9d35eded1c95d3be]::run_test::{closure#1}, ()>
[INFO] [stdout]   16:     0x572327fb6e52 - <std[70759c8f55707aa4]::thread::lifecycle::spawn_unchecked<test[9d35eded1c95d3be]::run_test::{closure#1}, ()>::{closure#1} as core[df12db4294e9bfd3]::ops::function::FnOnce<()>>::call_once::{shim:vtable#0}
[INFO] [stdout]   17:     0x57232801e5d9 - <std[70759c8f55707aa4]::sys::thread::unix::Thread>::new::thread_start
[INFO] [stdout]   18:     0x7d04e9a78dfa - <unknown>
[INFO] [stdout]   19:     0x7d04e9b0c3d4 - clone
[INFO] [stdout]   20:                0x0 - <unknown>
[INFO] [stdout] 
[INFO] [stdout] 
[INFO] [stdout] failures:
[INFO] [stdout]     latent_truth_confidence_caveat_is_documented_as_not_a_correctness_guarantee
[INFO] [stdout]     readme_provenance_table_and_metrics_doc_list_the_same_metrics
[INFO] [stdout]     stability_score_is_documented_as_not_a_calibrated_probability
[INFO] [stdout] 
[INFO] [stdout] test result: FAILED. 0 passed; 3 failed; 0 ignored; 0 measured; 0 filtered out; finished in 0.00s
[INFO] [stdout] 
[INFO] running `Command { std: "docker" "inspect" "819430b4c8ee3edd742f5c3ee099588228e3cb110a306971183411a6745b6de9", kill_on_drop: false }`
[INFO] running `Command { std: "docker" "rm" "-f" "819430b4c8ee3edd742f5c3ee099588228e3cb110a306971183411a6745b6de9", kill_on_drop: false }`
[INFO] [stdout] 819430b4c8ee3edd742f5c3ee099588228e3cb110a306971183411a6745b6de9
