[INFO] fetching crate quietset-cli 0.16.0...
[INFO] testing quietset-cli-0.16.0 against 1.99.0-beta.8+cargoflags=--release for beta-release-1.100-2
[INFO] extracting crate quietset-cli 0.16.0 into /workspace/builds/worker-1-tc1/source
[INFO] started tweaking crates.io crate quietset-cli 0.16.0
[INFO] removed 0 missing tests
[INFO] finished tweaking crates.io crate quietset-cli 0.16.0
[INFO] tweaked toml for crates.io crate quietset-cli 0.16.0 written to /workspace/builds/worker-1-tc1/source/Cargo.toml
[INFO] validating manifest of crates.io crate quietset-cli 0.16.0 on toolchain 1.99.0-beta.8
[INFO] running `Command { std: CARGO_HOME="/workspace/cargo-home" RUSTUP_HOME="/workspace/rustup-home" "/workspace/cargo-home/bin/cargo" "+1.99.0-beta.8" "metadata" "--manifest-path" "Cargo.toml" "--no-deps", kill_on_drop: false }`
[INFO] crate crates.io crate quietset-cli 0.16.0 already has a lockfile, it will not be regenerated
[INFO] running `Command { std: CARGO_HOME="/workspace/cargo-home" RUSTUP_HOME="/workspace/rustup-home" "/workspace/cargo-home/bin/cargo" "+1.99.0-beta.8" "fetch" "--manifest-path" "Cargo.toml", kill_on_drop: false }`
[INFO] [stderr]     Updating crates.io index
[INFO] [stderr]  Downloading crates ...
[INFO] [stderr]   Downloaded assert_cmd v2.2.2
[INFO] [stderr]   Downloaded quietset v0.16.0
[INFO] [stderr]   Downloaded bstr v1.12.3
[INFO] running `Command { std: "docker" "create" "-v" "/var/lib/crater-agent-workspace/builds/worker-1-tc1/source:/opt/rustwide/workdir:ro,Z" "-v" "/var/lib/crater-agent-workspace/builds/worker-1-tc1/target:/opt/rustwide/target:rw,Z" "-v" "/var/lib/crater-agent-workspace/cargo-home:/opt/rustwide/cargo-home:ro,Z" "-v" "/var/lib/crater-agent-workspace/rustup-home:/opt/rustwide/rustup-home:ro,Z" "-m" "1610612736" "--network" "none" "ghcr.io/rust-lang/crates-build-env/linux@sha256:77db811e55d90add9212f6832c23229e3de5f1c1f9905e8cb07319ea15df73ac" "sleep" "infinity", kill_on_drop: false }`
[INFO] [stdout] 54ed71047bf1a22549b4cf778e474cfa104a93fd829da1d9aeb424f10e736c96
[INFO] running `Command { std: "docker" "start" "54ed71047bf1a22549b4cf778e474cfa104a93fd829da1d9aeb424f10e736c96", kill_on_drop: false }`
[INFO] running `Command { std: "docker" "inspect" "54ed71047bf1a22549b4cf778e474cfa104a93fd829da1d9aeb424f10e736c96", kill_on_drop: false }`
[INFO] running `Command { std: "docker" "exec" "-e" "SOURCE_DIR=/opt/rustwide/workdir" "-e" "CARGO_HOME=/opt/rustwide/cargo-home" "-e" "RUSTUP_HOME=/opt/rustwide/rustup-home" "-e" "CARGO_TARGET_DIR=/opt/rustwide/target" "-w" "/opt/rustwide/workdir" "--user" "0:0" "54ed71047bf1a22549b4cf778e474cfa104a93fd829da1d9aeb424f10e736c96" "/opt/rustwide/cargo-home/bin/cargo" "+1.99.0-beta.8" "metadata" "--no-deps" "--format-version=1", kill_on_drop: false }`
[INFO] running `Command { std: "docker" "inspect" "54ed71047bf1a22549b4cf778e474cfa104a93fd829da1d9aeb424f10e736c96", kill_on_drop: false }`
[INFO] running `Command { std: "docker" "exec" "-e" "SOURCE_DIR=/opt/rustwide/workdir" "-e" "CARGO_HOME=/opt/rustwide/cargo-home" "-e" "RUSTUP_HOME=/opt/rustwide/rustup-home" "-e" "CARGO_TARGET_DIR=/opt/rustwide/target" "-e" "CARGO_INCREMENTAL=0" "-e" "RUST_BACKTRACE=full" "-e" "RUSTFLAGS=--cap-lints=warn" "-e" "RUSTDOCFLAGS=--cap-lints=warn" "-w" "/opt/rustwide/workdir" "--user" "0:0" "54ed71047bf1a22549b4cf778e474cfa104a93fd829da1d9aeb424f10e736c96" "/opt/rustwide/cargo-home/bin/cargo" "+1.99.0-beta.8" "build" "--frozen" "--message-format=json" "--release", kill_on_drop: false }`
[INFO] [stderr]    Compiling serde_core v1.0.228
[INFO] [stderr]    Compiling memchr v2.8.2
[INFO] [stderr]    Compiling anyhow v1.0.103
[INFO] [stderr]    Compiling quote v1.0.46
[INFO] [stderr]    Compiling ordered-float v5.3.0
[INFO] [stderr]    Compiling syn v2.0.118
[INFO] [stderr]    Compiling csv-core v0.1.13
[INFO] [stderr]    Compiling serde_json v1.0.150
[INFO] [stderr]    Compiling csv v1.4.0
[INFO] [stderr]    Compiling indexmap v2.14.0
[INFO] [stderr]    Compiling serde_derive v1.0.228
[INFO] [stderr]    Compiling thiserror-impl v2.0.18
[INFO] [stderr]    Compiling clap_derive v4.6.1
[INFO] [stderr]    Compiling thiserror v2.0.18
[INFO] [stderr]    Compiling clap v4.6.1
[INFO] [stderr]    Compiling serde v1.0.228
[INFO] [stderr]    Compiling quietset v0.16.0
[INFO] [stderr]    Compiling quietset-cli v0.16.0 (/opt/rustwide/workdir)
[INFO] [stderr]     Finished `release` profile [optimized] target(s) in 39.24s
[INFO] running `Command { std: "docker" "inspect" "54ed71047bf1a22549b4cf778e474cfa104a93fd829da1d9aeb424f10e736c96", kill_on_drop: false }`
[INFO] running `Command { std: "docker" "exec" "-e" "SOURCE_DIR=/opt/rustwide/workdir" "-e" "CARGO_HOME=/opt/rustwide/cargo-home" "-e" "RUSTUP_HOME=/opt/rustwide/rustup-home" "-e" "CARGO_TARGET_DIR=/opt/rustwide/target" "-e" "CARGO_INCREMENTAL=0" "-e" "RUST_BACKTRACE=full" "-e" "RUSTFLAGS=--cap-lints=warn" "-e" "RUSTDOCFLAGS=--cap-lints=warn" "-w" "/opt/rustwide/workdir" "--user" "0:0" "54ed71047bf1a22549b4cf778e474cfa104a93fd829da1d9aeb424f10e736c96" "/opt/rustwide/cargo-home/bin/cargo" "+1.99.0-beta.8" "test" "--frozen" "--no-run" "--message-format=json" "--release", kill_on_drop: false }`
[INFO] [stderr]    Compiling predicates-core v1.0.10
[INFO] [stderr]    Compiling assert_cmd v2.2.2
[INFO] [stderr]    Compiling termtree v0.5.1
[INFO] [stderr]    Compiling regex-automata v0.4.14
[INFO] [stderr]    Compiling wait-timeout v0.2.1
[INFO] [stderr]    Compiling predicates v3.1.4
[INFO] [stderr]    Compiling predicates-tree v1.0.13
[INFO] [stderr]    Compiling bstr v1.12.3
[INFO] [stderr]    Compiling quietset-cli v0.16.0 (/opt/rustwide/workdir)
[INFO] [stderr]     Finished `release` profile [optimized] target(s) in 8.34s
[INFO] running `Command { std: "docker" "inspect" "54ed71047bf1a22549b4cf778e474cfa104a93fd829da1d9aeb424f10e736c96", kill_on_drop: false }`
[INFO] running `Command { std: "docker" "exec" "-e" "SOURCE_DIR=/opt/rustwide/workdir" "-e" "CARGO_HOME=/opt/rustwide/cargo-home" "-e" "RUSTUP_HOME=/opt/rustwide/rustup-home" "-e" "CARGO_TARGET_DIR=/opt/rustwide/target" "-e" "CARGO_INCREMENTAL=0" "-e" "RUST_BACKTRACE=full" "-e" "RUSTFLAGS=--cap-lints=warn" "-e" "RUSTDOCFLAGS=--cap-lints=warn" "-w" "/opt/rustwide/workdir" "--user" "0:0" "54ed71047bf1a22549b4cf778e474cfa104a93fd829da1d9aeb424f10e736c96" "/opt/rustwide/cargo-home/bin/cargo" "+1.99.0-beta.8" "test" "--frozen" "--release", kill_on_drop: false }`
[INFO] [stderr]     Finished `release` profile [optimized] target(s) in 0.09s
[INFO] [stderr]      Running unittests src/main.rs (/opt/rustwide/target/release/deps/quietset-2135c92c0267c95a)
[INFO] [stdout] 
[INFO] [stdout] running 0 tests
[INFO] [stdout] 
[INFO] [stdout] test result: ok. 0 passed; 0 failed; 0 ignored; 0 measured; 0 filtered out; finished in 0.00s
[INFO] [stdout] 
[INFO] [stderr]      Running tests/cli.rs (/opt/rustwide/target/release/deps/cli-082a510dc050d637)
[INFO] [stdout] 
[INFO] [stdout] running 50 tests
[INFO] [stdout] test calibrate_group_by_warns_when_the_field_is_absent_everywhere ... ok
[INFO] [stdout] test calibrate_group_by_works_for_opening_family ... ok
[INFO] [stdout] test block_score_classifies_a_stable_growth_block ... ok
[INFO] [stdout] test block_score_warns_and_marks_insufficient_on_mixed_loss_recipe ... ok
[INFO] [stdout] test active_review_observations_populates_target_budget_for_increase_budget_action ... ok
[INFO] [stdout] test filter_all_invalid_with_skip_invalid_fails_instead_of_silently_succeeding ... ok
[INFO] [stdout] test calibrate_group_by_without_heldout_warns_it_is_a_no_op ... ok
[INFO] [stdout] test calibrate_group_leakage_json_keys_are_fixed ... ok
[INFO] [stdout] test explain_missing_sample_id_without_corruption_reports_not_found ... FAILED
[INFO] [stdout] test game_ai_profile_flags_budget_flip_instability ... ok
[INFO] [stdout] test calibrate_group_by_warns_on_partial_group_field_coverage ... ok
[INFO] [stdout] test explain_reports_parse_error_not_misleading_not_found ... FAILED
[INFO] [stdout] test policy_csv_output_has_header_and_fixed_columns ... ok
[INFO] [stdout] test game_ai_profile_flags_sign_flip_instability ... ok
[INFO] [stdout] test game_ai_profile_keeps_stable_signed_scores ... ok
[INFO] [stdout] test game_ai_profile_flags_seed_sensitivity_and_targets_add_seed ... ok
[INFO] [stdout] test active_review_plan_respects_budget_and_defaults_to_unbounded ... ok
[INFO] [stdout] test active_review_observations_populates_target_seed_for_add_seed_action ... ok
[INFO] [stdout] test preflight_after_rejects_stdin ... ok
[INFO] [stdout] test preflight_exits_zero_when_only_warnings_are_found ... ok
[INFO] [stdout] test preflight_json_output_is_a_single_object ... ok
[INFO] [stdout] test game_ai_single_engine_profile_keeps_what_game_ai_profile_wrongly_demotes ... ok
[INFO] [stdout] test preflight_empty_input_fails ... ok
[INFO] [stdout] test score_csv_header_is_unchanged_by_trajectory_stability_fields ... FAILED
[INFO] [stdout] test preflight_reports_partial_block_id_coverage ... ok
[INFO] [stdout] test active_review_observations_populates_target_evaluator_slot_for_add_evaluator_action ... ok
[INFO] [stdout] test preflight_seed_shortage_alone_is_not_blocking ... ok
[INFO] [stdout] test preflight_exits_one_when_a_blocking_issue_is_found ... ok
[INFO] [stdout] test calibrate_fail_below_target_exits_nonzero_but_still_prints_output ... ok
[INFO] [stdout] test preflight_with_after_reports_blocks_present_on_only_one_side ... ok
[INFO] [stdout] test score_csv_skip_invalid_skips_bad_row ... ok
[INFO] [stdout] test preflight_report_only_exits_zero_but_reports_identically ... ok
[INFO] [stdout] test score_then_filter_pipeline_via_files ... FAILED
[INFO] [stdout] test preflight_detects_before_after_identity_mismatch ... ok
[INFO] [stdout] test score_jsonl_succeeds_on_valid_fixture ... FAILED
[INFO] [stdout] test score_prints_keep_rate_summary_to_stderr_by_default ... FAILED
[INFO] [stdout] test calibrate_csv_output_has_header_and_one_data_row ... ok
[INFO] [stdout] test stable_wrong_risk_breakdown_off_by_default ... ok
[INFO] [stdout] test score_invalid_jsonl_with_skip_invalid_succeeds_and_warns ... ok
[INFO] [stdout] test trajectory_audit_marks_loss_recipe_mismatch_not_comparable ... ok
[INFO] [stdout] test block_score_warns_when_no_block_id_present ... ok
[INFO] [stdout] test score_invalid_jsonl_without_skip_invalid_fails ... ok
[INFO] [stdout] test calibrate_group_by_warns_and_reports_leaked_source_root_id ... ok
[INFO] [stdout] test active_review_output_has_expected_value_fields_and_renamed_actions ... ok
[INFO] [stdout] test stable_wrong_risk_breakdown_computes_real_evaluator_rate ... ok
[INFO] [stdout] test trajectory_audit_flags_a_destructive_block_like_b5 ... ok
[INFO] [stdout] test trajectory_audit_reports_nothing_when_no_blocks_match ... ok
[INFO] [stdout] test version_flag_reports_cargo_package_version ... ok
[INFO] [stdout] test score_warns_when_min_evaluators_keep_exceeds_dataset_evaluator_count ... ok
[INFO] [stdout] test active_review_observations_populates_target_model_slot_for_add_model_action ... ok
[INFO] [stderr] error: test failed, to rerun pass `--test cli`
[INFO] [stdout] 
[INFO] [stdout] failures:
[INFO] [stdout] 
[INFO] [stdout] ---- explain_missing_sample_id_without_corruption_reports_not_found stdout ----
[INFO] [stdout] 
[INFO] [stdout] thread 'explain_missing_sample_id_without_corruption_reports_not_found' (786) panicked at tests/cli.rs:133:5:
[INFO] [stdout] assertion failed: scored.status.success()
[INFO] [stdout] stack backtrace:
[INFO] [stdout]    0:     0x5c393f9ae5f1 - <<std[70759c8f55707aa4]::sys::backtrace::BacktraceLock>::print::DisplayBacktrace as core[df12db4294e9bfd3]::fmt::Display>::fmt
[INFO] [stdout]    1:     0x5c393f9c40aa - core[df12db4294e9bfd3]::fmt::write
[INFO] [stdout]    2:     0x5c393f9b2c7c - <alloc[2182bb758b4b3781]::vec::Vec<u8> as core[df12db4294e9bfd3]::io::write::Write>::write_fmt
[INFO] [stdout]    3:     0x5c393f989b16 - std[70759c8f55707aa4]::panicking::default_hook::{closure#0}
[INFO] [stdout]    4:     0x5c393f9a6669 - std[70759c8f55707aa4]::panicking::default_hook
[INFO] [stdout]    5:     0x5c393f939bf0 - test[9d35eded1c95d3be]::test_main_inner::<test[9d35eded1c95d3be]::test_main_static::{closure#0}>::{closure#0}
[INFO] [stdout]    6:     0x5c393f9a6822 - std[70759c8f55707aa4]::panicking::panic_with_hook
[INFO] [stdout]    7:     0x5c393f989bf4 - std[70759c8f55707aa4]::panicking::panic_handler::{closure#0}
[INFO] [stdout]    8:     0x5c393f982709 - std[70759c8f55707aa4]::sys::backtrace::__rust_end_short_backtrace::<std[70759c8f55707aa4]::panicking::panic_handler::{closure#0}, !>
[INFO] [stdout]    9:     0x5c393f98a7bd - __rustc[8fa7c3cbc660c2b3]::rust_begin_unwind
[INFO] [stdout]   10:     0x5c393f9c47dc - core[df12db4294e9bfd3]::panicking::panic_fmt
[INFO] [stdout]   11:     0x5c393f9c47a2 - core[df12db4294e9bfd3]::panicking::panic
[INFO] [stdout]   12:     0x5c393f91cb05 - <cli[c73099812fadac53]::explain_missing_sample_id_without_corruption_reports_not_found::{closure#0} as core[df12db4294e9bfd3]::ops::function::FnOnce<()>>::call_once
[INFO] [stdout]   13:     0x5c393f92cedb - test[9d35eded1c95d3be]::__rust_begin_short_backtrace::<core[df12db4294e9bfd3]::result::Result<(), alloc[2182bb758b4b3781]::string::String>, fn() -> core[df12db4294e9bfd3]::result::Result<(), alloc[2182bb758b4b3781]::string::String>>
[INFO] [stdout]   14:     0x5c393f93a545 - test[9d35eded1c95d3be]::run_test::{closure#0}
[INFO] [stdout]   15:     0x5c393f933e04 - std[70759c8f55707aa4]::sys::backtrace::__rust_begin_short_backtrace::<test[9d35eded1c95d3be]::run_test::{closure#1}, ()>
[INFO] [stdout]   16:     0x5c393f93d6a2 - <std[70759c8f55707aa4]::thread::lifecycle::spawn_unchecked<test[9d35eded1c95d3be]::run_test::{closure#1}, ()>::{closure#1} as core[df12db4294e9bfd3]::ops::function::FnOnce<()>>::call_once::{shim:vtable#0}
[INFO] [stdout]   17:     0x5c393f9ad969 - <std[70759c8f55707aa4]::sys::thread::unix::Thread>::new::thread_start
[INFO] [stdout]   18:     0x7c9779611dfa - <unknown>
[INFO] [stdout]   19:     0x7c97796a53d4 - clone
[INFO] [stdout]   20:                0x0 - <unknown>
[INFO] [stdout] 
[INFO] [stdout] ---- explain_reports_parse_error_not_misleading_not_found stdout ----
[INFO] [stdout] 
[INFO] [stdout] thread 'explain_reports_parse_error_not_misleading_not_found' (788) panicked at tests/cli.rs:111:5:
[INFO] [stdout] assertion failed: scored.status.success()
[INFO] [stdout] stack backtrace:
[INFO] [stdout]    0:     0x5c393f9ae5f1 - <<std[70759c8f55707aa4]::sys::backtrace::BacktraceLock>::print::DisplayBacktrace as core[df12db4294e9bfd3]::fmt::Display>::fmt
[INFO] [stdout]    1:     0x5c393f9c40aa - core[df12db4294e9bfd3]::fmt::write
[INFO] [stdout]    2:     0x5c393f9b2c7c - <alloc[2182bb758b4b3781]::vec::Vec<u8> as core[df12db4294e9bfd3]::io::write::Write>::write_fmt
[INFO] [stdout]    3:     0x5c393f989b16 - std[70759c8f55707aa4]::panicking::default_hook::{closure#0}
[INFO] [stdout]    4:     0x5c393f9a6669 - std[70759c8f55707aa4]::panicking::default_hook
[INFO] [stdout]    5:     0x5c393f939bf0 - test[9d35eded1c95d3be]::test_main_inner::<test[9d35eded1c95d3be]::test_main_static::{closure#0}>::{closure#0}
[INFO] [stdout]    6:     0x5c393f9a6822 - std[70759c8f55707aa4]::panicking::panic_with_hook
[INFO] [stdout]    7:     0x5c393f989bf4 - std[70759c8f55707aa4]::panicking::panic_handler::{closure#0}
[INFO] [stdout]    8:     0x5c393f982709 - std[70759c8f55707aa4]::sys::backtrace::__rust_end_short_backtrace::<std[70759c8f55707aa4]::panicking::panic_handler::{closure#0}, !>
[INFO] [stdout]    9:     0x5c393f98a7bd - __rustc[8fa7c3cbc660c2b3]::rust_begin_unwind
[INFO] [stdout]   10:     0x5c393f9c47dc - core[df12db4294e9bfd3]::panicking::panic_fmt
[INFO] [stdout]   11:     0x5c393f9c47a2 - core[df12db4294e9bfd3]::panicking::panic
[INFO] [stdout]   12:     0x5c393f917091 - <cli[c73099812fadac53]::explain_reports_parse_error_not_misleading_not_found::{closure#0} as core[df12db4294e9bfd3]::ops::function::FnOnce<()>>::call_once
[INFO] [stdout]   13:     0x5c393f92cedb - test[9d35eded1c95d3be]::__rust_begin_short_backtrace::<core[df12db4294e9bfd3]::result::Result<(), alloc[2182bb758b4b3781]::string::String>, fn() -> core[df12db4294e9bfd3]::result::Result<(), alloc[2182bb758b4b3781]::string::String>>
[INFO] [stdout]   14:     0x5c393f93a545 - test[9d35eded1c95d3be]::run_test::{closure#0}
[INFO] [stdout]   15:     0x5c393f933e04 - std[70759c8f55707aa4]::sys::backtrace::__rust_begin_short_backtrace::<test[9d35eded1c95d3be]::run_test::{closure#1}, ()>
[INFO] [stdout]   16:     0x5c393f93d6a2 - <std[70759c8f55707aa4]::thread::lifecycle::spawn_unchecked<test[9d35eded1c95d3be]::run_test::{closure#1}, ()>::{closure#1} as core[df12db4294e9bfd3]::ops::function::FnOnce<()>>::call_once::{shim:vtable#0}
[INFO] [stdout]   17:     0x5c393f9ad969 - <std[70759c8f55707aa4]::sys::thread::unix::Thread>::new::thread_start
[INFO] [stdout]   18:     0x7c9779611dfa - <unknown>
[INFO] [stdout]   19:     0x7c97796a53d4 - clone
[INFO] [stdout]   20:                0x0 - <unknown>
[INFO] [stdout] 
[INFO] [stdout] ---- score_csv_header_is_unchanged_by_trajectory_stability_fields stdout ----
[INFO] [stdout] 
[INFO] [stdout] thread 'score_csv_header_is_unchanged_by_trajectory_stability_fields' (886) panicked at tests/cli.rs:825:5:
[INFO] [stdout] assertion failed: out.status.success()
[INFO] [stdout] stack backtrace:
[INFO] [stdout]    0:     0x5c393f9ae5f1 - <<std[70759c8f55707aa4]::sys::backtrace::BacktraceLock>::print::DisplayBacktrace as core[df12db4294e9bfd3]::fmt::Display>::fmt
[INFO] [stdout]    1:     0x5c393f9c40aa - core[df12db4294e9bfd3]::fmt::write
[INFO] [stdout]    2:     0x5c393f9b2c7c - <alloc[2182bb758b4b3781]::vec::Vec<u8> as core[df12db4294e9bfd3]::io::write::Write>::write_fmt
[INFO] [stdout]    3:     0x5c393f989b16 - std[70759c8f55707aa4]::panicking::default_hook::{closure#0}
[INFO] [stdout]    4:     0x5c393f9a6669 - std[70759c8f55707aa4]::panicking::default_hook
[INFO] [stdout]    5:     0x5c393f939bf0 - test[9d35eded1c95d3be]::test_main_inner::<test[9d35eded1c95d3be]::test_main_static::{closure#0}>::{closure#0}
[INFO] [stdout]    6:     0x5c393f9a6822 - std[70759c8f55707aa4]::panicking::panic_with_hook
[INFO] [stdout]    7:     0x5c393f989bf4 - std[70759c8f55707aa4]::panicking::panic_handler::{closure#0}
[INFO] [stdout]    8:     0x5c393f982709 - std[70759c8f55707aa4]::sys::backtrace::__rust_end_short_backtrace::<std[70759c8f55707aa4]::panicking::panic_handler::{closure#0}, !>
[INFO] [stdout]    9:     0x5c393f98a7bd - __rustc[8fa7c3cbc660c2b3]::rust_begin_unwind
[INFO] [stdout]   10:     0x5c393f9c47dc - core[df12db4294e9bfd3]::panicking::panic_fmt
[INFO] [stdout]   11:     0x5c393f9c47a2 - core[df12db4294e9bfd3]::panicking::panic
[INFO] [stdout]   12:     0x5c393f91c275 - <cli[c73099812fadac53]::score_csv_header_is_unchanged_by_trajectory_stability_fields::{closure#0} as core[df12db4294e9bfd3]::ops::function::FnOnce<()>>::call_once
[INFO] [stdout]   13:     0x5c393f92cedb - test[9d35eded1c95d3be]::__rust_begin_short_backtrace::<core[df12db4294e9bfd3]::result::Result<(), alloc[2182bb758b4b3781]::string::String>, fn() -> core[df12db4294e9bfd3]::result::Result<(), alloc[2182bb758b4b3781]::string::String>>
[INFO] [stdout]   14:     0x5c393f93a545 - test[9d35eded1c95d3be]::run_test::{closure#0}
[INFO] [stdout]   15:     0x5c393f933e04 - std[70759c8f55707aa4]::sys::backtrace::__rust_begin_short_backtrace::<test[9d35eded1c95d3be]::run_test::{closure#1}, ()>
[INFO] [stdout]   16:     0x5c393f93d6a2 - <std[70759c8f55707aa4]::thread::lifecycle::spawn_unchecked<test[9d35eded1c95d3be]::run_test::{closure#1}, ()>::{closure#1} as core[df12db4294e9bfd3]::ops::function::FnOnce<()>>::call_once::{shim:vtable#0}
[INFO] [stdout]   17:     0x5c393f9ad969 - <std[70759c8f55707aa4]::sys::thread::unix::Thread>::new::thread_start
[INFO] [stdout]   18:     0x7c9779611dfa - <unknown>
[INFO] [stdout]   19:     0x7c97796a53d4 - clone
[INFO] [stdout]   20:                0x0 - <unknown>
[INFO] [stdout] 
[INFO] [stdout] ---- score_then_filter_pipeline_via_files stdout ----
[INFO] [stdout] 
[INFO] [stdout] thread 'score_then_filter_pipeline_via_files' (914) panicked at tests/cli.rs:144:5:
[INFO] [stdout] assertion failed: scored.status.success()
[INFO] [stdout] stack backtrace:
[INFO] [stdout]    0:     0x5c393f9ae5f1 - <<std[70759c8f55707aa4]::sys::backtrace::BacktraceLock>::print::DisplayBacktrace as core[df12db4294e9bfd3]::fmt::Display>::fmt
[INFO] [stdout]    1:     0x5c393f9c40aa - core[df12db4294e9bfd3]::fmt::write
[INFO] [stdout]    2:     0x5c393f9b2c7c - <alloc[2182bb758b4b3781]::vec::Vec<u8> as core[df12db4294e9bfd3]::io::write::Write>::write_fmt
[INFO] [stdout]    3:     0x5c393f989b16 - std[70759c8f55707aa4]::panicking::default_hook::{closure#0}
[INFO] [stdout]    4:     0x5c393f9a6669 - std[70759c8f55707aa4]::panicking::default_hook
[INFO] [stdout]    5:     0x5c393f939bf0 - test[9d35eded1c95d3be]::test_main_inner::<test[9d35eded1c95d3be]::test_main_static::{closure#0}>::{closure#0}
[INFO] [stdout]    6:     0x5c393f9a6822 - std[70759c8f55707aa4]::panicking::panic_with_hook
[INFO] [stdout]    7:     0x5c393f989bf4 - std[70759c8f55707aa4]::panicking::panic_handler::{closure#0}
[INFO] [stdout]    8:     0x5c393f982709 - std[70759c8f55707aa4]::sys::backtrace::__rust_end_short_backtrace::<std[70759c8f55707aa4]::panicking::panic_handler::{closure#0}, !>
[INFO] [stdout]    9:     0x5c393f98a7bd - __rustc[8fa7c3cbc660c2b3]::rust_begin_unwind
[INFO] [stdout]   10:     0x5c393f9c47dc - core[df12db4294e9bfd3]::panicking::panic_fmt
[INFO] [stdout]   11:     0x5c393f9c47a2 - core[df12db4294e9bfd3]::panicking::panic
[INFO] [stdout]   12:     0x5c393f910d2a - <cli[c73099812fadac53]::score_then_filter_pipeline_via_files::{closure#0} as core[df12db4294e9bfd3]::ops::function::FnOnce<()>>::call_once
[INFO] [stdout]   13:     0x5c393f92cedb - test[9d35eded1c95d3be]::__rust_begin_short_backtrace::<core[df12db4294e9bfd3]::result::Result<(), alloc[2182bb758b4b3781]::string::String>, fn() -> core[df12db4294e9bfd3]::result::Result<(), alloc[2182bb758b4b3781]::string::String>>
[INFO] [stdout]   14:     0x5c393f93a545 - test[9d35eded1c95d3be]::run_test::{closure#0}
[INFO] [stdout]   15:     0x5c393f933e04 - std[70759c8f55707aa4]::sys::backtrace::__rust_begin_short_backtrace::<test[9d35eded1c95d3be]::run_test::{closure#1}, ()>
[INFO] [stdout]   16:     0x5c393f93d6a2 - <std[70759c8f55707aa4]::thread::lifecycle::spawn_unchecked<test[9d35eded1c95d3be]::run_test::{closure#1}, ()>::{closure#1} as core[df12db4294e9bfd3]::ops::function::FnOnce<()>>::call_once::{shim:vtable#0}
[INFO] [stdout]   17:     0x5c393f9ad969 - <std[70759c8f55707aa4]::sys::thread::unix::Thread>::new::thread_start
[INFO] [stdout]   18:     0x7c9779611dfa - <unknown>
[INFO] [stdout]   19:     0x7c97796a53d4 - clone
[INFO] [stdout]   20:                0x0 - <unknown>
[INFO] [stdout] 
[INFO] [stdout] ---- score_jsonl_succeeds_on_valid_fixture stdout ----
[INFO] [stdout] 
[INFO] [stdout] thread 'score_jsonl_succeeds_on_valid_fixture' (909) panicked at tests/cli.rs:38:5:
[INFO] [stdout] assertion failed: out.status.success()
[INFO] [stdout] stack backtrace:
[INFO] [stdout]    0:     0x5c393f9ae5f1 - <<std[70759c8f55707aa4]::sys::backtrace::BacktraceLock>::print::DisplayBacktrace as core[df12db4294e9bfd3]::fmt::Display>::fmt
[INFO] [stdout]    1:     0x5c393f9c40aa - core[df12db4294e9bfd3]::fmt::write
[INFO] [stdout]    2:     0x5c393f9b2c7c - <alloc[2182bb758b4b3781]::vec::Vec<u8> as core[df12db4294e9bfd3]::io::write::Write>::write_fmt
[INFO] [stdout]    3:     0x5c393f989b16 - std[70759c8f55707aa4]::panicking::default_hook::{closure#0}
[INFO] [stdout]    4:     0x5c393f9a6669 - std[70759c8f55707aa4]::panicking::default_hook
[INFO] [stdout]    5:     0x5c393f939bf0 - test[9d35eded1c95d3be]::test_main_inner::<test[9d35eded1c95d3be]::test_main_static::{closure#0}>::{closure#0}
[INFO] [stdout]    6:     0x5c393f9a6822 - std[70759c8f55707aa4]::panicking::panic_with_hook
[INFO] [stdout]    7:     0x5c393f989bf4 - std[70759c8f55707aa4]::panicking::panic_handler::{closure#0}
[INFO] [stdout]    8:     0x5c393f982709 - std[70759c8f55707aa4]::sys::backtrace::__rust_end_short_backtrace::<std[70759c8f55707aa4]::panicking::panic_handler::{closure#0}, !>
[INFO] [stdout]    9:     0x5c393f98a7bd - __rustc[8fa7c3cbc660c2b3]::rust_begin_unwind
[INFO] [stdout]   10:     0x5c393f9c47dc - core[df12db4294e9bfd3]::panicking::panic_fmt
[INFO] [stdout]   11:     0x5c393f9c47a2 - core[df12db4294e9bfd3]::panicking::panic
[INFO] [stdout]   12:     0x5c393f910f21 - <cli[c73099812fadac53]::score_jsonl_succeeds_on_valid_fixture::{closure#0} as core[df12db4294e9bfd3]::ops::function::FnOnce<()>>::call_once
[INFO] [stdout]   13:     0x5c393f92cedb - test[9d35eded1c95d3be]::__rust_begin_short_backtrace::<core[df12db4294e9bfd3]::result::Result<(), alloc[2182bb758b4b3781]::string::String>, fn() -> core[df12db4294e9bfd3]::result::Result<(), alloc[2182bb758b4b3781]::string::String>>
[INFO] [stdout]   14:     0x5c393f93a545 - test[9d35eded1c95d3be]::run_test::{closure#0}
[INFO] [stdout]   15:     0x5c393f933e04 - std[70759c8f55707aa4]::sys::backtrace::__rust_begin_short_backtrace::<test[9d35eded1c95d3be]::run_test::{closure#1}, ()>
[INFO] [stdout]   16:     0x5c393f93d6a2 - <std[70759c8f55707aa4]::thread::lifecycle::spawn_unchecked<test[9d35eded1c95d3be]::run_test::{closure#1}, ()>::{closure#1} as core[df12db4294e9bfd3]::ops::function::FnOnce<()>>::call_once::{shim:vtable#0}
[INFO] [stdout]   17:     0x5c393f9ad969 - <std[70759c8f55707aa4]::sys::thread::unix::Thread>::new::thread_start
[INFO] [stdout]   18:     0x7c9779611dfa - <unknown>
[INFO] [stdout]   19:     0x7c97796a53d4 - clone
[INFO] [stdout]   20:                0x0 - <unknown>
[INFO] [stdout] 
[INFO] [stdout] ---- score_prints_keep_rate_summary_to_stderr_by_default stdout ----
[INFO] [stdout] 
[INFO] [stdout] thread 'score_prints_keep_rate_summary_to_stderr_by_default' (910) panicked at tests/cli.rs:47:5:
[INFO] [stdout] assertion failed: out.status.success()
[INFO] [stdout] stack backtrace:
[INFO] [stdout]    0:     0x5c393f9ae5f1 - <<std[70759c8f55707aa4]::sys::backtrace::BacktraceLock>::print::DisplayBacktrace as core[df12db4294e9bfd3]::fmt::Display>::fmt
[INFO] [stdout]    1:     0x5c393f9c40aa - core[df12db4294e9bfd3]::fmt::write
[INFO] [stdout]    2:     0x5c393f9b2c7c - <alloc[2182bb758b4b3781]::vec::Vec<u8> as core[df12db4294e9bfd3]::io::write::Write>::write_fmt
[INFO] [stdout]    3:     0x5c393f989b16 - std[70759c8f55707aa4]::panicking::default_hook::{closure#0}
[INFO] [stdout]    4:     0x5c393f9a6669 - std[70759c8f55707aa4]::panicking::default_hook
[INFO] [stdout]    5:     0x5c393f939bf0 - test[9d35eded1c95d3be]::test_main_inner::<test[9d35eded1c95d3be]::test_main_static::{closure#0}>::{closure#0}
[INFO] [stdout]    6:     0x5c393f9a6822 - std[70759c8f55707aa4]::panicking::panic_with_hook
[INFO] [stdout]    7:     0x5c393f989bf4 - std[70759c8f55707aa4]::panicking::panic_handler::{closure#0}
[INFO] [stdout]    8:     0x5c393f982709 - std[70759c8f55707aa4]::sys::backtrace::__rust_end_short_backtrace::<std[70759c8f55707aa4]::panicking::panic_handler::{closure#0}, !>
[INFO] [stdout]    9:     0x5c393f98a7bd - __rustc[8fa7c3cbc660c2b3]::rust_begin_unwind
[INFO] [stdout]   10:     0x5c393f9c47dc - core[df12db4294e9bfd3]::panicking::panic_fmt
[INFO] [stdout]   11:     0x5c393f9c47a2 - core[df12db4294e9bfd3]::panicking::panic
[INFO] [stdout]   12:     0x5c393f916a35 - <cli[c73099812fadac53]::score_prints_keep_rate_summary_to_stderr_by_default::{closure#0} as core[df12db4294e9bfd3]::ops::function::FnOnce<()>>::call_once
[INFO] [stdout]   13:     0x5c393f92cedb - test[9d35eded1c95d3be]::__rust_begin_short_backtrace::<core[df12db4294e9bfd3]::result::Result<(), alloc[2182bb758b4b3781]::string::String>, fn() -> core[df12db4294e9bfd3]::result::Result<(), alloc[2182bb758b4b3781]::string::String>>
[INFO] [stdout]   14:     0x5c393f93a545 - test[9d35eded1c95d3be]::run_test::{closure#0}
[INFO] [stdout]   15:     0x5c393f933e04 - std[70759c8f55707aa4]::sys::backtrace::__rust_begin_short_backtrace::<test[9d35eded1c95d3be]::run_test::{closure#1}, ()>
[INFO] [stdout]   16:     0x5c393f93d6a2 - <std[70759c8f55707aa4]::thread::lifecycle::spawn_unchecked<test[9d35eded1c95d3be]::run_test::{closure#1}, ()>::{closure#1} as core[df12db4294e9bfd3]::ops::function::FnOnce<()>>::call_once::{shim:vtable#0}
[INFO] [stdout]   17:     0x5c393f9ad969 - <std[70759c8f55707aa4]::sys::thread::unix::Thread>::new::thread_start
[INFO] [stdout]   18:     0x7c9779611dfa - <unknown>
[INFO] [stdout]   19:     0x7c97796a53d4 - clone
[INFO] [stdout]   20:                0x0 - <unknown>
[INFO] [stdout] 
[INFO] [stdout] 
[INFO] [stdout] failures:
[INFO] [stdout]     explain_missing_sample_id_without_corruption_reports_not_found
[INFO] [stdout]     explain_reports_parse_error_not_misleading_not_found
[INFO] [stdout]     score_csv_header_is_unchanged_by_trajectory_stability_fields
[INFO] [stdout]     score_jsonl_succeeds_on_valid_fixture
[INFO] [stdout]     score_prints_keep_rate_summary_to_stderr_by_default
[INFO] [stdout]     score_then_filter_pipeline_via_files
[INFO] [stdout] 
[INFO] [stdout] test result: FAILED. 44 passed; 6 failed; 0 ignored; 0 measured; 0 filtered out; finished in 0.11s
[INFO] [stdout] 
[INFO] running `Command { std: "docker" "inspect" "54ed71047bf1a22549b4cf778e474cfa104a93fd829da1d9aeb424f10e736c96", kill_on_drop: false }`
[INFO] running `Command { std: "docker" "rm" "-f" "54ed71047bf1a22549b4cf778e474cfa104a93fd829da1d9aeb424f10e736c96", kill_on_drop: false }`
[INFO] [stdout] 54ed71047bf1a22549b4cf778e474cfa104a93fd829da1d9aeb424f10e736c96
