[INFO] fetching crate quick_io 2.0.0...
[INFO] testing quick_io-2.0.0 against 1.100.0-beta.1+cargoflags=--release for beta-release-1.100-2
[INFO] extracting crate quick_io 2.0.0 into /workspace/builds/worker-3-tc2/source
[INFO] started tweaking crates.io crate quick_io 2.0.0
[INFO] finished tweaking crates.io crate quick_io 2.0.0
[INFO] tweaked toml for crates.io crate quick_io 2.0.0 written to /workspace/builds/worker-3-tc2/source/Cargo.toml
[INFO] validating manifest of crates.io crate quick_io 2.0.0 on toolchain 1.100.0-beta.1
[INFO] running `Command { std: CARGO_HOME="/workspace/cargo-home" RUSTUP_HOME="/workspace/rustup-home" "/workspace/cargo-home/bin/cargo" "+1.100.0-beta.1" "metadata" "--manifest-path" "Cargo.toml" "--no-deps", kill_on_drop: false }`
[INFO] running `Command { std: CARGO_HOME="/workspace/cargo-home" RUSTUP_HOME="/workspace/rustup-home" "/workspace/cargo-home/bin/cargo" "+1.100.0-beta.1" "generate-lockfile" "--manifest-path" "Cargo.toml", kill_on_drop: false }`
[INFO] running `Command { std: CARGO_HOME="/workspace/cargo-home" RUSTUP_HOME="/workspace/rustup-home" "/workspace/cargo-home/bin/cargo" "+1.100.0-beta.1" "fetch" "--manifest-path" "Cargo.toml", kill_on_drop: false }`
[INFO] running `Command { std: "docker" "create" "-v" "/var/lib/crater-agent-workspace/builds/worker-3-tc2/source:/opt/rustwide/workdir:ro,Z" "-v" "/var/lib/crater-agent-workspace/builds/worker-3-tc2/target:/opt/rustwide/target:rw,Z" "-v" "/var/lib/crater-agent-workspace/cargo-home:/opt/rustwide/cargo-home:ro,Z" "-v" "/var/lib/crater-agent-workspace/rustup-home:/opt/rustwide/rustup-home:ro,Z" "-m" "1610612736" "--network" "none" "ghcr.io/rust-lang/crates-build-env/linux@sha256:77db811e55d90add9212f6832c23229e3de5f1c1f9905e8cb07319ea15df73ac" "sleep" "infinity", kill_on_drop: false }`
[INFO] [stdout] 3e7c2d5c591c27a8be4deab500dcfaa3ab92c58af4332f357c4964c13ee8ef28
[INFO] running `Command { std: "docker" "start" "3e7c2d5c591c27a8be4deab500dcfaa3ab92c58af4332f357c4964c13ee8ef28", kill_on_drop: false }`
[INFO] running `Command { std: "docker" "inspect" "3e7c2d5c591c27a8be4deab500dcfaa3ab92c58af4332f357c4964c13ee8ef28", kill_on_drop: false }`
[INFO] running `Command { std: "docker" "exec" "-e" "SOURCE_DIR=/opt/rustwide/workdir" "-e" "CARGO_HOME=/opt/rustwide/cargo-home" "-e" "RUSTUP_HOME=/opt/rustwide/rustup-home" "-e" "CARGO_TARGET_DIR=/opt/rustwide/target" "-w" "/opt/rustwide/workdir" "--user" "0:0" "3e7c2d5c591c27a8be4deab500dcfaa3ab92c58af4332f357c4964c13ee8ef28" "/opt/rustwide/cargo-home/bin/cargo" "+1.100.0-beta.1" "metadata" "--no-deps" "--format-version=1", kill_on_drop: false }`
[INFO] running `Command { std: "docker" "inspect" "3e7c2d5c591c27a8be4deab500dcfaa3ab92c58af4332f357c4964c13ee8ef28", kill_on_drop: false }`
[INFO] running `Command { std: "docker" "exec" "-e" "SOURCE_DIR=/opt/rustwide/workdir" "-e" "CARGO_HOME=/opt/rustwide/cargo-home" "-e" "RUSTUP_HOME=/opt/rustwide/rustup-home" "-e" "CARGO_TARGET_DIR=/opt/rustwide/target" "-e" "CARGO_INCREMENTAL=0" "-e" "RUST_BACKTRACE=full" "-e" "RUSTFLAGS=--cap-lints=warn" "-e" "RUSTDOCFLAGS=--cap-lints=warn" "-w" "/opt/rustwide/workdir" "--user" "0:0" "3e7c2d5c591c27a8be4deab500dcfaa3ab92c58af4332f357c4964c13ee8ef28" "/opt/rustwide/cargo-home/bin/cargo" "+1.100.0-beta.1" "build" "--frozen" "--message-format=json" "--release", kill_on_drop: false }`
[INFO] [stderr]    Compiling quick_io v2.0.0 (/opt/rustwide/workdir)
[INFO] [stdout] warning: valid forms for the attribute are `macro_export` and `macro_export(local_inner_macros)`
[INFO] [stdout]   --> src/lib.rs:49:3
[INFO] [stdout]    |
[INFO] [stdout] 49 | #[macro_export()]
[INFO] [stdout]    |   ^^^^^^^^^^^^^^
[INFO] [stdout]    |
[INFO] [stdout]    = warning: this was previously accepted by the compiler but is being phased out; it will become a hard error in a future release!
[INFO] [stdout]    = note: for more information, see issue #57571 <https://github.com/rust-lang/rust/issues/57571>
[INFO] [stdout]    = note: `#[warn(invalid_macro_export_arguments)]` (part of `#[warn(future_incompatible)]`) on by default
[INFO] [stdout] 
[INFO] [stdout] 
[INFO] [stdout] warning: valid forms for the attribute are `macro_export` and `macro_export(local_inner_macros)`
[INFO] [stdout]   --> src/lib.rs:60:3
[INFO] [stdout]    |
[INFO] [stdout] 60 | #[macro_export()]
[INFO] [stdout]    |   ^^^^^^^^^^^^^^
[INFO] [stdout]    |
[INFO] [stdout]    = warning: this was previously accepted by the compiler but is being phased out; it will become a hard error in a future release!
[INFO] [stdout]    = note: for more information, see issue #57571 <https://github.com/rust-lang/rust/issues/57571>
[INFO] [stdout] 
[INFO] [stdout] 
[INFO] [stdout] warning: valid forms for the attribute are `macro_export` and `macro_export(local_inner_macros)`
[INFO] [stdout]   --> src/lib.rs:67:3
[INFO] [stdout]    |
[INFO] [stdout] 67 | #[macro_export()]
[INFO] [stdout]    |   ^^^^^^^^^^^^^^
[INFO] [stdout]    |
[INFO] [stdout]    = warning: this was previously accepted by the compiler but is being phased out; it will become a hard error in a future release!
[INFO] [stdout]    = note: for more information, see issue #57571 <https://github.com/rust-lang/rust/issues/57571>
[INFO] [stdout] 
[INFO] [stdout] 
[INFO] [stdout] warning: valid forms for the attribute are `macro_export` and `macro_export(local_inner_macros)`
[INFO] [stdout]   --> src/lib.rs:76:3
[INFO] [stdout]    |
[INFO] [stdout] 76 | #[macro_export()]
[INFO] [stdout]    |   ^^^^^^^^^^^^^^
[INFO] [stdout]    |
[INFO] [stdout]    = warning: this was previously accepted by the compiler but is being phased out; it will become a hard error in a future release!
[INFO] [stdout]    = note: for more information, see issue #57571 <https://github.com/rust-lang/rust/issues/57571>
[INFO] [stdout] 
[INFO] [stdout] 
[INFO] [stdout] warning: valid forms for the attribute are `macro_export` and `macro_export(local_inner_macros)`
[INFO] [stdout]   --> src/lib.rs:87:3
[INFO] [stdout]    |
[INFO] [stdout] 87 | #[macro_export()]
[INFO] [stdout]    |   ^^^^^^^^^^^^^^
[INFO] [stdout]    |
[INFO] [stdout]    = warning: this was previously accepted by the compiler but is being phased out; it will become a hard error in a future release!
[INFO] [stdout]    = note: for more information, see issue #57571 <https://github.com/rust-lang/rust/issues/57571>
[INFO] [stdout] 
[INFO] [stdout] 
[INFO] [stdout] warning: valid forms for the attribute are `macro_export` and `macro_export(local_inner_macros)`
[INFO] [stdout]   --> src/lib.rs:99:3
[INFO] [stdout]    |
[INFO] [stdout] 99 | #[macro_export()]
[INFO] [stdout]    |   ^^^^^^^^^^^^^^
[INFO] [stdout]    |
[INFO] [stdout]    = warning: this was previously accepted by the compiler but is being phased out; it will become a hard error in a future release!
[INFO] [stdout]    = note: for more information, see issue #57571 <https://github.com/rust-lang/rust/issues/57571>
[INFO] [stdout] 
[INFO] [stdout] 
[INFO] [stdout] warning: valid forms for the attribute are `macro_export` and `macro_export(local_inner_macros)`
[INFO] [stdout]    --> src/lib.rs:110:3
[INFO] [stdout]     |
[INFO] [stdout] 110 | #[macro_export()]
[INFO] [stdout]     |   ^^^^^^^^^^^^^^
[INFO] [stdout]     |
[INFO] [stdout]     = warning: this was previously accepted by the compiler but is being phased out; it will become a hard error in a future release!
[INFO] [stdout]     = note: for more information, see issue #57571 <https://github.com/rust-lang/rust/issues/57571>
[INFO] [stdout] 
[INFO] [stdout] 
[INFO] [stdout] warning: valid forms for the attribute are `macro_export` and `macro_export(local_inner_macros)`
[INFO] [stdout]    --> src/lib.rs:121:3
[INFO] [stdout]     |
[INFO] [stdout] 121 | #[macro_export()]
[INFO] [stdout]     |   ^^^^^^^^^^^^^^
[INFO] [stdout]     |
[INFO] [stdout]     = warning: this was previously accepted by the compiler but is being phased out; it will become a hard error in a future release!
[INFO] [stdout]     = note: for more information, see issue #57571 <https://github.com/rust-lang/rust/issues/57571>
[INFO] [stdout] 
[INFO] [stdout] 
[INFO] [stdout] warning: valid forms for the attribute are `macro_export` and `macro_export(local_inner_macros)`
[INFO] [stdout]    --> src/lib.rs:132:3
[INFO] [stdout]     |
[INFO] [stdout] 132 | #[macro_export()]
[INFO] [stdout]     |   ^^^^^^^^^^^^^^
[INFO] [stdout]     |
[INFO] [stdout]     = warning: this was previously accepted by the compiler but is being phased out; it will become a hard error in a future release!
[INFO] [stdout]     = note: for more information, see issue #57571 <https://github.com/rust-lang/rust/issues/57571>
[INFO] [stdout] 
[INFO] [stdout] 
[INFO] [stdout] warning: valid forms for the attribute are `macro_export` and `macro_export(local_inner_macros)`
[INFO] [stdout]    --> src/lib.rs:144:3
[INFO] [stdout]     |
[INFO] [stdout] 144 | #[macro_export()]
[INFO] [stdout]     |   ^^^^^^^^^^^^^^
[INFO] [stdout]     |
[INFO] [stdout]     = warning: this was previously accepted by the compiler but is being phased out; it will become a hard error in a future release!
[INFO] [stdout]     = note: for more information, see issue #57571 <https://github.com/rust-lang/rust/issues/57571>
[INFO] [stdout] 
[INFO] [stdout] 
[INFO] [stdout] warning: valid forms for the attribute are `macro_export` and `macro_export(local_inner_macros)`
[INFO] [stdout]    --> src/lib.rs:159:3
[INFO] [stdout]     |
[INFO] [stdout] 159 | #[macro_export()]
[INFO] [stdout]     |   ^^^^^^^^^^^^^^
[INFO] [stdout]     |
[INFO] [stdout]     = warning: this was previously accepted by the compiler but is being phased out; it will become a hard error in a future release!
[INFO] [stdout]     = note: for more information, see issue #57571 <https://github.com/rust-lang/rust/issues/57571>
[INFO] [stdout] 
[INFO] [stdout] 
[INFO] [stderr]     Finished `release` profile [optimized] target(s) in 0.34s
[INFO] [stderr] warning: the following packages contain code that will be rejected by a future version of Rust: quick_io v2.0.0 (/opt/rustwide/workdir)
[INFO] [stderr] note: to see what the problems were, use the option `--future-incompat-report`, or run `cargo report future-incompatibilities --id 3`
[INFO] running `Command { std: "docker" "inspect" "3e7c2d5c591c27a8be4deab500dcfaa3ab92c58af4332f357c4964c13ee8ef28", kill_on_drop: false }`
[INFO] running `Command { std: "docker" "exec" "-e" "SOURCE_DIR=/opt/rustwide/workdir" "-e" "CARGO_HOME=/opt/rustwide/cargo-home" "-e" "RUSTUP_HOME=/opt/rustwide/rustup-home" "-e" "CARGO_TARGET_DIR=/opt/rustwide/target" "-e" "CARGO_INCREMENTAL=0" "-e" "RUST_BACKTRACE=full" "-e" "RUSTFLAGS=--cap-lints=warn" "-e" "RUSTDOCFLAGS=--cap-lints=warn" "-w" "/opt/rustwide/workdir" "--user" "0:0" "3e7c2d5c591c27a8be4deab500dcfaa3ab92c58af4332f357c4964c13ee8ef28" "/opt/rustwide/cargo-home/bin/cargo" "+1.100.0-beta.1" "test" "--frozen" "--no-run" "--message-format=json" "--release", kill_on_drop: false }`
[INFO] [stderr]    Compiling quick_io v2.0.0 (/opt/rustwide/workdir)
[INFO] [stdout] warning: valid forms for the attribute are `macro_export` and `macro_export(local_inner_macros)`
[INFO] [stdout]   --> src/lib.rs:49:3
[INFO] [stdout]    |
[INFO] [stdout] 49 | #[macro_export()]
[INFO] [stdout]    |   ^^^^^^^^^^^^^^
[INFO] [stdout]    |
[INFO] [stdout]    = warning: this was previously accepted by the compiler but is being phased out; it will become a hard error in a future release!
[INFO] [stdout]    = note: for more information, see issue #57571 <https://github.com/rust-lang/rust/issues/57571>
[INFO] [stdout]    = note: `#[warn(invalid_macro_export_arguments)]` (part of `#[warn(future_incompatible)]`) on by default
[INFO] [stdout] 
[INFO] [stdout] 
[INFO] [stdout] warning: valid forms for the attribute are `macro_export` and `macro_export(local_inner_macros)`
[INFO] [stdout]   --> src/lib.rs:60:3
[INFO] [stdout]    |
[INFO] [stdout] 60 | #[macro_export()]
[INFO] [stdout]    |   ^^^^^^^^^^^^^^
[INFO] [stdout]    |
[INFO] [stdout]    = warning: this was previously accepted by the compiler but is being phased out; it will become a hard error in a future release!
[INFO] [stdout]    = note: for more information, see issue #57571 <https://github.com/rust-lang/rust/issues/57571>
[INFO] [stdout] 
[INFO] [stdout] 
[INFO] [stdout] warning: valid forms for the attribute are `macro_export` and `macro_export(local_inner_macros)`
[INFO] [stdout]   --> src/lib.rs:67:3
[INFO] [stdout]    |
[INFO] [stdout] 67 | #[macro_export()]
[INFO] [stdout]    |   ^^^^^^^^^^^^^^
[INFO] [stdout]    |
[INFO] [stdout]    = warning: this was previously accepted by the compiler but is being phased out; it will become a hard error in a future release!
[INFO] [stdout]    = note: for more information, see issue #57571 <https://github.com/rust-lang/rust/issues/57571>
[INFO] [stdout] 
[INFO] [stdout] 
[INFO] [stdout] warning: valid forms for the attribute are `macro_export` and `macro_export(local_inner_macros)`
[INFO] [stdout]   --> src/lib.rs:76:3
[INFO] [stdout]    |
[INFO] [stdout] 76 | #[macro_export()]
[INFO] [stdout]    |   ^^^^^^^^^^^^^^
[INFO] [stdout]    |
[INFO] [stdout]    = warning: this was previously accepted by the compiler but is being phased out; it will become a hard error in a future release!
[INFO] [stdout]    = note: for more information, see issue #57571 <https://github.com/rust-lang/rust/issues/57571>
[INFO] [stdout] 
[INFO] [stdout] 
[INFO] [stdout] warning: valid forms for the attribute are `macro_export` and `macro_export(local_inner_macros)`
[INFO] [stdout]   --> src/lib.rs:87:3
[INFO] [stdout]    |
[INFO] [stdout] 87 | #[macro_export()]
[INFO] [stdout]    |   ^^^^^^^^^^^^^^
[INFO] [stdout]    |
[INFO] [stdout]    = warning: this was previously accepted by the compiler but is being phased out; it will become a hard error in a future release!
[INFO] [stdout]    = note: for more information, see issue #57571 <https://github.com/rust-lang/rust/issues/57571>
[INFO] [stdout] 
[INFO] [stdout] 
[INFO] [stdout] warning: valid forms for the attribute are `macro_export` and `macro_export(local_inner_macros)`
[INFO] [stdout]   --> src/lib.rs:99:3
[INFO] [stdout]    |
[INFO] [stdout] 99 | #[macro_export()]
[INFO] [stdout]    |   ^^^^^^^^^^^^^^
[INFO] [stdout]    |
[INFO] [stdout]    = warning: this was previously accepted by the compiler but is being phased out; it will become a hard error in a future release!
[INFO] [stdout]    = note: for more information, see issue #57571 <https://github.com/rust-lang/rust/issues/57571>
[INFO] [stdout] 
[INFO] [stdout] 
[INFO] [stdout] warning: valid forms for the attribute are `macro_export` and `macro_export(local_inner_macros)`
[INFO] [stdout]    --> src/lib.rs:110:3
[INFO] [stdout]     |
[INFO] [stdout] 110 | #[macro_export()]
[INFO] [stdout]     |   ^^^^^^^^^^^^^^
[INFO] [stdout]     |
[INFO] [stdout]     = warning: this was previously accepted by the compiler but is being phased out; it will become a hard error in a future release!
[INFO] [stdout]     = note: for more information, see issue #57571 <https://github.com/rust-lang/rust/issues/57571>
[INFO] [stdout] 
[INFO] [stdout] 
[INFO] [stdout] warning: valid forms for the attribute are `macro_export` and `macro_export(local_inner_macros)`
[INFO] [stdout]    --> src/lib.rs:121:3
[INFO] [stdout]     |
[INFO] [stdout] 121 | #[macro_export()]
[INFO] [stdout]     |   ^^^^^^^^^^^^^^
[INFO] [stdout]     |
[INFO] [stdout]     = warning: this was previously accepted by the compiler but is being phased out; it will become a hard error in a future release!
[INFO] [stdout]     = note: for more information, see issue #57571 <https://github.com/rust-lang/rust/issues/57571>
[INFO] [stdout] 
[INFO] [stdout] 
[INFO] [stdout] warning: valid forms for the attribute are `macro_export` and `macro_export(local_inner_macros)`
[INFO] [stdout]    --> src/lib.rs:132:3
[INFO] [stdout]     |
[INFO] [stdout] 132 | #[macro_export()]
[INFO] [stdout]     |   ^^^^^^^^^^^^^^
[INFO] [stdout]     |
[INFO] [stdout]     = warning: this was previously accepted by the compiler but is being phased out; it will become a hard error in a future release!
[INFO] [stdout]     = note: for more information, see issue #57571 <https://github.com/rust-lang/rust/issues/57571>
[INFO] [stdout] 
[INFO] [stdout] 
[INFO] [stdout] warning: valid forms for the attribute are `macro_export` and `macro_export(local_inner_macros)`
[INFO] [stdout]    --> src/lib.rs:144:3
[INFO] [stdout]     |
[INFO] [stdout] 144 | #[macro_export()]
[INFO] [stdout]     |   ^^^^^^^^^^^^^^
[INFO] [stdout]     |
[INFO] [stdout]     = warning: this was previously accepted by the compiler but is being phased out; it will become a hard error in a future release!
[INFO] [stdout]     = note: for more information, see issue #57571 <https://github.com/rust-lang/rust/issues/57571>
[INFO] [stdout] 
[INFO] [stdout] 
[INFO] [stdout] warning: valid forms for the attribute are `macro_export` and `macro_export(local_inner_macros)`
[INFO] [stdout]    --> src/lib.rs:159:3
[INFO] [stdout]     |
[INFO] [stdout] 159 | #[macro_export()]
[INFO] [stdout]     |   ^^^^^^^^^^^^^^
[INFO] [stdout]     |
[INFO] [stdout]     = warning: this was previously accepted by the compiler but is being phased out; it will become a hard error in a future release!
[INFO] [stdout]     = note: for more information, see issue #57571 <https://github.com/rust-lang/rust/issues/57571>
[INFO] [stdout] 
[INFO] [stdout] 
[INFO] [stdout] warning: valid forms for the attribute are `macro_export` and `macro_export(local_inner_macros)`
[INFO] [stdout]   --> src/lib.rs:49:3
[INFO] [stdout]    |
[INFO] [stdout] 49 | #[macro_export()]
[INFO] [stdout]    |   ^^^^^^^^^^^^^^
[INFO] [stdout]    |
[INFO] [stdout]    = warning: this was previously accepted by the compiler but is being phased out; it will become a hard error in a future release!
[INFO] [stdout]    = note: for more information, see issue #57571 <https://github.com/rust-lang/rust/issues/57571>
[INFO] [stdout]    = note: `#[warn(invalid_macro_export_arguments)]` (part of `#[warn(future_incompatible)]`) on by default
[INFO] [stdout] 
[INFO] [stdout] 
[INFO] [stdout] warning: valid forms for the attribute are `macro_export` and `macro_export(local_inner_macros)`
[INFO] [stdout]   --> src/lib.rs:60:3
[INFO] [stdout]    |
[INFO] [stdout] 60 | #[macro_export()]
[INFO] [stdout]    |   ^^^^^^^^^^^^^^
[INFO] [stdout]    |
[INFO] [stdout]    = warning: this was previously accepted by the compiler but is being phased out; it will become a hard error in a future release!
[INFO] [stdout]    = note: for more information, see issue #57571 <https://github.com/rust-lang/rust/issues/57571>
[INFO] [stdout] 
[INFO] [stdout] 
[INFO] [stdout] warning: valid forms for the attribute are `macro_export` and `macro_export(local_inner_macros)`
[INFO] [stdout]   --> src/lib.rs:67:3
[INFO] [stdout]    |
[INFO] [stdout] 67 | #[macro_export()]
[INFO] [stdout]    |   ^^^^^^^^^^^^^^
[INFO] [stdout]    |
[INFO] [stdout]    = warning: this was previously accepted by the compiler but is being phased out; it will become a hard error in a future release!
[INFO] [stdout]    = note: for more information, see issue #57571 <https://github.com/rust-lang/rust/issues/57571>
[INFO] [stdout] 
[INFO] [stdout] 
[INFO] [stdout] warning: valid forms for the attribute are `macro_export` and `macro_export(local_inner_macros)`
[INFO] [stdout]   --> src/lib.rs:76:3
[INFO] [stdout]    |
[INFO] [stdout] 76 | #[macro_export()]
[INFO] [stdout]    |   ^^^^^^^^^^^^^^
[INFO] [stdout]    |
[INFO] [stdout]    = warning: this was previously accepted by the compiler but is being phased out; it will become a hard error in a future release!
[INFO] [stdout]    = note: for more information, see issue #57571 <https://github.com/rust-lang/rust/issues/57571>
[INFO] [stdout] 
[INFO] [stdout] 
[INFO] [stdout] warning: valid forms for the attribute are `macro_export` and `macro_export(local_inner_macros)`
[INFO] [stdout]   --> src/lib.rs:87:3
[INFO] [stdout]    |
[INFO] [stdout] 87 | #[macro_export()]
[INFO] [stdout]    |   ^^^^^^^^^^^^^^
[INFO] [stdout]    |
[INFO] [stdout]    = warning: this was previously accepted by the compiler but is being phased out; it will become a hard error in a future release!
[INFO] [stdout]    = note: for more information, see issue #57571 <https://github.com/rust-lang/rust/issues/57571>
[INFO] [stdout] 
[INFO] [stdout] 
[INFO] [stdout] warning: valid forms for the attribute are `macro_export` and `macro_export(local_inner_macros)`
[INFO] [stdout]   --> src/lib.rs:99:3
[INFO] [stdout]    |
[INFO] [stdout] 99 | #[macro_export()]
[INFO] [stdout]    |   ^^^^^^^^^^^^^^
[INFO] [stdout]    |
[INFO] [stdout]    = warning: this was previously accepted by the compiler but is being phased out; it will become a hard error in a future release!
[INFO] [stdout]    = note: for more information, see issue #57571 <https://github.com/rust-lang/rust/issues/57571>
[INFO] [stdout] 
[INFO] [stdout] 
[INFO] [stdout] warning: valid forms for the attribute are `macro_export` and `macro_export(local_inner_macros)`
[INFO] [stdout]    --> src/lib.rs:110:3
[INFO] [stdout]     |
[INFO] [stdout] 110 | #[macro_export()]
[INFO] [stdout]     |   ^^^^^^^^^^^^^^
[INFO] [stdout]     |
[INFO] [stdout]     = warning: this was previously accepted by the compiler but is being phased out; it will become a hard error in a future release!
[INFO] [stdout]     = note: for more information, see issue #57571 <https://github.com/rust-lang/rust/issues/57571>
[INFO] [stdout] 
[INFO] [stdout] 
[INFO] [stdout] warning: valid forms for the attribute are `macro_export` and `macro_export(local_inner_macros)`
[INFO] [stdout]    --> src/lib.rs:121:3
[INFO] [stdout]     |
[INFO] [stdout] 121 | #[macro_export()]
[INFO] [stdout]     |   ^^^^^^^^^^^^^^
[INFO] [stdout]     |
[INFO] [stdout]     = warning: this was previously accepted by the compiler but is being phased out; it will become a hard error in a future release!
[INFO] [stdout]     = note: for more information, see issue #57571 <https://github.com/rust-lang/rust/issues/57571>
[INFO] [stdout] 
[INFO] [stdout] 
[INFO] [stdout] warning: valid forms for the attribute are `macro_export` and `macro_export(local_inner_macros)`
[INFO] [stdout]    --> src/lib.rs:132:3
[INFO] [stdout]     |
[INFO] [stdout] 132 | #[macro_export()]
[INFO] [stdout]     |   ^^^^^^^^^^^^^^
[INFO] [stdout]     |
[INFO] [stdout]     = warning: this was previously accepted by the compiler but is being phased out; it will become a hard error in a future release!
[INFO] [stdout]     = note: for more information, see issue #57571 <https://github.com/rust-lang/rust/issues/57571>
[INFO] [stdout] 
[INFO] [stdout] 
[INFO] [stdout] warning: valid forms for the attribute are `macro_export` and `macro_export(local_inner_macros)`
[INFO] [stdout]    --> src/lib.rs:144:3
[INFO] [stdout]     |
[INFO] [stdout] 144 | #[macro_export()]
[INFO] [stdout]     |   ^^^^^^^^^^^^^^
[INFO] [stdout]     |
[INFO] [stdout]     = warning: this was previously accepted by the compiler but is being phased out; it will become a hard error in a future release!
[INFO] [stdout]     = note: for more information, see issue #57571 <https://github.com/rust-lang/rust/issues/57571>
[INFO] [stdout] 
[INFO] [stdout] 
[INFO] [stdout] warning: valid forms for the attribute are `macro_export` and `macro_export(local_inner_macros)`
[INFO] [stdout]    --> src/lib.rs:159:3
[INFO] [stdout]     |
[INFO] [stdout] 159 | #[macro_export()]
[INFO] [stdout]     |   ^^^^^^^^^^^^^^
[INFO] [stdout]     |
[INFO] [stdout]     = warning: this was previously accepted by the compiler but is being phased out; it will become a hard error in a future release!
[INFO] [stdout]     = note: for more information, see issue #57571 <https://github.com/rust-lang/rust/issues/57571>
[INFO] [stdout] 
[INFO] [stdout] 
[INFO] [stderr]     Finished `release` profile [optimized] target(s) in 0.18s
[INFO] [stderr] warning: the following packages contain code that will be rejected by a future version of Rust: quick_io v2.0.0 (/opt/rustwide/workdir)
[INFO] [stderr] note: to see what the problems were, use the option `--future-incompat-report`, or run `cargo report future-incompatibilities --id 4`
[INFO] running `Command { std: "docker" "inspect" "3e7c2d5c591c27a8be4deab500dcfaa3ab92c58af4332f357c4964c13ee8ef28", kill_on_drop: false }`
[INFO] running `Command { std: "docker" "exec" "-e" "SOURCE_DIR=/opt/rustwide/workdir" "-e" "CARGO_HOME=/opt/rustwide/cargo-home" "-e" "RUSTUP_HOME=/opt/rustwide/rustup-home" "-e" "CARGO_TARGET_DIR=/opt/rustwide/target" "-e" "CARGO_INCREMENTAL=0" "-e" "RUST_BACKTRACE=full" "-e" "RUSTFLAGS=--cap-lints=warn" "-e" "RUSTDOCFLAGS=--cap-lints=warn" "-w" "/opt/rustwide/workdir" "--user" "0:0" "3e7c2d5c591c27a8be4deab500dcfaa3ab92c58af4332f357c4964c13ee8ef28" "/opt/rustwide/cargo-home/bin/cargo" "+1.100.0-beta.1" "test" "--frozen" "--release", kill_on_drop: false }`
[INFO] [stderr] warning: valid forms for the attribute are `macro_export` and `macro_export(local_inner_macros)`
[INFO] [stderr]   --> src/lib.rs:49:3
[INFO] [stderr]    |
[INFO] [stderr] 49 | #[macro_export()]
[INFO] [stderr]    |   ^^^^^^^^^^^^^^
[INFO] [stderr]    |
[INFO] [stderr]    = warning: this was previously accepted by the compiler but is being phased out; it will become a hard error in a future release!
[INFO] [stderr]    = note: for more information, see issue #57571 <https://github.com/rust-lang/rust/issues/57571>
[INFO] [stderr]    = note: `#[warn(invalid_macro_export_arguments)]` (part of `#[warn(future_incompatible)]`) on by default
[INFO] [stderr] 
[INFO] [stderr] warning: valid forms for the attribute are `macro_export` and `macro_export(local_inner_macros)`
[INFO] [stderr]   --> src/lib.rs:60:3
[INFO] [stderr]    |
[INFO] [stderr] 60 | #[macro_export()]
[INFO] [stderr]    |   ^^^^^^^^^^^^^^
[INFO] [stderr]    |
[INFO] [stderr]    = warning: this was previously accepted by the compiler but is being phased out; it will become a hard error in a future release!
[INFO] [stderr]    = note: for more information, see issue #57571 <https://github.com/rust-lang/rust/issues/57571>
[INFO] [stderr] 
[INFO] [stderr] warning: valid forms for the attribute are `macro_export` and `macro_export(local_inner_macros)`
[INFO] [stderr]   --> src/lib.rs:67:3
[INFO] [stderr]    |
[INFO] [stderr] 67 | #[macro_export()]
[INFO] [stderr]    |   ^^^^^^^^^^^^^^
[INFO] [stderr]    |
[INFO] [stderr]    = warning: this was previously accepted by the compiler but is being phased out; it will become a hard error in a future release!
[INFO] [stderr]    = note: for more information, see issue #57571 <https://github.com/rust-lang/rust/issues/57571>
[INFO] [stderr] 
[INFO] [stderr] warning: valid forms for the attribute are `macro_export` and `macro_export(local_inner_macros)`
[INFO] [stderr]   --> src/lib.rs:76:3
[INFO] [stderr]    |
[INFO] [stderr] 76 | #[macro_export()]
[INFO] [stderr]    |   ^^^^^^^^^^^^^^
[INFO] [stderr]    |
[INFO] [stderr]    = warning: this was previously accepted by the compiler but is being phased out; it will become a hard error in a future release!
[INFO] [stderr]    = note: for more information, see issue #57571 <https://github.com/rust-lang/rust/issues/57571>
[INFO] [stderr] 
[INFO] [stderr] warning: valid forms for the attribute are `macro_export` and `macro_export(local_inner_macros)`
[INFO] [stderr]   --> src/lib.rs:87:3
[INFO] [stderr]    |
[INFO] [stderr] 87 | #[macro_export()]
[INFO] [stderr]    |   ^^^^^^^^^^^^^^
[INFO] [stderr]    |
[INFO] [stderr]    = warning: this was previously accepted by the compiler but is being phased out; it will become a hard error in a future release!
[INFO] [stderr]    = note: for more information, see issue #57571 <https://github.com/rust-lang/rust/issues/57571>
[INFO] [stderr] 
[INFO] [stderr] warning: valid forms for the attribute are `macro_export` and `macro_export(local_inner_macros)`
[INFO] [stderr]   --> src/lib.rs:99:3
[INFO] [stderr]    |
[INFO] [stderr] 99 | #[macro_export()]
[INFO] [stderr]    |   ^^^^^^^^^^^^^^
[INFO] [stderr]    |
[INFO] [stderr]    = warning: this was previously accepted by the compiler but is being phased out; it will become a hard error in a future release!
[INFO] [stderr]    = note: for more information, see issue #57571 <https://github.com/rust-lang/rust/issues/57571>
[INFO] [stderr] 
[INFO] [stderr] warning: valid forms for the attribute are `macro_export` and `macro_export(local_inner_macros)`
[INFO] [stderr]    --> src/lib.rs:110:3
[INFO] [stderr]     |
[INFO] [stderr] 110 | #[macro_export()]
[INFO] [stderr]     |   ^^^^^^^^^^^^^^
[INFO] [stderr]     |
[INFO] [stderr]     = warning: this was previously accepted by the compiler but is being phased out; it will become a hard error in a future release!
[INFO] [stderr]     = note: for more information, see issue #57571 <https://github.com/rust-lang/rust/issues/57571>
[INFO] [stderr] 
[INFO] [stderr] warning: valid forms for the attribute are `macro_export` and `macro_export(local_inner_macros)`
[INFO] [stderr]    --> src/lib.rs:121:3
[INFO] [stderr]     |
[INFO] [stderr] 121 | #[macro_export()]
[INFO] [stderr]     |   ^^^^^^^^^^^^^^
[INFO] [stderr]     |
[INFO] [stderr]     = warning: this was previously accepted by the compiler but is being phased out; it will become a hard error in a future release!
[INFO] [stderr]     = note: for more information, see issue #57571 <https://github.com/rust-lang/rust/issues/57571>
[INFO] [stderr] 
[INFO] [stderr] warning: valid forms for the attribute are `macro_export` and `macro_export(local_inner_macros)`
[INFO] [stderr]    --> src/lib.rs:132:3
[INFO] [stderr]     |
[INFO] [stderr] 132 | #[macro_export()]
[INFO] [stderr]     |   ^^^^^^^^^^^^^^
[INFO] [stderr]     |
[INFO] [stderr]     = warning: this was previously accepted by the compiler but is being phased out; it will become a hard error in a future release!
[INFO] [stderr]     = note: for more information, see issue #57571 <https://github.com/rust-lang/rust/issues/57571>
[INFO] [stderr] 
[INFO] [stderr] warning: valid forms for the attribute are `macro_export` and `macro_export(local_inner_macros)`
[INFO] [stderr]    --> src/lib.rs:144:3
[INFO] [stderr]     |
[INFO] [stderr] 144 | #[macro_export()]
[INFO] [stderr]     |   ^^^^^^^^^^^^^^
[INFO] [stderr]     |
[INFO] [stderr]     = warning: this was previously accepted by the compiler but is being phased out; it will become a hard error in a future release!
[INFO] [stderr]     = note: for more information, see issue #57571 <https://github.com/rust-lang/rust/issues/57571>
[INFO] [stderr] 
[INFO] [stderr] warning: valid forms for the attribute are `macro_export` and `macro_export(local_inner_macros)`
[INFO] [stderr]    --> src/lib.rs:159:3
[INFO] [stderr]     |
[INFO] [stderr] 159 | #[macro_export()]
[INFO] [stderr]     |   ^^^^^^^^^^^^^^
[INFO] [stderr]     |
[INFO] [stderr]     = warning: this was previously accepted by the compiler but is being phased out; it will become a hard error in a future release!
[INFO] [stderr]     = note: for more information, see issue #57571 <https://github.com/rust-lang/rust/issues/57571>
[INFO] [stderr] 
[INFO] [stderr] warning: `quick_io` (lib) generated 11 warnings
[INFO] [stderr] warning: `quick_io` (lib test) generated 11 warnings (11 duplicates)
[INFO] [stderr]     Finished `release` profile [optimized] target(s) in 0.04s
[INFO] [stderr] warning: the following packages contain code that will be rejected by a future version of Rust: quick_io v2.0.0 (/opt/rustwide/workdir)
[INFO] [stderr] note: to see what the problems were, use the option `--future-incompat-report`, or run `cargo report future-incompatibilities --id 4`
[INFO] [stderr]      Running unittests src/lib.rs (/opt/rustwide/target/release/build/quick_io/76c2e370205041a3/out/quick_io-76c2e370205041a3)
[INFO] [stdout] 
[INFO] [stderr]    Doc-tests quick_io
[INFO] [stdout] running 0 tests
[INFO] [stdout] 
[INFO] [stdout] test result: ok. 0 passed; 0 failed; 0 ignored; 0 measured; 0 filtered out; finished in 0.00s
[INFO] [stdout] 
[INFO] [stdout] 
[INFO] [stdout] running 1 test
[INFO] [stdout] test src/lib.rs - (line 3) ... FAILED
[INFO] [stdout] 
[INFO] [stdout] failures:
[INFO] [stdout] 
[INFO] [stdout] ---- src/lib.rs - (line 3) stdout ----
[INFO] [stdout] error[E0252]: the name `Write` is defined multiple times
[INFO] [stdout]   --> src/lib.rs:16:1
[INFO] [stdout]    |
[INFO] [stdout]  8 | addstr!("Input something: ");
[INFO] [stdout]    | ---------------------------- previous import of the trait `Write` here
[INFO] [stdout] ...
[INFO] [stdout] 16 | addstr!("Went down 10 characters and right 20 characters");
[INFO] [stdout]    | ^^^^^^^^^^^^^^^^^^^^^^^^^^^^^^^^^^^^^^^^^^^^^^^^^^^^^^^^^^ `Write` reimported here
[INFO] [stdout]    |
[INFO] [stdout]    = note: `Write` must be defined only once in the type namespace of this block
[INFO] [stdout]    = note: this error originates in the macro `addstr` (in Nightly builds, run with -Z macro-backtrace for more info)
[INFO] [stdout] 
[INFO] [stdout] error[E0252]: the name `Write` is defined multiple times
[INFO] [stdout]   --> src/lib.rs:25:1
[INFO] [stdout]    |
[INFO] [stdout]  8 | addstr!("Input something: ");
[INFO] [stdout]    | ---------------------------- previous import of the trait `Write` here
[INFO] [stdout] ...
[INFO] [stdout] 25 | addstr!("Moved to 0, 20 with mv!");
[INFO] [stdout]    | ^^^^^^^^^^^^^^^^^^^^^^^^^^^^^^^^^^ `Write` reimported here
[INFO] [stdout]    |
[INFO] [stdout]    = note: `Write` must be defined only once in the type namespace of this block
[INFO] [stdout]    = note: this error originates in the macro `addstr` (in Nightly builds, run with -Z macro-backtrace for more info)
[INFO] [stdout] 
[INFO] [stdout] error: cannot find macro `addln` in this scope
[INFO] [stdout]   --> src/lib.rs:30:1
[INFO] [stdout]    |
[INFO] [stdout] 30 | addln!("Press enter to clear this line.");
[INFO] [stdout]    | ^^^^^
[INFO] [stdout] 
[INFO] [stdout] error: aborting due to 3 previous errors
[INFO] [stdout] 
[INFO] [stdout] For more information about this error, try `rustc --explain E0252`.
[INFO] [stdout] Couldn't compile the test.
[INFO] [stdout] 
[INFO] [stdout] failures:
[INFO] [stdout]     src/lib.rs - (line 3)
[INFO] [stdout] 
[INFO] [stdout] test result: FAILED. 0 passed; 1 failed; 0 ignored; 0 measured; 0 filtered out; finished in 0.05s
[INFO] [stdout] 
[INFO] [stderr] error: doctest failed, to rerun pass `--doc`
[INFO] running `Command { std: "docker" "inspect" "3e7c2d5c591c27a8be4deab500dcfaa3ab92c58af4332f357c4964c13ee8ef28", kill_on_drop: false }`
[INFO] running `Command { std: "docker" "rm" "-f" "3e7c2d5c591c27a8be4deab500dcfaa3ab92c58af4332f357c4964c13ee8ef28", kill_on_drop: false }`
[INFO] [stdout] 3e7c2d5c591c27a8be4deab500dcfaa3ab92c58af4332f357c4964c13ee8ef28
