[INFO] fetching crate quick-timer 0.1.2...
[INFO] testing quick-timer-0.1.2 against 1.99.0-beta.8+cargoflags=--release for beta-release-1.100-2
[INFO] extracting crate quick-timer 0.1.2 into /workspace/builds/worker-0-tc1/source
[INFO] started tweaking crates.io crate quick-timer 0.1.2
[INFO] removed 0 missing examples
[INFO] finished tweaking crates.io crate quick-timer 0.1.2
[INFO] tweaked toml for crates.io crate quick-timer 0.1.2 written to /workspace/builds/worker-0-tc1/source/Cargo.toml
[INFO] validating manifest of crates.io crate quick-timer 0.1.2 on toolchain 1.99.0-beta.8
[INFO] running `Command { std: CARGO_HOME="/workspace/cargo-home" RUSTUP_HOME="/workspace/rustup-home" "/workspace/cargo-home/bin/cargo" "+1.99.0-beta.8" "metadata" "--manifest-path" "Cargo.toml" "--no-deps", kill_on_drop: false }`
[INFO] crate crates.io crate quick-timer 0.1.2 already has a lockfile, it will not be regenerated
[INFO] running `Command { std: CARGO_HOME="/workspace/cargo-home" RUSTUP_HOME="/workspace/rustup-home" "/workspace/cargo-home/bin/cargo" "+1.99.0-beta.8" "fetch" "--manifest-path" "Cargo.toml", kill_on_drop: false }`
[INFO] running `Command { std: "docker" "create" "-v" "/var/lib/crater-agent-workspace/builds/worker-0-tc1/source:/opt/rustwide/workdir:ro,Z" "-v" "/var/lib/crater-agent-workspace/builds/worker-0-tc1/target:/opt/rustwide/target:rw,Z" "-v" "/var/lib/crater-agent-workspace/cargo-home:/opt/rustwide/cargo-home:ro,Z" "-v" "/var/lib/crater-agent-workspace/rustup-home:/opt/rustwide/rustup-home:ro,Z" "-m" "1610612736" "--network" "none" "ghcr.io/rust-lang/crates-build-env/linux@sha256:77db811e55d90add9212f6832c23229e3de5f1c1f9905e8cb07319ea15df73ac" "sleep" "infinity", kill_on_drop: false }`
[INFO] [stdout] 2cd4b37f4c34dd2c09262d32b3298fa834f9dde2e75645d3e8b780884ad6d09e
[INFO] running `Command { std: "docker" "start" "2cd4b37f4c34dd2c09262d32b3298fa834f9dde2e75645d3e8b780884ad6d09e", kill_on_drop: false }`
[INFO] running `Command { std: "docker" "inspect" "2cd4b37f4c34dd2c09262d32b3298fa834f9dde2e75645d3e8b780884ad6d09e", kill_on_drop: false }`
[INFO] running `Command { std: "docker" "exec" "-e" "SOURCE_DIR=/opt/rustwide/workdir" "-e" "CARGO_HOME=/opt/rustwide/cargo-home" "-e" "RUSTUP_HOME=/opt/rustwide/rustup-home" "-e" "CARGO_TARGET_DIR=/opt/rustwide/target" "-w" "/opt/rustwide/workdir" "--user" "0:0" "2cd4b37f4c34dd2c09262d32b3298fa834f9dde2e75645d3e8b780884ad6d09e" "/opt/rustwide/cargo-home/bin/cargo" "+1.99.0-beta.8" "metadata" "--no-deps" "--format-version=1", kill_on_drop: false }`
[INFO] running `Command { std: "docker" "inspect" "2cd4b37f4c34dd2c09262d32b3298fa834f9dde2e75645d3e8b780884ad6d09e", kill_on_drop: false }`
[INFO] running `Command { std: "docker" "exec" "-e" "SOURCE_DIR=/opt/rustwide/workdir" "-e" "CARGO_HOME=/opt/rustwide/cargo-home" "-e" "RUSTUP_HOME=/opt/rustwide/rustup-home" "-e" "CARGO_TARGET_DIR=/opt/rustwide/target" "-e" "CARGO_INCREMENTAL=0" "-e" "RUST_BACKTRACE=full" "-e" "RUSTFLAGS=--cap-lints=warn" "-e" "RUSTDOCFLAGS=--cap-lints=warn" "-w" "/opt/rustwide/workdir" "--user" "0:0" "2cd4b37f4c34dd2c09262d32b3298fa834f9dde2e75645d3e8b780884ad6d09e" "/opt/rustwide/cargo-home/bin/cargo" "+1.99.0-beta.8" "build" "--frozen" "--message-format=json" "--release", kill_on_drop: false }`
[INFO] [stderr]    Compiling quick-timer v0.1.2 (/opt/rustwide/workdir)
[INFO] [stderr]     Finished `release` profile [optimized] target(s) in 0.09s
[INFO] running `Command { std: "docker" "inspect" "2cd4b37f4c34dd2c09262d32b3298fa834f9dde2e75645d3e8b780884ad6d09e", kill_on_drop: false }`
[INFO] running `Command { std: "docker" "exec" "-e" "SOURCE_DIR=/opt/rustwide/workdir" "-e" "CARGO_HOME=/opt/rustwide/cargo-home" "-e" "RUSTUP_HOME=/opt/rustwide/rustup-home" "-e" "CARGO_TARGET_DIR=/opt/rustwide/target" "-e" "CARGO_INCREMENTAL=0" "-e" "RUST_BACKTRACE=full" "-e" "RUSTFLAGS=--cap-lints=warn" "-e" "RUSTDOCFLAGS=--cap-lints=warn" "-w" "/opt/rustwide/workdir" "--user" "0:0" "2cd4b37f4c34dd2c09262d32b3298fa834f9dde2e75645d3e8b780884ad6d09e" "/opt/rustwide/cargo-home/bin/cargo" "+1.99.0-beta.8" "test" "--frozen" "--no-run" "--message-format=json" "--release", kill_on_drop: false }`
[INFO] [stderr]    Compiling quick-timer v0.1.2 (/opt/rustwide/workdir)
[INFO] [stdout] warning: unused import: `super::*`
[INFO] [stdout]    --> src/lib.rs:362:9
[INFO] [stdout]     |
[INFO] [stdout] 362 |     use super::*;
[INFO] [stdout]     |         ^^^^^^^^
[INFO] [stdout]     |
[INFO] [stdout]     = note: `#[warn(unused_imports)]` (part of `#[warn(unused)]`) on by default
[INFO] [stdout] 
[INFO] [stdout] 
[INFO] [stderr]     Finished `release` profile [optimized] target(s) in 0.26s
[INFO] running `Command { std: "docker" "inspect" "2cd4b37f4c34dd2c09262d32b3298fa834f9dde2e75645d3e8b780884ad6d09e", kill_on_drop: false }`
[INFO] running `Command { std: "docker" "exec" "-e" "SOURCE_DIR=/opt/rustwide/workdir" "-e" "CARGO_HOME=/opt/rustwide/cargo-home" "-e" "RUSTUP_HOME=/opt/rustwide/rustup-home" "-e" "CARGO_TARGET_DIR=/opt/rustwide/target" "-e" "CARGO_INCREMENTAL=0" "-e" "RUST_BACKTRACE=full" "-e" "RUSTFLAGS=--cap-lints=warn" "-e" "RUSTDOCFLAGS=--cap-lints=warn" "-w" "/opt/rustwide/workdir" "--user" "0:0" "2cd4b37f4c34dd2c09262d32b3298fa834f9dde2e75645d3e8b780884ad6d09e" "/opt/rustwide/cargo-home/bin/cargo" "+1.99.0-beta.8" "test" "--frozen" "--release", kill_on_drop: false }`
[INFO] [stderr] warning: unused import: `super::*`
[INFO] [stderr]    --> src/lib.rs:362:9
[INFO] [stderr]     |
[INFO] [stderr] 362 |     use super::*;
[INFO] [stderr]     |         ^^^^^^^^
[INFO] [stderr]     |
[INFO] [stderr]     = note: `#[warn(unused_imports)]` (part of `#[warn(unused)]`) on by default
[INFO] [stderr] 
[INFO] [stderr] warning: `quick-timer` (lib test) generated 1 warning (run `cargo fix --lib -p quick-timer --tests` to apply 1 suggestion)
[INFO] [stderr]     Finished `release` profile [optimized] target(s) in 0.03s
[INFO] [stderr]      Running unittests src/lib.rs (/opt/rustwide/target/release/deps/quick_timer-125b8d8c21029ed9)
[INFO] [stderr]    Doc-tests quick_timer
[INFO] [stdout] 
[INFO] [stdout] running 2 tests
[INFO] [stdout] test tests::test_timer ... ok
[INFO] [stdout] test tests::test_timer_silent ... ok
[INFO] [stdout] 
[INFO] [stdout] test result: ok. 2 passed; 0 failed; 0 ignored; 0 measured; 0 filtered out; finished in 0.00s
[INFO] [stdout] 
[INFO] [stdout] 
[INFO] [stdout] running 5 tests
[INFO] [stdout] test src/lib.rs - timer_silent (line 317) ... FAILED
[INFO] [stdout] test src/lib.rs - timer (line 94) ... FAILED
[INFO] [stdout] test src/lib.rs - (line 14) ... FAILED
[INFO] [stdout] test src/lib.rs - timer_silent (line 326) ... ok
[INFO] [stderr] error: doctest failed, to rerun pass `--doc`
[INFO] [stdout] test src/lib.rs - timer (line 121) ... ok
[INFO] [stdout] 
[INFO] [stdout] failures:
[INFO] [stdout] 
[INFO] [stdout] ---- src/lib.rs - timer_silent (line 317) stdout ----
[INFO] [stdout] error: cannot find macro `timer_silent` in this scope
[INFO] [stdout]    --> src/lib.rs:319:26
[INFO] [stdout]     |
[INFO] [stdout] 319 | let (result, duration) = timer_silent! {
[INFO] [stdout]     |                          ^^^^^^^^^^^^
[INFO] [stdout] 
[INFO] [stdout] error: aborting due to 1 previous error
[INFO] [stdout] 
[INFO] [stdout] Couldn't compile the test.
[INFO] [stdout] ---- src/lib.rs - timer (line 94) stdout ----
[INFO] [stdout] error[E0308]: mismatched types
[INFO] [stdout]    --> src/lib.rs:110:1
[INFO] [stdout]     |
[INFO] [stdout] 110 | "My Tag"
[INFO] [stdout]     | ^^^^^^^^ expected `()`, found `&str`
[INFO] [stdout] 
[INFO] [stdout] error: aborting due to 1 previous error
[INFO] [stdout] 
[INFO] [stdout] For more information about this error, try `rustc --explain E0308`.
[INFO] [stdout] Couldn't compile the test.
[INFO] [stdout] ---- src/lib.rs - (line 14) stdout ----
[INFO] [stdout] error: expected `;`, found `println`
[INFO] [stdout]   --> src/lib.rs:44:4
[INFO] [stdout]    |
[INFO] [stdout] 44 | Tag
[INFO] [stdout]    |    ^ help: add `;` here
[INFO] [stdout] 45 |         println!("You can do somethings here")
[INFO] [stdout]    |         ------- unexpected token
[INFO] [stdout] 
[INFO] [stdout] error: expected `;`, found `println`
[INFO] [stdout]   --> src/lib.rs:49:8
[INFO] [stdout]    |
[INFO] [stdout] 49 | "A Tag"
[INFO] [stdout]    |        ^ help: add `;` here
[INFO] [stdout] 50 |         println!("You can do somethings here")
[INFO] [stdout]    |         ------- unexpected token
[INFO] [stdout] 
[INFO] [stdout] error: aborting due to 2 previous errors
[INFO] [stdout] 
[INFO] [stdout] Couldn't compile the test.
[INFO] [stdout] 
[INFO] [stdout] failures:
[INFO] [stdout]     src/lib.rs - (line 14)
[INFO] [stdout]     src/lib.rs - timer (line 94)
[INFO] [stdout]     src/lib.rs - timer_silent (line 317)
[INFO] [stdout] 
[INFO] [stdout] test result: FAILED. 2 passed; 3 failed; 0 ignored; 0 measured; 0 filtered out; finished in 0.30s
[INFO] [stdout] 
[INFO] running `Command { std: "docker" "inspect" "2cd4b37f4c34dd2c09262d32b3298fa834f9dde2e75645d3e8b780884ad6d09e", kill_on_drop: false }`
[INFO] running `Command { std: "docker" "rm" "-f" "2cd4b37f4c34dd2c09262d32b3298fa834f9dde2e75645d3e8b780884ad6d09e", kill_on_drop: false }`
[INFO] [stdout] 2cd4b37f4c34dd2c09262d32b3298fa834f9dde2e75645d3e8b780884ad6d09e
