[INFO] fetching crate quick-oxibooks 0.2.4...
[INFO] testing quick-oxibooks-0.2.4 against 1.99.0-beta.8+cargoflags=--release for beta-release-1.100-2
[INFO] extracting crate quick-oxibooks 0.2.4 into /workspace/builds/worker-4-tc1/source
[INFO] started tweaking crates.io crate quick-oxibooks 0.2.4
[INFO] removed 0 missing examples
[INFO] finished tweaking crates.io crate quick-oxibooks 0.2.4
[INFO] tweaked toml for crates.io crate quick-oxibooks 0.2.4 written to /workspace/builds/worker-4-tc1/source/Cargo.toml
[INFO] validating manifest of crates.io crate quick-oxibooks 0.2.4 on toolchain 1.99.0-beta.8
[INFO] running `Command { std: CARGO_HOME="/workspace/cargo-home" RUSTUP_HOME="/workspace/rustup-home" "/workspace/cargo-home/bin/cargo" "+1.99.0-beta.8" "metadata" "--manifest-path" "Cargo.toml" "--no-deps", kill_on_drop: false }`
[INFO] crate crates.io crate quick-oxibooks 0.2.4 already has a lockfile, it will not be regenerated
[INFO] running `Command { std: CARGO_HOME="/workspace/cargo-home" RUSTUP_HOME="/workspace/rustup-home" "/workspace/cargo-home/bin/cargo" "+1.99.0-beta.8" "fetch" "--manifest-path" "Cargo.toml", kill_on_drop: false }`
[INFO] [stderr]     Updating crates.io index
[INFO] [stderr]  Downloading crates ...
[INFO] [stderr]   Downloaded ureq v3.0.12
[INFO] [stderr]   Downloaded cookie_store v0.21.1
[INFO] [stderr]   Downloaded polars-error v0.49.1
[INFO] [stderr]   Downloaded serde_with_macros v3.13.0
[INFO] [stderr]   Downloaded quickbooks-types v0.1.0
[INFO] [stderr]   Downloaded ureq-proto v0.4.2
[INFO] [stderr]   Downloaded polars-utils v0.49.1
[INFO] [stderr]   Downloaded indexmap v2.10.0
[INFO] [stderr]   Downloaded polars-arrow-format v0.2.0
[INFO] [stderr]   Downloaded windows-targets v0.53.3
[INFO] [stderr]   Downloaded socket2 v0.6.1
[INFO] [stderr]   Downloaded rustls-native-certs v0.8.2
[INFO] [stderr]   Downloaded serde_json v1.0.143
[INFO] [stderr]   Downloaded polars v0.49.1
[INFO] [stderr]   Downloaded mio v1.1.0
[INFO] [stderr]   Downloaded serde_with v3.13.0
[INFO] [stderr]   Downloaded tower-http v0.6.6
[INFO] [stderr]   Downloaded reqwest v0.12.24
[INFO] [stderr]   Downloaded webpki-roots v1.0.4
[INFO] [stderr]   Downloaded object_store v0.12.4
[INFO] [stderr]   Downloaded iri-string v0.7.9
[INFO] [stderr]   Downloaded tokio-util v0.7.17
[INFO] [stderr]   Downloaded hyper-util v0.1.17
[INFO] [stderr]   Downloaded hyper v1.8.0
[INFO] [stderr]   Downloaded h2 v0.4.12
[INFO] [stderr]   Downloaded tokio v1.48.0
[INFO] [stderr]   Downloaded polars-time v0.49.1
[INFO] [stderr]   Downloaded polars-ops v0.49.1
[INFO] [stderr]   Downloaded polars-row v0.49.1
[INFO] [stderr]   Downloaded polars-core v0.49.1
[INFO] [stderr]   Downloaded polars-schema v0.49.1
[INFO] [stderr]   Downloaded polars-compute v0.49.1
[INFO] [stderr]   Downloaded polars-arrow v0.49.1
[INFO] [stderr]   Downloaded atoi_simd v0.16.1
[INFO] [stderr]   Downloaded comfy-table v7.2.1
[INFO] [stderr]   Downloaded rustix v1.0.8
[INFO] [stderr]   Downloaded boxcar v0.2.13
[INFO] [stderr]   Downloaded polars-sql v0.49.1
[INFO] [stderr]   Downloaded polars-plan v0.49.1
[INFO] [stderr]   Downloaded polars-io v0.49.1
[INFO] [stderr]   Downloaded polars-parquet v0.49.1
[INFO] [stderr]   Downloaded sqlparser v0.53.0
[INFO] [stderr]   Downloaded polars-stream v0.49.1
[INFO] [stderr]   Downloaded polars-mem-engine v0.49.1
[INFO] [stderr]   Downloaded polars-expr v0.49.1
[INFO] [stderr]   Downloaded polars-lazy v0.49.1
[INFO] [stderr]   Downloaded pastey v0.1.0
[INFO] [stderr]   Downloaded env_logger v0.11.8
[INFO] [stderr]   Downloaded jiff-static v0.2.15
[INFO] [stderr]   Downloaded env_filter v0.1.3
[INFO] [stderr]   Downloaded anstyle-wincon v3.0.10
[INFO] [stderr]   Downloaded anstyle-query v1.1.4
[INFO] [stderr]   Downloaded jiff v0.2.15
[INFO] running `Command { std: "docker" "create" "-v" "/var/lib/crater-agent-workspace/builds/worker-4-tc1/source:/opt/rustwide/workdir:ro,Z" "-v" "/var/lib/crater-agent-workspace/builds/worker-4-tc1/target:/opt/rustwide/target:rw,Z" "-v" "/var/lib/crater-agent-workspace/cargo-home:/opt/rustwide/cargo-home:ro,Z" "-v" "/var/lib/crater-agent-workspace/rustup-home:/opt/rustwide/rustup-home:ro,Z" "-m" "1610612736" "--network" "none" "ghcr.io/rust-lang/crates-build-env/linux@sha256:77db811e55d90add9212f6832c23229e3de5f1c1f9905e8cb07319ea15df73ac" "sleep" "infinity", kill_on_drop: false }`
[INFO] [stdout] 8d3b81b291bdf172021d71d547818c68b408295ae22228812baf166f43029144
[INFO] running `Command { std: "docker" "start" "8d3b81b291bdf172021d71d547818c68b408295ae22228812baf166f43029144", kill_on_drop: false }`
[INFO] running `Command { std: "docker" "inspect" "8d3b81b291bdf172021d71d547818c68b408295ae22228812baf166f43029144", kill_on_drop: false }`
[INFO] running `Command { std: "docker" "exec" "-e" "SOURCE_DIR=/opt/rustwide/workdir" "-e" "CARGO_HOME=/opt/rustwide/cargo-home" "-e" "RUSTUP_HOME=/opt/rustwide/rustup-home" "-e" "CARGO_TARGET_DIR=/opt/rustwide/target" "-w" "/opt/rustwide/workdir" "--user" "0:0" "8d3b81b291bdf172021d71d547818c68b408295ae22228812baf166f43029144" "/opt/rustwide/cargo-home/bin/cargo" "+1.99.0-beta.8" "metadata" "--no-deps" "--format-version=1", kill_on_drop: false }`
[INFO] running `Command { std: "docker" "inspect" "8d3b81b291bdf172021d71d547818c68b408295ae22228812baf166f43029144", kill_on_drop: false }`
[INFO] running `Command { std: "docker" "exec" "-e" "SOURCE_DIR=/opt/rustwide/workdir" "-e" "CARGO_HOME=/opt/rustwide/cargo-home" "-e" "RUSTUP_HOME=/opt/rustwide/rustup-home" "-e" "CARGO_TARGET_DIR=/opt/rustwide/target" "-e" "CARGO_INCREMENTAL=0" "-e" "RUST_BACKTRACE=full" "-e" "RUSTFLAGS=--cap-lints=warn" "-e" "RUSTDOCFLAGS=--cap-lints=warn" "-w" "/opt/rustwide/workdir" "--user" "0:0" "8d3b81b291bdf172021d71d547818c68b408295ae22228812baf166f43029144" "/opt/rustwide/cargo-home/bin/cargo" "+1.99.0-beta.8" "build" "--frozen" "--message-format=json" "--release", kill_on_drop: false }`
[INFO] [stderr]    Compiling proc-macro2 v1.0.95
[INFO] [stderr]    Compiling unicode-ident v1.0.18
[INFO] [stderr]    Compiling libc v0.2.174
[INFO] [stderr]    Compiling cfg-if v1.0.1
[INFO] [stderr]    Compiling serde v1.0.219
[INFO] [stderr]    Compiling zeroize v1.8.1
[INFO] [stderr]    Compiling strsim v0.11.1
[INFO] [stderr]    Compiling ident_case v1.0.1
[INFO] [stderr]    Compiling fnv v1.0.7
[INFO] [stderr]    Compiling itoa v1.0.15
[INFO] [stderr]    Compiling httparse v1.10.1
[INFO] [stderr]    Compiling serde_json v1.0.143
[INFO] [stderr]    Compiling untrusted v0.9.0
[INFO] [stderr]    Compiling log v0.4.27
[INFO] [stderr]    Compiling cc v1.2.27
[INFO] [stderr]    Compiling ryu v1.0.20
[INFO] [stderr]    Compiling bytes v1.10.1
[INFO] [stderr]    Compiling thiserror v2.0.12
[INFO] [stderr]    Compiling rustls v0.23.28
[INFO] [stderr]    Compiling adler2 v2.0.1
[INFO] [stderr]    Compiling memchr v2.7.5
[INFO] [stderr]    Compiling crc32fast v1.4.2
[INFO] [stderr]    Compiling miniz_oxide v0.8.9
[INFO] [stderr]    Compiling iana-time-zone v0.1.63
[INFO] [stderr]    Compiling rustls-pki-types v1.12.0
[INFO] [stderr]    Compiling subtle v2.6.1
[INFO] [stderr]    Compiling once_cell v1.21.3
[INFO] [stderr]    Compiling base64 v0.22.1
[INFO] [stderr]    Compiling utf-8 v0.7.6
[INFO] [stderr]    Compiling percent-encoding v2.3.1
[INFO] [stderr]    Compiling http v1.3.1
[INFO] [stderr]    Compiling webpki-roots v1.0.4
[INFO] [stderr]    Compiling rustls-pemfile v2.2.0
[INFO] [stderr]    Compiling webpki-roots v0.26.11
[INFO] [stderr]    Compiling quote v1.0.40
[INFO] [stderr]    Compiling getrandom v0.2.16
[INFO] [stderr]    Compiling flate2 v1.1.2
[INFO] [stderr]    Compiling syn v2.0.104
[INFO] [stderr]    Compiling ring v0.17.14
[INFO] [stderr]    Compiling ureq-proto v0.4.2
[INFO] [stderr]    Compiling darling_core v0.20.11
[INFO] [stderr]    Compiling serde_derive v1.0.219
[INFO] [stderr]    Compiling thiserror-impl v2.0.12
[INFO] [stderr]    Compiling darling_macro v0.20.11
[INFO] [stderr]    Compiling darling v0.20.11
[INFO] [stderr]    Compiling serde_with_macros v3.13.0
[INFO] [stderr]    Compiling serde_with v3.13.0
[INFO] [stderr]    Compiling chrono v0.4.41
[INFO] [stderr]    Compiling quickbooks-types v0.1.0
[INFO] [stderr]    Compiling rustls-webpki v0.103.3
[INFO] [stderr]    Compiling ureq v3.0.12
[INFO] [stderr]    Compiling quick-oxibooks v0.2.4 (/opt/rustwide/workdir)
[INFO] [stderr]     Finished `release` profile [optimized] target(s) in 50.61s
[INFO] running `Command { std: "docker" "inspect" "8d3b81b291bdf172021d71d547818c68b408295ae22228812baf166f43029144", kill_on_drop: false }`
[INFO] running `Command { std: "docker" "exec" "-e" "SOURCE_DIR=/opt/rustwide/workdir" "-e" "CARGO_HOME=/opt/rustwide/cargo-home" "-e" "RUSTUP_HOME=/opt/rustwide/rustup-home" "-e" "CARGO_TARGET_DIR=/opt/rustwide/target" "-e" "CARGO_INCREMENTAL=0" "-e" "RUST_BACKTRACE=full" "-e" "RUSTFLAGS=--cap-lints=warn" "-e" "RUSTDOCFLAGS=--cap-lints=warn" "-w" "/opt/rustwide/workdir" "--user" "0:0" "8d3b81b291bdf172021d71d547818c68b408295ae22228812baf166f43029144" "/opt/rustwide/cargo-home/bin/cargo" "+1.99.0-beta.8" "test" "--frozen" "--no-run" "--message-format=json" "--release", kill_on_drop: false }`
[INFO] [stderr]    Compiling log v0.4.27
[INFO] [stderr]    Compiling aho-corasick v1.1.3
[INFO] [stderr]    Compiling regex-syntax v0.8.5
[INFO] [stderr]    Compiling utf8parse v0.2.2
[INFO] [stderr]    Compiling anstyle v1.0.13
[INFO] [stderr]    Compiling is_terminal_polyfill v1.70.2
[INFO] [stderr]    Compiling colorchoice v1.0.4
[INFO] [stderr]    Compiling anstyle-query v1.1.4
[INFO] [stderr]    Compiling jiff v0.2.15
[INFO] [stderr]    Compiling rustls v0.23.28
[INFO] [stderr]    Compiling ureq-proto v0.4.2
[INFO] [stderr]    Compiling anstyle-parse v0.2.7
[INFO] [stderr]    Compiling anstream v0.6.21
[INFO] [stderr]    Compiling regex-automata v0.4.9
[INFO] [stderr]    Compiling regex v1.11.1
[INFO] [stderr]    Compiling ureq v3.0.12
[INFO] [stderr]    Compiling env_filter v0.1.3
[INFO] [stderr]    Compiling env_logger v0.11.8
[INFO] [stderr]    Compiling quick-oxibooks v0.2.4 (/opt/rustwide/workdir)
[INFO] [stderr]     Finished `release` profile [optimized] target(s) in 58.70s
[INFO] running `Command { std: "docker" "inspect" "8d3b81b291bdf172021d71d547818c68b408295ae22228812baf166f43029144", kill_on_drop: false }`
[INFO] running `Command { std: "docker" "exec" "-e" "SOURCE_DIR=/opt/rustwide/workdir" "-e" "CARGO_HOME=/opt/rustwide/cargo-home" "-e" "RUSTUP_HOME=/opt/rustwide/rustup-home" "-e" "CARGO_TARGET_DIR=/opt/rustwide/target" "-e" "CARGO_INCREMENTAL=0" "-e" "RUST_BACKTRACE=full" "-e" "RUSTFLAGS=--cap-lints=warn" "-e" "RUSTDOCFLAGS=--cap-lints=warn" "-w" "/opt/rustwide/workdir" "--user" "0:0" "8d3b81b291bdf172021d71d547818c68b408295ae22228812baf166f43029144" "/opt/rustwide/cargo-home/bin/cargo" "+1.99.0-beta.8" "test" "--frozen" "--release", kill_on_drop: false }`
[INFO] [stderr]     Finished `release` profile [optimized] target(s) in 0.23s
[INFO] [stderr]      Running unittests src/lib.rs (/opt/rustwide/target/release/deps/quick_oxibooks-c64855756fd0ecf1)
[INFO] [stdout] 
[INFO] [stdout] running 3 tests
[INFO] [stdout] test batch::test::test_batch_req ... ok
[INFO] [stdout] test batch::test::test_batch_resp ... ok
[INFO] [stdout] test limiter::tests::test_rate_limiter ... ok
[INFO] [stderr]    Doc-tests quick_oxibooks
[INFO] [stdout] 
[INFO] [stdout] test result: ok. 3 passed; 0 failed; 0 ignored; 0 measured; 0 filtered out; finished in 1.00s
[INFO] [stdout] 
[INFO] [stdout] 
[INFO] [stdout] running 30 tests
[INFO] [stdout] test src/batch.rs - batch (line 16) ... ignored
[INFO] [stdout] test src/client/context.rs - client::context::QBContext (line 82) - compile ... ok
[INFO] [stdout] test src/functions/query.rs - functions::query::QBQuery::query (line 120) ... ignored
[INFO] [stdout] test src/functions/query.rs - functions::query::QBQuery::query_single (line 136) ... ignored
[INFO] [stdout] test src/functions/query.rs - functions::query::qb_query (line 198) ... ignored
[INFO] [stdout] test src/client/context.rs - client::context::QBContext::with_refresh (line 223) - compile ... ok
[INFO] [stdout] test src/functions/create.rs - functions::create::QBCreate (line 35) - compile ... ok
[INFO] [stdout] test src/functions/read.rs - functions::read::QBRead (line 32) - compile ... ok
[INFO] [stdout] test src/functions/query.rs - functions::query::QBQuery (line 36) - compile ... ok
[INFO] [stdout] test src/client/context.rs - client::context::QBContext::new (line 133) - compile ... ok
[INFO] [stdout] test src/client/mod.rs - client (line 14) - compile ... ok
[INFO] [stdout] test src/client/context.rs - client::context::QBContext (line 58) - compile ... ok
[INFO] [stdout] test src/error.rs - error::APIError (line 17) - compile ... ok
[INFO] [stdout] test src/client/context.rs - client::context::QBContext (line 38) - compile ... ok
[INFO] [stdout] test src/client/context.rs - client::context::QBContext::with_access_token (line 261) - compile ... ok
[INFO] [stdout] test src/client/context.rs - client::context::QBContext::new_from_env (line 194) - compile ... ok
[INFO] [stdout] test src/error.rs - error::APIError (line 43) - compile ... ok
[INFO] [stdout] test src/functions/query.rs - functions::query::QBQuery (line 69) - compile ... ok
[INFO] [stdout] test src/functions/delete.rs - functions::delete::QBDelete (line 40) - compile ... FAILED
[INFO] [stdout] test src/functions/delete.rs - functions::delete::QBDeleted (line 170) - compile ... FAILED
[INFO] [stdout] test src/lib.rs - APIResult (line 88) - compile ... ok
[INFO] [stdout] test src/functions/read.rs - functions::read::qb_get_single (line 146) - compile ... ok
[INFO] [stdout] test src/lib.rs - (line 20) - compile ... ok
[INFO] [stdout] test src/functions/reports.rs - functions::reports::QBReport (line 36) - compile ... ok
[INFO] [stdout] test src/error.rs - error::APIErrorInner (line 139) ... ok
[INFO] [stdout] test src/lib.rs - DiscoveryDoc::get (line 273) - compile ... ok
[INFO] [stdout] test src/functions/read.rs - functions::read::QBRead (line 57) - compile ... ok
[INFO] [stdout] test src/lib.rs - DiscoveryDoc (line 225) - compile ... ok
[INFO] [stdout] test src/functions/reports.rs - functions::reports::QBReport (line 62) - compile ... ok
[INFO] [stdout] test src/lib.rs - Environment (line 109) ... ok
[INFO] [stdout] 
[INFO] [stdout] failures:
[INFO] [stdout] 
[INFO] [stdout] ---- src/functions/delete.rs - functions::delete::QBDelete (line 40) stdout ----
[INFO] [stdout] error[E0599]: the method `delete` exists for enum `Option<quickbooks_types::Invoice>`, but its trait bounds were not satisfied
[INFO] [stdout]   --> src/functions/delete.rs:64:28
[INFO] [stdout]    |
[INFO] [stdout] 64 | let deleted_info = invoice.delete(&qb_context, &client).unwrap();
[INFO] [stdout]    |                            ^^^^^^ method cannot be called on `Option<quickbooks_types::Invoice>` due to unsatisfied trait bounds
[INFO] [stdout]    |
[INFO] [stdout]    = note: the following trait bounds were not satisfied:
[INFO] [stdout]            `Option<quickbooks_types::Invoice>: QBItem`
[INFO] [stdout]            which is required by `Option<quickbooks_types::Invoice>: QBDelete`
[INFO] [stdout]            `Option<quickbooks_types::Invoice>: QBDeletable`
[INFO] [stdout]            which is required by `Option<quickbooks_types::Invoice>: QBDelete`
[INFO] [stdout] note: the method `delete` exists on the type `quickbooks_types::Invoice`
[INFO] [stdout]   --> src/functions/delete.rs:84:5
[INFO] [stdout]    |
[INFO] [stdout] 84 | /     fn delete(&self, qb: &QBContext, client: &Agent) -> APIResult<QBDeleted>
[INFO] [stdout] 85 | |     where
[INFO] [stdout] 86 | |         Self: Sized;
[INFO] [stdout]    | |____________________^
[INFO] [stdout] help: consider using `Option::expect` to unwrap the `quickbooks_types::Invoice` value, panicking if the value is an `Option::None`
[INFO] [stdout]    |
[INFO] [stdout] 64 | let deleted_info = invoice.expect("REASON").delete(&qb_context, &client).unwrap();
[INFO] [stdout]    |                           +++++++++++++++++
[INFO] [stdout] 
[INFO] [stdout] error: aborting due to 1 previous error
[INFO] [stdout] 
[INFO] [stdout] For more information about this error, try `rustc --explain E0599`.
[INFO] [stdout] Couldn't compile the test.
[INFO] [stdout] ---- src/functions/delete.rs - functions::delete::QBDeleted (line 170) stdout ----
[INFO] [stdout] error[E0599]: the method `delete` exists for enum `Option<quickbooks_types::Invoice>`, but its trait bounds were not satisfied
[INFO] [stdout]    --> src/functions/delete.rs:187:38
[INFO] [stdout]     |
[INFO] [stdout] 187 | let deleted_info: QBDeleted = entity.delete(&qb_context, &client).unwrap();
[INFO] [stdout]     |                                      ^^^^^^ method cannot be called on `Option<quickbooks_types::Invoice>` due to unsatisfied trait bounds
[INFO] [stdout]     |
[INFO] [stdout]     = note: the following trait bounds were not satisfied:
[INFO] [stdout]             `Option<quickbooks_types::Invoice>: QBItem`
[INFO] [stdout]             which is required by `Option<quickbooks_types::Invoice>: QBDelete`
[INFO] [stdout]             `Option<quickbooks_types::Invoice>: QBDeletable`
[INFO] [stdout]             which is required by `Option<quickbooks_types::Invoice>: QBDelete`
[INFO] [stdout] note: the method `delete` exists on the type `quickbooks_types::Invoice`
[INFO] [stdout]    --> src/functions/delete.rs:84:5
[INFO] [stdout]     |
[INFO] [stdout]  84 | /     fn delete(&self, qb: &QBContext, client: &Agent) -> APIResult<QBDeleted>
[INFO] [stdout]  85 | |     where
[INFO] [stdout]  86 | |         Self: Sized;
[INFO] [stdout]     | |____________________^
[INFO] [stdout] help: consider using `Option::expect` to unwrap the `quickbooks_types::Invoice` value, panicking if the value is an `Option::None`
[INFO] [stdout]     |
[INFO] [stdout] 187 | let deleted_info: QBDeleted = entity.expect("REASON").delete(&qb_context, &client).unwrap();
[INFO] [stdout]     |                                     +++++++++++++++++
[INFO] [stdout] 
[INFO] [stdout] error: aborting due to 1 previous error
[INFO] [stdout] 
[INFO] [stdout] For more information about this error, try `rustc --explain E0599`.
[INFO] [stdout] Couldn't compile the test.
[INFO] [stdout] 
[INFO] [stdout] failures:
[INFO] [stdout]     src/functions/delete.rs - functions::delete::QBDelete (line 40)
[INFO] [stdout]     src/functions/delete.rs - functions::delete::QBDeleted (line 170)
[INFO] [stdout] 
[INFO] [stdout] test result: FAILED. 24 passed; 2 failed; 4 ignored; 0 measured; 0 filtered out; finished in 0.74s
[INFO] [stdout] 
[INFO] [stderr] error: doctest failed, to rerun pass `--doc`
[INFO] running `Command { std: "docker" "inspect" "8d3b81b291bdf172021d71d547818c68b408295ae22228812baf166f43029144", kill_on_drop: false }`
[INFO] running `Command { std: "docker" "rm" "-f" "8d3b81b291bdf172021d71d547818c68b408295ae22228812baf166f43029144", kill_on_drop: false }`
[INFO] [stdout] 8d3b81b291bdf172021d71d547818c68b408295ae22228812baf166f43029144
