[INFO] fetching crate quick-extension 0.1.0...
[INFO] testing quick-extension-0.1.0 against 1.99.0-beta.8+cargoflags=--release for beta-release-1.100-2
[INFO] extracting crate quick-extension 0.1.0 into /workspace/builds/worker-7-tc1/source
[INFO] removed /workspace/builds/worker-7-tc1/source/.cargo/config.toml
[INFO] started tweaking crates.io crate quick-extension 0.1.0
[INFO] finished tweaking crates.io crate quick-extension 0.1.0
[INFO] tweaked toml for crates.io crate quick-extension 0.1.0 written to /workspace/builds/worker-7-tc1/source/Cargo.toml
[INFO] validating manifest of crates.io crate quick-extension 0.1.0 on toolchain 1.99.0-beta.8
[INFO] running `Command { std: CARGO_HOME="/workspace/cargo-home" RUSTUP_HOME="/workspace/rustup-home" "/workspace/cargo-home/bin/cargo" "+1.99.0-beta.8" "metadata" "--manifest-path" "Cargo.toml" "--no-deps", kill_on_drop: false }`
[INFO] crate crates.io crate quick-extension 0.1.0 already has a lockfile, it will not be regenerated
[INFO] running `Command { std: CARGO_HOME="/workspace/cargo-home" RUSTUP_HOME="/workspace/rustup-home" "/workspace/cargo-home/bin/cargo" "+1.99.0-beta.8" "fetch" "--manifest-path" "Cargo.toml", kill_on_drop: false }`
[INFO] running `Command { std: "docker" "create" "-v" "/var/lib/crater-agent-workspace/builds/worker-7-tc1/source:/opt/rustwide/workdir:ro,Z" "-v" "/var/lib/crater-agent-workspace/builds/worker-7-tc1/target:/opt/rustwide/target:rw,Z" "-v" "/var/lib/crater-agent-workspace/cargo-home:/opt/rustwide/cargo-home:ro,Z" "-v" "/var/lib/crater-agent-workspace/rustup-home:/opt/rustwide/rustup-home:ro,Z" "-m" "1610612736" "--network" "none" "ghcr.io/rust-lang/crates-build-env/linux@sha256:77db811e55d90add9212f6832c23229e3de5f1c1f9905e8cb07319ea15df73ac" "sleep" "infinity", kill_on_drop: false }`
[INFO] [stdout] 10db7576908342d93e174edfa55a71f8fa8ba2dac438b45e64e04bf11b730f0e
[INFO] running `Command { std: "docker" "start" "10db7576908342d93e174edfa55a71f8fa8ba2dac438b45e64e04bf11b730f0e", kill_on_drop: false }`
[INFO] running `Command { std: "docker" "inspect" "10db7576908342d93e174edfa55a71f8fa8ba2dac438b45e64e04bf11b730f0e", kill_on_drop: false }`
[INFO] running `Command { std: "docker" "exec" "-e" "SOURCE_DIR=/opt/rustwide/workdir" "-e" "CARGO_HOME=/opt/rustwide/cargo-home" "-e" "RUSTUP_HOME=/opt/rustwide/rustup-home" "-e" "CARGO_TARGET_DIR=/opt/rustwide/target" "-w" "/opt/rustwide/workdir" "--user" "0:0" "10db7576908342d93e174edfa55a71f8fa8ba2dac438b45e64e04bf11b730f0e" "/opt/rustwide/cargo-home/bin/cargo" "+1.99.0-beta.8" "metadata" "--no-deps" "--format-version=1", kill_on_drop: false }`
[INFO] running `Command { std: "docker" "inspect" "10db7576908342d93e174edfa55a71f8fa8ba2dac438b45e64e04bf11b730f0e", kill_on_drop: false }`
[INFO] running `Command { std: "docker" "exec" "-e" "SOURCE_DIR=/opt/rustwide/workdir" "-e" "CARGO_HOME=/opt/rustwide/cargo-home" "-e" "RUSTUP_HOME=/opt/rustwide/rustup-home" "-e" "CARGO_TARGET_DIR=/opt/rustwide/target" "-e" "CARGO_INCREMENTAL=0" "-e" "RUST_BACKTRACE=full" "-e" "RUSTFLAGS=--cap-lints=warn" "-e" "RUSTDOCFLAGS=--cap-lints=warn" "-w" "/opt/rustwide/workdir" "--user" "0:0" "10db7576908342d93e174edfa55a71f8fa8ba2dac438b45e64e04bf11b730f0e" "/opt/rustwide/cargo-home/bin/cargo" "+1.99.0-beta.8" "build" "--frozen" "--message-format=json" "--release", kill_on_drop: false }`
[INFO] [stderr]    Compiling quick-extension v0.1.0 (/opt/rustwide/workdir)
[INFO] [stderr]     Finished `release` profile [optimized] target(s) in 0.50s
[INFO] running `Command { std: "docker" "inspect" "10db7576908342d93e174edfa55a71f8fa8ba2dac438b45e64e04bf11b730f0e", kill_on_drop: false }`
[INFO] running `Command { std: "docker" "exec" "-e" "SOURCE_DIR=/opt/rustwide/workdir" "-e" "CARGO_HOME=/opt/rustwide/cargo-home" "-e" "RUSTUP_HOME=/opt/rustwide/rustup-home" "-e" "CARGO_TARGET_DIR=/opt/rustwide/target" "-e" "CARGO_INCREMENTAL=0" "-e" "RUST_BACKTRACE=full" "-e" "RUSTFLAGS=--cap-lints=warn" "-e" "RUSTDOCFLAGS=--cap-lints=warn" "-w" "/opt/rustwide/workdir" "--user" "0:0" "10db7576908342d93e174edfa55a71f8fa8ba2dac438b45e64e04bf11b730f0e" "/opt/rustwide/cargo-home/bin/cargo" "+1.99.0-beta.8" "test" "--frozen" "--no-run" "--message-format=json" "--release", kill_on_drop: false }`
[INFO] [stderr]    Compiling quick-extension v0.1.0 (/opt/rustwide/workdir)
[INFO] [stdout] warning: unused import: `assert_nitql`
[INFO] [stdout]  --> src/tests/macro_helper.rs:3:26
[INFO] [stdout]   |
[INFO] [stdout] 3 | use crate::{assert_itql, assert_nitql};
[INFO] [stdout]   |                          ^^^^^^^^^^^^
[INFO] [stdout]   |
[INFO] [stdout]   = note: `#[warn(unused_imports)]` (part of `#[warn(unused)]`) on by default
[INFO] [stdout] 
[INFO] [stdout] 
[INFO] [stdout] warning: variable does not need to be mutable
[INFO] [stdout]   --> src/macro_helper.rs:85:17
[INFO] [stdout]    |
[INFO] [stdout] 85 |             let mut vec: std::vec::Vec<$t> = std::vec::Vec::new();
[INFO] [stdout]    |                 ----^^^
[INFO] [stdout]    |                 |
[INFO] [stdout]    |                 help: remove this `mut`
[INFO] [stdout]    |
[INFO] [stdout]   ::: src/tests/macro_helper.rs:7:15
[INFO] [stdout]    |
[INFO] [stdout]  7 |     let vec = crate::vec![i32; _];
[INFO] [stdout]    |               ------------------- in this macro invocation
[INFO] [stdout]    |
[INFO] [stdout]    = note: `#[warn(unused_mut)]` (part of `#[warn(unused)]`) on by default
[INFO] [stdout]    = note: this warning originates in the macro `crate::vec` (in Nightly builds, run with -Z macro-backtrace for more info)
[INFO] [stdout] 
[INFO] [stdout] 
[INFO] [stdout] warning: variable does not need to be mutable
[INFO] [stdout]   --> src/macro_helper.rs:55:17
[INFO] [stdout]    |
[INFO] [stdout] 55 |             let mut vec: std::vec::Vec<$t> = std::vec::Vec::with_capacity($capacity);
[INFO] [stdout]    |                 ----^^^
[INFO] [stdout]    |                 |
[INFO] [stdout]    |                 help: remove this `mut`
[INFO] [stdout]    |
[INFO] [stdout]   ::: src/tests/macro_helper.rs:16:15
[INFO] [stdout]    |
[INFO] [stdout] 16 |     let vec = crate::vec![i64; 0;];
[INFO] [stdout]    |               -------------------- in this macro invocation
[INFO] [stdout]    |
[INFO] [stdout]    = note: this warning originates in the macro `crate::vec` (in Nightly builds, run with -Z macro-backtrace for more info)
[INFO] [stdout] 
[INFO] [stdout] 
[INFO] [stdout] warning: variable does not need to be mutable
[INFO] [stdout]   --> src/macro_helper.rs:55:17
[INFO] [stdout]    |
[INFO] [stdout] 55 |             let mut vec: std::vec::Vec<$t> = std::vec::Vec::with_capacity($capacity);
[INFO] [stdout]    |                 ----^^^
[INFO] [stdout]    |                 |
[INFO] [stdout]    |                 help: remove this `mut`
[INFO] [stdout]    |
[INFO] [stdout]   ::: src/tests/macro_helper.rs:25:15
[INFO] [stdout]    |
[INFO] [stdout] 25 |     let vec = crate::vec![i16; 1;];
[INFO] [stdout]    |               -------------------- in this macro invocation
[INFO] [stdout]    |
[INFO] [stdout]    = note: this warning originates in the macro `crate::vec` (in Nightly builds, run with -Z macro-backtrace for more info)
[INFO] [stdout] 
[INFO] [stdout] 
[INFO] [stdout] warning: variable does not need to be mutable
[INFO] [stdout]   --> src/macro_helper.rs:55:17
[INFO] [stdout]    |
[INFO] [stdout] 55 |             let mut vec: std::vec::Vec<$t> = std::vec::Vec::with_capacity($capacity);
[INFO] [stdout]    |                 ----^^^
[INFO] [stdout]    |                 |
[INFO] [stdout]    |                 help: remove this `mut`
[INFO] [stdout]    |
[INFO] [stdout]   ::: src/tests/macro_helper.rs:30:15
[INFO] [stdout]    |
[INFO] [stdout] 30 |     let vec = crate::vec![i16; 2;];
[INFO] [stdout]    |               -------------------- in this macro invocation
[INFO] [stdout]    |
[INFO] [stdout]    = note: this warning originates in the macro `crate::vec` (in Nightly builds, run with -Z macro-backtrace for more info)
[INFO] [stdout] 
[INFO] [stdout] 
[INFO] [stdout] warning: variable does not need to be mutable
[INFO] [stdout]   --> src/macro_helper.rs:55:17
[INFO] [stdout]    |
[INFO] [stdout] 55 |             let mut vec: std::vec::Vec<$t> = std::vec::Vec::with_capacity($capacity);
[INFO] [stdout]    |                 ----^^^
[INFO] [stdout]    |                 |
[INFO] [stdout]    |                 help: remove this `mut`
[INFO] [stdout]    |
[INFO] [stdout]   ::: src/tests/macro_helper.rs:34:15
[INFO] [stdout]    |
[INFO] [stdout] 34 |     let vec = crate::vec![i16; 10;];
[INFO] [stdout]    |               --------------------- in this macro invocation
[INFO] [stdout]    |
[INFO] [stdout]    = note: this warning originates in the macro `crate::vec` (in Nightly builds, run with -Z macro-backtrace for more info)
[INFO] [stdout] 
[INFO] [stdout] 
[INFO] [stderr]     Finished `release` profile [optimized] target(s) in 0.41s
[INFO] running `Command { std: "docker" "inspect" "10db7576908342d93e174edfa55a71f8fa8ba2dac438b45e64e04bf11b730f0e", kill_on_drop: false }`
[INFO] running `Command { std: "docker" "exec" "-e" "SOURCE_DIR=/opt/rustwide/workdir" "-e" "CARGO_HOME=/opt/rustwide/cargo-home" "-e" "RUSTUP_HOME=/opt/rustwide/rustup-home" "-e" "CARGO_TARGET_DIR=/opt/rustwide/target" "-e" "CARGO_INCREMENTAL=0" "-e" "RUST_BACKTRACE=full" "-e" "RUSTFLAGS=--cap-lints=warn" "-e" "RUSTDOCFLAGS=--cap-lints=warn" "-w" "/opt/rustwide/workdir" "--user" "0:0" "10db7576908342d93e174edfa55a71f8fa8ba2dac438b45e64e04bf11b730f0e" "/opt/rustwide/cargo-home/bin/cargo" "+1.99.0-beta.8" "test" "--frozen" "--release", kill_on_drop: false }`
[INFO] [stderr] warning: unused import: `assert_nitql`
[INFO] [stderr]  --> src/tests/macro_helper.rs:3:26
[INFO] [stderr]   |
[INFO] [stderr] 3 | use crate::{assert_itql, assert_nitql};
[INFO] [stderr]   |                          ^^^^^^^^^^^^
[INFO] [stderr]   |
[INFO] [stderr]   = note: `#[warn(unused_imports)]` (part of `#[warn(unused)]`) on by default
[INFO] [stderr] 
[INFO] [stderr] warning: variable does not need to be mutable
[INFO] [stderr]   --> src/macro_helper.rs:85:17
[INFO] [stderr]    |
[INFO] [stderr] 85 |             let mut vec: std::vec::Vec<$t> = std::vec::Vec::new();
[INFO] [stderr]    |                 ----^^^
[INFO] [stderr]    |                 |
[INFO] [stderr]    |                 help: remove this `mut`
[INFO] [stderr]    |
[INFO] [stderr]   ::: src/tests/macro_helper.rs:7:15
[INFO] [stderr]    |
[INFO] [stderr]  7 |     let vec = crate::vec![i32; _];
[INFO] [stderr]    |               ------------------- in this macro invocation
[INFO] [stderr]    |
[INFO] [stderr]    = note: `#[warn(unused_mut)]` (part of `#[warn(unused)]`) on by default
[INFO] [stderr]    = note: this warning originates in the macro `crate::vec` (in Nightly builds, run with -Z macro-backtrace for more info)
[INFO] [stderr] 
[INFO] [stderr] warning: variable does not need to be mutable
[INFO] [stderr]   --> src/macro_helper.rs:55:17
[INFO] [stderr]    |
[INFO] [stderr] 55 |             let mut vec: std::vec::Vec<$t> = std::vec::Vec::with_capacity($capacity);
[INFO] [stderr]    |                 ----^^^
[INFO] [stderr]    |                 |
[INFO] [stderr]    |                 help: remove this `mut`
[INFO] [stderr]    |
[INFO] [stderr]   ::: src/tests/macro_helper.rs:16:15
[INFO] [stderr]    |
[INFO] [stderr] 16 |     let vec = crate::vec![i64; 0;];
[INFO] [stderr]    |               -------------------- in this macro invocation
[INFO] [stderr]    |
[INFO] [stderr]    = note: this warning originates in the macro `crate::vec` (in Nightly builds, run with -Z macro-backtrace for more info)
[INFO] [stderr] 
[INFO] [stderr] warning: variable does not need to be mutable
[INFO] [stderr]   --> src/macro_helper.rs:55:17
[INFO] [stderr]    |
[INFO] [stderr] 55 |             let mut vec: std::vec::Vec<$t> = std::vec::Vec::with_capacity($capacity);
[INFO] [stderr]    |                 ----^^^
[INFO] [stderr]    |                 |
[INFO] [stderr]    |                 help: remove this `mut`
[INFO] [stderr]    |
[INFO] [stderr]   ::: src/tests/macro_helper.rs:25:15
[INFO] [stderr]    |
[INFO] [stderr] 25 |     let vec = crate::vec![i16; 1;];
[INFO] [stderr]    |               -------------------- in this macro invocation
[INFO] [stderr]    |
[INFO] [stderr]    = note: this warning originates in the macro `crate::vec` (in Nightly builds, run with -Z macro-backtrace for more info)
[INFO] [stderr] 
[INFO] [stderr] warning: variable does not need to be mutable
[INFO] [stderr]   --> src/macro_helper.rs:55:17
[INFO] [stderr]    |
[INFO] [stderr] 55 |             let mut vec: std::vec::Vec<$t> = std::vec::Vec::with_capacity($capacity);
[INFO] [stderr]    |                 ----^^^
[INFO] [stderr]    |                 |
[INFO] [stderr]    |                 help: remove this `mut`
[INFO] [stderr]    |
[INFO] [stderr]   ::: src/tests/macro_helper.rs:30:15
[INFO] [stderr]    |
[INFO] [stderr] 30 |     let vec = crate::vec![i16; 2;];
[INFO] [stderr]    |               -------------------- in this macro invocation
[INFO] [stderr]    |
[INFO] [stderr]    = note: this warning originates in the macro `crate::vec` (in Nightly builds, run with -Z macro-backtrace for more info)
[INFO] [stderr] 
[INFO] [stderr] warning: variable does not need to be mutable
[INFO] [stderr]   --> src/macro_helper.rs:55:17
[INFO] [stderr]    |
[INFO] [stderr] 55 |             let mut vec: std::vec::Vec<$t> = std::vec::Vec::with_capacity($capacity);
[INFO] [stderr]    |                 ----^^^
[INFO] [stderr]    |                 |
[INFO] [stderr]    |                 help: remove this `mut`
[INFO] [stderr]    |
[INFO] [stderr]   ::: src/tests/macro_helper.rs:34:15
[INFO] [stderr]    |
[INFO] [stderr] 34 |     let vec = crate::vec![i16; 10;];
[INFO] [stderr]    |               --------------------- in this macro invocation
[INFO] [stderr]    |
[INFO] [stderr]    = note: this warning originates in the macro `crate::vec` (in Nightly builds, run with -Z macro-backtrace for more info)
[INFO] [stderr] 
[INFO] [stderr] warning: `quick-extension` (lib test) generated 6 warnings (run `cargo fix --lib -p quick-extension --tests` to apply 6 suggestions)
[INFO] [stderr]     Finished `release` profile [optimized] target(s) in 0.01s
[INFO] [stderr]      Running unittests src/lib.rs (/opt/rustwide/target/release/deps/quick_extension-5228eddfe13a3981)
[INFO] [stdout] 
[INFO] [stdout] running 6 tests
[INFO] [stdout] test tests::macro_helper::macro_vec_00_0020 ... ok
[INFO] [stdout] test tests::macro_helper::macro_vec_00_0010 ... ok
[INFO] [stdout] test tests::macro_helper::macro_vec_00_0050 ... ok
[INFO] [stdout] test tests::macro_helper::macro_vec_00_0040 ... ok
[INFO] [stdout] test tests::macro_helper::macro_vec_00_0030 ... ok
[INFO] [stdout] test tests::macro_helper::macro_set_00_0010 - should panic ... ok
[INFO] [stdout] 
[INFO] [stdout] test result: ok. 6 passed; 0 failed; 0 ignored; 0 measured; 0 filtered out; finished in 0.01s
[INFO] [stdout] 
[INFO] [stderr]    Doc-tests quick_extension
[INFO] [stdout] 
[INFO] [stdout] running 1 test
[INFO] [stdout] test src/macro_helper.rs - macro_helper::list (line 206) ... FAILED
[INFO] [stdout] 
[INFO] [stdout] failures:
[INFO] [stdout] 
[INFO] [stdout] ---- src/macro_helper.rs - macro_helper::list (line 206) stdout ----
[INFO] [stdout] error[E0432]: unresolved import `qx`
[INFO] [stdout]    --> src/macro_helper.rs:207:5
[INFO] [stdout]     |
[INFO] [stdout] 207 | use qx::list;
[INFO] [stdout]     |     ^^ use of unresolved module or unlinked crate `qx`
[INFO] [stdout]     |
[INFO] [stdout]     = help: if you wanted to use a crate named `qx`, use `cargo add qx` to add it to your `Cargo.toml`
[INFO] [stdout] 
[INFO] [stdout] error: aborting due to 1 previous error
[INFO] [stdout] 
[INFO] [stdout] For more information about this error, try `rustc --explain E0432`.
[INFO] [stdout] Couldn't compile the test.
[INFO] [stdout] 
[INFO] [stdout] failures:
[INFO] [stdout]     src/macro_helper.rs - macro_helper::list (line 206)
[INFO] [stdout] 
[INFO] [stdout] test result: FAILED. 0 passed; 1 failed; 0 ignored; 0 measured; 0 filtered out; finished in 0.05s
[INFO] [stdout] 
[INFO] [stdout] all doctests ran in 0.11s; merged doctests compilation took 0.06s
[INFO] [stderr] error: doctest failed, to rerun pass `--doc`
[INFO] running `Command { std: "docker" "inspect" "10db7576908342d93e174edfa55a71f8fa8ba2dac438b45e64e04bf11b730f0e", kill_on_drop: false }`
[INFO] running `Command { std: "docker" "rm" "-f" "10db7576908342d93e174edfa55a71f8fa8ba2dac438b45e64e04bf11b730f0e", kill_on_drop: false }`
[INFO] [stdout] 10db7576908342d93e174edfa55a71f8fa8ba2dac438b45e64e04bf11b730f0e
