[INFO] fetching crate quichash 0.1.2...
[INFO] testing quichash-0.1.2 against 1.100.0-beta.1+cargoflags=--release for beta-release-1.100-2
[INFO] extracting crate quichash 0.1.2 into /workspace/builds/worker-3-tc2/source
[INFO] started tweaking crates.io crate quichash 0.1.2
[INFO] removed 0 missing tests
[INFO] finished tweaking crates.io crate quichash 0.1.2
[INFO] tweaked toml for crates.io crate quichash 0.1.2 written to /workspace/builds/worker-3-tc2/source/Cargo.toml
[INFO] validating manifest of crates.io crate quichash 0.1.2 on toolchain 1.100.0-beta.1
[INFO] running `Command { std: CARGO_HOME="/workspace/cargo-home" RUSTUP_HOME="/workspace/rustup-home" "/workspace/cargo-home/bin/cargo" "+1.100.0-beta.1" "metadata" "--manifest-path" "Cargo.toml" "--no-deps", kill_on_drop: false }`
[INFO] crate crates.io crate quichash 0.1.2 already has a lockfile, it will not be regenerated
[INFO] running `Command { std: CARGO_HOME="/workspace/cargo-home" RUSTUP_HOME="/workspace/rustup-home" "/workspace/cargo-home/bin/cargo" "+1.100.0-beta.1" "fetch" "--manifest-path" "Cargo.toml", kill_on_drop: false }`
[INFO] [stderr] warning: `package.homepage` is redundant with `package.repository`
[INFO] [stderr]   --> Cargo.toml:47:12
[INFO] [stderr]    |
[INFO] [stderr] 47 | homepage = "https://github.com/vyrti/quichash"
[INFO] [stderr]    |            ^^^^^^^^^^^^^^^^^^^^^^^^^^^^^^^^^^^
[INFO] [stderr] ...
[INFO] [stderr] 52 | repository = "https://github.com/vyrti/quichash"
[INFO] [stderr]    |              -----------------------------------
[INFO] [stderr]    |
[INFO] [stderr]    = note: `cargo::redundant_homepage` is set to `warn` by default
[INFO] [stderr] help: consider removing `package.homepage`
[INFO] [stderr] warning: `quichash` (manifest) generated 1 warning
[INFO] running `Command { std: "docker" "create" "-v" "/var/lib/crater-agent-workspace/builds/worker-3-tc2/source:/opt/rustwide/workdir:ro,Z" "-v" "/var/lib/crater-agent-workspace/builds/worker-3-tc2/target:/opt/rustwide/target:rw,Z" "-v" "/var/lib/crater-agent-workspace/cargo-home:/opt/rustwide/cargo-home:ro,Z" "-v" "/var/lib/crater-agent-workspace/rustup-home:/opt/rustwide/rustup-home:ro,Z" "-m" "1610612736" "--network" "none" "ghcr.io/rust-lang/crates-build-env/linux@sha256:77db811e55d90add9212f6832c23229e3de5f1c1f9905e8cb07319ea15df73ac" "sleep" "infinity", kill_on_drop: false }`
[INFO] [stdout] 81a3f8a442f044aa09770e767f21dd630613c9fa8aac972b72e38da4381d2463
[INFO] running `Command { std: "docker" "start" "81a3f8a442f044aa09770e767f21dd630613c9fa8aac972b72e38da4381d2463", kill_on_drop: false }`
[INFO] running `Command { std: "docker" "inspect" "81a3f8a442f044aa09770e767f21dd630613c9fa8aac972b72e38da4381d2463", kill_on_drop: false }`
[INFO] running `Command { std: "docker" "exec" "-e" "SOURCE_DIR=/opt/rustwide/workdir" "-e" "CARGO_HOME=/opt/rustwide/cargo-home" "-e" "RUSTUP_HOME=/opt/rustwide/rustup-home" "-e" "CARGO_TARGET_DIR=/opt/rustwide/target" "-w" "/opt/rustwide/workdir" "--user" "0:0" "81a3f8a442f044aa09770e767f21dd630613c9fa8aac972b72e38da4381d2463" "/opt/rustwide/cargo-home/bin/cargo" "+1.100.0-beta.1" "metadata" "--no-deps" "--format-version=1", kill_on_drop: false }`
[INFO] running `Command { std: "docker" "inspect" "81a3f8a442f044aa09770e767f21dd630613c9fa8aac972b72e38da4381d2463", kill_on_drop: false }`
[INFO] running `Command { std: "docker" "exec" "-e" "SOURCE_DIR=/opt/rustwide/workdir" "-e" "CARGO_HOME=/opt/rustwide/cargo-home" "-e" "RUSTUP_HOME=/opt/rustwide/rustup-home" "-e" "CARGO_TARGET_DIR=/opt/rustwide/target" "-e" "CARGO_INCREMENTAL=0" "-e" "RUST_BACKTRACE=full" "-e" "RUSTFLAGS=--cap-lints=warn" "-e" "RUSTDOCFLAGS=--cap-lints=warn" "-w" "/opt/rustwide/workdir" "--user" "0:0" "81a3f8a442f044aa09770e767f21dd630613c9fa8aac972b72e38da4381d2463" "/opt/rustwide/cargo-home/bin/cargo" "+1.100.0-beta.1" "build" "--frozen" "--message-format=json" "--release", kill_on_drop: false }`
[INFO] [stderr] warning: `package.homepage` is redundant with `package.repository`
[INFO] [stderr]   --> Cargo.toml:47:12
[INFO] [stderr]    |
[INFO] [stderr] 47 | homepage = "https://github.com/vyrti/quichash"
[INFO] [stderr]    |            ^^^^^^^^^^^^^^^^^^^^^^^^^^^^^^^^^^^
[INFO] [stderr] ...
[INFO] [stderr] 52 | repository = "https://github.com/vyrti/quichash"
[INFO] [stderr]    |              -----------------------------------
[INFO] [stderr]    |
[INFO] [stderr]    = note: `cargo::redundant_homepage` is set to `warn` by default
[INFO] [stderr] help: consider removing `package.homepage`
[INFO] [stderr] warning: `quichash` (manifest) generated 1 warning
[INFO] [stderr]    Compiling typenum v1.20.1
[INFO] [stderr]    Compiling crossbeam-deque v0.8.7
[INFO] [stderr]    Compiling cmov v0.5.4
[INFO] [stderr]    Compiling crossbeam-epoch v0.9.20
[INFO] [stderr]    Compiling find-msvc-tools v0.1.11
[INFO] [stderr]    Compiling aho-corasick v1.1.5
[INFO] [stderr]    Compiling regex-syntax v0.8.11
[INFO] [stderr]    Compiling cpufeatures v0.3.1
[INFO] [stderr]    Compiling zmij v1.0.23
[INFO] [stderr]    Compiling num-traits v0.2.19
[INFO] [stderr]    Compiling bstr v1.13.1
[INFO] [stderr]    Compiling crossbeam-queue v0.3.13
[INFO] [stderr]    Compiling cc v1.4.4
[INFO] [stderr]    Compiling crossbeam-channel v0.5.16
[INFO] [stderr]    Compiling ctutils v0.4.2
[INFO] [stderr]    Compiling either v1.18.0
[INFO] [stderr]    Compiling rayon-core v1.13.0
[INFO] [stderr]    Compiling portable-atomic v1.15.0
[INFO] [stderr]    Compiling log v0.4.34
[INFO] [stderr]    Compiling crossbeam v0.8.4
[INFO] [stderr]    Compiling serde_json v1.0.151
[INFO] [stderr]    Compiling memmap2 v0.9.11
[INFO] [stderr]    Compiling hybrid-array v0.4.14
[INFO] [stderr]    Compiling serde_derive v1.0.229
[INFO] [stderr]    Compiling rayon v1.12.0
[INFO] [stderr]    Compiling blake3 v1.8.7
[INFO] [stderr]    Compiling crypto-common v0.2.2
[INFO] [stderr]    Compiling block-buffer v0.12.1
[INFO] [stderr]    Compiling regex-automata v0.4.18
[INFO] [stderr]    Compiling keccak v0.2.2
[INFO] [stderr]    Compiling constant_time_eq v0.4.2
[INFO] [stderr]    Compiling twox-hash v2.1.4
[INFO] [stderr]    Compiling arrayvec v0.7.8
[INFO] [stderr]    Compiling sponge-cursor v0.1.0
[INFO] [stderr]    Compiling digest v0.11.3
[INFO] [stderr]    Compiling sha3 v0.12.0
[INFO] [stderr]    Compiling blake2 v0.11.0
[INFO] [stderr]    Compiling md-5 v0.11.0
[INFO] [stderr]    Compiling sha1 v0.11.0
[INFO] [stderr]    Compiling sha2 v0.11.0
[INFO] [stderr]    Compiling jwalk v0.9.0
[INFO] [stderr]    Compiling serde v1.0.229
[INFO] [stderr]    Compiling clap_derive v4.6.4
[INFO] [stderr]    Compiling globset v0.4.20
[INFO] [stderr]    Compiling structured-zstd v0.0.49
[INFO] [stderr]    Compiling clap_builder v4.6.6
[INFO] [stderr]    Compiling ignore v0.4.33
[INFO] [stderr]    Compiling console v0.16.4
[INFO] [stderr]    Compiling chrono v0.4.45
[INFO] [stderr]    Compiling xxhash-rust v0.8.18
[INFO] [stderr]    Compiling glob v0.3.4
[INFO] [stderr]    Compiling clap v4.6.6
[INFO] [stderr]    Compiling indicatif v0.18.6
[INFO] [stderr]    Compiling quichash-core v0.1.2
[INFO] [stderr]    Compiling quichash v0.1.2 (/opt/rustwide/workdir)
[INFO] [stderr] warning: unused dependency `indicatif`
[INFO] [stderr]   --> Cargo.toml:13:15
[INFO] [stderr]    |
[INFO] [stderr] 13 | [dependencies.indicatif]
[INFO] [stderr]    |               ^^^^^^^^^^
[INFO] [stderr]    |
[INFO] [stderr]    = note: `cargo::unused_dependencies` is set to `warn` by default
[INFO] [stderr] help: consider removing the dependency on `indicatif`
[INFO] [stderr] warning: `quichash` (manifest) generated 1 warning
[INFO] [stderr]     Finished `release` profile [optimized] target(s) in 3m 20s
[INFO] running `Command { std: "docker" "inspect" "81a3f8a442f044aa09770e767f21dd630613c9fa8aac972b72e38da4381d2463", kill_on_drop: false }`
[INFO] running `Command { std: "docker" "exec" "-e" "SOURCE_DIR=/opt/rustwide/workdir" "-e" "CARGO_HOME=/opt/rustwide/cargo-home" "-e" "RUSTUP_HOME=/opt/rustwide/rustup-home" "-e" "CARGO_TARGET_DIR=/opt/rustwide/target" "-e" "CARGO_INCREMENTAL=0" "-e" "RUST_BACKTRACE=full" "-e" "RUSTFLAGS=--cap-lints=warn" "-e" "RUSTDOCFLAGS=--cap-lints=warn" "-w" "/opt/rustwide/workdir" "--user" "0:0" "81a3f8a442f044aa09770e767f21dd630613c9fa8aac972b72e38da4381d2463" "/opt/rustwide/cargo-home/bin/cargo" "+1.100.0-beta.1" "test" "--frozen" "--no-run" "--message-format=json" "--release", kill_on_drop: false }`
[INFO] [stderr] warning: `package.homepage` is redundant with `package.repository`
[INFO] [stderr]   --> Cargo.toml:47:12
[INFO] [stderr]    |
[INFO] [stderr] 47 | homepage = "https://github.com/vyrti/quichash"
[INFO] [stderr]    |            ^^^^^^^^^^^^^^^^^^^^^^^^^^^^^^^^^^^
[INFO] [stderr] ...
[INFO] [stderr] 52 | repository = "https://github.com/vyrti/quichash"
[INFO] [stderr]    |              -----------------------------------
[INFO] [stderr]    |
[INFO] [stderr]    = note: `cargo::redundant_homepage` is set to `warn` by default
[INFO] [stderr] help: consider removing `package.homepage`
[INFO] [stderr] warning: `quichash` (manifest) generated 1 warning
[INFO] [stderr]    Compiling getrandom v0.4.3
[INFO] [stderr]    Compiling bitflags v2.13.1
[INFO] [stderr]    Compiling once_cell v1.21.4
[INFO] [stderr]    Compiling rustix v1.1.4
[INFO] [stderr]    Compiling tempfile v3.27.0
[INFO] [stderr]    Compiling quichash v0.1.2 (/opt/rustwide/workdir)
[INFO] [stderr] warning: unused dependency `indicatif`
[INFO] [stderr]   --> Cargo.toml:13:15
[INFO] [stderr]    |
[INFO] [stderr] 13 | [dependencies.indicatif]
[INFO] [stderr]    |               ^^^^^^^^^^
[INFO] [stderr]    |
[INFO] [stderr]    = note: `cargo::unused_dependencies` is set to `warn` by default
[INFO] [stderr] help: consider removing the dependency on `indicatif`
[INFO] [stderr] warning: `quichash` (manifest) generated 1 warning
[INFO] [stderr]     Finished `release` profile [optimized] target(s) in 13.59s
[INFO] running `Command { std: "docker" "inspect" "81a3f8a442f044aa09770e767f21dd630613c9fa8aac972b72e38da4381d2463", kill_on_drop: false }`
[INFO] running `Command { std: "docker" "exec" "-e" "SOURCE_DIR=/opt/rustwide/workdir" "-e" "CARGO_HOME=/opt/rustwide/cargo-home" "-e" "RUSTUP_HOME=/opt/rustwide/rustup-home" "-e" "CARGO_TARGET_DIR=/opt/rustwide/target" "-e" "CARGO_INCREMENTAL=0" "-e" "RUST_BACKTRACE=full" "-e" "RUSTFLAGS=--cap-lints=warn" "-e" "RUSTDOCFLAGS=--cap-lints=warn" "-w" "/opt/rustwide/workdir" "--user" "0:0" "81a3f8a442f044aa09770e767f21dd630613c9fa8aac972b72e38da4381d2463" "/opt/rustwide/cargo-home/bin/cargo" "+1.100.0-beta.1" "test" "--frozen" "--release", kill_on_drop: false }`
[INFO] [stderr] warning: `package.homepage` is redundant with `package.repository`
[INFO] [stderr]   --> Cargo.toml:47:12
[INFO] [stderr]    |
[INFO] [stderr] 47 | homepage = "https://github.com/vyrti/quichash"
[INFO] [stderr]    |            ^^^^^^^^^^^^^^^^^^^^^^^^^^^^^^^^^^^
[INFO] [stderr] ...
[INFO] [stderr] 52 | repository = "https://github.com/vyrti/quichash"
[INFO] [stderr]    |              -----------------------------------
[INFO] [stderr]    |
[INFO] [stderr]    = note: `cargo::redundant_homepage` is set to `warn` by default
[INFO] [stderr] help: consider removing `package.homepage`
[INFO] [stderr] warning: `quichash` (manifest) generated 1 warning
[INFO] [stderr] warning: unused dependency `indicatif`
[INFO] [stderr]   --> Cargo.toml:13:15
[INFO] [stderr]    |
[INFO] [stderr] 13 | [dependencies.indicatif]
[INFO] [stderr]    |               ^^^^^^^^^^
[INFO] [stderr]    |
[INFO] [stderr]    = note: `cargo::unused_dependencies` is set to `warn` by default
[INFO] [stderr] help: consider removing the dependency on `indicatif`
[INFO] [stderr] warning: `quichash` (manifest) generated 1 warning
[INFO] [stderr]     Finished `release` profile [optimized] target(s) in 0.20s
[INFO] [stderr]      Running unittests src/lib.rs (/opt/rustwide/target/release/build/quichash/9e8ab0909735dc82/out/quichash-9e8ab0909735dc82)
[INFO] [stderr]      Running unittests src/main.rs (/opt/rustwide/target/release/build/quichash/3a044073ebd98b2a/out/hash-3a044073ebd98b2a)
[INFO] [stdout] 
[INFO] [stdout] running 0 tests
[INFO] [stdout] 
[INFO] [stdout] test result: ok. 0 passed; 0 failed; 0 ignored; 0 measured; 0 filtered out; finished in 0.00s
[INFO] [stdout] 
[INFO] [stderr]      Running tests/cli_compat.rs (/opt/rustwide/target/release/build/quichash/22a997d4a181f75e/out/cli_compat-22a997d4a181f75e)
[INFO] [stdout] 
[INFO] [stdout] running 0 tests
[INFO] [stdout] 
[INFO] [stdout] test result: ok. 0 passed; 0 failed; 0 ignored; 0 measured; 0 filtered out; finished in 0.00s
[INFO] [stdout] 
[INFO] [stdout] 
[INFO] [stdout] running 2 tests
[INFO] [stdout] test version_and_default_binary_name_remain_compatible ... ok
[INFO] [stdout] test cli_verifies_every_hashdeep_digest ... ok
[INFO] [stdout] 
[INFO] [stdout] test result: ok. 2 passed; 0 failed; 0 ignored; 0 measured; 0 filtered out; finished in 0.03s
[INFO] [stdout] 
[INFO] [stderr]      Running tests/cli_parser_commands_test.rs (/opt/rustwide/target/release/build/quichash/fc7f20709a274808/out/cli_parser_commands_test-fc7f20709a274808)
[INFO] [stdout] 
[INFO] [stdout] running 19 tests
[INFO] [stdout] test test_parse_compare_command_with_compressed_databases ... ok
[INFO] [stdout] test test_parse_benchmark_command_long_flag ... ok
[INFO] [stdout] test test_parse_compare_command ... ok
[INFO] [stdout] test test_parse_compare_command_with_all_options ... ok
[INFO] [stdout] test test_parse_benchmark_command ... ok
[INFO] [stdout] test test_parse_compare_command_missing_database2 ... ok
[INFO] [stdout] test test_parse_benchmark_command_with_size ... ok
[INFO] [stdout] test test_parse_compare_command_with_hashdeep_format ... ok
[INFO] [stdout] test test_parse_invalid_subcommand ... ok
[INFO] [stdout] test test_parse_list_command ... ok
[INFO] [stdout] test test_parse_compare_command_with_json_format ... ok
[INFO] [stdout] test test_parse_compare_command_with_output ... ok
[INFO] [stdout] test test_parse_verify_command ... ok
[INFO] [stdout] test test_parse_version_command ... ok
[INFO] [stdout] test test_parse_verify_command_long_flags ... ok
[INFO] [stdout] test test_parse_verify_command_with_hdd ... ok
[INFO] [stderr]      Running tests/cli_parser_hash_test.rs (/opt/rustwide/target/release/build/quichash/754cd3aad63061e2/out/cli_parser_hash_test-754cd3aad63061e2)
[INFO] [stdout] test test_parse_compare_command_with_output_long_flag ... ok
[INFO] [stdout] test test_parse_verify_missing_database ... ok
[INFO] [stdout] test test_parse_file_as_positional ... ok
[INFO] [stdout] 
[INFO] [stdout] test result: ok. 19 passed; 0 failed; 0 ignored; 0 measured; 0 filtered out; finished in 0.01s
[INFO] [stdout] 
[INFO] [stdout] 
[INFO] [stdout] running 16 tests
[INFO] [stdout] test test_hash_command_default_algorithm ... ok
[INFO] [stdout] test test_parse_hash_command_long_flags ... ok
[INFO] [stdout] test test_parse_hash_command_no_args ... ok
[INFO] [stdout] test test_parse_hash_command_with_fast_mode ... ok
[INFO] [stdout] test test_parse_hash_command_stdin_with_multiple_algorithms ... ok
[INFO] [stdout] test test_parse_hash_command ... ok
[INFO] [stdout] test test_parse_hash_command_with_output ... ok
[INFO] [stdout] test test_parse_hash_command_with_text ... ok
[INFO] [stdout] test test_parse_hash_command_with_text_multiple_algorithms ... ok
[INFO] [stdout] test test_parse_hash_command_with_text_short_flag ... ok
[INFO] [stdout] test test_parse_hash_command_multiple_algorithms ... ok
[INFO] [stdout] test test_parse_hash_command_with_fast_mode_long_flag ... ok
[INFO] [stdout] test test_parse_hash_command_without_file ... ok
[INFO] [stdout] test test_parse_hash_command_text_conflicts_with_file ... ok
[INFO] [stdout] test test_parse_hash_command_with_fast_and_multiple_algorithms ... ok
[INFO] [stdout] test test_parse_hash_command_with_text_and_output ... ok
[INFO] [stdout] 
[INFO] [stdout] test result: ok. 16 passed; 0 failed; 0 ignored; 0 measured; 0 filtered out; finished in 0.01s
[INFO] [stdout] 
[INFO] [stderr]      Running tests/cli_parser_scan_test.rs (/opt/rustwide/target/release/build/quichash/a7a778ae037cb4b4/out/cli_parser_scan_test-a7a778ae037cb4b4)
[INFO] [stdout] 
[INFO] [stdout] running 10 tests
[INFO] [stdout] test test_parse_scan_command ... ok
[INFO] [stdout] test test_parse_scan_command_with_fast_mode ... ok
[INFO] [stdout] test test_parse_scan_command_with_fast_mode_long_flag ... ok
[INFO] [stdout] test test_parse_scan_command_with_hdd ... ok
[INFO] [stdout] test test_parse_scan_command_long_flags ... ok
[INFO] [stdout] test test_parse_scan_command_with_all_flags ... ok
[INFO] [stdout] test test_parse_scan_command_with_compress ... ok
[INFO] [stdout] test test_parse_scan_command_with_hdd_and_fast ... ok
[INFO] [stderr]      Running tests/international_filenames_test.rs (/opt/rustwide/target/release/build/quichash/02ff4d7b57d2aabf/out/international_filenames_test-02ff4d7b57d2aabf)
[INFO] [stdout] test test_parse_scan_missing_database ... ok
[INFO] [stdout] test test_scan_command_default_algorithm ... ok
[INFO] [stdout] 
[INFO] [stdout] test result: ok. 10 passed; 0 failed; 0 ignored; 0 measured; 0 filtered out; finished in 0.01s
[INFO] [stdout] 
[INFO] [stdout] 
[INFO] [stdout] running 3 tests
[INFO] [stdout] test test_international_filenames_hash ... FAILED
[INFO] [stdout] test test_progress_bar_with_unicode_filenames ... FAILED
[INFO] [stdout] test test_international_filenames_scan ... FAILED
[INFO] [stdout] 
[INFO] [stdout] failures:
[INFO] [stdout] 
[INFO] [stdout] ---- test_international_filenames_hash stdout ----
[INFO] [stdout] 
[INFO] [stdout] thread 'test_international_filenames_hash' (1535) panicked at tests/international_filenames_test.rs:914:34:
[INFO] [stdout] Failed to create test directory: Os { code: 30, kind: ReadOnlyFilesystem, message: "Read-only file system" }
[INFO] [stdout] stack backtrace:
[INFO] [stdout]    0:     0x5c3823f190f1 - <<std[617be2ca0a6fd877]::sys::backtrace::BacktraceLock>::print::DisplayBacktrace as core[a373ad73a504971]::fmt::Display>::fmt
[INFO] [stdout]    1:     0x5c3823f2d32a - core[a373ad73a504971]::fmt::write
[INFO] [stdout]    2:     0x5c3823f1d56c - <alloc[2e1b2a31b91974c5]::vec::Vec<u8> as core[a373ad73a504971]::io::write::Write>::write_fmt
[INFO] [stdout]    3:     0x5c3823ef3d76 - std[617be2ca0a6fd877]::panicking::default_hook::{closure#0}
[INFO] [stdout]    4:     0x5c3823f10a89 - std[617be2ca0a6fd877]::panicking::default_hook
[INFO] [stdout]    5:     0x5c3823eabf10 - test[aada8e7e76ba119b]::test_main_inner::{closure#0}
[INFO] [stdout]    6:     0x5c3823f10c42 - std[617be2ca0a6fd877]::panicking::panic_with_hook
[INFO] [stdout]    7:     0x5c3823ef3e22 - std[617be2ca0a6fd877]::panicking::panic_handler::{closure#0}
[INFO] [stdout]    8:     0x5c3823eec889 - std[617be2ca0a6fd877]::sys::backtrace::__rust_end_short_backtrace::<std[617be2ca0a6fd877]::panicking::panic_handler::{closure#0}, !>
[INFO] [stdout]    9:     0x5c3823ef4a2d - __rustc[ea4f61d10b84890b]::rust_begin_unwind
[INFO] [stdout]   10:     0x5c3823f2da5c - core[a373ad73a504971]::panicking::panic_fmt
[INFO] [stdout]   11:     0x5c3823f2d832 - core[a373ad73a504971]::result::unwrap_failed
[INFO] [stdout]   12:     0x5c3823e9a1cf - <international_filenames_test[bc491813708a54c7]::test_international_filenames_hash::{closure#0} as core[a373ad73a504971]::ops::function::FnOnce<()>>::call_once
[INFO] [stdout]   13:     0x5c3823e9f35b - test[aada8e7e76ba119b]::__rust_begin_short_backtrace::<core[a373ad73a504971]::result::Result<(), alloc[2e1b2a31b91974c5]::string::String>, fn() -> core[a373ad73a504971]::result::Result<(), alloc[2e1b2a31b91974c5]::string::String>>
[INFO] [stdout]   14:     0x5c3823eac535 - test[aada8e7e76ba119b]::run_test::{closure#0}
[INFO] [stdout]   15:     0x5c3823ea5e24 - std[617be2ca0a6fd877]::sys::backtrace::__rust_begin_short_backtrace::<test[aada8e7e76ba119b]::run_test::{closure#1}, ()>
[INFO] [stdout]   16:     0x5c3823eaf5c2 - <std[617be2ca0a6fd877]::thread::lifecycle::spawn_unchecked<test[aada8e7e76ba119b]::run_test::{closure#1}, ()>::{closure#1} as core[a373ad73a504971]::ops::function::FnOnce<()>>::call_once::{shim:vtable#0}
[INFO] [stdout]   17:     0x5c3823f1840f - <std[617be2ca0a6fd877]::sys::thread::unix::Thread>::new::thread_start
[INFO] [stdout]   18:     0x7811c5641dfa - <unknown>
[INFO] [stdout]   19:     0x7811c56d53d4 - clone
[INFO] [stdout]   20:                0x0 - <unknown>
[INFO] [stdout] 
[INFO] [stdout] ---- test_progress_bar_with_unicode_filenames stdout ----
[INFO] [stdout] 
[INFO] [stdout] thread 'test_progress_bar_with_unicode_filenames' (1537) panicked at tests/international_filenames_test.rs:976:34:
[INFO] [stdout] Failed to create test directory: Os { code: 30, kind: ReadOnlyFilesystem, message: "Read-only file system" }
[INFO] [stdout] stack backtrace:
[INFO] [stdout]    0:     0x5c3823f190f1 - <<std[617be2ca0a6fd877]::sys::backtrace::BacktraceLock>::print::DisplayBacktrace as core[a373ad73a504971]::fmt::Display>::fmt
[INFO] [stdout]    1:     0x5c3823f2d32a - core[a373ad73a504971]::fmt::write
[INFO] [stdout]    2:     0x5c3823f1d56c - <alloc[2e1b2a31b91974c5]::vec::Vec<u8> as core[a373ad73a504971]::io::write::Write>::write_fmt
[INFO] [stdout]    3:     0x5c3823ef3d76 - std[617be2ca0a6fd877]::panicking::default_hook::{closure#0}
[INFO] [stdout]    4:     0x5c3823f10a89 - std[617be2ca0a6fd877]::panicking::default_hook
[INFO] [stdout]    5:     0x5c3823eabf10 - test[aada8e7e76ba119b]::test_main_inner::{closure#0}
[INFO] [stdout]    6:     0x5c3823f10c42 - std[617be2ca0a6fd877]::panicking::panic_with_hook
[INFO] [stdout]    7:     0x5c3823ef3e22 - std[617be2ca0a6fd877]::panicking::panic_handler::{closure#0}
[INFO] [stdout]    8:     0x5c3823eec889 - std[617be2ca0a6fd877]::sys::backtrace::__rust_end_short_backtrace::<std[617be2ca0a6fd877]::panicking::panic_handler::{closure#0}, !>
[INFO] [stdout]    9:     0x5c3823ef4a2d - __rustc[ea4f61d10b84890b]::rust_begin_unwind
[INFO] [stdout]   10:     0x5c3823f2da5c - core[a373ad73a504971]::panicking::panic_fmt
[INFO] [stdout]   11:     0x5c3823f2d832 - core[a373ad73a504971]::result::unwrap_failed
[INFO] [stdout]   12:     0x5c3823e9e743 - <international_filenames_test[bc491813708a54c7]::test_progress_bar_with_unicode_filenames::{closure#0} as core[a373ad73a504971]::ops::function::FnOnce<()>>::call_once
[INFO] [stdout]   13:     0x5c3823e9f35b - test[aada8e7e76ba119b]::__rust_begin_short_backtrace::<core[a373ad73a504971]::result::Result<(), alloc[2e1b2a31b91974c5]::string::String>, fn() -> core[a373ad73a504971]::result::Result<(), alloc[2e1b2a31b91974c5]::string::String>>
[INFO] [stdout]   14:     0x5c3823eac535 - test[aada8e7e76ba119b]::run_test::{closure#0}
[INFO] [stdout]   15:     0x5c3823ea5e24 - std[617be2ca0a6fd877]::sys::backtrace::__rust_begin_short_backtrace::<test[aada8e7e76ba119b]::run_test::{closure#1}, ()>
[INFO] [stdout]   16:     0x5c3823eaf5c2 - <std[617be2ca0a6fd877]::thread::lifecycle::spawn_unchecked<test[aada8e7e76ba119b]::run_test::{closure#1}, ()>::{closure#1} as core[a373ad73a504971]::ops::function::FnOnce<()>>::call_once::{shim:vtable#0}
[INFO] [stdout]   17:     0x5c3823f1840f - <std[617be2ca0a6fd877]::sys::thread::unix::Thread>::new::thread_start
[INFO] [stdout]   18:     0x7811c5641dfa - <unknown>
[INFO] [stdout]   19:     0x7811c56d53d4 - clone
[INFO] [stdout]   20:                0x0 - <unknown>
[INFO] [stdout] 
[INFO] [stdout] ---- test_international_filenames_scan stdout ----
[INFO] [stdout] 
[INFO] [stdout] thread 'test_international_filenames_scan' (1536) panicked at tests/international_filenames_test.rs:808:34:
[INFO] [stdout] Failed to create test directory: Os { code: 30, kind: ReadOnlyFilesystem, message: "Read-only file system" }
[INFO] [stdout] stack backtrace:
[INFO] [stdout]    0:     0x5c3823f190f1 - <<std[617be2ca0a6fd877]::sys::backtrace::BacktraceLock>::print::DisplayBacktrace as core[a373ad73a504971]::fmt::Display>::fmt
[INFO] [stdout]    1:     0x5c3823f2d32a - core[a373ad73a504971]::fmt::write
[INFO] [stdout]    2:     0x5c3823f1d56c - <alloc[2e1b2a31b91974c5]::vec::Vec<u8> as core[a373ad73a504971]::io::write::Write>::write_fmt
[INFO] [stdout]    3:     0x5c3823ef3d76 - std[617be2ca0a6fd877]::panicking::default_hook::{closure#0}
[INFO] [stdout]    4:     0x5c3823f10a89 - std[617be2ca0a6fd877]::panicking::default_hook
[INFO] [stdout]    5:     0x5c3823eabf10 - test[aada8e7e76ba119b]::test_main_inner::{closure#0}
[INFO] [stdout]    6:     0x5c3823f10c42 - std[617be2ca0a6fd877]::panicking::panic_with_hook
[INFO] [stdout]    7:     0x5c3823ef3e22 - std[617be2ca0a6fd877]::panicking::panic_handler::{closure#0}
[INFO] [stdout]    8:     0x5c3823eec889 - std[617be2ca0a6fd877]::sys::backtrace::__rust_end_short_backtrace::<std[617be2ca0a6fd877]::panicking::panic_handler::{closure#0}, !>
[INFO] [stdout]    9:     0x5c3823ef4a2d - __rustc[ea4f61d10b84890b]::rust_begin_unwind
[INFO] [stdout]   10:     0x5c3823f2da5c - core[a373ad73a504971]::panicking::panic_fmt
[INFO] [stdout]   11:     0x5c3823f2d832 - core[a373ad73a504971]::result::unwrap_failed
[INFO] [stdout]   12:     0x5c3823e9dee2 - <international_filenames_test[bc491813708a54c7]::test_international_filenames_scan::{closure#0} as core[a373ad73a504971]::ops::function::FnOnce<()>>::call_once
[INFO] [stdout]   13:     0x5c3823e9f35b - test[aada8e7e76ba119b]::__rust_begin_short_backtrace::<core[a373ad73a504971]::result::Result<(), alloc[2e1b2a31b91974c5]::string::String>, fn() -> core[a373ad73a504971]::result::Result<(), alloc[2e1b2a31b91974c5]::string::String>>
[INFO] [stdout]   14:     0x5c3823eac535 - test[aada8e7e76ba119b]::run_test::{closure#0}
[INFO] [stdout]   15:     0x5c3823ea5e24 - std[617be2ca0a6fd877]::sys::backtrace::__rust_begin_short_backtrace::<test[aada8e7e76ba119b]::run_test::{closure#1}, ()>
[INFO] [stdout]   16:     0x5c3823eaf5c2 - <std[617be2ca0a6fd877]::thread::lifecycle::spawn_unchecked<test[aada8e7e76ba119b]::run_test::{closure#1}, ()>::{closure#1} as core[a373ad73a504971]::ops::function::FnOnce<()>>::call_once::{shim:vtable#0}
[INFO] [stdout]   17:     0x5c3823f1840f - <std[617be2ca0a6fd877]::sys::thread::unix::Thread>::new::thread_start
[INFO] [stdout]   18:     0x7811c5641dfa - <unknown>
[INFO] [stdout]   19:     0x7811c56d53d4 - clone
[INFO] [stdout]   20:                0x0 - <unknown>
[INFO] [stdout] 
[INFO] [stdout] 
[INFO] [stdout] failures:
[INFO] [stdout]     test_international_filenames_hash
[INFO] [stdout]     test_international_filenames_scan
[INFO] [stdout]     test_progress_bar_with_unicode_filenames
[INFO] [stdout] 
[INFO] [stdout] test result: FAILED. 0 passed; 3 failed; 0 ignored; 0 measured; 0 filtered out; finished in 0.00s
[INFO] [stdout] 
[INFO] [stderr] error: test failed, to rerun pass `--test international_filenames_test`
[INFO] running `Command { std: "docker" "inspect" "81a3f8a442f044aa09770e767f21dd630613c9fa8aac972b72e38da4381d2463", kill_on_drop: false }`
[INFO] running `Command { std: "docker" "rm" "-f" "81a3f8a442f044aa09770e767f21dd630613c9fa8aac972b72e38da4381d2463", kill_on_drop: false }`
[INFO] [stdout] 81a3f8a442f044aa09770e767f21dd630613c9fa8aac972b72e38da4381d2463
