[INFO] fetching crate queue-ast-hop 0.6.0...
[INFO] testing queue-ast-hop-0.6.0 against 1.100.0-beta.1+cargoflags=--release for beta-release-1.100-2
[INFO] extracting crate queue-ast-hop 0.6.0 into /workspace/builds/worker-3-tc2/source
[INFO] started tweaking crates.io crate queue-ast-hop 0.6.0
[INFO] removed 0 missing tests
[INFO] finished tweaking crates.io crate queue-ast-hop 0.6.0
[INFO] tweaked toml for crates.io crate queue-ast-hop 0.6.0 written to /workspace/builds/worker-3-tc2/source/Cargo.toml
[INFO] validating manifest of crates.io crate queue-ast-hop 0.6.0 on toolchain 1.100.0-beta.1
[INFO] running `Command { std: CARGO_HOME="/workspace/cargo-home" RUSTUP_HOME="/workspace/rustup-home" "/workspace/cargo-home/bin/cargo" "+1.100.0-beta.1" "metadata" "--manifest-path" "Cargo.toml" "--no-deps", kill_on_drop: false }`
[INFO] crate crates.io crate queue-ast-hop 0.6.0 already has a lockfile, it will not be regenerated
[INFO] running `Command { std: CARGO_HOME="/workspace/cargo-home" RUSTUP_HOME="/workspace/rustup-home" "/workspace/cargo-home/bin/cargo" "+1.100.0-beta.1" "fetch" "--manifest-path" "Cargo.toml", kill_on_drop: false }`
[INFO] running `Command { std: "docker" "create" "-v" "/var/lib/crater-agent-workspace/builds/worker-3-tc2/source:/opt/rustwide/workdir:ro,Z" "-v" "/var/lib/crater-agent-workspace/builds/worker-3-tc2/target:/opt/rustwide/target:rw,Z" "-v" "/var/lib/crater-agent-workspace/cargo-home:/opt/rustwide/cargo-home:ro,Z" "-v" "/var/lib/crater-agent-workspace/rustup-home:/opt/rustwide/rustup-home:ro,Z" "-m" "1610612736" "--network" "none" "ghcr.io/rust-lang/crates-build-env/linux@sha256:77db811e55d90add9212f6832c23229e3de5f1c1f9905e8cb07319ea15df73ac" "sleep" "infinity", kill_on_drop: false }`
[INFO] [stdout] 6d5021075623cb5cd7ba4226633f2db77ecfeebe152351eead6fc8d090f85c55
[INFO] running `Command { std: "docker" "start" "6d5021075623cb5cd7ba4226633f2db77ecfeebe152351eead6fc8d090f85c55", kill_on_drop: false }`
[INFO] running `Command { std: "docker" "inspect" "6d5021075623cb5cd7ba4226633f2db77ecfeebe152351eead6fc8d090f85c55", kill_on_drop: false }`
[INFO] running `Command { std: "docker" "exec" "-e" "SOURCE_DIR=/opt/rustwide/workdir" "-e" "CARGO_HOME=/opt/rustwide/cargo-home" "-e" "RUSTUP_HOME=/opt/rustwide/rustup-home" "-e" "CARGO_TARGET_DIR=/opt/rustwide/target" "-w" "/opt/rustwide/workdir" "--user" "0:0" "6d5021075623cb5cd7ba4226633f2db77ecfeebe152351eead6fc8d090f85c55" "/opt/rustwide/cargo-home/bin/cargo" "+1.100.0-beta.1" "metadata" "--no-deps" "--format-version=1", kill_on_drop: false }`
[INFO] running `Command { std: "docker" "inspect" "6d5021075623cb5cd7ba4226633f2db77ecfeebe152351eead6fc8d090f85c55", kill_on_drop: false }`
[INFO] running `Command { std: "docker" "exec" "-e" "SOURCE_DIR=/opt/rustwide/workdir" "-e" "CARGO_HOME=/opt/rustwide/cargo-home" "-e" "RUSTUP_HOME=/opt/rustwide/rustup-home" "-e" "CARGO_TARGET_DIR=/opt/rustwide/target" "-e" "CARGO_INCREMENTAL=0" "-e" "RUST_BACKTRACE=full" "-e" "RUSTFLAGS=--cap-lints=warn" "-e" "RUSTDOCFLAGS=--cap-lints=warn" "-w" "/opt/rustwide/workdir" "--user" "0:0" "6d5021075623cb5cd7ba4226633f2db77ecfeebe152351eead6fc8d090f85c55" "/opt/rustwide/cargo-home/bin/cargo" "+1.100.0-beta.1" "build" "--frozen" "--message-format=json" "--release", kill_on_drop: false }`
[INFO] [stderr]    Compiling siphasher v1.0.3
[INFO] [stderr]    Compiling allocator-api2 v0.2.21
[INFO] [stderr]    Compiling rustc-hash v2.1.2
[INFO] [stderr]    Compiling str_indices v0.4.4
[INFO] [stderr]    Compiling rustversion v1.0.22
[INFO] [stderr]    Compiling smawk v0.3.2
[INFO] [stderr]    Compiling oxc-miette-derive v2.7.1
[INFO] [stderr]    Compiling unicode-segmentation v1.13.2
[INFO] [stderr]    Compiling fastrand v2.4.1
[INFO] [stderr]    Compiling textwrap v0.16.2
[INFO] [stderr]    Compiling phf_shared v0.13.1
[INFO] [stderr]    Compiling oxc_estree v0.130.0
[INFO] [stderr]    Compiling hashbrown v0.17.1
[INFO] [stderr]    Compiling ropey v1.6.1
[INFO] [stderr]    Compiling phf_generator v0.13.1
[INFO] [stderr]    Compiling phf v0.13.1
[INFO] [stderr]    Compiling castaway v0.2.4
[INFO] [stderr]    Compiling compact_str v0.9.0
[INFO] [stderr]    Compiling oxc_ast_macros v0.130.0
[INFO] [stderr]    Compiling phf_macros v0.13.1
[INFO] [stderr]    Compiling dragonbox_ecma v0.1.12
[INFO] [stderr]    Compiling cow-utils v0.1.3
[INFO] [stderr]    Compiling oxc_data_structures v0.130.0
[INFO] [stderr]    Compiling unicode-id-start v1.4.0
[INFO] [stderr]    Compiling nonmax v0.5.5
[INFO] [stderr]    Compiling oxc-miette v2.7.1
[INFO] [stderr]    Compiling oxc_index v4.1.0
[INFO] [stderr]    Compiling oxc_allocator v0.130.0
[INFO] [stderr]    Compiling num-integer v0.1.46
[INFO] [stderr]    Compiling itertools v0.14.0
[INFO] [stderr]    Compiling simd-adler32 v0.3.9
[INFO] [stderr]    Compiling typenum v1.20.0
[INFO] [stderr]    Compiling num-bigint v0.4.6
[INFO] [stderr]    Compiling oxc_str v0.130.0
[INFO] [stderr]    Compiling miniz_oxide v0.8.9
[INFO] [stderr]    Compiling oxc_span v0.130.0
[INFO] [stderr]    Compiling oxc_syntax v0.130.0
[INFO] [stderr]    Compiling oxc_diagnostics v0.130.0
[INFO] [stderr]    Compiling oxc_regular_expression v0.130.0
[INFO] [stderr]    Compiling hybrid-array v0.4.12
[INFO] [stderr]    Compiling cobs v0.3.0
[INFO] [stderr]    Compiling postcard v1.1.3
[INFO] [stderr]    Compiling flate2 v1.1.9
[INFO] [stderr]    Compiling serde_json v1.0.149
[INFO] [stderr]    Compiling indexmap v2.14.0
[INFO] [stderr]    Compiling oxc_ast v0.130.0
[INFO] [stderr]    Compiling oxc-browserslist v3.0.2
[INFO] [stderr]    Compiling crypto-common v0.2.1
[INFO] [stderr]    Compiling block-buffer v0.12.0
[INFO] [stderr]    Compiling aho-corasick v1.1.4
[INFO] [stderr]    Compiling oxc_sourcemap v6.1.1
[INFO] [stderr]    Compiling regex-syntax v0.8.10
[INFO] [stderr]    Compiling digest v0.11.3
[INFO] [stderr]    Compiling oxc_compat v0.130.0
[INFO] [stderr]    Compiling proc-macro2 v1.0.106
[INFO] [stderr]    Compiling seq-macro v0.3.6
[INFO] [stderr]    Compiling base64-simd v0.8.0
[INFO] [stderr]    Compiling sha1 v0.11.0
[INFO] [stderr]    Compiling quote v1.0.45
[INFO] [stderr]    Compiling json-escape-simd v3.0.2
[INFO] [stderr]    Compiling bstr v1.12.1
[INFO] [stderr]    Compiling regex-automata v0.4.14
[INFO] [stderr]    Compiling winnow v1.0.3
[INFO] [stderr]    Compiling pulldown-cmark v0.13.3
[INFO] [stderr]    Compiling clap_derive v4.6.1
[INFO] [stderr]    Compiling toml_parser v1.1.2+spec-1.1.0
[INFO] [stderr]    Compiling parking_lot_core v0.9.12
[INFO] [stderr]    Compiling serde_spanned v1.1.1
[INFO] [stderr]    Compiling toml_datetime v1.1.1+spec-1.1.0
[INFO] [stderr]    Compiling getopts v0.2.24
[INFO] [stderr]    Compiling oxc_ecmascript v0.130.0
[INFO] [stderr]    Compiling oxc_ast_visit v0.130.0
[INFO] [stderr]    Compiling unsafe-libyaml v0.2.11
[INFO] [stderr]    Compiling globset v0.4.18
[INFO] [stderr]    Compiling toml_writer v1.1.1+spec-1.1.0
[INFO] [stderr]    Compiling pulldown-cmark-escape v0.11.0
[INFO] [stderr]    Compiling oxc_semantic v0.130.0
[INFO] [stderr]    Compiling oxc_traverse v0.130.0
[INFO] [stderr]    Compiling oxc_parser v0.130.0
[INFO] [stderr]    Compiling oxc_mangler v0.130.0
[INFO] [stderr]    Compiling oxc_codegen v0.130.0
[INFO] [stderr]    Compiling oxc_transformer v0.130.0
[INFO] [stderr]    Compiling oxc_minifier v0.130.0
[INFO] [stderr]    Compiling oxc_isolated_declarations v0.130.0
[INFO] [stderr]    Compiling ignore v0.4.25
[INFO] [stderr]    Compiling serde_yaml v0.9.34+deprecated
[INFO] [stderr]    Compiling toml v1.1.2+spec-1.1.0
[INFO] [stderr]    Compiling dashmap v6.2.1
[INFO] [stderr]    Compiling regex v1.12.3
[INFO] [stderr]    Compiling oxc_transformer_plugins v0.130.0
[INFO] [stderr]    Compiling oxc v0.130.0
[INFO] [stderr]    Compiling clap v4.6.1
[INFO] [stderr]    Compiling rayon v1.12.0
[INFO] [stderr]    Compiling syn v2.0.117
[INFO] [stderr]    Compiling num_cpus v1.17.0
[INFO] [stderr]    Compiling is-terminal v0.4.17
[INFO] [stderr]    Compiling jsonc-parser v0.32.4
[INFO] [stderr]    Compiling no-mistakes-core v0.6.0
[INFO] [stderr]    Compiling queue-ast-hop v0.6.0 (/opt/rustwide/workdir)
[INFO] [stderr]     Finished `release` profile [optimized] target(s) in 6m 48s
[INFO] running `Command { std: "docker" "inspect" "6d5021075623cb5cd7ba4226633f2db77ecfeebe152351eead6fc8d090f85c55", kill_on_drop: false }`
[INFO] running `Command { std: "docker" "exec" "-e" "SOURCE_DIR=/opt/rustwide/workdir" "-e" "CARGO_HOME=/opt/rustwide/cargo-home" "-e" "RUSTUP_HOME=/opt/rustwide/rustup-home" "-e" "CARGO_TARGET_DIR=/opt/rustwide/target" "-e" "CARGO_INCREMENTAL=0" "-e" "RUST_BACKTRACE=full" "-e" "RUSTFLAGS=--cap-lints=warn" "-e" "RUSTDOCFLAGS=--cap-lints=warn" "-w" "/opt/rustwide/workdir" "--user" "0:0" "6d5021075623cb5cd7ba4226633f2db77ecfeebe152351eead6fc8d090f85c55" "/opt/rustwide/cargo-home/bin/cargo" "+1.100.0-beta.1" "test" "--frozen" "--no-run" "--message-format=json" "--release", kill_on_drop: false }`
[INFO] [stderr]    Compiling regex-automata v0.4.14
[INFO] [stderr]    Compiling float-cmp v0.10.0
[INFO] [stderr]    Compiling wait-timeout v0.2.1
[INFO] [stderr]    Compiling bstr v1.12.1
[INFO] [stderr]    Compiling regex v1.12.3
[INFO] [stderr]    Compiling globset v0.4.18
[INFO] [stderr]    Compiling predicates v3.1.4
[INFO] [stderr]    Compiling ignore v0.4.25
[INFO] [stderr]    Compiling assert_cmd v2.2.2
[INFO] [stderr]    Compiling no-mistakes-core v0.6.0
[INFO] [stderr]    Compiling queue-ast-hop v0.6.0 (/opt/rustwide/workdir)
[INFO] [stderr]     Finished `release` profile [optimized] target(s) in 2m 27s
[INFO] running `Command { std: "docker" "inspect" "6d5021075623cb5cd7ba4226633f2db77ecfeebe152351eead6fc8d090f85c55", kill_on_drop: false }`
[INFO] running `Command { std: "docker" "exec" "-e" "SOURCE_DIR=/opt/rustwide/workdir" "-e" "CARGO_HOME=/opt/rustwide/cargo-home" "-e" "RUSTUP_HOME=/opt/rustwide/rustup-home" "-e" "CARGO_TARGET_DIR=/opt/rustwide/target" "-e" "CARGO_INCREMENTAL=0" "-e" "RUST_BACKTRACE=full" "-e" "RUSTFLAGS=--cap-lints=warn" "-e" "RUSTDOCFLAGS=--cap-lints=warn" "-w" "/opt/rustwide/workdir" "--user" "0:0" "6d5021075623cb5cd7ba4226633f2db77ecfeebe152351eead6fc8d090f85c55" "/opt/rustwide/cargo-home/bin/cargo" "+1.100.0-beta.1" "test" "--frozen" "--release", kill_on_drop: false }`
[INFO] [stderr]     Finished `release` profile [optimized] target(s) in 0.48s
[INFO] [stderr]      Running unittests src/lib.rs (/opt/rustwide/target/release/build/queue-ast-hop/8cb65fe9c616fe2e/out/queue_ast_hop-8cb65fe9c616fe2e)
[INFO] [stdout] 
[INFO] [stdout] running 0 tests
[INFO] [stdout] 
[INFO] [stdout] test result: ok. 0 passed; 0 failed; 0 ignored; 0 measured; 0 filtered out; finished in 0.00s
[INFO] [stdout] 
[INFO] [stderr]      Running unittests src/main.rs (/opt/rustwide/target/release/build/queue-ast-hop/7a85c1b6a493d429/out/queue_ast_hop-7a85c1b6a493d429)
[INFO] [stdout] 
[INFO] [stderr]      Running tests/cli.rs (/opt/rustwide/target/release/build/queue-ast-hop/1a0d212ecc49e0af/out/cli-1a0d212ecc49e0af)
[INFO] [stdout] running 0 tests
[INFO] [stdout] 
[INFO] [stdout] test result: ok. 0 passed; 0 failed; 0 ignored; 0 measured; 0 filtered out; finished in 0.00s
[INFO] [stdout] 
[INFO] [stdout] 
[INFO] [stdout] running 14 tests
[INFO] [stdout] test check_fails_for_unmatched_static_worker ... FAILED
[INFO] [stdout] test edges_json_reports_virtual_queue_job ... FAILED
[INFO] [stdout] test edges_json_outputs_array_for_wrapper_parity ... ok
[INFO] [stdout] test check_json_reports_failures ... FAILED
[INFO] [stdout] test check_success_returns_success_exit_code ... ok
[INFO] [stdout] test depth_limits_edges_from_roots ... FAILED
[INFO] [stdout] test edges_formats_are_rendered ... FAILED
[INFO] [stdout] test check_failure_formats_are_rendered ... FAILED
[INFO] [stdout] test missing_tsconfig_surfaces_main_error_exit ... ok
[INFO] [stdout] test related_paths_returns_worker ... FAILED
[INFO] [stdout] test relative_root_and_env_jobs_are_accepted ... ok
[INFO] [stdout] test related_human_and_markdown_formats_render ... FAILED
[INFO] [stdout] test timings_and_jobs_env_are_accepted ... ok
[INFO] [stderr] error: test failed, to rerun pass `--test cli`
[INFO] [stdout] test related_supports_directions_and_json ... ok
[INFO] [stdout] 
[INFO] [stdout] failures:
[INFO] [stdout] 
[INFO] [stdout] ---- check_fails_for_unmatched_static_worker stdout ----
[INFO] [stdout] 
[INFO] [stdout] thread 'check_fails_for_unmatched_static_worker' (2316) panicked at tests/cli.rs:47:10:
[INFO] [stdout] Unexpected success
[INFO] [stdout] command=`"/opt/rustwide/target/release/queue-ast-hop" "--root" "/opt/rustwide/workdir/../../fixtures/queue-ast-hop/dynamic" "check"`
[INFO] [stdout] code=0
[INFO] [stdout] stdout=""
[INFO] [stdout] stderr=""
[INFO] [stdout] 
[INFO] [stdout] stack backtrace:
[INFO] [stdout]    0:     0x5b6dd3b90891 - <<std[617be2ca0a6fd877]::sys::backtrace::BacktraceLock>::print::DisplayBacktrace as core[a373ad73a504971]::fmt::Display>::fmt
[INFO] [stdout]    1:     0x5b6dd3ba701a - core[a373ad73a504971]::fmt::write
[INFO] [stdout]    2:     0x5b6dd3b95f2c - <alloc[2e1b2a31b91974c5]::vec::Vec<u8> as core[a373ad73a504971]::io::write::Write>::write_fmt
[INFO] [stdout]    3:     0x5b6dd3b6c226 - std[617be2ca0a6fd877]::panicking::default_hook::{closure#0}
[INFO] [stdout]    4:     0x5b6dd3b88e09 - std[617be2ca0a6fd877]::panicking::default_hook
[INFO] [stdout]    5:     0x5b6dd3b13470 - test[aada8e7e76ba119b]::test_main_inner::{closure#0}
[INFO] [stdout]    6:     0x5b6dd3b88fc2 - std[617be2ca0a6fd877]::panicking::panic_with_hook
[INFO] [stdout]    7:     0x5b6dd3b6c2d2 - std[617be2ca0a6fd877]::panicking::panic_handler::{closure#0}
[INFO] [stdout]    8:     0x5b6dd3b64fe9 - std[617be2ca0a6fd877]::sys::backtrace::__rust_end_short_backtrace::<std[617be2ca0a6fd877]::panicking::panic_handler::{closure#0}, !>
[INFO] [stdout]    9:     0x5b6dd3b6cedd - __rustc[ea4f61d10b84890b]::rust_begin_unwind
[INFO] [stdout]   10:     0x5b6dd3ba77cc - core[a373ad73a504971]::panicking::panic_fmt
[INFO] [stdout]   11:     0x5b6dd3b472ef - <assert_cmd[c91624f670ca4ad3]::assert::AssertError>::panic::<assert_cmd[c91624f670ca4ad3]::assert::Assert>
[INFO] [stdout]   12:     0x5b6dd3b47b36 - <assert_cmd[c91624f670ca4ad3]::assert::Assert>::failure
[INFO] [stdout]   13:     0x5b6dd3afd488 - <cli[91070d74b63281a4]::check_fails_for_unmatched_static_worker::{closure#0} as core[a373ad73a504971]::ops::function::FnOnce<()>>::call_once
[INFO] [stdout]   14:     0x5b6dd3b068bb - test[aada8e7e76ba119b]::__rust_begin_short_backtrace::<core[a373ad73a504971]::result::Result<(), alloc[2e1b2a31b91974c5]::string::String>, fn() -> core[a373ad73a504971]::result::Result<(), alloc[2e1b2a31b91974c5]::string::String>>
[INFO] [stdout]   15:     0x5b6dd3b13a95 - test[aada8e7e76ba119b]::run_test::{closure#0}
[INFO] [stdout]   16:     0x5b6dd3b0d384 - std[617be2ca0a6fd877]::sys::backtrace::__rust_begin_short_backtrace::<test[aada8e7e76ba119b]::run_test::{closure#1}, ()>
[INFO] [stdout]   17:     0x5b6dd3b16b22 - <std[617be2ca0a6fd877]::thread::lifecycle::spawn_unchecked<test[aada8e7e76ba119b]::run_test::{closure#1}, ()>::{closure#1} as core[a373ad73a504971]::ops::function::FnOnce<()>>::call_once::{shim:vtable#0}
[INFO] [stdout]   18:     0x5b6dd3b9006f - <std[617be2ca0a6fd877]::sys::thread::unix::Thread>::new::thread_start
[INFO] [stdout]   19:     0x74312e7dfdfa - <unknown>
[INFO] [stdout]   20:     0x74312e8733d4 - clone
[INFO] [stdout]   21:                0x0 - <unknown>
[INFO] [stdout] 
[INFO] [stdout] ---- edges_json_reports_virtual_queue_job stdout ----
[INFO] [stdout] 
[INFO] [stdout] thread 'edges_json_reports_virtual_queue_job' (2323) panicked at tests/cli.rs:21:10:
[INFO] [stdout] Unexpected stdout, failed var.contains(queues.ts#sendWelcome)
[INFO] [stdout] ├── var: []
[INFO] [stdout] └── var as str: []
[INFO] [stdout] 
[INFO] [stdout] command=`"/opt/rustwide/target/release/queue-ast-hop" "--root" "/opt/rustwide/workdir/../../fixtures/queue-ast-hop/basic" "--json" "edges"`
[INFO] [stdout] code=0
[INFO] [stdout] stdout="[]\n"
[INFO] [stdout] stderr=""
[INFO] [stdout] 
[INFO] [stdout] stack backtrace:
[INFO] [stdout]    0:     0x5b6dd3b90891 - <<std[617be2ca0a6fd877]::sys::backtrace::BacktraceLock>::print::DisplayBacktrace as core[a373ad73a504971]::fmt::Display>::fmt
[INFO] [stdout]    1:     0x5b6dd3ba701a - core[a373ad73a504971]::fmt::write
[INFO] [stdout]    2:     0x5b6dd3b95f2c - <alloc[2e1b2a31b91974c5]::vec::Vec<u8> as core[a373ad73a504971]::io::write::Write>::write_fmt
[INFO] [stdout]    3:     0x5b6dd3b6c226 - std[617be2ca0a6fd877]::panicking::default_hook::{closure#0}
[INFO] [stdout]    4:     0x5b6dd3b88e09 - std[617be2ca0a6fd877]::panicking::default_hook
[INFO] [stdout]    5:     0x5b6dd3b13470 - test[aada8e7e76ba119b]::test_main_inner::{closure#0}
[INFO] [stdout]    6:     0x5b6dd3b88fc2 - std[617be2ca0a6fd877]::panicking::panic_with_hook
[INFO] [stdout]    7:     0x5b6dd3b6c2d2 - std[617be2ca0a6fd877]::panicking::panic_handler::{closure#0}
[INFO] [stdout]    8:     0x5b6dd3b64fe9 - std[617be2ca0a6fd877]::sys::backtrace::__rust_end_short_backtrace::<std[617be2ca0a6fd877]::panicking::panic_handler::{closure#0}, !>
[INFO] [stdout]    9:     0x5b6dd3b6cedd - __rustc[ea4f61d10b84890b]::rust_begin_unwind
[INFO] [stdout]   10:     0x5b6dd3ba77cc - core[a373ad73a504971]::panicking::panic_fmt
[INFO] [stdout]   11:     0x5b6dd3af9450 - <assert_cmd[c91624f670ca4ad3]::assert::AssertError>::panic::<assert_cmd[c91624f670ca4ad3]::assert::Assert>
[INFO] [stdout]   12:     0x5b6dd3afc8e7 - <cli[91070d74b63281a4]::edges_json_reports_virtual_queue_job::{closure#0} as core[a373ad73a504971]::ops::function::FnOnce<()>>::call_once
[INFO] [stdout]   13:     0x5b6dd3b068bb - test[aada8e7e76ba119b]::__rust_begin_short_backtrace::<core[a373ad73a504971]::result::Result<(), alloc[2e1b2a31b91974c5]::string::String>, fn() -> core[a373ad73a504971]::result::Result<(), alloc[2e1b2a31b91974c5]::string::String>>
[INFO] [stdout]   14:     0x5b6dd3b13a95 - test[aada8e7e76ba119b]::run_test::{closure#0}
[INFO] [stdout]   15:     0x5b6dd3b0d384 - std[617be2ca0a6fd877]::sys::backtrace::__rust_begin_short_backtrace::<test[aada8e7e76ba119b]::run_test::{closure#1}, ()>
[INFO] [stdout]   16:     0x5b6dd3b16b22 - <std[617be2ca0a6fd877]::thread::lifecycle::spawn_unchecked<test[aada8e7e76ba119b]::run_test::{closure#1}, ()>::{closure#1} as core[a373ad73a504971]::ops::function::FnOnce<()>>::call_once::{shim:vtable#0}
[INFO] [stdout]   17:     0x5b6dd3b9006f - <std[617be2ca0a6fd877]::sys::thread::unix::Thread>::new::thread_start
[INFO] [stdout]   18:     0x74312e7dfdfa - <unknown>
[INFO] [stdout]   19:     0x74312e8733d4 - clone
[INFO] [stdout]   20:                0x0 - <unknown>
[INFO] [stdout] 
[INFO] [stdout] ---- check_json_reports_failures stdout ----
[INFO] [stdout] 
[INFO] [stdout] thread 'check_json_reports_failures' (2318) panicked at tests/cli.rs:75:10:
[INFO] [stdout] Unexpected success
[INFO] [stdout] command=`"/opt/rustwide/target/release/queue-ast-hop" "--root" "/opt/rustwide/workdir/../../fixtures/queue-ast-hop/unmatched" "--json" "check"`
[INFO] [stdout] code=0
[INFO] [stdout] stdout="[]\n"
[INFO] [stdout] stderr=""
[INFO] [stdout] 
[INFO] [stdout] stack backtrace:
[INFO] [stdout]    0:     0x5b6dd3b90891 - <<std[617be2ca0a6fd877]::sys::backtrace::BacktraceLock>::print::DisplayBacktrace as core[a373ad73a504971]::fmt::Display>::fmt
[INFO] [stdout]    1:     0x5b6dd3ba701a - core[a373ad73a504971]::fmt::write
[INFO] [stdout]    2:     0x5b6dd3b95f2c - <alloc[2e1b2a31b91974c5]::vec::Vec<u8> as core[a373ad73a504971]::io::write::Write>::write_fmt
[INFO] [stdout]    3:     0x5b6dd3b6c226 - std[617be2ca0a6fd877]::panicking::default_hook::{closure#0}
[INFO] [stdout]    4:     0x5b6dd3b88e09 - std[617be2ca0a6fd877]::panicking::default_hook
[INFO] [stdout]    5:     0x5b6dd3b13470 - test[aada8e7e76ba119b]::test_main_inner::{closure#0}
[INFO] [stdout]    6:     0x5b6dd3b88fc2 - std[617be2ca0a6fd877]::panicking::panic_with_hook
[INFO] [stdout]    7:     0x5b6dd3b6c2d2 - std[617be2ca0a6fd877]::panicking::panic_handler::{closure#0}
[INFO] [stdout]    8:     0x5b6dd3b64fe9 - std[617be2ca0a6fd877]::sys::backtrace::__rust_end_short_backtrace::<std[617be2ca0a6fd877]::panicking::panic_handler::{closure#0}, !>
[INFO] [stdout]    9:     0x5b6dd3b6cedd - __rustc[ea4f61d10b84890b]::rust_begin_unwind
[INFO] [stdout]   10:     0x5b6dd3ba77cc - core[a373ad73a504971]::panicking::panic_fmt
[INFO] [stdout]   11:     0x5b6dd3b472ef - <assert_cmd[c91624f670ca4ad3]::assert::AssertError>::panic::<assert_cmd[c91624f670ca4ad3]::assert::Assert>
[INFO] [stdout]   12:     0x5b6dd3b47b36 - <assert_cmd[c91624f670ca4ad3]::assert::Assert>::failure
[INFO] [stdout]   13:     0x5b6dd3afad32 - <cli[91070d74b63281a4]::check_json_reports_failures::{closure#0} as core[a373ad73a504971]::ops::function::FnOnce<()>>::call_once
[INFO] [stdout]   14:     0x5b6dd3b068bb - test[aada8e7e76ba119b]::__rust_begin_short_backtrace::<core[a373ad73a504971]::result::Result<(), alloc[2e1b2a31b91974c5]::string::String>, fn() -> core[a373ad73a504971]::result::Result<(), alloc[2e1b2a31b91974c5]::string::String>>
[INFO] [stdout]   15:     0x5b6dd3b13a95 - test[aada8e7e76ba119b]::run_test::{closure#0}
[INFO] [stdout]   16:     0x5b6dd3b0d384 - std[617be2ca0a6fd877]::sys::backtrace::__rust_begin_short_backtrace::<test[aada8e7e76ba119b]::run_test::{closure#1}, ()>
[INFO] [stdout]   17:     0x5b6dd3b16b22 - <std[617be2ca0a6fd877]::thread::lifecycle::spawn_unchecked<test[aada8e7e76ba119b]::run_test::{closure#1}, ()>::{closure#1} as core[a373ad73a504971]::ops::function::FnOnce<()>>::call_once::{shim:vtable#0}
[INFO] [stdout]   18:     0x5b6dd3b9006f - <std[617be2ca0a6fd877]::sys::thread::unix::Thread>::new::thread_start
[INFO] [stdout]   19:     0x74312e7dfdfa - <unknown>
[INFO] [stdout]   20:     0x74312e8733d4 - clone
[INFO] [stdout]   21:                0x0 - <unknown>
[INFO] [stdout] 
[INFO] [stdout] ---- depth_limits_edges_from_roots stdout ----
[INFO] [stdout] 
[INFO] [stdout] thread 'depth_limits_edges_from_roots' (2320) panicked at tests/cli.rs:180:10:
[INFO] [stdout] Unexpected stdout, failed var.contains(queues.ts#sendWelcome)
[INFO] [stdout] ├── var: 
[INFO] [stdout] └── var as str: 
[INFO] [stdout] 
[INFO] [stdout] command=`"/opt/rustwide/target/release/queue-ast-hop" "--root" "/opt/rustwide/workdir/../../fixtures/queue-ast-hop/basic" "--format" "paths" "--depth" "1" "edges" "enqueue.ts"`
[INFO] [stdout] code=0
[INFO] [stdout] stdout=""
[INFO] [stdout] stderr=""
[INFO] [stdout] 
[INFO] [stdout] stack backtrace:
[INFO] [stdout]    0:     0x5b6dd3b90891 - <<std[617be2ca0a6fd877]::sys::backtrace::BacktraceLock>::print::DisplayBacktrace as core[a373ad73a504971]::fmt::Display>::fmt
[INFO] [stdout]    1:     0x5b6dd3ba701a - core[a373ad73a504971]::fmt::write
[INFO] [stdout]    2:     0x5b6dd3b95f2c - <alloc[2e1b2a31b91974c5]::vec::Vec<u8> as core[a373ad73a504971]::io::write::Write>::write_fmt
[INFO] [stdout]    3:     0x5b6dd3b6c226 - std[617be2ca0a6fd877]::panicking::default_hook::{closure#0}
[INFO] [stdout]    4:     0x5b6dd3b88e09 - std[617be2ca0a6fd877]::panicking::default_hook
[INFO] [stdout]    5:     0x5b6dd3b13470 - test[aada8e7e76ba119b]::test_main_inner::{closure#0}
[INFO] [stdout]    6:     0x5b6dd3b88fc2 - std[617be2ca0a6fd877]::panicking::panic_with_hook
[INFO] [stdout]    7:     0x5b6dd3b6c2d2 - std[617be2ca0a6fd877]::panicking::panic_handler::{closure#0}
[INFO] [stdout]    8:     0x5b6dd3b64fe9 - std[617be2ca0a6fd877]::sys::backtrace::__rust_end_short_backtrace::<std[617be2ca0a6fd877]::panicking::panic_handler::{closure#0}, !>
[INFO] [stdout]    9:     0x5b6dd3b6cedd - __rustc[ea4f61d10b84890b]::rust_begin_unwind
[INFO] [stdout]   10:     0x5b6dd3ba77cc - core[a373ad73a504971]::panicking::panic_fmt
[INFO] [stdout]   11:     0x5b6dd3af9450 - <assert_cmd[c91624f670ca4ad3]::assert::AssertError>::panic::<assert_cmd[c91624f670ca4ad3]::assert::Assert>
[INFO] [stdout]   12:     0x5b6dd3afb7e5 - <cli[91070d74b63281a4]::depth_limits_edges_from_roots::{closure#0} as core[a373ad73a504971]::ops::function::FnOnce<()>>::call_once
[INFO] [stdout]   13:     0x5b6dd3b068bb - test[aada8e7e76ba119b]::__rust_begin_short_backtrace::<core[a373ad73a504971]::result::Result<(), alloc[2e1b2a31b91974c5]::string::String>, fn() -> core[a373ad73a504971]::result::Result<(), alloc[2e1b2a31b91974c5]::string::String>>
[INFO] [stdout]   14:     0x5b6dd3b13a95 - test[aada8e7e76ba119b]::run_test::{closure#0}
[INFO] [stdout]   15:     0x5b6dd3b0d384 - std[617be2ca0a6fd877]::sys::backtrace::__rust_begin_short_backtrace::<test[aada8e7e76ba119b]::run_test::{closure#1}, ()>
[INFO] [stdout]   16:     0x5b6dd3b16b22 - <std[617be2ca0a6fd877]::thread::lifecycle::spawn_unchecked<test[aada8e7e76ba119b]::run_test::{closure#1}, ()>::{closure#1} as core[a373ad73a504971]::ops::function::FnOnce<()>>::call_once::{shim:vtable#0}
[INFO] [stdout]   17:     0x5b6dd3b9006f - <std[617be2ca0a6fd877]::sys::thread::unix::Thread>::new::thread_start
[INFO] [stdout]   18:     0x74312e7dfdfa - <unknown>
[INFO] [stdout]   19:     0x74312e8733d4 - clone
[INFO] [stdout]   20:                0x0 - <unknown>
[INFO] [stdout] 
[INFO] [stdout] ---- edges_formats_are_rendered stdout ----
[INFO] [stdout] 
[INFO] [stdout] thread 'edges_formats_are_rendered' (2321) panicked at tests/cli.rs:91:14:
[INFO] [stdout] Unexpected stdout, failed var.contains(sendWelcome)
[INFO] [stdout] ├── var: # Queue edges
[INFO] [stdout] └── var as str: # Queue edges
[INFO] [stdout] 
[INFO] [stdout] command=`"/opt/rustwide/target/release/queue-ast-hop" "--root" "/opt/rustwide/workdir/../../fixtures/queue-ast-hop/basic" "--format" "md" "edges"`
[INFO] [stdout] code=0
[INFO] [stdout] stdout="# Queue edges\n"
[INFO] [stdout] stderr=""
[INFO] [stdout] 
[INFO] [stdout] stack backtrace:
[INFO] [stdout]    0:     0x5b6dd3b90891 - <<std[617be2ca0a6fd877]::sys::backtrace::BacktraceLock>::print::DisplayBacktrace as core[a373ad73a504971]::fmt::Display>::fmt
[INFO] [stdout]    1:     0x5b6dd3ba701a - core[a373ad73a504971]::fmt::write
[INFO] [stdout]    2:     0x5b6dd3b95f2c - <alloc[2e1b2a31b91974c5]::vec::Vec<u8> as core[a373ad73a504971]::io::write::Write>::write_fmt
[INFO] [stdout]    3:     0x5b6dd3b6c226 - std[617be2ca0a6fd877]::panicking::default_hook::{closure#0}
[INFO] [stdout]    4:     0x5b6dd3b88e09 - std[617be2ca0a6fd877]::panicking::default_hook
[INFO] [stdout]    5:     0x5b6dd3b13470 - test[aada8e7e76ba119b]::test_main_inner::{closure#0}
[INFO] [stdout]    6:     0x5b6dd3b88fc2 - std[617be2ca0a6fd877]::panicking::panic_with_hook
[INFO] [stdout]    7:     0x5b6dd3b6c2d2 - std[617be2ca0a6fd877]::panicking::panic_handler::{closure#0}
[INFO] [stdout]    8:     0x5b6dd3b64fe9 - std[617be2ca0a6fd877]::sys::backtrace::__rust_end_short_backtrace::<std[617be2ca0a6fd877]::panicking::panic_handler::{closure#0}, !>
[INFO] [stdout]    9:     0x5b6dd3b6cedd - __rustc[ea4f61d10b84890b]::rust_begin_unwind
[INFO] [stdout]   10:     0x5b6dd3ba77cc - core[a373ad73a504971]::panicking::panic_fmt
[INFO] [stdout]   11:     0x5b6dd3af9450 - <assert_cmd[c91624f670ca4ad3]::assert::AssertError>::panic::<assert_cmd[c91624f670ca4ad3]::assert::Assert>
[INFO] [stdout]   12:     0x5b6dd3afab5b - <cli[91070d74b63281a4]::edges_formats_are_rendered::{closure#0} as core[a373ad73a504971]::ops::function::FnOnce<()>>::call_once
[INFO] [stdout]   13:     0x5b6dd3b068bb - test[aada8e7e76ba119b]::__rust_begin_short_backtrace::<core[a373ad73a504971]::result::Result<(), alloc[2e1b2a31b91974c5]::string::String>, fn() -> core[a373ad73a504971]::result::Result<(), alloc[2e1b2a31b91974c5]::string::String>>
[INFO] [stdout]   14:     0x5b6dd3b13a95 - test[aada8e7e76ba119b]::run_test::{closure#0}
[INFO] [stdout]   15:     0x5b6dd3b0d384 - std[617be2ca0a6fd877]::sys::backtrace::__rust_begin_short_backtrace::<test[aada8e7e76ba119b]::run_test::{closure#1}, ()>
[INFO] [stdout]   16:     0x5b6dd3b16b22 - <std[617be2ca0a6fd877]::thread::lifecycle::spawn_unchecked<test[aada8e7e76ba119b]::run_test::{closure#1}, ()>::{closure#1} as core[a373ad73a504971]::ops::function::FnOnce<()>>::call_once::{shim:vtable#0}
[INFO] [stdout]   17:     0x5b6dd3b9006f - <std[617be2ca0a6fd877]::sys::thread::unix::Thread>::new::thread_start
[INFO] [stdout]   18:     0x74312e7dfdfa - <unknown>
[INFO] [stdout]   19:     0x74312e8733d4 - clone
[INFO] [stdout]   20:                0x0 - <unknown>
[INFO] [stdout] 
[INFO] [stdout] ---- check_failure_formats_are_rendered stdout ----
[INFO] [stdout] 
[INFO] [stdout] thread 'check_failure_formats_are_rendered' (2317) panicked at tests/cli.rs:195:14:
[INFO] [stdout] Unexpected success
[INFO] [stdout] command=`"/opt/rustwide/target/release/queue-ast-hop" "--root" "/opt/rustwide/workdir/../../fixtures/queue-ast-hop/unmatched" "--format" "md" "check"`
[INFO] [stdout] code=0
[INFO] [stdout] stdout="# Queue check\n"
[INFO] [stdout] stderr=""
[INFO] [stdout] 
[INFO] [stdout] stack backtrace:
[INFO] [stdout]    0:     0x5b6dd3b90891 - <<std[617be2ca0a6fd877]::sys::backtrace::BacktraceLock>::print::DisplayBacktrace as core[a373ad73a504971]::fmt::Display>::fmt
[INFO] [stdout]    1:     0x5b6dd3ba701a - core[a373ad73a504971]::fmt::write
[INFO] [stdout]    2:     0x5b6dd3b95f2c - <alloc[2e1b2a31b91974c5]::vec::Vec<u8> as core[a373ad73a504971]::io::write::Write>::write_fmt
[INFO] [stdout]    3:     0x5b6dd3b6c226 - std[617be2ca0a6fd877]::panicking::default_hook::{closure#0}
[INFO] [stdout]    4:     0x5b6dd3b88e09 - std[617be2ca0a6fd877]::panicking::default_hook
[INFO] [stdout]    5:     0x5b6dd3b13470 - test[aada8e7e76ba119b]::test_main_inner::{closure#0}
[INFO] [stdout]    6:     0x5b6dd3b88fc2 - std[617be2ca0a6fd877]::panicking::panic_with_hook
[INFO] [stdout]    7:     0x5b6dd3b6c2d2 - std[617be2ca0a6fd877]::panicking::panic_handler::{closure#0}
[INFO] [stdout]    8:     0x5b6dd3b64fe9 - std[617be2ca0a6fd877]::sys::backtrace::__rust_end_short_backtrace::<std[617be2ca0a6fd877]::panicking::panic_handler::{closure#0}, !>
[INFO] [stdout]    9:     0x5b6dd3b6cedd - __rustc[ea4f61d10b84890b]::rust_begin_unwind
[INFO] [stdout]   10:     0x5b6dd3ba77cc - core[a373ad73a504971]::panicking::panic_fmt
[INFO] [stdout]   11:     0x5b6dd3b472ef - <assert_cmd[c91624f670ca4ad3]::assert::AssertError>::panic::<assert_cmd[c91624f670ca4ad3]::assert::Assert>
[INFO] [stdout]   12:     0x5b6dd3b47b36 - <assert_cmd[c91624f670ca4ad3]::assert::Assert>::failure
[INFO] [stdout]   13:     0x5b6dd3afbe23 - <cli[91070d74b63281a4]::check_failure_formats_are_rendered::{closure#0} as core[a373ad73a504971]::ops::function::FnOnce<()>>::call_once
[INFO] [stdout]   14:     0x5b6dd3b068bb - test[aada8e7e76ba119b]::__rust_begin_short_backtrace::<core[a373ad73a504971]::result::Result<(), alloc[2e1b2a31b91974c5]::string::String>, fn() -> core[a373ad73a504971]::result::Result<(), alloc[2e1b2a31b91974c5]::string::String>>
[INFO] [stdout]   15:     0x5b6dd3b13a95 - test[aada8e7e76ba119b]::run_test::{closure#0}
[INFO] [stdout]   16:     0x5b6dd3b0d384 - std[617be2ca0a6fd877]::sys::backtrace::__rust_begin_short_backtrace::<test[aada8e7e76ba119b]::run_test::{closure#1}, ()>
[INFO] [stdout]   17:     0x5b6dd3b16b22 - <std[617be2ca0a6fd877]::thread::lifecycle::spawn_unchecked<test[aada8e7e76ba119b]::run_test::{closure#1}, ()>::{closure#1} as core[a373ad73a504971]::ops::function::FnOnce<()>>::call_once::{shim:vtable#0}
[INFO] [stdout]   18:     0x5b6dd3b9006f - <std[617be2ca0a6fd877]::sys::thread::unix::Thread>::new::thread_start
[INFO] [stdout]   19:     0x74312e7dfdfa - <unknown>
[INFO] [stdout]   20:     0x74312e8733d4 - clone
[INFO] [stdout]   21:                0x0 - <unknown>
[INFO] [stdout] 
[INFO] [stdout] ---- related_paths_returns_worker stdout ----
[INFO] [stdout] 
[INFO] [stdout] thread 'related_paths_returns_worker' (2424) panicked at tests/cli.rs:63:10:
[INFO] [stdout] Unexpected stdout, failed var.contains(worker.ts)
[INFO] [stdout] ├── var: 
[INFO] [stdout] └── var as str: 
[INFO] [stdout] 
[INFO] [stdout] command=`"/opt/rustwide/target/release/queue-ast-hop" "--root" "/opt/rustwide/workdir/../../fixtures/queue-ast-hop/basic" "--format" "paths" "related" "enqueue.ts"`
[INFO] [stdout] code=0
[INFO] [stdout] stdout=""
[INFO] [stdout] stderr=""
[INFO] [stdout] 
[INFO] [stdout] stack backtrace:
[INFO] [stdout]    0:     0x5b6dd3b90891 - <<std[617be2ca0a6fd877]::sys::backtrace::BacktraceLock>::print::DisplayBacktrace as core[a373ad73a504971]::fmt::Display>::fmt
[INFO] [stdout]    1:     0x5b6dd3ba701a - core[a373ad73a504971]::fmt::write
[INFO] [stdout]    2:     0x5b6dd3b95f2c - <alloc[2e1b2a31b91974c5]::vec::Vec<u8> as core[a373ad73a504971]::io::write::Write>::write_fmt
[INFO] [stdout]    3:     0x5b6dd3b6c226 - std[617be2ca0a6fd877]::panicking::default_hook::{closure#0}
[INFO] [stdout]    4:     0x5b6dd3b88e09 - std[617be2ca0a6fd877]::panicking::default_hook
[INFO] [stdout]    5:     0x5b6dd3b13470 - test[aada8e7e76ba119b]::test_main_inner::{closure#0}
[INFO] [stdout]    6:     0x5b6dd3b88fc2 - std[617be2ca0a6fd877]::panicking::panic_with_hook
[INFO] [stdout]    7:     0x5b6dd3b6c2d2 - std[617be2ca0a6fd877]::panicking::panic_handler::{closure#0}
[INFO] [stdout]    8:     0x5b6dd3b64fe9 - std[617be2ca0a6fd877]::sys::backtrace::__rust_end_short_backtrace::<std[617be2ca0a6fd877]::panicking::panic_handler::{closure#0}, !>
[INFO] [stdout]    9:     0x5b6dd3b6cedd - __rustc[ea4f61d10b84890b]::rust_begin_unwind
[INFO] [stdout]   10:     0x5b6dd3ba77cc - core[a373ad73a504971]::panicking::panic_fmt
[INFO] [stdout]   11:     0x5b6dd3af9450 - <assert_cmd[c91624f670ca4ad3]::assert::AssertError>::panic::<assert_cmd[c91624f670ca4ad3]::assert::Assert>
[INFO] [stdout]   12:     0x5b6dd3afb294 - <cli[91070d74b63281a4]::related_paths_returns_worker::{closure#0} as core[a373ad73a504971]::ops::function::FnOnce<()>>::call_once
[INFO] [stdout]   13:     0x5b6dd3b068bb - test[aada8e7e76ba119b]::__rust_begin_short_backtrace::<core[a373ad73a504971]::result::Result<(), alloc[2e1b2a31b91974c5]::string::String>, fn() -> core[a373ad73a504971]::result::Result<(), alloc[2e1b2a31b91974c5]::string::String>>
[INFO] [stdout]   14:     0x5b6dd3b13a95 - test[aada8e7e76ba119b]::run_test::{closure#0}
[INFO] [stdout]   15:     0x5b6dd3b0d384 - std[617be2ca0a6fd877]::sys::backtrace::__rust_begin_short_backtrace::<test[aada8e7e76ba119b]::run_test::{closure#1}, ()>
[INFO] [stdout]   16:     0x5b6dd3b16b22 - <std[617be2ca0a6fd877]::thread::lifecycle::spawn_unchecked<test[aada8e7e76ba119b]::run_test::{closure#1}, ()>::{closure#1} as core[a373ad73a504971]::ops::function::FnOnce<()>>::call_once::{shim:vtable#0}
[INFO] [stdout]   17:     0x5b6dd3b9006f - <std[617be2ca0a6fd877]::sys::thread::unix::Thread>::new::thread_start
[INFO] [stdout]   18:     0x74312e7dfdfa - <unknown>
[INFO] [stdout]   19:     0x74312e8733d4 - clone
[INFO] [stdout]   20:                0x0 - <unknown>
[INFO] [stdout] 
[INFO] [stdout] ---- related_human_and_markdown_formats_render stdout ----
[INFO] [stdout] 
[INFO] [stdout] thread 'related_human_and_markdown_formats_render' (2421) panicked at tests/cli.rs:126:14:
[INFO] [stdout] Unexpected stdout, failed var.contains(sendWelcome)
[INFO] [stdout] ├── var: enqueue.ts
[INFO] [stdout] └── var as str: enqueue.ts
[INFO] [stdout] 
[INFO] [stdout] command=`"/opt/rustwide/target/release/queue-ast-hop" "--root" "/opt/rustwide/workdir/../../fixtures/queue-ast-hop/basic" "--format" "human" "related" "enqueue.ts"`
[INFO] [stdout] code=0
[INFO] [stdout] stdout="enqueue.ts\n"
[INFO] [stdout] stderr=""
[INFO] [stdout] 
[INFO] [stdout] stack backtrace:
[INFO] [stdout]    0:     0x5b6dd3b90891 - <<std[617be2ca0a6fd877]::sys::backtrace::BacktraceLock>::print::DisplayBacktrace as core[a373ad73a504971]::fmt::Display>::fmt
[INFO] [stdout]    1:     0x5b6dd3ba701a - core[a373ad73a504971]::fmt::write
[INFO] [stdout]    2:     0x5b6dd3b95f2c - <alloc[2e1b2a31b91974c5]::vec::Vec<u8> as core[a373ad73a504971]::io::write::Write>::write_fmt
[INFO] [stdout]    3:     0x5b6dd3b6c226 - std[617be2ca0a6fd877]::panicking::default_hook::{closure#0}
[INFO] [stdout]    4:     0x5b6dd3b88e09 - std[617be2ca0a6fd877]::panicking::default_hook
[INFO] [stdout]    5:     0x5b6dd3b13470 - test[aada8e7e76ba119b]::test_main_inner::{closure#0}
[INFO] [stdout]    6:     0x5b6dd3b88fc2 - std[617be2ca0a6fd877]::panicking::panic_with_hook
[INFO] [stdout]    7:     0x5b6dd3b6c2d2 - std[617be2ca0a6fd877]::panicking::panic_handler::{closure#0}
[INFO] [stdout]    8:     0x5b6dd3b64fe9 - std[617be2ca0a6fd877]::sys::backtrace::__rust_end_short_backtrace::<std[617be2ca0a6fd877]::panicking::panic_handler::{closure#0}, !>
[INFO] [stdout]    9:     0x5b6dd3b6cedd - __rustc[ea4f61d10b84890b]::rust_begin_unwind
[INFO] [stdout]   10:     0x5b6dd3ba77cc - core[a373ad73a504971]::panicking::panic_fmt
[INFO] [stdout]   11:     0x5b6dd3af9450 - <assert_cmd[c91624f670ca4ad3]::assert::AssertError>::panic::<assert_cmd[c91624f670ca4ad3]::assert::Assert>
[INFO] [stdout]   12:     0x5b6dd3afebb3 - <cli[91070d74b63281a4]::related_human_and_markdown_formats_render::{closure#0} as core[a373ad73a504971]::ops::function::FnOnce<()>>::call_once
[INFO] [stdout]   13:     0x5b6dd3b068bb - test[aada8e7e76ba119b]::__rust_begin_short_backtrace::<core[a373ad73a504971]::result::Result<(), alloc[2e1b2a31b91974c5]::string::String>, fn() -> core[a373ad73a504971]::result::Result<(), alloc[2e1b2a31b91974c5]::string::String>>
[INFO] [stdout]   14:     0x5b6dd3b13a95 - test[aada8e7e76ba119b]::run_test::{closure#0}
[INFO] [stdout]   15:     0x5b6dd3b0d384 - std[617be2ca0a6fd877]::sys::backtrace::__rust_begin_short_backtrace::<test[aada8e7e76ba119b]::run_test::{closure#1}, ()>
[INFO] [stdout]   16:     0x5b6dd3b16b22 - <std[617be2ca0a6fd877]::thread::lifecycle::spawn_unchecked<test[aada8e7e76ba119b]::run_test::{closure#1}, ()>::{closure#1} as core[a373ad73a504971]::ops::function::FnOnce<()>>::call_once::{shim:vtable#0}
[INFO] [stdout]   17:     0x5b6dd3b9006f - <std[617be2ca0a6fd877]::sys::thread::unix::Thread>::new::thread_start
[INFO] [stdout]   18:     0x74312e7dfdfa - <unknown>
[INFO] [stdout]   19:     0x74312e8733d4 - clone
[INFO] [stdout]   20:                0x0 - <unknown>
[INFO] [stdout] 
[INFO] [stdout] 
[INFO] [stdout] failures:
[INFO] [stdout]     check_fails_for_unmatched_static_worker
[INFO] [stdout]     check_failure_formats_are_rendered
[INFO] [stdout]     check_json_reports_failures
[INFO] [stdout]     depth_limits_edges_from_roots
[INFO] [stdout]     edges_formats_are_rendered
[INFO] [stdout]     edges_json_reports_virtual_queue_job
[INFO] [stdout]     related_human_and_markdown_formats_render
[INFO] [stdout]     related_paths_returns_worker
[INFO] [stdout] 
[INFO] [stdout] test result: FAILED. 6 passed; 8 failed; 0 ignored; 0 measured; 0 filtered out; finished in 0.07s
[INFO] [stdout] 
[INFO] running `Command { std: "docker" "inspect" "6d5021075623cb5cd7ba4226633f2db77ecfeebe152351eead6fc8d090f85c55", kill_on_drop: false }`
[INFO] running `Command { std: "docker" "rm" "-f" "6d5021075623cb5cd7ba4226633f2db77ecfeebe152351eead6fc8d090f85c55", kill_on_drop: false }`
[INFO] [stdout] 6d5021075623cb5cd7ba4226633f2db77ecfeebe152351eead6fc8d090f85c55
