[INFO] fetching crate questa 0.3.0...
[INFO] testing questa-0.3.0 against 1.99.0-beta.8+cargoflags=--release for beta-release-1.100-2
[INFO] extracting crate questa 0.3.0 into /workspace/builds/worker-2-tc1/source
[INFO] started tweaking crates.io crate questa 0.3.0
[INFO] finished tweaking crates.io crate questa 0.3.0
[INFO] tweaked toml for crates.io crate questa 0.3.0 written to /workspace/builds/worker-2-tc1/source/Cargo.toml
[INFO] validating manifest of crates.io crate questa 0.3.0 on toolchain 1.99.0-beta.8
[INFO] running `Command { std: CARGO_HOME="/workspace/cargo-home" RUSTUP_HOME="/workspace/rustup-home" "/workspace/cargo-home/bin/cargo" "+1.99.0-beta.8" "metadata" "--manifest-path" "Cargo.toml" "--no-deps", kill_on_drop: false }`
[INFO] crate crates.io crate questa 0.3.0 already has a lockfile, it will not be regenerated
[INFO] running `Command { std: CARGO_HOME="/workspace/cargo-home" RUSTUP_HOME="/workspace/rustup-home" "/workspace/cargo-home/bin/cargo" "+1.99.0-beta.8" "fetch" "--manifest-path" "Cargo.toml", kill_on_drop: false }`
[INFO] [stderr]  Downloading crates ...
[INFO] [stderr]   Downloaded insta v1.47.2
[INFO] running `Command { std: "docker" "create" "-v" "/var/lib/crater-agent-workspace/builds/worker-2-tc1/source:/opt/rustwide/workdir:ro,Z" "-v" "/var/lib/crater-agent-workspace/builds/worker-2-tc1/target:/opt/rustwide/target:rw,Z" "-v" "/var/lib/crater-agent-workspace/cargo-home:/opt/rustwide/cargo-home:ro,Z" "-v" "/var/lib/crater-agent-workspace/rustup-home:/opt/rustwide/rustup-home:ro,Z" "-m" "1610612736" "--network" "none" "ghcr.io/rust-lang/crates-build-env/linux@sha256:77db811e55d90add9212f6832c23229e3de5f1c1f9905e8cb07319ea15df73ac" "sleep" "infinity", kill_on_drop: false }`
[INFO] [stdout] 97af0e3d6a6bcd262888c03109cd12de60f51cafa5de104eb8868e3e8914fe34
[INFO] running `Command { std: "docker" "start" "97af0e3d6a6bcd262888c03109cd12de60f51cafa5de104eb8868e3e8914fe34", kill_on_drop: false }`
[INFO] running `Command { std: "docker" "inspect" "97af0e3d6a6bcd262888c03109cd12de60f51cafa5de104eb8868e3e8914fe34", kill_on_drop: false }`
[INFO] running `Command { std: "docker" "exec" "-e" "SOURCE_DIR=/opt/rustwide/workdir" "-e" "CARGO_HOME=/opt/rustwide/cargo-home" "-e" "RUSTUP_HOME=/opt/rustwide/rustup-home" "-e" "CARGO_TARGET_DIR=/opt/rustwide/target" "-w" "/opt/rustwide/workdir" "--user" "0:0" "97af0e3d6a6bcd262888c03109cd12de60f51cafa5de104eb8868e3e8914fe34" "/opt/rustwide/cargo-home/bin/cargo" "+1.99.0-beta.8" "metadata" "--no-deps" "--format-version=1", kill_on_drop: false }`
[INFO] running `Command { std: "docker" "inspect" "97af0e3d6a6bcd262888c03109cd12de60f51cafa5de104eb8868e3e8914fe34", kill_on_drop: false }`
[INFO] running `Command { std: "docker" "exec" "-e" "SOURCE_DIR=/opt/rustwide/workdir" "-e" "CARGO_HOME=/opt/rustwide/cargo-home" "-e" "RUSTUP_HOME=/opt/rustwide/rustup-home" "-e" "CARGO_TARGET_DIR=/opt/rustwide/target" "-e" "CARGO_INCREMENTAL=0" "-e" "RUST_BACKTRACE=full" "-e" "RUSTFLAGS=--cap-lints=warn" "-e" "RUSTDOCFLAGS=--cap-lints=warn" "-w" "/opt/rustwide/workdir" "--user" "0:0" "97af0e3d6a6bcd262888c03109cd12de60f51cafa5de104eb8868e3e8914fe34" "/opt/rustwide/cargo-home/bin/cargo" "+1.99.0-beta.8" "build" "--frozen" "--message-format=json" "--release", kill_on_drop: false }`
[INFO] [stderr]    Compiling proc-macro2 v1.0.106
[INFO] [stderr]    Compiling quote v1.0.45
[INFO] [stderr]    Compiling libc v0.2.186
[INFO] [stderr]    Compiling cfg-if v1.0.4
[INFO] [stderr]    Compiling rustversion v1.0.22
[INFO] [stderr]    Compiling log v0.4.29
[INFO] [stderr]    Compiling signal-hook v0.3.18
[INFO] [stderr]    Compiling ident_case v1.0.1
[INFO] [stderr]    Compiling strsim v0.11.1
[INFO] [stderr]    Compiling fnv v1.0.7
[INFO] [stderr]    Compiling smallvec v1.15.1
[INFO] [stderr]    Compiling autocfg v1.5.0
[INFO] [stderr]    Compiling rustix v0.38.44
[INFO] [stderr]    Compiling scopeguard v1.2.0
[INFO] [stderr]    Compiling once_cell v1.21.4
[INFO] [stderr]    Compiling serde_core v1.0.228
[INFO] [stderr]    Compiling heck v0.5.0
[INFO] [stderr]    Compiling lock_api v0.4.14
[INFO] [stderr]    Compiling linux-raw-sys v0.4.15
[INFO] [stderr]    Compiling foldhash v0.1.5
[INFO] [stderr]    Compiling itoa v1.0.18
[INFO] [stderr]    Compiling tracing-core v0.1.36
[INFO] [stderr]    Compiling paste v1.0.15
[INFO] [stderr]    Compiling equivalent v1.0.2
[INFO] [stderr]    Compiling allocator-api2 v0.2.21
[INFO] [stderr]    Compiling bitflags v2.11.1
[INFO] [stderr]    Compiling either v1.16.0
[INFO] [stderr]    Compiling instability v0.3.10
[INFO] [stderr]    Compiling zmij v1.0.21
[INFO] [stderr]    Compiling regex-syntax v0.8.8
[INFO] [stderr]    Compiling thread_local v1.1.9
[INFO] [stderr]    Compiling indoc v2.0.7
[INFO] [stderr]    Compiling unicode-width v0.1.14
[INFO] [stderr]    Compiling num-traits v0.2.19
[INFO] [stderr]    Compiling ryu v1.0.23
[INFO] [stderr]    Compiling itertools v0.13.0
[INFO] [stderr]    Compiling serde v1.0.228
[INFO] [stderr]    Compiling serde_json v1.0.149
[INFO] [stderr]    Compiling anyhow v1.0.102
[INFO] [stderr]    Compiling unicode-segmentation v1.13.2
[INFO] [stderr]    Compiling hashbrown v0.15.5
[INFO] [stderr]    Compiling lazy_static v1.5.0
[INFO] [stderr]    Compiling pin-project-lite v0.2.17
[INFO] [stderr]    Compiling static_assertions v1.1.0
[INFO] [stderr]    Compiling tracing-log v0.2.0
[INFO] [stderr]    Compiling sharded-slab v0.1.7
[INFO] [stderr]    Compiling castaway v0.2.4
[INFO] [stderr]    Compiling nu-ansi-term v0.50.3
[INFO] [stderr]    Compiling compact_str v0.8.1
[INFO] [stderr]    Compiling unicode-width v0.2.0
[INFO] [stderr]    Compiling memchr v2.8.0
[INFO] [stderr]    Compiling cassowary v0.3.0
[INFO] [stderr]    Compiling iana-time-zone v0.1.65
[INFO] [stderr]    Compiling fuzzy-matcher v0.3.7
[INFO] [stderr]    Compiling syn v2.0.117
[INFO] [stderr]    Compiling errno v0.3.14
[INFO] [stderr]    Compiling mio v1.2.0
[INFO] [stderr]    Compiling signal-hook-registry v1.4.8
[INFO] [stderr]    Compiling parking_lot_core v0.9.12
[INFO] [stderr]    Compiling parking_lot v0.12.5
[INFO] [stderr]    Compiling chrono v0.4.44
[INFO] [stderr]    Compiling lru v0.12.5
[INFO] [stderr]    Compiling unicode-truncate v1.1.0
[INFO] [stderr]    Compiling signal-hook-mio v0.2.5
[INFO] [stderr]    Compiling crossterm v0.28.1
[INFO] [stderr]    Compiling regex-automata v0.4.13
[INFO] [stderr]    Compiling matchers v0.2.0
[INFO] [stderr]    Compiling darling_core v0.20.11
[INFO] [stderr]    Compiling strum_macros v0.26.4
[INFO] [stderr]    Compiling tracing-attributes v0.1.31
[INFO] [stderr]    Compiling serde_derive v1.0.228
[INFO] [stderr]    Compiling tracing v0.1.44
[INFO] [stderr]    Compiling tracing-subscriber v0.3.23
[INFO] [stderr]    Compiling strum v0.26.3
[INFO] [stderr]    Compiling darling_macro v0.20.11
[INFO] [stderr]    Compiling darling v0.20.11
[INFO] [stderr]    Compiling ratatui v0.29.0
[INFO] [stderr]    Compiling questa v0.3.0 (/opt/rustwide/workdir)
[INFO] [stderr]     Finished `release` profile [optimized] target(s) in 1m 04s
[INFO] running `Command { std: "docker" "inspect" "97af0e3d6a6bcd262888c03109cd12de60f51cafa5de104eb8868e3e8914fe34", kill_on_drop: false }`
[INFO] running `Command { std: "docker" "exec" "-e" "SOURCE_DIR=/opt/rustwide/workdir" "-e" "CARGO_HOME=/opt/rustwide/cargo-home" "-e" "RUSTUP_HOME=/opt/rustwide/rustup-home" "-e" "CARGO_TARGET_DIR=/opt/rustwide/target" "-e" "CARGO_INCREMENTAL=0" "-e" "RUST_BACKTRACE=full" "-e" "RUSTFLAGS=--cap-lints=warn" "-e" "RUSTDOCFLAGS=--cap-lints=warn" "-w" "/opt/rustwide/workdir" "--user" "0:0" "97af0e3d6a6bcd262888c03109cd12de60f51cafa5de104eb8868e3e8914fe34" "/opt/rustwide/cargo-home/bin/cargo" "+1.99.0-beta.8" "test" "--frozen" "--no-run" "--message-format=json" "--release", kill_on_drop: false }`
[INFO] [stderr]    Compiling regex-syntax v0.8.8
[INFO] [stderr]    Compiling getrandom v0.4.2
[INFO] [stderr]    Compiling rustix v1.1.4
[INFO] [stderr]    Compiling linux-raw-sys v0.12.1
[INFO] [stderr]    Compiling fastrand v2.4.1
[INFO] [stderr]    Compiling console v0.16.3
[INFO] [stderr]    Compiling similar v2.7.0
[INFO] [stderr]    Compiling regex-automata v0.4.13
[INFO] [stderr]    Compiling tempfile v3.27.0
[INFO] [stderr]    Compiling matchers v0.2.0
[INFO] [stderr]    Compiling regex v1.12.2
[INFO] [stderr]    Compiling tracing-subscriber v0.3.23
[INFO] [stderr]    Compiling insta v1.47.2
[INFO] [stderr]    Compiling questa v0.3.0 (/opt/rustwide/workdir)
[INFO] [stderr]     Finished `release` profile [optimized] target(s) in 57.83s
[INFO] running `Command { std: "docker" "inspect" "97af0e3d6a6bcd262888c03109cd12de60f51cafa5de104eb8868e3e8914fe34", kill_on_drop: false }`
[INFO] running `Command { std: "docker" "exec" "-e" "SOURCE_DIR=/opt/rustwide/workdir" "-e" "CARGO_HOME=/opt/rustwide/cargo-home" "-e" "RUSTUP_HOME=/opt/rustwide/rustup-home" "-e" "CARGO_TARGET_DIR=/opt/rustwide/target" "-e" "CARGO_INCREMENTAL=0" "-e" "RUST_BACKTRACE=full" "-e" "RUSTFLAGS=--cap-lints=warn" "-e" "RUSTDOCFLAGS=--cap-lints=warn" "-w" "/opt/rustwide/workdir" "--user" "0:0" "97af0e3d6a6bcd262888c03109cd12de60f51cafa5de104eb8868e3e8914fe34" "/opt/rustwide/cargo-home/bin/cargo" "+1.99.0-beta.8" "test" "--frozen" "--release", kill_on_drop: false }`
[INFO] [stderr]     Finished `release` profile [optimized] target(s) in 0.17s
[INFO] [stderr]      Running unittests src/main.rs (/opt/rustwide/target/release/deps/questa-55368f805053e857)
[INFO] [stdout] 
[INFO] [stdout] running 64 tests
[INFO] [stdout] test app::tests::apply_text_action_returns_false_outside_input_modes ... ok
[INFO] [stdout] test app::tests::add_form_rejects_invalid_and_keeps_mode_open ... ok
[INFO] [stdout] test app::tests::filter_matches_groups_active_statuses ... ok
[INFO] [stdout] test app::tests::contact_confirm_empty_is_noop ... ok
[INFO] [stdout] test app::tests::add_form_defaults_applied_to_today ... ok
[INFO] [stdout] test app::tests::add_form_opens_with_twelve_fields ... ok
[INFO] [stdout] test app::tests::form_rejects_malformed_dates ... ok
[INFO] [stdout] test app::tests::contact_cancel_drops_buffer ... ok
[INFO] [stdout] test app::tests::form_rejects_unknown_status ... ok
[INFO] [stdout] test app::tests::edit_form_prefills_from_selection ... ok
[INFO] [stdout] test app::tests::filter_all_matches_everything ... ok
[INFO] [stdout] test app::tests::form_validates_required_fields ... ok
[INFO] [stdout] test app::tests::form_focus_wraps_around ... ok
[INFO] [stdout] test app::tests::add_form_cancel_returns_to_normal_without_mutating ... ok
[INFO] [stdout] test app::tests::delete_cancel_keeps_entry ... ok
[INFO] [stdout] test app::tests::resolve_folder_joins_relative_to_data_dir ... ok
[INFO] [stdout] test app::tests::resolve_folder_keeps_absolute_paths_untouched ... ok
[INFO] [stdout] test app::tests::open_folder_without_folder_field_flashes ... ok
[INFO] [stdout] test app::tests::contact_confirm_appends_with_today ... ok
[INFO] [stdout] test app::tests::sort_next_cycles_through_three_modes ... ok
[INFO] [stdout] test app::tests::add_form_save_persists_to_disk ... ok
[INFO] [stdout] test app::tests::load_upgrades_old_version_in_memory ... ok
[INFO] [stdout] test app::tests::add_form_creates_application_and_increments_next_id ... ok
[INFO] [stdout] test app::tests::delete_removes_entry ... ok
[INFO] [stdout] test app::tests::edit_form_updates_existing_entry_and_keeps_id_and_notes ... ok
[INFO] [stdout] test app::tests::save_to_nonwritable_directory_preserves_existing_file ... ok
[INFO] [stdout] test app::tests::open_url_without_selection_flashes ... ok
[INFO] [stdout] test app::tests::open_url_without_url_field_flashes ... ok
[INFO] [stdout] test app::tests::edit_form_does_not_increment_next_id ... ok
[INFO] [stdout] test app::tests::form_text_actions_edit_focused_field ... ok
[INFO] [stdout] test app::tests::status_priority_orders_actionable_first ... ok
[INFO] [stdout] test export::tests::export_real_example ... ignored, writes PDF to /tmp for manual inspection
[INFO] [stdout] test app::tests::form_word_delete_back_strips_one_word ... ok
[INFO] [stdout] test app::tests::save_leaves_no_tmp_files_in_directory ... ok
[INFO] [stdout] test app::tests::salary_field_is_dropped_after_save ... ok
[INFO] [stdout] test text::tests::backspace_and_delete_remove_adjacent_chars ... ok
[INFO] [stdout] test text::tests::clear_resets ... ok
[INFO] [stdout] test text::tests::delete_word_back_strips_trailing_ws_then_word ... ok
[INFO] [stdout] test app::tests::delete_clamps_selected_when_last_entry_removed ... ok
[INFO] [stdout] test text::tests::insert_pushes_at_cursor ... ok
[INFO] [stdout] test text::tests::unicode_is_one_character ... ok
[INFO] [stdout] test app::tests::undo_on_empty_history_flashes ... ok
[INFO] [stdout] test text::tests::from_str_places_cursor_at_end ... ok
[INFO] [stdout] test text::tests::left_right_clamp ... ok
[INFO] [stdout] test text::tests::home_and_end_jump_extremes ... ok
[INFO] [stdout] test text::tests::word_left_and_right_jump_over_words ... ok
[INFO] [stdout] test export::tests::export_compiles_to_pdf_when_typst_available ... ok
[INFO] [stdout] test app::tests::undo_restores_after_status_change ... ok
[INFO] [stdout] test export::tests::export_data_includes_global_stats_not_filtered_counts ... ok
[INFO] [stdout] test app::tests::undo_restores_after_delete ... ok
[INFO] [stdout] test app::tests::undo_restores_after_note_add ... ok
[INFO] [stdout] test export::tests::export_creates_exports_dir_and_three_filenames ... ok
[INFO] [stdout] test export::tests::export_emits_unicode_safely ... ok
[INFO] [stdout] test export::tests::export_data_respects_filter ... ok
[INFO] [stdout] test export::tests::template_references_sibling_json_by_filename ... ok
[INFO] [stdout] test app::tests::undo_restores_after_add ... ok
[INFO] [stdout] test app::tests::history_caps_at_max_history ... ok
[INFO] [stdout] test ui::snapshot_tests::add_form_overlay_partially_filled ... FAILED
[INFO] [stdout] test ui::snapshot_tests::help_overlay ... FAILED
[INFO] [stdout] test ui::snapshot_tests::status_picker_overlay ... FAILED
[INFO] [stdout] test ui::snapshot_tests::empty_state_shows_no_match_message ... FAILED
[INFO] [stdout] test ui::snapshot_tests::confirm_delete_overlay ... FAILED
[INFO] [stdout] test ui::snapshot_tests::note_input_overlay_with_text ... FAILED
[INFO] [stdout] test ui::snapshot_tests::main_screen_with_two_entries ... FAILED
[INFO] [stdout] 
[INFO] [stdout] failures:
[INFO] [stderr] error: test failed, to rerun pass `--bin questa`
[INFO] [stdout] 
[INFO] [stdout] ---- ui::snapshot_tests::add_form_overlay_partially_filled stdout ----
[INFO] [stdout] ━━━━━━━━━━━━━━━━━━━━━━━━━━━━━━━ Snapshot Summary ━━━━━━━━━━━━━━━━━━━━━━━━━━━━━━━
[INFO] [stdout] Snapshot file: src/../tests/snapshots/questa__ui__snapshot_tests__add_form_overlay_partially_filled.snap
[INFO] [stdout] Snapshot: add_form_overlay_partially_filled
[INFO] [stdout] Source: src/ui.rs:938
[INFO] [stdout] ────────────────────────────────────────────────────────────────────────────────
[INFO] [stdout] Expression: out
[INFO] [stdout] ────────────────────────────────────────────────────────────────────────────────
[INFO] [stdout] +new results
[INFO] [stdout] ────────────┬───────────────────────────────────────────────────────────────────
[INFO] [stdout]           1 │+┌────────────────────────────────────────────────────────────────────────────────────────────────────────────┐
[INFO] [stdout]           2 │+│ Tracker │ Total 2 · Active 2 · Interview 1 · ⚠ Overdue 1 │ sort: date↓ │ [DATE]                        │
[INFO] [stdout]           3 │+└────────────────┌ Add application ──────────────────────────────────────────────────────────┐───────────────┘
[INFO] [stdout]           4 │+┌ All (2) ───────│  Company *   Acme Renamed                                                 │───────────────┐
[INFO] [stdout]           5 │+│● #2    Northwin│▶ Position *  Backend                                                      │               │
[INFO] [stdout]           6 │+│● #1    Acme Rob│  Location                                                                 │               │
[INFO] [stdout]           7 │+│                │  Type                                                                     │               │
[INFO] [stdout]           8 │+│                │  Ref                                                                      │               │
[INFO] [stdout]           9 │+│                │  URL                                                                      │               │
[INFO] [stdout]          10 │+│                │  Applied     [DATE]                                                   │go)            │
[INFO] [stdout]          11 │+│                │  Deadline                                                                 │               │
[INFO] [stdout]          12 │+│                │  Folder                                                                   │               │
[INFO] [stdout]          13 │+│                │  Status      applied                                                      │               │
[INFO] [stdout]          14 │+│                │  Next action                                                              │               │
[INFO] [stdout]          15 │+│                │  Next date                                                                │               │
[INFO] [stdout]          16 │+│                │                                                                           │               │
[INFO] [stdout]          17 │+│                │                                                                           │               │
[INFO] [stdout]          18 │+│                │                                                                           │               │
[INFO] [stdout]          19 │+│                │                                                                           │               │
[INFO] [stdout]          20 │+│                │                                                                           │               │
[INFO] [stdout]          21 │+│                │                                                                           │               │
[INFO] [stdout]          22 │+│                │                                                                           │               │
[INFO] [stdout]          23 │+│                │                                                                           │               │
[INFO] [stdout]          24 │+│                │                                                                           │               │
[INFO] [stdout]          25 │+│                │                                                                           │               │
[INFO] [stdout]          26 │+│                │                                                                           │               │
[INFO] [stdout]          27 │+│                │                                                                           │               │
[INFO] [stdout]          28 │+│                │                                                                           │               │
[INFO] [stdout]          29 │+│                │                                                                           │               │
[INFO] [stdout]          30 │+│                │                                                                           │               │
[INFO] [stdout]          31 │+│                │                                                                           │               │
[INFO] [stdout]          32 │+│                │                                                                           │               │
[INFO] [stdout]          33 │+│                │tab/↓ next · shift-tab/↑ prev · enter save · esc cancel                    │               │
[INFO] [stdout]          34 │+│                └───────────────────────────────────────────────────────────────────────────┘               │
[INFO] [stdout]          35 │+└───────────────────────────────────────────────────────────┘└───────────────────────────────────────────────┘
[INFO] [stdout]          36 │+  tab/↓ next · shift-tab/↑ prev · enter save · esc cancel
[INFO] [stdout] ────────────┴───────────────────────────────────────────────────────────────────
[INFO] [stdout] 
[INFO] [stdout] thread 'ui::snapshot_tests::add_form_overlay_partially_filled' (1598) panicked at src/ui.rs:938:37:
[INFO] [stdout] called `Result::unwrap()` on an `Err` value: Os { code: 30, kind: ReadOnlyFilesystem, message: "Read-only file system" }
[INFO] [stdout] stack backtrace:
[INFO] [stdout]    0:     0x56068b5f2745 - <unknown>
[INFO] [stdout]    1:     0x56068b4e939a - <unknown>
[INFO] [stdout]    2:     0x56068b5f1ddb - <unknown>
[INFO] [stdout]    3:     0x56068b5f18bf - <unknown>
[INFO] [stdout]    4:     0x56068b5f14ea - <unknown>
[INFO] [stdout]    5:     0x56068b5f1022 - <unknown>
[INFO] [stdout]    6:     0x56068b617ea1 - <unknown>
[INFO] [stdout]    7:     0x56068b617e59 - <unknown>
[INFO] [stdout]    8:     0x56068b61836c - <unknown>
[INFO] [stdout]    9:     0x56068b4e922b - <unknown>
[INFO] [stdout]   10:     0x56068b4ed601 - <unknown>
[INFO] [stdout]   11:     0x56068b4c4bba - <unknown>
[INFO] [stdout]   12:     0x56068b63661b - <unknown>
[INFO] [stdout]   13:     0x56068b632791 - <unknown>
[INFO] [stdout]   14:     0x56068b631f7c - <unknown>
[INFO] [stdout]   15:     0x56068b64e69c - <unknown>
[INFO] [stdout]   16:     0x56068b6196a2 - <unknown>
[INFO] [stdout]   17:     0x73d34efe6dfa - <unknown>
[INFO] [stdout]   18:     0x73d34f07a3d4 - clone
[INFO] [stdout]   19:                0x0 - <unknown>
[INFO] [stdout] 
[INFO] [stdout] ---- ui::snapshot_tests::help_overlay stdout ----
[INFO] [stdout] ━━━━━━━━━━━━━━━━━━━━━━━━━━━━━━━ Snapshot Summary ━━━━━━━━━━━━━━━━━━━━━━━━━━━━━━━
[INFO] [stdout] Snapshot file: src/../tests/snapshots/questa__ui__snapshot_tests__help_overlay.snap
[INFO] [stdout] Snapshot: help_overlay
[INFO] [stdout] Source: src/ui.rs:901
[INFO] [stdout] ────────────────────────────────────────────────────────────────────────────────
[INFO] [stdout] Expression: out
[INFO] [stdout] ────────────────────────────────────────────────────────────────────────────────
[INFO] [stdout] +new results
[INFO] [stdout] ────────────┬───────────────────────────────────────────────────────────────────
[INFO] [stdout]           1 │+┌────────────────────────────────────────────────────────────────────────────────────────────────────────────┐
[INFO] [stdout]           2 │+│ Tracker │ Total 2 · Active 2 · Interview 1 · ⚠ Overdue 1 │ sort: date↓ │ [DATE]                        │
[INFO] [stdout]           3 │+└────────────────────────────────────────────────────────────────────────────────────────────────────────────┘
[INFO] [stdout]           4 │+┌ All (2) ──────────────────────────────────────────────────┐┌ Detail ───────────────────────────────────────┐
[INFO] [stdout]           5 │+│● #2    Northwind       Security Analyst     applied       ││#2  Northwind                                  │
[INFO] [stdout]           6 │+│● #1    Acme Robotics   Embedded Engineer    interview   ⚠ ││Security Analyst                               │
[INFO] [stdout]           7 │+│                     ┌ Help ──────────────────────────────────────────────────────────┐                     │
[INFO] [stdout]           8 │+│                     │  Navigation                                                    │                     │
[INFO] [stdout]           9 │+│                     │  j / ↓    move down                                            │                     │
[INFO] [stdout]          10 │+│                     │  k / ↑    move up                                              │[REL])            │
[INFO] [stdout]          11 │+│                     │  g        jump to top                                          │                     │
[INFO] [stdout]          12 │+│                     │  G        jump to bottom                                       │                     │
[INFO] [stdout]          13 │+│                     │                                                                │                     │
[INFO] [stdout]          14 │+│                     │  Filters                                                       │                     │
[INFO] [stdout]          15 │+│                     │  1        all                                                  │                     │
[INFO] [stdout]          16 │+│                     │  2        active (applied/screening/interview/...)             │                     │
[INFO] [stdout]          17 │+│                     │  3        interview                                            │                     │
[INFO] [stdout]          18 │+│                     │  4        rejected                                             │                     │
[INFO] [stdout]          19 │+│                     │  5        ghosted                                              │                     │
[INFO] [stdout]          20 │+│                     │  tab      cycle filters                                        │                     │
[INFO] [stdout]          21 │+│                     │                                                                │                     │
[INFO] [stdout]          22 │+│                     │  Sort                                                          │                     │
[INFO] [stdout]          23 │+│                     │  o        cycle: date desc → status → company                  │                     │
[INFO] [stdout]          24 │+│                     │                                                                │                     │
[INFO] [stdout]          25 │+│                     │  Search                                                        │                     │
[INFO] [stdout]          26 │+│                     │  /        fuzzy search (company + position)                    │                     │
[INFO] [stdout]          27 │+│                     │  enter    confirm                                              │                     │
[INFO] [stdout]          28 │+│                     │  esc      cancel                                               │                     │
[INFO] [stdout]          29 │+│                     │                                                                │                     │
[INFO] [stdout]          30 │+│                     │  Open                                                          │                     │
[INFO] [stdout]          31 │+│                     │  O        open folder in file manager                          │                     │
[INFO] [stdout]          32 │+│                     │  U        open url in browser                                  │                     │
[INFO] [stdout]          33 │+│                     │  x        export current view to PDF (typst)                   │                     │
[INFO] [stdout]          34 │+│                     └────────────────────────────────────────────────────────────────┘                     │
[INFO] [stdout]          35 │+│                                                           ││                                               │
[INFO] [stdout]          36 │+│                                                           ││                                               │
[INFO] [stdout]          37 │+│                                                           ││                                               │
[INFO] [stdout]          38 │+│                                                           ││                                               │
[INFO] [stdout]          39 │+└───────────────────────────────────────────────────────────┘└───────────────────────────────────────────────┘
[INFO] [stdout]          40 │+  press ? or esc to close
[INFO] [stdout] ────────────┴───────────────────────────────────────────────────────────────────
[INFO] [stdout] 
[INFO] [stdout] thread 'ui::snapshot_tests::help_overlay' (1601) panicked at src/ui.rs:901:37:
[INFO] [stdout] called `Result::unwrap()` on an `Err` value: Os { code: 30, kind: ReadOnlyFilesystem, message: "Read-only file system" }
[INFO] [stdout] stack backtrace:
[INFO] [stdout]    0:     0x56068b5f2745 - <unknown>
[INFO] [stdout]    1:     0x56068b4e939a - <unknown>
[INFO] [stdout]    2:     0x56068b5f1ddb - <unknown>
[INFO] [stdout]    3:     0x56068b5f18bf - <unknown>
[INFO] [stdout]    4:     0x56068b5f14ea - <unknown>
[INFO] [stdout]    5:     0x56068b5f1022 - <unknown>
[INFO] [stdout]    6:     0x56068b617ea1 - <unknown>
[INFO] [stdout]    7:     0x56068b617e59 - <unknown>
[INFO] [stdout]    8:     0x56068b61836c - <unknown>
[INFO] [stdout]    9:     0x56068b4e922b - <unknown>
[INFO] [stdout]   10:     0x56068b4ed601 - <unknown>
[INFO] [stdout]   11:     0x56068b4c22f7 - <unknown>
[INFO] [stdout]   12:     0x56068b63661b - <unknown>
[INFO] [stdout]   13:     0x56068b632791 - <unknown>
[INFO] [stdout]   14:     0x56068b631f7c - <unknown>
[INFO] [stdout]   15:     0x56068b64e69c - <unknown>
[INFO] [stdout]   16:     0x56068b6196a2 - <unknown>
[INFO] [stdout]   17:     0x73d34efe6dfa - <unknown>
[INFO] [stdout]   18:     0x73d34f07a3d4 - clone
[INFO] [stdout]   19:                0x0 - <unknown>
[INFO] [stdout] 
[INFO] [stdout] ---- ui::snapshot_tests::status_picker_overlay stdout ----
[INFO] [stdout] ━━━━━━━━━━━━━━━━━━━━━━━━━━━━━━━ Snapshot Summary ━━━━━━━━━━━━━━━━━━━━━━━━━━━━━━━
[INFO] [stdout] Snapshot file: src/../tests/snapshots/questa__ui__snapshot_tests__status_picker_overlay.snap
[INFO] [stdout] Snapshot: status_picker_overlay
[INFO] [stdout] Source: src/ui.rs:911
[INFO] [stdout] ────────────────────────────────────────────────────────────────────────────────
[INFO] [stdout] Expression: out
[INFO] [stdout] ────────────────────────────────────────────────────────────────────────────────
[INFO] [stdout] +new results
[INFO] [stdout] ────────────┬───────────────────────────────────────────────────────────────────
[INFO] [stdout]           1 │+┌────────────────────────────────────────────────────────────────────────────────────────────────────────────┐
[INFO] [stdout]           2 │+│ Tracker │ Total 2 · Active 2 · Interview 1 · ⚠ Overdue 1 │ sort: date↓ │ [DATE]                        │
[INFO] [stdout]           3 │+└────────────────────────────────────────────────────────────────────────────────────────────────────────────┘
[INFO] [stdout]           4 │+┌ All (2) ──────────────────────────────────────────────────┐┌ Detail ───────────────────────────────────────┐
[INFO] [stdout]           5 │+│● #2    Northwind       Security Analyst     applied       ││#2  Northwind                                  │
[INFO] [stdout]           6 │+│● #1    Acme Robotics   Embedded Engineer    interview   ⚠ ││Security Analyst                               │
[INFO] [stdout]           7 │+│                                ┌ Change status ───────────────────────────┐                                │
[INFO] [stdout]           8 │+│                                │● applied                                 │                                │
[INFO] [stdout]           9 │+│                                │● screening                               │plied                           │
[INFO] [stdout]          10 │+│                                │● interview                               │26-04-30  ([REL])            │
[INFO] [stdout]          11 │+│                                │● technical                               │                                │
[INFO] [stdout]          12 │+│                                │● offer                                   │                                │
[INFO] [stdout]          13 │+│                                │● accepted                                │                                │
[INFO] [stdout]          14 │+│                                │● rejected                                │                                │
[INFO] [stdout]          15 │+│                                │● withdrawn                               │                                │
[INFO] [stdout]          16 │+│                                │● ghosted                                 │                                │
[INFO] [stdout]          17 │+│                                │                                          │                                │
[INFO] [stdout]          18 │+│                                │                                          │                                │
[INFO] [stdout]          19 │+│                                │                                          │                                │
[INFO] [stdout]          20 │+│                                │                                          │                                │
[INFO] [stdout]          21 │+│                                │                                          │                                │
[INFO] [stdout]          22 │+│                                │                                          │                                │
[INFO] [stdout]          23 │+│                                │                                          │                                │
[INFO] [stdout]          24 │+│                                └──────────────────────────────────────────┘                                │
[INFO] [stdout]          25 │+│                                                           ││                                               │
[INFO] [stdout]          26 │+│                                                           ││                                               │
[INFO] [stdout]          27 │+│                                                           ││                                               │
[INFO] [stdout]          28 │+│                                                           ││                                               │
[INFO] [stdout]          29 │+└───────────────────────────────────────────────────────────┘└───────────────────────────────────────────────┘
[INFO] [stdout]          30 │+  j/k select  ·  enter confirm  ·  esc cancel
[INFO] [stdout] ────────────┴───────────────────────────────────────────────────────────────────
[INFO] [stdout] 
[INFO] [stdout] thread 'ui::snapshot_tests::status_picker_overlay' (1605) panicked at src/ui.rs:911:37:
[INFO] [stdout] called `Result::unwrap()` on an `Err` value: Os { code: 30, kind: ReadOnlyFilesystem, message: "Read-only file system" }
[INFO] [stdout] stack backtrace:
[INFO] [stdout]    0:     0x56068b5f2745 - <unknown>
[INFO] [stdout]    1:     0x56068b4e939a - <unknown>
[INFO] [stdout]    2:     0x56068b5f1ddb - <unknown>
[INFO] [stdout]    3:     0x56068b5f18bf - <unknown>
[INFO] [stdout]    4:     0x56068b5f14ea - <unknown>
[INFO] [stdout]    5:     0x56068b5f1022 - <unknown>
[INFO] [stdout]    6:     0x56068b617ea1 - <unknown>
[INFO] [stdout]    7:     0x56068b617e59 - <unknown>
[INFO] [stdout]    8:     0x56068b61836c - <unknown>
[INFO] [stdout]    9:     0x56068b4e922b - <unknown>
[INFO] [stdout]   10:     0x56068b4ed601 - <unknown>
[INFO] [stdout]   11:     0x56068b4c2a87 - <unknown>
[INFO] [stdout]   12:     0x56068b63661b - <unknown>
[INFO] [stdout]   13:     0x56068b632791 - <unknown>
[INFO] [stdout]   14:     0x56068b631f7c - <unknown>
[INFO] [stdout]   15:     0x56068b64e69c - <unknown>
[INFO] [stdout]   16:     0x56068b6196a2 - <unknown>
[INFO] [stdout]   17:     0x73d34efe6dfa - <unknown>
[INFO] [stdout]   18:     0x73d34f07a3d4 - clone
[INFO] [stdout]   19:                0x0 - <unknown>
[INFO] [stdout] 
[INFO] [stdout] ---- ui::snapshot_tests::empty_state_shows_no_match_message stdout ----
[INFO] [stdout] ━━━━━━━━━━━━━━━━━━━━━━━━━━━━━━━ Snapshot Summary ━━━━━━━━━━━━━━━━━━━━━━━━━━━━━━━
[INFO] [stdout] Snapshot file: src/../tests/snapshots/questa__ui__snapshot_tests__empty_state_shows_no_match_message.snap
[INFO] [stdout] Snapshot: empty_state_shows_no_match_message
[INFO] [stdout] Source: src/ui.rs:961
[INFO] [stdout] ────────────────────────────────────────────────────────────────────────────────
[INFO] [stdout] Expression: out
[INFO] [stdout] ────────────────────────────────────────────────────────────────────────────────
[INFO] [stdout] +new results
[INFO] [stdout] ────────────┬───────────────────────────────────────────────────────────────────
[INFO] [stdout]           1 │+┌────────────────────────────────────────────────────────────────────────────────────────────────────────────┐
[INFO] [stdout]           2 │+│ Tracker │ Total 2 · Active 2 · Interview 1 · ⚠ Overdue 1 │ sort: date↓ │ [DATE]                        │
[INFO] [stdout]           3 │+└────────────────────────────────────────────────────────────────────────────────────────────────────────────┘
[INFO] [stdout]           4 │+┌ Ghosted (0) ──────────────────────────────────────────────┐┌ Detail ───────────────────────────────────────┐
[INFO] [stdout]           5 │+│                                                           ││No applications match.                         │
[INFO] [stdout]           6 │+│                                                           ││                                               │
[INFO] [stdout]           7 │+│                                                           ││                                               │
[INFO] [stdout]           8 │+│                                                           ││                                               │
[INFO] [stdout]           9 │+│                                                           ││                                               │
[INFO] [stdout]          10 │+│                                                           ││                                               │
[INFO] [stdout]          11 │+│                                                           ││                                               │
[INFO] [stdout]          12 │+│                                                           ││                                               │
[INFO] [stdout]          13 │+│                                                           ││                                               │
[INFO] [stdout]          14 │+│                                                           ││                                               │
[INFO] [stdout]          15 │+│                                                           ││                                               │
[INFO] [stdout]          16 │+│                                                           ││                                               │
[INFO] [stdout]          17 │+│                                                           ││                                               │
[INFO] [stdout]          18 │+│                                                           ││                                               │
[INFO] [stdout]          19 │+└───────────────────────────────────────────────────────────┘└───────────────────────────────────────────────┘
[INFO] [stdout]          20 │+j/k nav 1-5 filter o sort / search s status n note ? help q quit
[INFO] [stdout] ────────────┴───────────────────────────────────────────────────────────────────
[INFO] [stdout] 
[INFO] [stdout] thread 'ui::snapshot_tests::empty_state_shows_no_match_message' (1600) panicked at src/ui.rs:961:37:
[INFO] [stdout] called `Result::unwrap()` on an `Err` value: Os { code: 30, kind: ReadOnlyFilesystem, message: "Read-only file system" }
[INFO] [stdout] stack backtrace:
[INFO] [stdout]    0:     0x56068b5f2745 - <unknown>
[INFO] [stdout]    1:     0x56068b4e939a - <unknown>
[INFO] [stdout]    2:     0x56068b5f1ddb - <unknown>
[INFO] [stdout]    3:     0x56068b5f18bf - <unknown>
[INFO] [stdout]    4:     0x56068b5f14ea - <unknown>
[INFO] [stdout]    5:     0x56068b5f1022 - <unknown>
[INFO] [stdout]    6:     0x56068b617ea1 - <unknown>
[INFO] [stdout]    7:     0x56068b617e59 - <unknown>
[INFO] [stdout]    8:     0x56068b61836c - <unknown>
[INFO] [stdout]    9:     0x56068b4e922b - <unknown>
[INFO] [stdout]   10:     0x56068b4ed601 - <unknown>
[INFO] [stdout]   11:     0x56068b4c5351 - <unknown>
[INFO] [stdout]   12:     0x56068b63661b - <unknown>
[INFO] [stdout]   13:     0x56068b632791 - <unknown>
[INFO] [stdout]   14:     0x56068b631f7c - <unknown>
[INFO] [stdout]   15:     0x56068b64e69c - <unknown>
[INFO] [stdout]   16:     0x56068b6196a2 - <unknown>
[INFO] [stdout]   17:     0x73d34efe6dfa - <unknown>
[INFO] [stdout]   18:     0x73d34f07a3d4 - clone
[INFO] [stdout]   19:                0x0 - <unknown>
[INFO] [stdout] 
[INFO] [stdout] ---- ui::snapshot_tests::confirm_delete_overlay stdout ----
[INFO] [stdout] ━━━━━━━━━━━━━━━━━━━━━━━━━━━━━━━ Snapshot Summary ━━━━━━━━━━━━━━━━━━━━━━━━━━━━━━━
[INFO] [stdout] Snapshot file: src/../tests/snapshots/questa__ui__snapshot_tests__confirm_delete_overlay.snap
[INFO] [stdout] Snapshot: confirm_delete_overlay
[INFO] [stdout] Source: src/ui.rs:921
[INFO] [stdout] ────────────────────────────────────────────────────────────────────────────────
[INFO] [stdout] Expression: out
[INFO] [stdout] ────────────────────────────────────────────────────────────────────────────────
[INFO] [stdout] +new results
[INFO] [stdout] ────────────┬───────────────────────────────────────────────────────────────────
[INFO] [stdout]           1 │+┌────────────────────────────────────────────────────────────────────────────────────────────────────────────┐
[INFO] [stdout]           2 │+│ Tracker │ Total 2 · Active 2 · Interview 1 · ⚠ Overdue 1 │ sort: date↓ │ [DATE]                        │
[INFO] [stdout]           3 │+└────────────────────────────────────────────────────────────────────────────────────────────────────────────┘
[INFO] [stdout]           4 │+┌ All (2) ──────────────────────────────────────────────────┐┌ Detail ───────────────────────────────────────┐
[INFO] [stdout]           5 │+│● #2    Northwind       Security Analyst     applied       ││#2  Northwind                                  │
[INFO] [stdout]           6 │+│● #1    Acme Robotics   Embedded Engineer    interview   ⚠ ││Security Analyst                               │
[INFO] [stdout]           7 │+│                                                           ││Geneva                                         │
[INFO] [stdout]           8 │+│                                                           ││                                               │
[INFO] [stdout]           9 │+│                                                           ││  Status     applied                           │
[INFO] [stdout]          10 │+│                                                           ││  Applied    [DATE]  ([REL])            │
[INFO] [stdout]          11 │+│                                                           ││                                               │
[INFO] [stdout]          12 │+│                     ┌ Confirm delete ────────────────────────────────────────────────┐                     │
[INFO] [stdout]          13 │+│                     │                                                                │                     │
[INFO] [stdout]          14 │+│                     │              Permanently delete this application?              │                     │
[INFO] [stdout]          15 │+│                     │                                                                │                     │
[INFO] [stdout]          16 │+│                     │                 #2 Northwind — Security Analyst                │                     │
[INFO] [stdout]          17 │+│                     │                                                                │                     │
[INFO] [stdout]          18 │+│                     │                    y confirm · n / esc cancel                  │                     │
[INFO] [stdout]          19 │+│                     └────────────────────────────────────────────────────────────────┘                     │
[INFO] [stdout]          20 │+│                                                           ││                                               │
[INFO] [stdout]          21 │+│                                                           ││                                               │
[INFO] [stdout]          22 │+│                                                           ││                                               │
[INFO] [stdout]          23 │+│                                                           ││                                               │
[INFO] [stdout]          24 │+│                                                           ││                                               │
[INFO] [stdout]          25 │+│                                                           ││                                               │
[INFO] [stdout]          26 │+│                                                           ││                                               │
[INFO] [stdout]          27 │+│                                                           ││                                               │
[INFO] [stdout]          28 │+│                                                           ││                                               │
[INFO] [stdout]          29 │+└───────────────────────────────────────────────────────────┘└───────────────────────────────────────────────┘
[INFO] [stdout]          30 │+  y confirm · n / esc cancel
[INFO] [stdout] ────────────┴───────────────────────────────────────────────────────────────────
[INFO] [stdout] 
[INFO] [stdout] thread 'ui::snapshot_tests::confirm_delete_overlay' (1599) panicked at src/ui.rs:921:37:
[INFO] [stdout] called `Result::unwrap()` on an `Err` value: Os { code: 30, kind: ReadOnlyFilesystem, message: "Read-only file system" }
[INFO] [stdout] stack backtrace:
[INFO] [stdout]    0:     0x56068b5f2745 - <unknown>
[INFO] [stdout]    1:     0x56068b4e939a - <unknown>
[INFO] [stdout]    2:     0x56068b5f1ddb - <unknown>
[INFO] [stdout]    3:     0x56068b5f18bf - <unknown>
[INFO] [stdout]    4:     0x56068b5f14ea - <unknown>
[INFO] [stdout]    5:     0x56068b5f1022 - <unknown>
[INFO] [stdout]    6:     0x56068b617ea1 - <unknown>
[INFO] [stdout]    7:     0x56068b617e59 - <unknown>
[INFO] [stdout]    8:     0x56068b61836c - <unknown>
[INFO] [stdout]    9:     0x56068b4e922b - <unknown>
[INFO] [stdout]   10:     0x56068b4ed601 - <unknown>
[INFO] [stdout]   11:     0x56068b4c3237 - <unknown>
[INFO] [stdout]   12:     0x56068b63661b - <unknown>
[INFO] [stdout]   13:     0x56068b632791 - <unknown>
[INFO] [stdout]   14:     0x56068b631f7c - <unknown>
[INFO] [stdout]   15:     0x56068b64e69c - <unknown>
[INFO] [stdout]   16:     0x56068b6196a2 - <unknown>
[INFO] [stdout]   17:     0x73d34efe6dfa - <unknown>
[INFO] [stdout]   18:     0x73d34f07a3d4 - clone
[INFO] [stdout]   19:                0x0 - <unknown>
[INFO] [stdout] 
[INFO] [stdout] ---- ui::snapshot_tests::note_input_overlay_with_text stdout ----
[INFO] [stdout] ━━━━━━━━━━━━━━━━━━━━━━━━━━━━━━━ Snapshot Summary ━━━━━━━━━━━━━━━━━━━━━━━━━━━━━━━
[INFO] [stdout] Snapshot file: src/../tests/snapshots/questa__ui__snapshot_tests__note_input_overlay_with_text.snap
[INFO] [stdout] Snapshot: note_input_overlay_with_text
[INFO] [stdout] Source: src/ui.rs:951
[INFO] [stdout] ────────────────────────────────────────────────────────────────────────────────
[INFO] [stdout] Expression: out
[INFO] [stdout] ────────────────────────────────────────────────────────────────────────────────
[INFO] [stdout] +new results
[INFO] [stdout] ────────────┬───────────────────────────────────────────────────────────────────
[INFO] [stdout]           1 │+┌────────────────────────────────────────────────────────────────────────────────────────────────────────────┐
[INFO] [stdout]           2 │+│ Tracker │ Total 2 · Active 2 · Interview 1 · ⚠ Overdue 1 │ sort: date↓ │ [DATE]                        │
[INFO] [stdout]           3 │+└────────────────────────────────────────────────────────────────────────────────────────────────────────────┘
[INFO] [stdout]           4 │+┌ All (2) ──────────────────────────────────────────────────┐┌ Detail ───────────────────────────────────────┐
[INFO] [stdout]           5 │+│● #2    Northwind       Security Analyst     applied       ││#2  Northwind                                  │
[INFO] [stdout]           6 │+│● #1    Acme Robotics   Embedded Engineer    interview   ⚠ ││Security Analyst                               │
[INFO] [stdout]           7 │+│                                                           ││Geneva                                         │
[INFO] [stdout]           8 │+│                                                           ││                                               │
[INFO] [stdout]           9 │+│                                                           ││  Status     applied                           │
[INFO] [stdout]          10 │+│                                                           ││  Applied    [DATE]  ([REL])            │
[INFO] [stdout]          11 │+│                                                           ││                                               │
[INFO] [stdout]          12 │+│                                                           ││                                               │
[INFO] [stdout]          13 │+│                     ┌ Add note ──────────────────────────────────────────────────────┐                     │
[INFO] [stdout]          14 │+│                     │Date: [DATE]                                                │                     │
[INFO] [stdout]          15 │+│                     │                                                                │                     │
[INFO] [stdout]          16 │+│                     │> Recruiter screen passed                                       │                     │
[INFO] [stdout]          17 │+│                     │                                                                │                     │
[INFO] [stdout]          18 │+│                     └────────────────────────────────────────────────────────────────┘                     │
[INFO] [stdout]          19 │+│                                                           ││                                               │
[INFO] [stdout]          20 │+│                                                           ││                                               │
[INFO] [stdout]          21 │+│                                                           ││                                               │
[INFO] [stdout]          22 │+│                                                           ││                                               │
[INFO] [stdout]          23 │+│                                                           ││                                               │
[INFO] [stdout]          24 │+│                                                           ││                                               │
[INFO] [stdout]          25 │+│                                                           ││                                               │
[INFO] [stdout]          26 │+│                                                           ││                                               │
[INFO] [stdout]          27 │+│                                                           ││                                               │
[INFO] [stdout]          28 │+│                                                           ││                                               │
[INFO] [stdout]          29 │+└───────────────────────────────────────────────────────────┘└───────────────────────────────────────────────┘
[INFO] [stdout]          30 │+note> Recruiter screen passed
[INFO] [stdout] ────────────┴───────────────────────────────────────────────────────────────────
[INFO] [stdout] 
[INFO] [stdout] thread 'ui::snapshot_tests::note_input_overlay_with_text' (1604) panicked at src/ui.rs:951:37:
[INFO] [stdout] called `Result::unwrap()` on an `Err` value: Os { code: 30, kind: ReadOnlyFilesystem, message: "Read-only file system" }
[INFO] [stdout] stack backtrace:
[INFO] [stdout]    0:     0x56068b5f2745 - <unknown>
[INFO] [stdout]    1:     0x56068b4e939a - <unknown>
[INFO] [stdout]    2:     0x56068b5f1ddb - <unknown>
[INFO] [stdout]    3:     0x56068b5f18bf - <unknown>
[INFO] [stdout]    4:     0x56068b5f14ea - <unknown>
[INFO] [stdout]    5:     0x56068b5f1022 - <unknown>
[INFO] [stdout]    6:     0x56068b617ea1 - <unknown>
[INFO] [stdout]    7:     0x56068b617e59 - <unknown>
[INFO] [stdout]    8:     0x56068b61836c - <unknown>
[INFO] [stdout]    9:     0x56068b4e922b - <unknown>
[INFO] [stdout]   10:     0x56068b4ed601 - <unknown>
[INFO] [stdout]   11:     0x56068b4c42c0 - <unknown>
[INFO] [stdout]   12:     0x56068b63661b - <unknown>
[INFO] [stdout]   13:     0x56068b632791 - <unknown>
[INFO] [stdout]   14:     0x56068b631f7c - <unknown>
[INFO] [stdout]   15:     0x56068b64e69c - <unknown>
[INFO] [stdout]   16:     0x56068b6196a2 - <unknown>
[INFO] [stdout]   17:     0x73d34efe6dfa - <unknown>
[INFO] [stdout]   18:     0x73d34f07a3d4 - clone
[INFO] [stdout]   19:                0x0 - <unknown>
[INFO] [stdout] 
[INFO] [stdout] ---- ui::snapshot_tests::main_screen_with_two_entries stdout ----
[INFO] [stdout] ━━━━━━━━━━━━━━━━━━━━━━━━━━━━━━━ Snapshot Summary ━━━━━━━━━━━━━━━━━━━━━━━━━━━━━━━
[INFO] [stdout] Snapshot file: src/../tests/snapshots/questa__ui__snapshot_tests__main_screen_with_two_entries.snap
[INFO] [stdout] Snapshot: main_screen_with_two_entries
[INFO] [stdout] Source: src/ui.rs:894
[INFO] [stdout] ────────────────────────────────────────────────────────────────────────────────
[INFO] [stdout] Expression: out
[INFO] [stdout] ────────────────────────────────────────────────────────────────────────────────
[INFO] [stdout] +new results
[INFO] [stdout] ────────────┬───────────────────────────────────────────────────────────────────
[INFO] [stdout]           1 │+┌────────────────────────────────────────────────────────────────────────────────────────────────────────────┐
[INFO] [stdout]           2 │+│ Tracker │ Total 2 · Active 2 · Interview 1 · ⚠ Overdue 1 │ sort: date↓ │ [DATE]                        │
[INFO] [stdout]           3 │+└────────────────────────────────────────────────────────────────────────────────────────────────────────────┘
[INFO] [stdout]           4 │+┌ All (2) ──────────────────────────────────────────────────┐┌ Detail ───────────────────────────────────────┐
[INFO] [stdout]           5 │+│● #2    Northwind       Security Analyst     applied       ││#2  Northwind                                  │
[INFO] [stdout]           6 │+│● #1    Acme Robotics   Embedded Engineer    interview   ⚠ ││Security Analyst                               │
[INFO] [stdout]           7 │+│                                                           ││Geneva                                         │
[INFO] [stdout]           8 │+│                                                           ││                                               │
[INFO] [stdout]           9 │+│                                                           ││  Status     applied                           │
[INFO] [stdout]          10 │+│                                                           ││  Applied    [DATE]  ([REL])            │
[INFO] [stdout]          11 │+│                                                           ││                                               │
[INFO] [stdout]          12 │+│                                                           ││                                               │
[INFO] [stdout]          13 │+│                                                           ││                                               │
[INFO] [stdout]          14 │+│                                                           ││                                               │
[INFO] [stdout]          15 │+│                                                           ││                                               │
[INFO] [stdout]          16 │+│                                                           ││                                               │
[INFO] [stdout]          17 │+│                                                           ││                                               │
[INFO] [stdout]          18 │+│                                                           ││                                               │
[INFO] [stdout]          19 │+│                                                           ││                                               │
[INFO] [stdout]          20 │+│                                                           ││                                               │
[INFO] [stdout]          21 │+│                                                           ││                                               │
[INFO] [stdout]          22 │+│                                                           ││                                               │
[INFO] [stdout]          23 │+│                                                           ││                                               │
[INFO] [stdout]          24 │+│                                                           ││                                               │
[INFO] [stdout]          25 │+│                                                           ││                                               │
[INFO] [stdout]          26 │+│                                                           ││                                               │
[INFO] [stdout]          27 │+│                                                           ││                                               │
[INFO] [stdout]          28 │+│                                                           ││                                               │
[INFO] [stdout]          29 │+└───────────────────────────────────────────────────────────┘└───────────────────────────────────────────────┘
[INFO] [stdout]          30 │+j/k nav 1-5 filter o sort / search s status n note ? help q quit
[INFO] [stdout] ────────────┴───────────────────────────────────────────────────────────────────
[INFO] [stdout] 
[INFO] [stdout] thread 'ui::snapshot_tests::main_screen_with_two_entries' (1602) panicked at src/ui.rs:894:37:
[INFO] [stdout] called `Result::unwrap()` on an `Err` value: Os { code: 30, kind: ReadOnlyFilesystem, message: "Read-only file system" }
[INFO] [stdout] stack backtrace:
[INFO] [stdout]    0:     0x56068b5f2745 - <unknown>
[INFO] [stdout]    1:     0x56068b4e939a - <unknown>
[INFO] [stdout]    2:     0x56068b5f1ddb - <unknown>
[INFO] [stdout]    3:     0x56068b5f18bf - <unknown>
[INFO] [stdout]    4:     0x56068b5f14ea - <unknown>
[INFO] [stdout]    5:     0x56068b5f1022 - <unknown>
[INFO] [stdout]    6:     0x56068b617ea1 - <unknown>
[INFO] [stdout]    7:     0x56068b617e59 - <unknown>
[INFO] [stdout]    8:     0x56068b61836c - <unknown>
[INFO] [stdout]    9:     0x56068b4e922b - <unknown>
[INFO] [stdout]   10:     0x56068b4ed601 - <unknown>
[INFO] [stdout]   11:     0x56068b4c39d1 - <unknown>
[INFO] [stdout]   12:     0x56068b63661b - <unknown>
[INFO] [stdout]   13:     0x56068b632791 - <unknown>
[INFO] [stdout]   14:     0x56068b631f7c - <unknown>
[INFO] [stdout]   15:     0x56068b64e69c - <unknown>
[INFO] [stdout]   16:     0x56068b6196a2 - <unknown>
[INFO] [stdout]   17:     0x73d34efe6dfa - <unknown>
[INFO] [stdout]   18:     0x73d34f07a3d4 - clone
[INFO] [stdout]   19:                0x0 - <unknown>
[INFO] [stdout] 
[INFO] [stdout] 
[INFO] [stdout] failures:
[INFO] [stdout]     ui::snapshot_tests::add_form_overlay_partially_filled
[INFO] [stdout]     ui::snapshot_tests::confirm_delete_overlay
[INFO] [stdout]     ui::snapshot_tests::empty_state_shows_no_match_message
[INFO] [stdout]     ui::snapshot_tests::help_overlay
[INFO] [stdout]     ui::snapshot_tests::main_screen_with_two_entries
[INFO] [stdout]     ui::snapshot_tests::note_input_overlay_with_text
[INFO] [stdout]     ui::snapshot_tests::status_picker_overlay
[INFO] [stdout] 
[INFO] [stdout] test result: FAILED. 56 passed; 7 failed; 1 ignored; 0 measured; 0 filtered out; finished in 0.77s
[INFO] [stdout] 
[INFO] running `Command { std: "docker" "inspect" "97af0e3d6a6bcd262888c03109cd12de60f51cafa5de104eb8868e3e8914fe34", kill_on_drop: false }`
[INFO] running `Command { std: "docker" "rm" "-f" "97af0e3d6a6bcd262888c03109cd12de60f51cafa5de104eb8868e3e8914fe34", kill_on_drop: false }`
[INFO] [stdout] 97af0e3d6a6bcd262888c03109cd12de60f51cafa5de104eb8868e3e8914fe34
