[INFO] fetching crate quenchant-shape 0.0.0-rc.0...
[INFO] testing quenchant-shape-0.0.0-rc.0 against 1.99.0-beta.8+cargoflags=--release for beta-release-1.100-2
[INFO] extracting crate quenchant-shape 0.0.0-rc.0 into /workspace/builds/worker-1-tc1/source
[INFO] started tweaking crates.io crate quenchant-shape 0.0.0-rc.0
[INFO] removed 0 missing examples
[INFO] finished tweaking crates.io crate quenchant-shape 0.0.0-rc.0
[INFO] tweaked toml for crates.io crate quenchant-shape 0.0.0-rc.0 written to /workspace/builds/worker-1-tc1/source/Cargo.toml
[INFO] validating manifest of crates.io crate quenchant-shape 0.0.0-rc.0 on toolchain 1.99.0-beta.8
[INFO] running `Command { std: CARGO_HOME="/workspace/cargo-home" RUSTUP_HOME="/workspace/rustup-home" "/workspace/cargo-home/bin/cargo" "+1.99.0-beta.8" "metadata" "--manifest-path" "Cargo.toml" "--no-deps", kill_on_drop: false }`
[INFO] crate crates.io crate quenchant-shape 0.0.0-rc.0 already has a lockfile, it will not be regenerated
[INFO] running `Command { std: CARGO_HOME="/workspace/cargo-home" RUSTUP_HOME="/workspace/rustup-home" "/workspace/cargo-home/bin/cargo" "+1.99.0-beta.8" "fetch" "--manifest-path" "Cargo.toml", kill_on_drop: false }`
[INFO] [stderr] warning: Cargo.toml: `lints.rust.deprecated-safe` is deprecated in favor of `lints.rust.deprecated_safe` and will not work in a future edition
[INFO] [stderr] warning: Cargo.toml: `lints.rust.future-incompatible` is deprecated in favor of `lints.rust.future_incompatible` and will not work in a future edition
[INFO] [stderr] warning: Cargo.toml: `lints.rust.keyword-idents` is deprecated in favor of `lints.rust.keyword_idents` and will not work in a future edition
[INFO] [stderr] warning: Cargo.toml: `lints.rust.let-underscore` is deprecated in favor of `lints.rust.let_underscore` and will not work in a future edition
[INFO] [stderr] warning: Cargo.toml: `lints.rust.nonstandard-style` is deprecated in favor of `lints.rust.nonstandard_style` and will not work in a future edition
[INFO] [stderr] warning: Cargo.toml: `lints.rust.refining-impl-trait` is deprecated in favor of `lints.rust.refining_impl_trait` and will not work in a future edition
[INFO] [stderr] warning: Cargo.toml: `lints.rust.rust-2018-compatibility` is deprecated in favor of `lints.rust.rust_2018_compatibility` and will not work in a future edition
[INFO] [stderr] warning: Cargo.toml: `lints.rust.rust-2018-idioms` is deprecated in favor of `lints.rust.rust_2018_idioms` and will not work in a future edition
[INFO] [stderr] warning: Cargo.toml: `lints.rust.rust-2021-compatibility` is deprecated in favor of `lints.rust.rust_2021_compatibility` and will not work in a future edition
[INFO] [stderr] warning: Cargo.toml: `lints.rust.rust-2024-compatibility` is deprecated in favor of `lints.rust.rust_2024_compatibility` and will not work in a future edition
[INFO] [stderr] warning: Cargo.toml: `lints.rust.unknown-or-malformed-diagnostic-attributes` is deprecated in favor of `lints.rust.unknown_or_malformed_diagnostic_attributes` and will not work in a future edition
[INFO] [stderr] warning: `quenchant-shape` (manifest) generated 11 warnings
[INFO] [stderr]     Updating crates.io index
[INFO] [stderr]  Downloading crates ...
[INFO] [stderr]   Downloaded anodized-macros v0.6.0
[INFO] [stderr]   Downloaded anodized-core v0.6.0
[INFO] [stderr]   Downloaded quenchant-spec-macros v0.0.0-rc.0
[INFO] [stderr]   Downloaded quenchant-anodized v0.0.0-rc.0
[INFO] running `Command { std: "docker" "create" "-v" "/var/lib/crater-agent-workspace/builds/worker-1-tc1/source:/opt/rustwide/workdir:ro,Z" "-v" "/var/lib/crater-agent-workspace/builds/worker-1-tc1/target:/opt/rustwide/target:rw,Z" "-v" "/var/lib/crater-agent-workspace/cargo-home:/opt/rustwide/cargo-home:ro,Z" "-v" "/var/lib/crater-agent-workspace/rustup-home:/opt/rustwide/rustup-home:ro,Z" "-m" "1610612736" "--network" "none" "ghcr.io/rust-lang/crates-build-env/linux@sha256:77db811e55d90add9212f6832c23229e3de5f1c1f9905e8cb07319ea15df73ac" "sleep" "infinity", kill_on_drop: false }`
[INFO] [stdout] ecf6944d8fd3d452bfccef41ba213704469e46f6a5363f8438bb60587524fc8f
[INFO] running `Command { std: "docker" "start" "ecf6944d8fd3d452bfccef41ba213704469e46f6a5363f8438bb60587524fc8f", kill_on_drop: false }`
[INFO] running `Command { std: "docker" "inspect" "ecf6944d8fd3d452bfccef41ba213704469e46f6a5363f8438bb60587524fc8f", kill_on_drop: false }`
[INFO] running `Command { std: "docker" "exec" "-e" "SOURCE_DIR=/opt/rustwide/workdir" "-e" "CARGO_HOME=/opt/rustwide/cargo-home" "-e" "RUSTUP_HOME=/opt/rustwide/rustup-home" "-e" "CARGO_TARGET_DIR=/opt/rustwide/target" "-w" "/opt/rustwide/workdir" "--user" "0:0" "ecf6944d8fd3d452bfccef41ba213704469e46f6a5363f8438bb60587524fc8f" "/opt/rustwide/cargo-home/bin/cargo" "+1.99.0-beta.8" "metadata" "--no-deps" "--format-version=1", kill_on_drop: false }`
[INFO] running `Command { std: "docker" "inspect" "ecf6944d8fd3d452bfccef41ba213704469e46f6a5363f8438bb60587524fc8f", kill_on_drop: false }`
[INFO] running `Command { std: "docker" "exec" "-e" "SOURCE_DIR=/opt/rustwide/workdir" "-e" "CARGO_HOME=/opt/rustwide/cargo-home" "-e" "RUSTUP_HOME=/opt/rustwide/rustup-home" "-e" "CARGO_TARGET_DIR=/opt/rustwide/target" "-e" "CARGO_INCREMENTAL=0" "-e" "RUST_BACKTRACE=full" "-e" "RUSTFLAGS=--cap-lints=warn" "-e" "RUSTDOCFLAGS=--cap-lints=warn" "-w" "/opt/rustwide/workdir" "--user" "0:0" "ecf6944d8fd3d452bfccef41ba213704469e46f6a5363f8438bb60587524fc8f" "/opt/rustwide/cargo-home/bin/cargo" "+1.99.0-beta.8" "build" "--frozen" "--message-format=json" "--release", kill_on_drop: false }`
[INFO] [stderr] warning: Cargo.toml: `lints.rust.deprecated-safe` is deprecated in favor of `lints.rust.deprecated_safe` and will not work in a future edition
[INFO] [stderr] warning: Cargo.toml: `lints.rust.future-incompatible` is deprecated in favor of `lints.rust.future_incompatible` and will not work in a future edition
[INFO] [stderr] warning: Cargo.toml: `lints.rust.keyword-idents` is deprecated in favor of `lints.rust.keyword_idents` and will not work in a future edition
[INFO] [stderr] warning: Cargo.toml: `lints.rust.let-underscore` is deprecated in favor of `lints.rust.let_underscore` and will not work in a future edition
[INFO] [stderr] warning: Cargo.toml: `lints.rust.nonstandard-style` is deprecated in favor of `lints.rust.nonstandard_style` and will not work in a future edition
[INFO] [stderr] warning: Cargo.toml: `lints.rust.refining-impl-trait` is deprecated in favor of `lints.rust.refining_impl_trait` and will not work in a future edition
[INFO] [stderr] warning: Cargo.toml: `lints.rust.rust-2018-compatibility` is deprecated in favor of `lints.rust.rust_2018_compatibility` and will not work in a future edition
[INFO] [stderr] warning: Cargo.toml: `lints.rust.rust-2018-idioms` is deprecated in favor of `lints.rust.rust_2018_idioms` and will not work in a future edition
[INFO] [stderr] warning: Cargo.toml: `lints.rust.rust-2021-compatibility` is deprecated in favor of `lints.rust.rust_2021_compatibility` and will not work in a future edition
[INFO] [stderr] warning: Cargo.toml: `lints.rust.rust-2024-compatibility` is deprecated in favor of `lints.rust.rust_2024_compatibility` and will not work in a future edition
[INFO] [stderr] warning: Cargo.toml: `lints.rust.unknown-or-malformed-diagnostic-attributes` is deprecated in favor of `lints.rust.unknown_or_malformed_diagnostic_attributes` and will not work in a future edition
[INFO] [stderr] warning: `quenchant-shape` (manifest) generated 11 warnings
[INFO] [stderr]    Compiling quenchant-spec-macros v0.0.0-rc.0
[INFO] [stderr]    Compiling quenchant-anodized v0.0.0-rc.0
[INFO] [stderr]    Compiling quenchant-shape v0.0.0-rc.0 (/opt/rustwide/workdir)
[INFO] [stderr]     Finished `release` profile [optimized] target(s) in 0.63s
[INFO] running `Command { std: "docker" "inspect" "ecf6944d8fd3d452bfccef41ba213704469e46f6a5363f8438bb60587524fc8f", kill_on_drop: false }`
[INFO] running `Command { std: "docker" "exec" "-e" "SOURCE_DIR=/opt/rustwide/workdir" "-e" "CARGO_HOME=/opt/rustwide/cargo-home" "-e" "RUSTUP_HOME=/opt/rustwide/rustup-home" "-e" "CARGO_TARGET_DIR=/opt/rustwide/target" "-e" "CARGO_INCREMENTAL=0" "-e" "RUST_BACKTRACE=full" "-e" "RUSTFLAGS=--cap-lints=warn" "-e" "RUSTDOCFLAGS=--cap-lints=warn" "-w" "/opt/rustwide/workdir" "--user" "0:0" "ecf6944d8fd3d452bfccef41ba213704469e46f6a5363f8438bb60587524fc8f" "/opt/rustwide/cargo-home/bin/cargo" "+1.99.0-beta.8" "test" "--frozen" "--no-run" "--message-format=json" "--release", kill_on_drop: false }`
[INFO] [stderr] warning: Cargo.toml: `lints.rust.deprecated-safe` is deprecated in favor of `lints.rust.deprecated_safe` and will not work in a future edition
[INFO] [stderr] warning: Cargo.toml: `lints.rust.future-incompatible` is deprecated in favor of `lints.rust.future_incompatible` and will not work in a future edition
[INFO] [stderr] warning: Cargo.toml: `lints.rust.keyword-idents` is deprecated in favor of `lints.rust.keyword_idents` and will not work in a future edition
[INFO] [stderr] warning: Cargo.toml: `lints.rust.let-underscore` is deprecated in favor of `lints.rust.let_underscore` and will not work in a future edition
[INFO] [stderr] warning: Cargo.toml: `lints.rust.nonstandard-style` is deprecated in favor of `lints.rust.nonstandard_style` and will not work in a future edition
[INFO] [stderr] warning: Cargo.toml: `lints.rust.refining-impl-trait` is deprecated in favor of `lints.rust.refining_impl_trait` and will not work in a future edition
[INFO] [stderr] warning: Cargo.toml: `lints.rust.rust-2018-compatibility` is deprecated in favor of `lints.rust.rust_2018_compatibility` and will not work in a future edition
[INFO] [stderr] warning: Cargo.toml: `lints.rust.rust-2018-idioms` is deprecated in favor of `lints.rust.rust_2018_idioms` and will not work in a future edition
[INFO] [stderr] warning: Cargo.toml: `lints.rust.rust-2021-compatibility` is deprecated in favor of `lints.rust.rust_2021_compatibility` and will not work in a future edition
[INFO] [stderr] warning: Cargo.toml: `lints.rust.rust-2024-compatibility` is deprecated in favor of `lints.rust.rust_2024_compatibility` and will not work in a future edition
[INFO] [stderr] warning: Cargo.toml: `lints.rust.unknown-or-malformed-diagnostic-attributes` is deprecated in favor of `lints.rust.unknown_or_malformed_diagnostic_attributes` and will not work in a future edition
[INFO] [stderr] warning: `quenchant-shape` (manifest) generated 11 warnings
[INFO] [stderr]    Compiling proc-macro2 v1.0.107
[INFO] [stderr]    Compiling quote v1.0.47
[INFO] [stderr]    Compiling syn v3.0.5
[INFO] [stderr]    Compiling quenchant-shape v0.0.0-rc.0 (/opt/rustwide/workdir)
[INFO] [stderr]     Finished `release` profile [optimized] target(s) in 43.83s
[INFO] running `Command { std: "docker" "inspect" "ecf6944d8fd3d452bfccef41ba213704469e46f6a5363f8438bb60587524fc8f", kill_on_drop: false }`
[INFO] running `Command { std: "docker" "exec" "-e" "SOURCE_DIR=/opt/rustwide/workdir" "-e" "CARGO_HOME=/opt/rustwide/cargo-home" "-e" "RUSTUP_HOME=/opt/rustwide/rustup-home" "-e" "CARGO_TARGET_DIR=/opt/rustwide/target" "-e" "CARGO_INCREMENTAL=0" "-e" "RUST_BACKTRACE=full" "-e" "RUSTFLAGS=--cap-lints=warn" "-e" "RUSTDOCFLAGS=--cap-lints=warn" "-w" "/opt/rustwide/workdir" "--user" "0:0" "ecf6944d8fd3d452bfccef41ba213704469e46f6a5363f8438bb60587524fc8f" "/opt/rustwide/cargo-home/bin/cargo" "+1.99.0-beta.8" "test" "--frozen" "--release", kill_on_drop: false }`
[INFO] [stderr] warning: Cargo.toml: `lints.rust.deprecated-safe` is deprecated in favor of `lints.rust.deprecated_safe` and will not work in a future edition
[INFO] [stderr] warning: Cargo.toml: `lints.rust.future-incompatible` is deprecated in favor of `lints.rust.future_incompatible` and will not work in a future edition
[INFO] [stderr] warning: Cargo.toml: `lints.rust.keyword-idents` is deprecated in favor of `lints.rust.keyword_idents` and will not work in a future edition
[INFO] [stderr] warning: Cargo.toml: `lints.rust.let-underscore` is deprecated in favor of `lints.rust.let_underscore` and will not work in a future edition
[INFO] [stderr] warning: Cargo.toml: `lints.rust.nonstandard-style` is deprecated in favor of `lints.rust.nonstandard_style` and will not work in a future edition
[INFO] [stderr] warning: Cargo.toml: `lints.rust.refining-impl-trait` is deprecated in favor of `lints.rust.refining_impl_trait` and will not work in a future edition
[INFO] [stderr] warning: Cargo.toml: `lints.rust.rust-2018-compatibility` is deprecated in favor of `lints.rust.rust_2018_compatibility` and will not work in a future edition
[INFO] [stderr] warning: Cargo.toml: `lints.rust.rust-2018-idioms` is deprecated in favor of `lints.rust.rust_2018_idioms` and will not work in a future edition
[INFO] [stderr] warning: Cargo.toml: `lints.rust.rust-2021-compatibility` is deprecated in favor of `lints.rust.rust_2021_compatibility` and will not work in a future edition
[INFO] [stderr] warning: Cargo.toml: `lints.rust.rust-2024-compatibility` is deprecated in favor of `lints.rust.rust_2024_compatibility` and will not work in a future edition
[INFO] [stderr] warning: Cargo.toml: `lints.rust.unknown-or-malformed-diagnostic-attributes` is deprecated in favor of `lints.rust.unknown_or_malformed_diagnostic_attributes` and will not work in a future edition
[INFO] [stderr] warning: `quenchant-shape` (manifest) generated 11 warnings
[INFO] [stderr]     Finished `release` profile [optimized] target(s) in 0.05s
[INFO] [stderr]      Running unittests src/lib.rs (/opt/rustwide/target/release/deps/quenchant_shape-84b4b8a895168f2f)
[INFO] [stdout] 
[INFO] [stdout] running 6 tests
[INFO] [stdout] test shape::tests::reason_query_preserves_the_original_value ... ok
[INFO] [stdout] test shape::tests::selected_operators_preserve_the_permission_domain ... ok
[INFO] [stdout] test shape::tests::failure_promotion_is_explicit_and_reason_sensitive ... ok
[INFO] [stdout] test shape::tests::nominal_wrapper_preserves_transparent_layout ... ok
[INFO] [stdout] test shape::tests::chaining_preserves_both_absence_transitions ... ok
[INFO] [stdout] test shape::tests::mapping_preserves_absence_and_moves_values ... ok
[INFO] [stdout] 
[INFO] [stdout] test result: ok. 6 passed; 0 failed; 0 ignored; 0 measured; 0 filtered out; finished in 0.00s
[INFO] [stdout] 
[INFO] [stderr]      Running unittests examples/verus_derive.rs (/opt/rustwide/target/release/examples/verus_derive-0985af90272010f1)
[INFO] [stdout] 
[INFO] [stdout] running 17 tests
[INFO] [stdout] test tests::a_method_unit_carries_its_header ... ok
[INFO] [stdout] test tests::an_unknown_label_refuses_derivation ... ok
[INFO] [stdout] test tests::an_unlaunchable_verifier_is_operational ... ok
[INFO] [stdout] test tests::an_underivable_list_is_refused ... ok
[INFO] [stdout] test tests::a_predicate_binds_captures_and_output ... ok
[INFO] [stdout] test tests::a_postcondition_entry_carries_its_closure ... ok
[INFO] [stdout] test tests::a_capture_entry_carries_its_binding ... ok
[INFO] [stdout] test tests::an_unsupported_site_is_refused ... ok
[INFO] [stdout] test tests::a_clause_counts_under_its_heading ... ok
[INFO] [stdout] test tests::each_refusal_renders_its_half ... ok
[INFO] [stdout] test tests::a_specification_without_a_predicate_is_named ... ok
[INFO] [stdout] test tests::derivation_names_every_population ... ok
[INFO] [stdout] test tests::a_verifier_answer_is_reported_verbatim ... FAILED
[INFO] [stdout] test tests::main_reports_every_construct ... FAILED
[INFO] [stdout] test tests::two_attribute_spellings_are_accepted ... ok
[INFO] [stdout] test tests::main_reports_an_absent_verifier ... ok
[INFO] [stderr] error: test failed, to rerun pass `--example verus_derive`
[INFO] [stdout] test tests::relocated_nominals_preserve_type_and_seal_boundaries ... ok
[INFO] [stdout] 
[INFO] [stdout] failures:
[INFO] [stdout] 
[INFO] [stdout] ---- tests::a_verifier_answer_is_reported_verbatim stdout ----
[INFO] [stdout] 
[INFO] [stdout] thread 'tests::a_verifier_answer_is_reported_verbatim' (317) panicked at examples/verus_derive.rs:1430:44:
[INFO] [stdout] called `Result::unwrap()` on an `Err` value: Os { code: 30, kind: ReadOnlyFilesystem, message: "Read-only file system" }
[INFO] [stdout] stack backtrace:
[INFO] [stdout]    0:     0x59e4cab86c21 - <<std[70759c8f55707aa4]::sys::backtrace::BacktraceLock>::print::DisplayBacktrace as core[df12db4294e9bfd3]::fmt::Display>::fmt
[INFO] [stdout]    1:     0x59e4cab9b9ea - core[df12db4294e9bfd3]::fmt::write
[INFO] [stdout]    2:     0x59e4cab8b36c - <alloc[2182bb758b4b3781]::vec::Vec<u8> as core[df12db4294e9bfd3]::io::write::Write>::write_fmt
[INFO] [stdout]    3:     0x59e4cab60ec6 - std[70759c8f55707aa4]::panicking::default_hook::{closure#0}
[INFO] [stdout]    4:     0x59e4cab7e599 - std[70759c8f55707aa4]::panicking::default_hook
[INFO] [stdout]    5:     0x59e4ca9d8640 - test[9d35eded1c95d3be]::test_main_inner::<test[9d35eded1c95d3be]::test_main_static::{closure#0}>::{closure#0}
[INFO] [stdout]    6:     0x59e4cab7e8c2 - std[70759c8f55707aa4]::panicking::panic_with_hook
[INFO] [stdout]    7:     0x59e4cab60f72 - std[70759c8f55707aa4]::panicking::panic_handler::{closure#0}
[INFO] [stdout]    8:     0x59e4cab59a49 - std[70759c8f55707aa4]::sys::backtrace::__rust_end_short_backtrace::<std[70759c8f55707aa4]::panicking::panic_handler::{closure#0}, !>
[INFO] [stdout]    9:     0x59e4cab61b6d - __rustc[8fa7c3cbc660c2b3]::rust_begin_unwind
[INFO] [stdout]   10:     0x59e4cab9c14c - core[df12db4294e9bfd3]::panicking::panic_fmt
[INFO] [stdout]   11:     0x59e4cab9bf22 - core[df12db4294e9bfd3]::result::unwrap_failed
[INFO] [stdout]   12:     0x59e4ca992e43 - verus_derive[ceb72a7d7cd0a672]::tests::a_verifier_answer_is_reported_verbatim
[INFO] [stdout]   13:     0x59e4ca9a5959 - <verus_derive[ceb72a7d7cd0a672]::tests::a_verifier_answer_is_reported_verbatim::{closure#0} as core[df12db4294e9bfd3]::ops::function::FnOnce<()>>::call_once
[INFO] [stdout]   14:     0x59e4ca9cb92b - test[9d35eded1c95d3be]::__rust_begin_short_backtrace::<core[df12db4294e9bfd3]::result::Result<(), alloc[2182bb758b4b3781]::string::String>, fn() -> core[df12db4294e9bfd3]::result::Result<(), alloc[2182bb758b4b3781]::string::String>>
[INFO] [stdout]   15:     0x59e4ca9d8f95 - test[9d35eded1c95d3be]::run_test::{closure#0}
[INFO] [stdout]   16:     0x59e4ca9d2854 - std[70759c8f55707aa4]::sys::backtrace::__rust_begin_short_backtrace::<test[9d35eded1c95d3be]::run_test::{closure#1}, ()>
[INFO] [stdout]   17:     0x59e4ca9dc0f2 - <std[70759c8f55707aa4]::thread::lifecycle::spawn_unchecked<test[9d35eded1c95d3be]::run_test::{closure#1}, ()>::{closure#1} as core[df12db4294e9bfd3]::ops::function::FnOnce<()>>::call_once::{shim:vtable#0}
[INFO] [stdout]   18:     0x59e4cab85f89 - <std[70759c8f55707aa4]::sys::thread::unix::Thread>::new::thread_start
[INFO] [stdout]   19:     0x77f5ff2f0dfa - <unknown>
[INFO] [stdout]   20:     0x77f5ff3843d4 - clone
[INFO] [stdout]   21:                0x0 - <unknown>
[INFO] [stdout] 
[INFO] [stdout] ---- tests::main_reports_every_construct stdout ----
[INFO] [stdout] 
[INFO] [stdout] thread 'tests::main_reports_every_construct' (326) panicked at examples/verus_derive.rs:1520:44:
[INFO] [stdout] called `Result::unwrap()` on an `Err` value: Os { code: 30, kind: ReadOnlyFilesystem, message: "Read-only file system" }
[INFO] [stdout] stack backtrace:
[INFO] [stdout]    0:     0x59e4cab86c21 - <<std[70759c8f55707aa4]::sys::backtrace::BacktraceLock>::print::DisplayBacktrace as core[df12db4294e9bfd3]::fmt::Display>::fmt
[INFO] [stdout]    1:     0x59e4cab9b9ea - core[df12db4294e9bfd3]::fmt::write
[INFO] [stdout]    2:     0x59e4cab8b36c - <alloc[2182bb758b4b3781]::vec::Vec<u8> as core[df12db4294e9bfd3]::io::write::Write>::write_fmt
[INFO] [stdout]    3:     0x59e4cab60ec6 - std[70759c8f55707aa4]::panicking::default_hook::{closure#0}
[INFO] [stdout]    4:     0x59e4cab7e599 - std[70759c8f55707aa4]::panicking::default_hook
[INFO] [stdout]    5:     0x59e4ca9d8640 - test[9d35eded1c95d3be]::test_main_inner::<test[9d35eded1c95d3be]::test_main_static::{closure#0}>::{closure#0}
[INFO] [stdout]    6:     0x59e4cab7e8c2 - std[70759c8f55707aa4]::panicking::panic_with_hook
[INFO] [stdout]    7:     0x59e4cab60f72 - std[70759c8f55707aa4]::panicking::panic_handler::{closure#0}
[INFO] [stdout]    8:     0x59e4cab59a49 - std[70759c8f55707aa4]::sys::backtrace::__rust_end_short_backtrace::<std[70759c8f55707aa4]::panicking::panic_handler::{closure#0}, !>
[INFO] [stdout]    9:     0x59e4cab61b6d - __rustc[8fa7c3cbc660c2b3]::rust_begin_unwind
[INFO] [stdout]   10:     0x59e4cab9c14c - core[df12db4294e9bfd3]::panicking::panic_fmt
[INFO] [stdout]   11:     0x59e4cab9bf22 - core[df12db4294e9bfd3]::result::unwrap_failed
[INFO] [stdout]   12:     0x59e4ca98c932 - verus_derive[ceb72a7d7cd0a672]::tests::main_reports_every_construct
[INFO] [stdout]   13:     0x59e4ca9a57d9 - <verus_derive[ceb72a7d7cd0a672]::tests::main_reports_every_construct::{closure#0} as core[df12db4294e9bfd3]::ops::function::FnOnce<()>>::call_once
[INFO] [stdout]   14:     0x59e4ca9cb92b - test[9d35eded1c95d3be]::__rust_begin_short_backtrace::<core[df12db4294e9bfd3]::result::Result<(), alloc[2182bb758b4b3781]::string::String>, fn() -> core[df12db4294e9bfd3]::result::Result<(), alloc[2182bb758b4b3781]::string::String>>
[INFO] [stdout]   15:     0x59e4ca9d8f95 - test[9d35eded1c95d3be]::run_test::{closure#0}
[INFO] [stdout]   16:     0x59e4ca9d2854 - std[70759c8f55707aa4]::sys::backtrace::__rust_begin_short_backtrace::<test[9d35eded1c95d3be]::run_test::{closure#1}, ()>
[INFO] [stdout]   17:     0x59e4ca9dc0f2 - <std[70759c8f55707aa4]::thread::lifecycle::spawn_unchecked<test[9d35eded1c95d3be]::run_test::{closure#1}, ()>::{closure#1} as core[df12db4294e9bfd3]::ops::function::FnOnce<()>>::call_once::{shim:vtable#0}
[INFO] [stdout]   18:     0x59e4cab85f89 - <std[70759c8f55707aa4]::sys::thread::unix::Thread>::new::thread_start
[INFO] [stdout]   19:     0x77f5ff2f0dfa - <unknown>
[INFO] [stdout]   20:     0x77f5ff3843d4 - clone
[INFO] [stdout]   21:                0x0 - <unknown>
[INFO] [stdout] 
[INFO] [stdout] 
[INFO] [stdout] failures:
[INFO] [stdout]     tests::a_verifier_answer_is_reported_verbatim
[INFO] [stdout]     tests::main_reports_every_construct
[INFO] [stdout] 
[INFO] [stdout] test result: FAILED. 15 passed; 2 failed; 0 ignored; 0 measured; 0 filtered out; finished in 0.11s
[INFO] [stdout] 
[INFO] running `Command { std: "docker" "inspect" "ecf6944d8fd3d452bfccef41ba213704469e46f6a5363f8438bb60587524fc8f", kill_on_drop: false }`
[INFO] running `Command { std: "docker" "rm" "-f" "ecf6944d8fd3d452bfccef41ba213704469e46f6a5363f8438bb60587524fc8f", kill_on_drop: false }`
[INFO] [stdout] ecf6944d8fd3d452bfccef41ba213704469e46f6a5363f8438bb60587524fc8f
