[INFO] fetching crate queen_search 0.2.1...
[INFO] testing queen_search-0.2.1 against 1.99.0-beta.8+cargoflags=--release for beta-release-1.100-2
[INFO] extracting crate queen_search 0.2.1 into /workspace/builds/worker-7-tc1/source
[INFO] started tweaking crates.io crate queen_search 0.2.1
[INFO] finished tweaking crates.io crate queen_search 0.2.1
[INFO] tweaked toml for crates.io crate queen_search 0.2.1 written to /workspace/builds/worker-7-tc1/source/Cargo.toml
[INFO] validating manifest of crates.io crate queen_search 0.2.1 on toolchain 1.99.0-beta.8
[INFO] running `Command { std: CARGO_HOME="/workspace/cargo-home" RUSTUP_HOME="/workspace/rustup-home" "/workspace/cargo-home/bin/cargo" "+1.99.0-beta.8" "metadata" "--manifest-path" "Cargo.toml" "--no-deps", kill_on_drop: false }`
[INFO] running `Command { std: CARGO_HOME="/workspace/cargo-home" RUSTUP_HOME="/workspace/rustup-home" "/workspace/cargo-home/bin/cargo" "+1.99.0-beta.8" "generate-lockfile" "--manifest-path" "Cargo.toml", kill_on_drop: false }`
[INFO] [stderr]     Updating crates.io index
[INFO] [stderr]      Locking 228 packages to highest compatible versions
[INFO] [stderr]       Adding derive-getters v0.2.1 (available: v0.5.0)
[INFO] [stderr]       Adding derive-new v0.5.9 (available: v0.7.0)
[INFO] running `Command { std: CARGO_HOME="/workspace/cargo-home" RUSTUP_HOME="/workspace/rustup-home" "/workspace/cargo-home/bin/cargo" "+1.99.0-beta.8" "fetch" "--manifest-path" "Cargo.toml", kill_on_drop: false }`
[INFO] [stderr]  Downloading crates ...
[INFO] [stderr]   Downloaded derive-getters v0.2.1
[INFO] [stderr]   Downloaded elasticsearch v8.5.0-alpha.1
[INFO] running `Command { std: "docker" "create" "-v" "/var/lib/crater-agent-workspace/builds/worker-7-tc1/source:/opt/rustwide/workdir:ro,Z" "-v" "/var/lib/crater-agent-workspace/builds/worker-7-tc1/target:/opt/rustwide/target:rw,Z" "-v" "/var/lib/crater-agent-workspace/cargo-home:/opt/rustwide/cargo-home:ro,Z" "-v" "/var/lib/crater-agent-workspace/rustup-home:/opt/rustwide/rustup-home:ro,Z" "-m" "1610612736" "--network" "none" "ghcr.io/rust-lang/crates-build-env/linux@sha256:77db811e55d90add9212f6832c23229e3de5f1c1f9905e8cb07319ea15df73ac" "sleep" "infinity", kill_on_drop: false }`
[INFO] [stdout] 7b03248b5a3a436c46232362dc21486f98d531e4c335b820f6d3266d09bc5efe
[INFO] running `Command { std: "docker" "start" "7b03248b5a3a436c46232362dc21486f98d531e4c335b820f6d3266d09bc5efe", kill_on_drop: false }`
[INFO] running `Command { std: "docker" "inspect" "7b03248b5a3a436c46232362dc21486f98d531e4c335b820f6d3266d09bc5efe", kill_on_drop: false }`
[INFO] running `Command { std: "docker" "exec" "-e" "SOURCE_DIR=/opt/rustwide/workdir" "-e" "CARGO_HOME=/opt/rustwide/cargo-home" "-e" "RUSTUP_HOME=/opt/rustwide/rustup-home" "-e" "CARGO_TARGET_DIR=/opt/rustwide/target" "-w" "/opt/rustwide/workdir" "--user" "0:0" "7b03248b5a3a436c46232362dc21486f98d531e4c335b820f6d3266d09bc5efe" "/opt/rustwide/cargo-home/bin/cargo" "+1.99.0-beta.8" "metadata" "--no-deps" "--format-version=1", kill_on_drop: false }`
[INFO] running `Command { std: "docker" "inspect" "7b03248b5a3a436c46232362dc21486f98d531e4c335b820f6d3266d09bc5efe", kill_on_drop: false }`
[INFO] running `Command { std: "docker" "exec" "-e" "SOURCE_DIR=/opt/rustwide/workdir" "-e" "CARGO_HOME=/opt/rustwide/cargo-home" "-e" "RUSTUP_HOME=/opt/rustwide/rustup-home" "-e" "CARGO_TARGET_DIR=/opt/rustwide/target" "-e" "CARGO_INCREMENTAL=0" "-e" "RUST_BACKTRACE=full" "-e" "RUSTFLAGS=--cap-lints=warn" "-e" "RUSTDOCFLAGS=--cap-lints=warn" "-w" "/opt/rustwide/workdir" "--user" "0:0" "7b03248b5a3a436c46232362dc21486f98d531e4c335b820f6d3266d09bc5efe" "/opt/rustwide/cargo-home/bin/cargo" "+1.99.0-beta.8" "build" "--frozen" "--message-format=json" "--release", kill_on_drop: false }`
[INFO] [stderr]    Compiling parking_lot_core v0.9.12
[INFO] [stderr]    Compiling openssl-macros v0.1.1
[INFO] [stderr]    Compiling futures-task v0.3.34
[INFO] [stderr]    Compiling darling_core v0.13.4
[INFO] [stderr]    Compiling getrandom v0.3.4
[INFO] [stderr]    Compiling elasticsearch v8.5.0-alpha.1
[INFO] [stderr]    Compiling derive_more-impl v2.1.1
[INFO] [stderr]    Compiling ordered-float v2.10.1
[INFO] [stderr]    Compiling thiserror-impl v2.0.21
[INFO] [stderr]    Compiling serde_yaml v0.9.34+deprecated
[INFO] [stderr]    Compiling arc-swap v1.9.3
[INFO] [stderr]    Compiling thread-id v5.1.0
[INFO] [stderr]    Compiling base64 v0.11.0
[INFO] [stderr]    Compiling url v2.5.8
[INFO] [stderr]    Compiling mock_instant v0.6.1
[INFO] [stderr]    Compiling derive-new v0.5.9
[INFO] [stderr]    Compiling derive-getters v0.2.1
[INFO] [stderr]    Compiling openssl v0.10.81
[INFO] [stderr]    Compiling futures-util v0.3.34
[INFO] [stderr]    Compiling rand_core v0.9.5
[INFO] [stderr]    Compiling serde-value v0.7.0
[INFO] [stderr]    Compiling parking_lot v0.12.5
[INFO] [stderr]    Compiling rand_chacha v0.9.0
[INFO] [stderr]    Compiling rand v0.9.5
[INFO] [stderr]    Compiling tokio v1.53.3
[INFO] [stderr]    Compiling thiserror v2.0.21
[INFO] [stderr]    Compiling derive_more v2.1.1
[INFO] [stderr]    Compiling log4rs v1.4.0
[INFO] [stderr]    Compiling darling_macro v0.13.4
[INFO] [stderr]    Compiling darling v0.13.4
[INFO] [stderr]    Compiling serde_with_macros v1.5.2
[INFO] [stderr]    Compiling serde_with v1.14.0
[INFO] [stderr]    Compiling native-tls v0.2.18
[INFO] [stderr]    Compiling tokio-util v0.7.20
[INFO] [stderr]    Compiling tokio-native-tls v0.3.1
[INFO] [stderr]    Compiling async-compression v0.4.51
[INFO] [stderr]    Compiling h2 v0.3.27
[INFO] [stderr]    Compiling hyper v0.14.32
[INFO] [stderr]    Compiling hyper-tls v0.5.0
[INFO] [stderr]    Compiling reqwest v0.11.27
[INFO] [stderr]    Compiling queen_search v0.2.1 (/opt/rustwide/workdir)
[INFO] [stdout] warning: field `url` is never read
[INFO] [stdout]   --> src/lib.rs:30:5
[INFO] [stdout]    |
[INFO] [stdout] 29 | pub struct ElasticAdapter {
[INFO] [stdout]    |            -------------- field in this struct
[INFO] [stdout] 30 |     url: String,
[INFO] [stdout]    |     ^^^
[INFO] [stdout]    |
[INFO] [stdout]    = note: `#[warn(dead_code)]` (part of `#[warn(unused)]`) on by default
[INFO] [stdout] 
[INFO] [stdout] 
[INFO] [stderr]     Finished `release` profile [optimized] target(s) in 1m 03s
[INFO] running `Command { std: "docker" "inspect" "7b03248b5a3a436c46232362dc21486f98d531e4c335b820f6d3266d09bc5efe", kill_on_drop: false }`
[INFO] running `Command { std: "docker" "exec" "-e" "SOURCE_DIR=/opt/rustwide/workdir" "-e" "CARGO_HOME=/opt/rustwide/cargo-home" "-e" "RUSTUP_HOME=/opt/rustwide/rustup-home" "-e" "CARGO_TARGET_DIR=/opt/rustwide/target" "-e" "CARGO_INCREMENTAL=0" "-e" "RUST_BACKTRACE=full" "-e" "RUSTFLAGS=--cap-lints=warn" "-e" "RUSTDOCFLAGS=--cap-lints=warn" "-w" "/opt/rustwide/workdir" "--user" "0:0" "7b03248b5a3a436c46232362dc21486f98d531e4c335b820f6d3266d09bc5efe" "/opt/rustwide/cargo-home/bin/cargo" "+1.99.0-beta.8" "test" "--frozen" "--no-run" "--message-format=json" "--release", kill_on_drop: false }`
[INFO] [stderr]    Compiling queen_search v0.2.1 (/opt/rustwide/workdir)
[INFO] [stdout] warning: field `url` is never read
[INFO] [stdout]   --> src/lib.rs:30:5
[INFO] [stdout]    |
[INFO] [stdout] 29 | pub struct ElasticAdapter {
[INFO] [stdout]    |            -------------- field in this struct
[INFO] [stdout] 30 |     url: String,
[INFO] [stdout]    |     ^^^
[INFO] [stdout]    |
[INFO] [stdout]    = note: `#[warn(dead_code)]` (part of `#[warn(unused)]`) on by default
[INFO] [stdout] 
[INFO] [stdout] 
[INFO] [stdout] warning: field `url` is never read
[INFO] [stdout]   --> src/lib.rs:30:5
[INFO] [stdout]    |
[INFO] [stdout] 29 | pub struct ElasticAdapter {
[INFO] [stdout]    |            -------------- field in this struct
[INFO] [stdout] 30 |     url: String,
[INFO] [stdout]    |     ^^^
[INFO] [stdout]    |
[INFO] [stdout]    = note: `#[warn(dead_code)]` (part of `#[warn(unused)]`) on by default
[INFO] [stdout] 
[INFO] [stdout] 
[INFO] [stderr]     Finished `release` profile [optimized] target(s) in 4.52s
[INFO] running `Command { std: "docker" "inspect" "7b03248b5a3a436c46232362dc21486f98d531e4c335b820f6d3266d09bc5efe", kill_on_drop: false }`
[INFO] running `Command { std: "docker" "exec" "-e" "SOURCE_DIR=/opt/rustwide/workdir" "-e" "CARGO_HOME=/opt/rustwide/cargo-home" "-e" "RUSTUP_HOME=/opt/rustwide/rustup-home" "-e" "CARGO_TARGET_DIR=/opt/rustwide/target" "-e" "CARGO_INCREMENTAL=0" "-e" "RUST_BACKTRACE=full" "-e" "RUSTFLAGS=--cap-lints=warn" "-e" "RUSTDOCFLAGS=--cap-lints=warn" "-w" "/opt/rustwide/workdir" "--user" "0:0" "7b03248b5a3a436c46232362dc21486f98d531e4c335b820f6d3266d09bc5efe" "/opt/rustwide/cargo-home/bin/cargo" "+1.99.0-beta.8" "test" "--frozen" "--release", kill_on_drop: false }`
[INFO] [stderr] warning: field `url` is never read
[INFO] [stderr]   --> src/lib.rs:30:5
[INFO] [stderr]    |
[INFO] [stderr] 29 | pub struct ElasticAdapter {
[INFO] [stderr]    |            -------------- field in this struct
[INFO] [stderr] 30 |     url: String,
[INFO] [stderr]    |     ^^^
[INFO] [stderr]    |
[INFO] [stderr]    = note: `#[warn(dead_code)]` (part of `#[warn(unused)]`) on by default
[INFO] [stderr] 
[INFO] [stderr] warning: `queen_search` (lib) generated 1 warning
[INFO] [stderr] warning: `queen_search` (lib test) generated 1 warning (1 duplicate)
[INFO] [stderr]     Finished `release` profile [optimized] target(s) in 0.19s
[INFO] [stderr]      Running unittests src/lib.rs (/opt/rustwide/target/release/deps/queen_search-bcc1c332ce168a46)
[INFO] [stdout] 
[INFO] [stdout] running 1 test
[INFO] [stdout] 2026-10-18T14:42:08.971146066+00:00 DEBUG reqwest::connect - starting new connection: http://8.141.144.181:9043/
[INFO] [stdout] test tests::test ... FAILED
[INFO] [stdout] 
[INFO] [stdout] failures:
[INFO] [stdout] 
[INFO] [stdout] ---- tests::test stdout ----
[INFO] [stdout] 
[INFO] [stdout] thread 'tests::test' (987) panicked at src/lib.rs:202:30:
[INFO] [stdout] called `Result::unwrap()` on an `Err` value: Error { kind: Http(reqwest::Error { kind: Request, url: Url { scheme: "http", cannot_be_a_base: false, username: "", password: None, host: Some(Ipv4(8.141.144.181)), port: Some(9043), path: "/interlinked/_doc/chat_2_msg_1", query: None, fragment: None }, source: hyper::Error(Connect, ConnectError("tcp connect error", Os { code: 101, kind: NetworkUnreachable, message: "Network is unreachable" })) }) }
[INFO] [stdout] stack backtrace:
[INFO] [stdout]    0:     0x58cfd2614001 - <<std[70759c8f55707aa4]::sys::backtrace::BacktraceLock>::print::DisplayBacktrace as core[df12db4294e9bfd3]::fmt::Display>::fmt
[INFO] [stdout]    1:     0x58cfd262b8ba - core[df12db4294e9bfd3]::fmt::write
[INFO] [stdout]    2:     0x58cfd261919c - <alloc[2182bb758b4b3781]::vec::Vec<u8> as core[df12db4294e9bfd3]::io::write::Write>::write_fmt
[INFO] [stdout]    3:     0x58cfd25ec756 - std[70759c8f55707aa4]::panicking::default_hook::{closure#0}
[INFO] [stdout]    4:     0x58cfd260a789 - std[70759c8f55707aa4]::panicking::default_hook
[INFO] [stdout]    5:     0x58cfd23c1ab0 - test[9d35eded1c95d3be]::test_main_inner::<test[9d35eded1c95d3be]::test_main_static::{closure#0}>::{closure#0}
[INFO] [stdout]    6:     0x58cfd260aab2 - std[70759c8f55707aa4]::panicking::panic_with_hook
[INFO] [stdout]    7:     0x58cfd25ec802 - std[70759c8f55707aa4]::panicking::panic_handler::{closure#0}
[INFO] [stdout]    8:     0x58cfd25e4c09 - std[70759c8f55707aa4]::sys::backtrace::__rust_end_short_backtrace::<std[70759c8f55707aa4]::panicking::panic_handler::{closure#0}, !>
[INFO] [stdout]    9:     0x58cfd25ed7ed - __rustc[8fa7c3cbc660c2b3]::rust_begin_unwind
[INFO] [stdout]   10:     0x58cfd262c01c - core[df12db4294e9bfd3]::panicking::panic_fmt
[INFO] [stdout]   11:     0x58cfd262bdf2 - core[df12db4294e9bfd3]::result::unwrap_failed
[INFO] [stdout]   12:     0x58cfd23a8b96 - queen_search[44f5ad7af5c16a86]::tests::test::{closure#0}
[INFO] [stdout]   13:     0x58cfd23a57ea - <tokio[802eaeee5dbcae8]::runtime::context::scoped::Scoped<tokio[802eaeee5dbcae8]::runtime::scheduler::Context>>::set::<<tokio[802eaeee5dbcae8]::runtime::scheduler::current_thread::CoreGuard>::enter<<tokio[802eaeee5dbcae8]::runtime::scheduler::current_thread::CoreGuard>::block_on<core[df12db4294e9bfd3]::pin::Pin<&mut core[df12db4294e9bfd3]::pin::Pin<&mut dyn core[df12db4294e9bfd3]::future::future::Future<Output = ()>>>>::{closure#0}, core[df12db4294e9bfd3]::option::Option<()>>::{closure#0}, (alloc[2182bb758b4b3781]::boxed::Box<tokio[802eaeee5dbcae8]::runtime::scheduler::current_thread::Core>, core[df12db4294e9bfd3]::option::Option<()>)>
[INFO] [stdout]   14:     0x58cfd23a5d7d - <tokio[802eaeee5dbcae8]::runtime::scheduler::current_thread::CoreGuard>::block_on::<core[df12db4294e9bfd3]::pin::Pin<&mut core[df12db4294e9bfd3]::pin::Pin<&mut dyn core[df12db4294e9bfd3]::future::future::Future<Output = ()>>>>
[INFO] [stdout]   15:     0x58cfd23b12bb - tokio[802eaeee5dbcae8]::runtime::context::runtime::enter_runtime::<<tokio[802eaeee5dbcae8]::runtime::scheduler::current_thread::CurrentThread>::block_on<core[df12db4294e9bfd3]::pin::Pin<&mut dyn core[df12db4294e9bfd3]::future::future::Future<Output = ()>>>::{closure#0}, ()>
[INFO] [stdout]   16:     0x58cfd23a69f5 - <tokio[802eaeee5dbcae8]::runtime::runtime::Runtime>::block_on::<core[df12db4294e9bfd3]::pin::Pin<&mut dyn core[df12db4294e9bfd3]::future::future::Future<Output = ()>>>
[INFO] [stdout]   17:     0x58cfd23a8feb - queen_search[44f5ad7af5c16a86]::tests::test
[INFO] [stdout]   18:     0x58cfd23a00e9 - <queen_search[44f5ad7af5c16a86]::tests::test::{closure#0} as core[df12db4294e9bfd3]::ops::function::FnOnce<()>>::call_once
[INFO] [stdout]   19:     0x58cfd23b4d9b - test[9d35eded1c95d3be]::__rust_begin_short_backtrace::<core[df12db4294e9bfd3]::result::Result<(), alloc[2182bb758b4b3781]::string::String>, fn() -> core[df12db4294e9bfd3]::result::Result<(), alloc[2182bb758b4b3781]::string::String>>
[INFO] [stdout]   20:     0x58cfd23c2405 - test[9d35eded1c95d3be]::run_test::{closure#0}
[INFO] [stdout]   21:     0x58cfd23bbcc4 - std[70759c8f55707aa4]::sys::backtrace::__rust_begin_short_backtrace::<test[9d35eded1c95d3be]::run_test::{closure#1}, ()>
[INFO] [stdout]   22:     0x58cfd23c5562 - <std[70759c8f55707aa4]::thread::lifecycle::spawn_unchecked<test[9d35eded1c95d3be]::run_test::{closure#1}, ()>::{closure#1} as core[df12db4294e9bfd3]::ops::function::FnOnce<()>>::call_once::{shim:vtable#0}
[INFO] [stdout]   23:     0x58cfd2612dd9 - <std[70759c8f55707aa4]::sys::thread::unix::Thread>::new::thread_start
[INFO] [stdout]   24:     0x77c47cd5edfa - <unknown>
[INFO] [stdout]   25:     0x77c47cdf23d4 - clone
[INFO] [stdout]   26:                0x0 - <unknown>
[INFO] [stdout] 
[INFO] [stdout] 
[INFO] [stdout] failures:
[INFO] [stdout]     tests::test
[INFO] [stdout] 
[INFO] [stdout] test result: FAILED. 0 passed; 1 failed; 0 ignored; 0 measured; 0 filtered out; finished in 0.07s
[INFO] [stdout] 
[INFO] [stderr] error: test failed, to rerun pass `--lib`
[INFO] running `Command { std: "docker" "inspect" "7b03248b5a3a436c46232362dc21486f98d531e4c335b820f6d3266d09bc5efe", kill_on_drop: false }`
[INFO] running `Command { std: "docker" "rm" "-f" "7b03248b5a3a436c46232362dc21486f98d531e4c335b820f6d3266d09bc5efe", kill_on_drop: false }`
[INFO] [stdout] 7b03248b5a3a436c46232362dc21486f98d531e4c335b820f6d3266d09bc5efe
