[INFO] fetching crate qubit-tokio-executor 0.11.0...
[INFO] testing qubit-tokio-executor-0.11.0 against 1.99.0-beta.8+cargoflags=--release for beta-release-1.100-2
[INFO] extracting crate qubit-tokio-executor 0.11.0 into /workspace/builds/worker-4-tc1/source
[INFO] started tweaking crates.io crate qubit-tokio-executor 0.11.0
[INFO] removed 0 missing tests
[INFO] finished tweaking crates.io crate qubit-tokio-executor 0.11.0
[INFO] tweaked toml for crates.io crate qubit-tokio-executor 0.11.0 written to /workspace/builds/worker-4-tc1/source/Cargo.toml
[INFO] validating manifest of crates.io crate qubit-tokio-executor 0.11.0 on toolchain 1.99.0-beta.8
[INFO] running `Command { std: CARGO_HOME="/workspace/cargo-home" RUSTUP_HOME="/workspace/rustup-home" "/workspace/cargo-home/bin/cargo" "+1.99.0-beta.8" "metadata" "--manifest-path" "Cargo.toml" "--no-deps", kill_on_drop: false }`
[INFO] crate crates.io crate qubit-tokio-executor 0.11.0 already has a lockfile, it will not be regenerated
[INFO] running `Command { std: CARGO_HOME="/workspace/cargo-home" RUSTUP_HOME="/workspace/rustup-home" "/workspace/cargo-home/bin/cargo" "+1.99.0-beta.8" "fetch" "--manifest-path" "Cargo.toml", kill_on_drop: false }`
[INFO] [stderr]     Updating crates.io index
[INFO] [stderr]  Downloading crates ...
[INFO] [stderr]   Downloaded qubit-lock v0.14.1
[INFO] [stderr]   Downloaded qubit-collections v0.2.0
[INFO] [stderr]   Downloaded qubit-executor v0.9.0
[INFO] [stderr]   Downloaded qubit-fast-cas v0.3.0
[INFO] [stderr]   Downloaded qubit-state-machine v0.11.0
[INFO] [stderr]   Downloaded oneshot v0.2.1
[INFO] [stderr]   Downloaded qubit-atomic v0.17.1
[INFO] [stderr]   Downloaded qubit-clock v0.13.0
[INFO] [stderr]   Downloaded qubit-function v0.18.1
[INFO] running `Command { std: "docker" "create" "-v" "/var/lib/crater-agent-workspace/builds/worker-4-tc1/source:/opt/rustwide/workdir:ro,Z" "-v" "/var/lib/crater-agent-workspace/builds/worker-4-tc1/target:/opt/rustwide/target:rw,Z" "-v" "/var/lib/crater-agent-workspace/cargo-home:/opt/rustwide/cargo-home:ro,Z" "-v" "/var/lib/crater-agent-workspace/rustup-home:/opt/rustwide/rustup-home:ro,Z" "-m" "1610612736" "--network" "none" "ghcr.io/rust-lang/crates-build-env/linux@sha256:77db811e55d90add9212f6832c23229e3de5f1c1f9905e8cb07319ea15df73ac" "sleep" "infinity", kill_on_drop: false }`
[INFO] [stdout] 2cd14dae60741ea7f230c8fe7e52d3a66a843164f80b42f7400c73d2b32cbd73
[INFO] running `Command { std: "docker" "start" "2cd14dae60741ea7f230c8fe7e52d3a66a843164f80b42f7400c73d2b32cbd73", kill_on_drop: false }`
[INFO] running `Command { std: "docker" "inspect" "2cd14dae60741ea7f230c8fe7e52d3a66a843164f80b42f7400c73d2b32cbd73", kill_on_drop: false }`
[INFO] running `Command { std: "docker" "exec" "-e" "SOURCE_DIR=/opt/rustwide/workdir" "-e" "CARGO_HOME=/opt/rustwide/cargo-home" "-e" "RUSTUP_HOME=/opt/rustwide/rustup-home" "-e" "CARGO_TARGET_DIR=/opt/rustwide/target" "-w" "/opt/rustwide/workdir" "--user" "0:0" "2cd14dae60741ea7f230c8fe7e52d3a66a843164f80b42f7400c73d2b32cbd73" "/opt/rustwide/cargo-home/bin/cargo" "+1.99.0-beta.8" "metadata" "--no-deps" "--format-version=1", kill_on_drop: false }`
[INFO] running `Command { std: "docker" "inspect" "2cd14dae60741ea7f230c8fe7e52d3a66a843164f80b42f7400c73d2b32cbd73", kill_on_drop: false }`
[INFO] running `Command { std: "docker" "exec" "-e" "SOURCE_DIR=/opt/rustwide/workdir" "-e" "CARGO_HOME=/opt/rustwide/cargo-home" "-e" "RUSTUP_HOME=/opt/rustwide/rustup-home" "-e" "CARGO_TARGET_DIR=/opt/rustwide/target" "-e" "CARGO_INCREMENTAL=0" "-e" "RUST_BACKTRACE=full" "-e" "RUSTFLAGS=--cap-lints=warn" "-e" "RUSTDOCFLAGS=--cap-lints=warn" "-w" "/opt/rustwide/workdir" "--user" "0:0" "2cd14dae60741ea7f230c8fe7e52d3a66a843164f80b42f7400c73d2b32cbd73" "/opt/rustwide/cargo-home/bin/cargo" "+1.99.0-beta.8" "build" "--frozen" "--message-format=json" "--release", kill_on_drop: false }`
[INFO] [stderr]    Compiling unicode-ident v1.0.26
[INFO] [stderr]    Compiling libc v0.2.190
[INFO] [stderr]    Compiling thiserror v2.0.21
[INFO] [stderr]    Compiling portable-atomic v1.15.0
[INFO] [stderr]    Compiling smallvec v1.16.2
[INFO] [stderr]    Compiling hashbrown v0.17.1
[INFO] [stderr]    Compiling arc-swap v1.9.2
[INFO] [stderr]    Compiling qubit-fast-cas v0.3.0
[INFO] [stderr]    Compiling proc-macro2 v1.0.107
[INFO] [stderr]    Compiling oneshot v0.2.1
[INFO] [stderr]    Compiling qubit-function v0.18.1
[INFO] [stderr]    Compiling tokio v1.53.2
[INFO] [stderr]    Compiling quote v1.0.47
[INFO] [stderr]    Compiling qubit-collections v0.2.0
[INFO] [stderr]    Compiling syn v3.0.6
[INFO] [stderr]    Compiling qubit-atomic v0.17.1
[INFO] [stderr]    Compiling parking_lot_core v0.9.12
[INFO] [stderr]    Compiling parking_lot v0.12.5
[INFO] [stderr]    Compiling thiserror-impl v2.0.21
[INFO] [stderr]    Compiling qubit-clock v0.13.0
[INFO] [stderr]    Compiling qubit-state-machine v0.11.0
[INFO] [stderr]    Compiling qubit-lock v0.14.1
[INFO] [stderr]    Compiling qubit-executor v0.9.0
[INFO] [stderr]    Compiling qubit-tokio-executor v0.11.0 (/opt/rustwide/workdir)
[INFO] [stdout] warning: use of deprecated method `std::sync::atomic::Atomic::<u8>::fetch_update`: renamed to `try_update` for consistency
[INFO] [stdout]   --> src/executor_service_lifecycle_bits.rs:33:23
[INFO] [stdout]    |
[INFO] [stdout] 33 |     let _ = lifecycle.fetch_update(Ordering::AcqRel, Ordering::Acquire, |current| {
[INFO] [stdout]    |                       ^^^^^^^^^^^^
[INFO] [stdout]    |
[INFO] [stdout]    = note: `#[warn(deprecated)]` on by default
[INFO] [stdout] help: replace the use of the deprecated method
[INFO] [stdout]    |
[INFO] [stdout] 33 -     let _ = lifecycle.fetch_update(Ordering::AcqRel, Ordering::Acquire, |current| {
[INFO] [stdout] 33 +     let _ = lifecycle.try_update(Ordering::AcqRel, Ordering::Acquire, |current| {
[INFO] [stdout]    |
[INFO] [stdout] 
[INFO] [stdout] 
[INFO] [stderr]     Finished `release` profile [optimized] target(s) in 24.79s
[INFO] running `Command { std: "docker" "inspect" "2cd14dae60741ea7f230c8fe7e52d3a66a843164f80b42f7400c73d2b32cbd73", kill_on_drop: false }`
[INFO] running `Command { std: "docker" "exec" "-e" "SOURCE_DIR=/opt/rustwide/workdir" "-e" "CARGO_HOME=/opt/rustwide/cargo-home" "-e" "RUSTUP_HOME=/opt/rustwide/rustup-home" "-e" "CARGO_TARGET_DIR=/opt/rustwide/target" "-e" "CARGO_INCREMENTAL=0" "-e" "RUST_BACKTRACE=full" "-e" "RUSTFLAGS=--cap-lints=warn" "-e" "RUSTDOCFLAGS=--cap-lints=warn" "-w" "/opt/rustwide/workdir" "--user" "0:0" "2cd14dae60741ea7f230c8fe7e52d3a66a843164f80b42f7400c73d2b32cbd73" "/opt/rustwide/cargo-home/bin/cargo" "+1.99.0-beta.8" "test" "--frozen" "--no-run" "--message-format=json" "--release", kill_on_drop: false }`
[INFO] [stderr]    Compiling syn v3.0.6
[INFO] [stderr]    Compiling thiserror-impl v2.0.21
[INFO] [stderr]    Compiling tokio-macros v2.7.2
[INFO] [stderr]    Compiling tokio v1.53.2
[INFO] [stderr]    Compiling thiserror v2.0.21
[INFO] [stderr]    Compiling qubit-clock v0.13.0
[INFO] [stderr]    Compiling qubit-state-machine v0.11.0
[INFO] [stderr]    Compiling qubit-lock v0.14.1
[INFO] [stderr]    Compiling qubit-executor v0.9.0
[INFO] [stderr]    Compiling qubit-tokio-executor v0.11.0 (/opt/rustwide/workdir)
[INFO] [stdout] warning: use of deprecated method `std::sync::atomic::Atomic::<u8>::fetch_update`: renamed to `try_update` for consistency
[INFO] [stdout]   --> src/executor_service_lifecycle_bits.rs:33:23
[INFO] [stdout]    |
[INFO] [stdout] 33 |     let _ = lifecycle.fetch_update(Ordering::AcqRel, Ordering::Acquire, |current| {
[INFO] [stdout]    |                       ^^^^^^^^^^^^
[INFO] [stdout]    |
[INFO] [stdout]    = note: `#[warn(deprecated)]` on by default
[INFO] [stdout] help: replace the use of the deprecated method
[INFO] [stdout]    |
[INFO] [stdout] 33 -     let _ = lifecycle.fetch_update(Ordering::AcqRel, Ordering::Acquire, |current| {
[INFO] [stdout] 33 +     let _ = lifecycle.try_update(Ordering::AcqRel, Ordering::Acquire, |current| {
[INFO] [stdout]    |
[INFO] [stdout] 
[INFO] [stdout] 
[INFO] [stdout] warning: use of deprecated method `std::sync::atomic::Atomic::<u8>::fetch_update`: renamed to `try_update` for consistency
[INFO] [stdout]   --> src/executor_service_lifecycle_bits.rs:33:23
[INFO] [stdout]    |
[INFO] [stdout] 33 |     let _ = lifecycle.fetch_update(Ordering::AcqRel, Ordering::Acquire, |current| {
[INFO] [stdout]    |                       ^^^^^^^^^^^^
[INFO] [stdout]    |
[INFO] [stdout]    = note: `#[warn(deprecated)]` on by default
[INFO] [stdout] help: replace the use of the deprecated method
[INFO] [stdout]    |
[INFO] [stdout] 33 -     let _ = lifecycle.fetch_update(Ordering::AcqRel, Ordering::Acquire, |current| {
[INFO] [stdout] 33 +     let _ = lifecycle.try_update(Ordering::AcqRel, Ordering::Acquire, |current| {
[INFO] [stdout]    |
[INFO] [stdout] 
[INFO] [stdout] 
[INFO] [stderr]     Finished `release` profile [optimized] target(s) in 1m 08s
[INFO] running `Command { std: "docker" "inspect" "2cd14dae60741ea7f230c8fe7e52d3a66a843164f80b42f7400c73d2b32cbd73", kill_on_drop: false }`
[INFO] running `Command { std: "docker" "exec" "-e" "SOURCE_DIR=/opt/rustwide/workdir" "-e" "CARGO_HOME=/opt/rustwide/cargo-home" "-e" "RUSTUP_HOME=/opt/rustwide/rustup-home" "-e" "CARGO_TARGET_DIR=/opt/rustwide/target" "-e" "CARGO_INCREMENTAL=0" "-e" "RUST_BACKTRACE=full" "-e" "RUSTFLAGS=--cap-lints=warn" "-e" "RUSTDOCFLAGS=--cap-lints=warn" "-w" "/opt/rustwide/workdir" "--user" "0:0" "2cd14dae60741ea7f230c8fe7e52d3a66a843164f80b42f7400c73d2b32cbd73" "/opt/rustwide/cargo-home/bin/cargo" "+1.99.0-beta.8" "test" "--frozen" "--release", kill_on_drop: false }`
[INFO] [stderr] warning: use of deprecated method `std::sync::atomic::Atomic::<u8>::fetch_update`: renamed to `try_update` for consistency
[INFO] [stderr]   --> src/executor_service_lifecycle_bits.rs:33:23
[INFO] [stderr]    |
[INFO] [stderr] 33 |     let _ = lifecycle.fetch_update(Ordering::AcqRel, Ordering::Acquire, |current| {
[INFO] [stderr]    |                       ^^^^^^^^^^^^
[INFO] [stderr]    |
[INFO] [stderr]    = note: `#[warn(deprecated)]` on by default
[INFO] [stderr] help: replace the use of the deprecated method
[INFO] [stderr]    |
[INFO] [stderr] 33 -     let _ = lifecycle.fetch_update(Ordering::AcqRel, Ordering::Acquire, |current| {
[INFO] [stderr] 33 +     let _ = lifecycle.try_update(Ordering::AcqRel, Ordering::Acquire, |current| {
[INFO] [stderr]    |
[INFO] [stderr] 
[INFO] [stderr] warning: `qubit-tokio-executor` (lib) generated 1 warning (run `cargo fix --lib -p qubit-tokio-executor` to apply 1 suggestion)
[INFO] [stderr] warning: `qubit-tokio-executor` (lib test) generated 1 warning (1 duplicate)
[INFO] [stderr]     Finished `release` profile [optimized] target(s) in 0.08s
[INFO] [stderr]      Running unittests src/lib.rs (/opt/rustwide/target/release/deps/qubit_tokio_executor-5346cf8183a6337a)
[INFO] [stdout] 
[INFO] [stdout] running 0 tests
[INFO] [stderr]      Running tests/executor_service_lifecycle_bits_tests.rs (/opt/rustwide/target/release/deps/executor_service_lifecycle_bits_tests-c9c8c110f16664cb)
[INFO] [stdout] 
[INFO] [stdout] test result: ok. 0 passed; 0 failed; 0 ignored; 0 measured; 0 filtered out; finished in 0.00s
[INFO] [stdout] 
[INFO] [stdout] 
[INFO] [stdout] running 1 test
[INFO] [stdout] test test_executor_service_lifecycle_bits_is_covered_by_service_tests ... ok
[INFO] [stdout] 
[INFO] [stdout] test result: ok. 1 passed; 0 failed; 0 ignored; 0 measured; 0 filtered out; finished in 0.00s
[INFO] [stdout] 
[INFO] [stderr]      Running tests/readme_tests.rs (/opt/rustwide/target/release/deps/readme_tests-81c471a73b6a2d4e)
[INFO] [stdout] 
[INFO] [stdout] running 3 tests
[INFO] [stdout] test test_readmes_do_not_reference_removed_api_names ... ok
[INFO] [stdout] test test_readmes_limit_await_termination_to_blocking_service ... ok
[INFO] [stdout] test test_readmes_use_current_crate_version ... FAILED
[INFO] [stdout] 
[INFO] [stdout] failures:
[INFO] [stdout] 
[INFO] [stdout] ---- test_readmes_use_current_crate_version stdout ----
[INFO] [stdout] 
[INFO] [stdout] thread 'test_readmes_use_current_crate_version' (1405) panicked at tests/readme_tests.rs:46:5:
[INFO] [stdout] assertion failed: readme_en.contains(&dependency)
[INFO] [stdout] stack backtrace:
[INFO] [stdout]    0:     0x580c76ea7631 - <<std[70759c8f55707aa4]::sys::backtrace::BacktraceLock>::print::DisplayBacktrace as core[df12db4294e9bfd3]::fmt::Display>::fmt
[INFO] [stdout]    1:     0x580c76ebb8aa - core[df12db4294e9bfd3]::fmt::write
[INFO] [stdout]    2:     0x580c76eabacc - <alloc[2182bb758b4b3781]::vec::Vec<u8> as core[df12db4294e9bfd3]::io::write::Write>::write_fmt
[INFO] [stdout]    3:     0x580c76e838b6 - std[70759c8f55707aa4]::panicking::default_hook::{closure#0}
[INFO] [stdout]    4:     0x580c76e9fa29 - std[70759c8f55707aa4]::panicking::default_hook
[INFO] [stdout]    5:     0x580c76e3b960 - test[9d35eded1c95d3be]::test_main_inner::<test[9d35eded1c95d3be]::test_main_static::{closure#0}>::{closure#0}
[INFO] [stdout]    6:     0x580c76e9fbe2 - std[70759c8f55707aa4]::panicking::panic_with_hook
[INFO] [stdout]    7:     0x580c76e83994 - std[70759c8f55707aa4]::panicking::panic_handler::{closure#0}
[INFO] [stdout]    8:     0x580c76e7c559 - std[70759c8f55707aa4]::sys::backtrace::__rust_end_short_backtrace::<std[70759c8f55707aa4]::panicking::panic_handler::{closure#0}, !>
[INFO] [stdout]    9:     0x580c76e8455d - __rustc[8fa7c3cbc660c2b3]::rust_begin_unwind
[INFO] [stdout]   10:     0x580c76ebbfdc - core[df12db4294e9bfd3]::panicking::panic_fmt
[INFO] [stdout]   11:     0x580c76ebbfa2 - core[df12db4294e9bfd3]::panicking::panic
[INFO] [stdout]   12:     0x580c76e2e55c - <readme_tests[a05409fc2251003c]::test_readmes_use_current_crate_version::{closure#0} as core[df12db4294e9bfd3]::ops::function::FnOnce<()>>::call_once
[INFO] [stdout]   13:     0x580c76e2ec4b - test[9d35eded1c95d3be]::__rust_begin_short_backtrace::<core[df12db4294e9bfd3]::result::Result<(), alloc[2182bb758b4b3781]::string::String>, fn() -> core[df12db4294e9bfd3]::result::Result<(), alloc[2182bb758b4b3781]::string::String>>
[INFO] [stdout]   14:     0x580c76e3c2b5 - test[9d35eded1c95d3be]::run_test::{closure#0}
[INFO] [stdout]   15:     0x580c76e35b74 - std[70759c8f55707aa4]::sys::backtrace::__rust_begin_short_backtrace::<test[9d35eded1c95d3be]::run_test::{closure#1}, ()>
[INFO] [stdout]   16:     0x580c76e3f412 - <std[70759c8f55707aa4]::thread::lifecycle::spawn_unchecked<test[9d35eded1c95d3be]::run_test::{closure#1}, ()>::{closure#1} as core[df12db4294e9bfd3]::ops::function::FnOnce<()>>::call_once::{shim:vtable#0}
[INFO] [stdout]   17:     0x580c76ea6b99 - <std[70759c8f55707aa4]::sys::thread::unix::Thread>::new::thread_start
[INFO] [stdout]   18:     0x7e6e7888cdfa - <unknown>
[INFO] [stdout]   19:     0x7e6e789203d4 - clone
[INFO] [stdout]   20:                0x0 - <unknown>
[INFO] [stdout] 
[INFO] [stdout] 
[INFO] [stdout] failures:
[INFO] [stdout]     test_readmes_use_current_crate_version
[INFO] [stdout] 
[INFO] [stdout] test result: FAILED. 2 passed; 1 failed; 0 ignored; 0 measured; 0 filtered out; finished in 0.01s
[INFO] [stdout] 
[INFO] [stderr] error: test failed, to rerun pass `--test readme_tests`
[INFO] running `Command { std: "docker" "inspect" "2cd14dae60741ea7f230c8fe7e52d3a66a843164f80b42f7400c73d2b32cbd73", kill_on_drop: false }`
[INFO] running `Command { std: "docker" "rm" "-f" "2cd14dae60741ea7f230c8fe7e52d3a66a843164f80b42f7400c73d2b32cbd73", kill_on_drop: false }`
[INFO] [stdout] 2cd14dae60741ea7f230c8fe7e52d3a66a843164f80b42f7400c73d2b32cbd73
