[INFO] fetching crate qubit-mime 0.19.0...
[INFO] testing qubit-mime-0.19.0 against 1.100.0-beta.1+cargoflags=--release for beta-release-1.100-2
[INFO] extracting crate qubit-mime 0.19.0 into /workspace/builds/worker-3-tc2/source
[INFO] started tweaking crates.io crate qubit-mime 0.19.0
[INFO] removed 0 missing examples
[INFO] removed 0 missing tests
[INFO] finished tweaking crates.io crate qubit-mime 0.19.0
[INFO] tweaked toml for crates.io crate qubit-mime 0.19.0 written to /workspace/builds/worker-3-tc2/source/Cargo.toml
[INFO] validating manifest of crates.io crate qubit-mime 0.19.0 on toolchain 1.100.0-beta.1
[INFO] running `Command { std: CARGO_HOME="/workspace/cargo-home" RUSTUP_HOME="/workspace/rustup-home" "/workspace/cargo-home/bin/cargo" "+1.100.0-beta.1" "metadata" "--manifest-path" "Cargo.toml" "--no-deps", kill_on_drop: false }`
[INFO] crate crates.io crate qubit-mime 0.19.0 already has a lockfile, it will not be regenerated
[INFO] running `Command { std: CARGO_HOME="/workspace/cargo-home" RUSTUP_HOME="/workspace/rustup-home" "/workspace/cargo-home/bin/cargo" "+1.100.0-beta.1" "fetch" "--manifest-path" "Cargo.toml", kill_on_drop: false }`
[INFO] [stderr] warning: `package.homepage` is redundant with `package.repository`
[INFO] [stderr]   --> Cargo.toml:79:12
[INFO] [stderr]    |
[INFO] [stderr] 79 | homepage = "https://github.com/qubit-ltd/rs-mime"
[INFO] [stderr]    |            ^^^^^^^^^^^^^^^^^^^^^^^^^^^^^^^^^^^^^^
[INFO] [stderr] ...
[INFO] [stderr] 85 | repository = "https://github.com/qubit-ltd/rs-mime"
[INFO] [stderr]    |              --------------------------------------
[INFO] [stderr]    |
[INFO] [stderr]    = note: `cargo::redundant_homepage` is set to `warn` by default
[INFO] [stderr] help: consider removing `package.homepage`
[INFO] [stderr] warning: `qubit-mime` (manifest) generated 1 warning
[INFO] running `Command { std: "docker" "create" "-v" "/var/lib/crater-agent-workspace/builds/worker-3-tc2/source:/opt/rustwide/workdir:ro,Z" "-v" "/var/lib/crater-agent-workspace/builds/worker-3-tc2/target:/opt/rustwide/target:rw,Z" "-v" "/var/lib/crater-agent-workspace/cargo-home:/opt/rustwide/cargo-home:ro,Z" "-v" "/var/lib/crater-agent-workspace/rustup-home:/opt/rustwide/rustup-home:ro,Z" "-m" "1610612736" "--network" "none" "ghcr.io/rust-lang/crates-build-env/linux@sha256:77db811e55d90add9212f6832c23229e3de5f1c1f9905e8cb07319ea15df73ac" "sleep" "infinity", kill_on_drop: false }`
[INFO] [stdout] 2a532bb5a4a7c4f4c1c42988c800ff2fe662cd4232c5b2cc07970034b848b7e8
[INFO] running `Command { std: "docker" "start" "2a532bb5a4a7c4f4c1c42988c800ff2fe662cd4232c5b2cc07970034b848b7e8", kill_on_drop: false }`
[INFO] running `Command { std: "docker" "inspect" "2a532bb5a4a7c4f4c1c42988c800ff2fe662cd4232c5b2cc07970034b848b7e8", kill_on_drop: false }`
[INFO] running `Command { std: "docker" "exec" "-e" "SOURCE_DIR=/opt/rustwide/workdir" "-e" "CARGO_HOME=/opt/rustwide/cargo-home" "-e" "RUSTUP_HOME=/opt/rustwide/rustup-home" "-e" "CARGO_TARGET_DIR=/opt/rustwide/target" "-w" "/opt/rustwide/workdir" "--user" "0:0" "2a532bb5a4a7c4f4c1c42988c800ff2fe662cd4232c5b2cc07970034b848b7e8" "/opt/rustwide/cargo-home/bin/cargo" "+1.100.0-beta.1" "metadata" "--no-deps" "--format-version=1", kill_on_drop: false }`
[INFO] running `Command { std: "docker" "inspect" "2a532bb5a4a7c4f4c1c42988c800ff2fe662cd4232c5b2cc07970034b848b7e8", kill_on_drop: false }`
[INFO] running `Command { std: "docker" "exec" "-e" "SOURCE_DIR=/opt/rustwide/workdir" "-e" "CARGO_HOME=/opt/rustwide/cargo-home" "-e" "RUSTUP_HOME=/opt/rustwide/rustup-home" "-e" "CARGO_TARGET_DIR=/opt/rustwide/target" "-e" "CARGO_INCREMENTAL=0" "-e" "RUST_BACKTRACE=full" "-e" "RUSTFLAGS=--cap-lints=warn" "-e" "RUSTDOCFLAGS=--cap-lints=warn" "-w" "/opt/rustwide/workdir" "--user" "0:0" "2a532bb5a4a7c4f4c1c42988c800ff2fe662cd4232c5b2cc07970034b848b7e8" "/opt/rustwide/cargo-home/bin/cargo" "+1.100.0-beta.1" "build" "--frozen" "--message-format=json" "--release", kill_on_drop: false }`
[INFO] [stderr] warning: `package.homepage` is redundant with `package.repository`
[INFO] [stderr]   --> Cargo.toml:79:12
[INFO] [stderr]    |
[INFO] [stderr] 79 | homepage = "https://github.com/qubit-ltd/rs-mime"
[INFO] [stderr]    |            ^^^^^^^^^^^^^^^^^^^^^^^^^^^^^^^^^^^^^^
[INFO] [stderr] ...
[INFO] [stderr] 85 | repository = "https://github.com/qubit-ltd/rs-mime"
[INFO] [stderr]    |              --------------------------------------
[INFO] [stderr]    |
[INFO] [stderr]    = note: `cargo::redundant_homepage` is set to `warn` by default
[INFO] [stderr] help: consider removing `package.homepage`
[INFO] [stderr] warning: `qubit-mime` (manifest) generated 1 warning
[INFO] [stderr]    Compiling ref-cast v1.0.27
[INFO] [stderr]    Compiling borrow-or-share v0.2.4
[INFO] [stderr]    Compiling qubit-utils v0.3.0
[INFO] [stderr]    Compiling qubit-collections v0.2.0
[INFO] [stderr]    Compiling syn v3.0.5
[INFO] [stderr]    Compiling nix v0.31.3
[INFO] [stderr]    Compiling parking_lot_core v0.9.12
[INFO] [stderr]    Compiling indexmap v2.14.2
[INFO] [stderr]    Compiling rustix v1.1.4
[INFO] [stderr]    Compiling serde_ignored v0.1.14
[INFO] [stderr]    Compiling regex-automata v0.4.18
[INFO] [stderr]    Compiling roxmltree v0.21.1
[INFO] [stderr]    Compiling qubit-io v0.17.0
[INFO] [stderr]    Compiling parking_lot v0.12.5
[INFO] [stderr]    Compiling process-wrap v10.0.0
[INFO] [stderr]    Compiling thiserror-impl v2.0.20
[INFO] [stderr]    Compiling ref-cast-impl v1.0.27
[INFO] [stderr]    Compiling serde_derive v1.0.229
[INFO] [stderr]    Compiling regex v1.13.1
[INFO] [stderr]    Compiling fluent-uri v0.4.1
[INFO] [stderr]    Compiling thiserror v2.0.20
[INFO] [stderr]    Compiling qubit-budget v0.7.0
[INFO] [stderr]    Compiling qubit-codec v0.16.0
[INFO] [stderr]    Compiling qubit-clock v0.13.0
[INFO] [stderr]    Compiling qubit-spi v0.13.0
[INFO] [stderr]    Compiling qubit-redact v0.9.0
[INFO] [stderr]    Compiling serde v1.0.229
[INFO] [stderr]    Compiling qubit-codec-misc v0.7.0
[INFO] [stderr]    Compiling qubit-json v0.10.0
[INFO] [stderr]    Compiling qubit-command v0.10.0
[INFO] [stderr]    Compiling qubit-fs v0.2.2
[INFO] [stderr]    Compiling qubit-local-files v0.4.0
[INFO] [stderr]    Compiling qubit-datatype v0.14.0
[INFO] [stderr]    Compiling qubit-value v0.12.2
[INFO] [stderr]    Compiling qubit-config v0.14.3
[INFO] [stderr]    Compiling qubit-mime v0.19.0 (/opt/rustwide/workdir)
[INFO] [stderr]     Finished `release` profile [optimized] target(s) in 1m 07s
[INFO] running `Command { std: "docker" "inspect" "2a532bb5a4a7c4f4c1c42988c800ff2fe662cd4232c5b2cc07970034b848b7e8", kill_on_drop: false }`
[INFO] running `Command { std: "docker" "exec" "-e" "SOURCE_DIR=/opt/rustwide/workdir" "-e" "CARGO_HOME=/opt/rustwide/cargo-home" "-e" "RUSTUP_HOME=/opt/rustwide/rustup-home" "-e" "CARGO_TARGET_DIR=/opt/rustwide/target" "-e" "CARGO_INCREMENTAL=0" "-e" "RUST_BACKTRACE=full" "-e" "RUSTFLAGS=--cap-lints=warn" "-e" "RUSTDOCFLAGS=--cap-lints=warn" "-w" "/opt/rustwide/workdir" "--user" "0:0" "2a532bb5a4a7c4f4c1c42988c800ff2fe662cd4232c5b2cc07970034b848b7e8" "/opt/rustwide/cargo-home/bin/cargo" "+1.100.0-beta.1" "test" "--frozen" "--no-run" "--message-format=json" "--release", kill_on_drop: false }`
[INFO] [stderr] warning: `package.homepage` is redundant with `package.repository`
[INFO] [stderr]   --> Cargo.toml:79:12
[INFO] [stderr]    |
[INFO] [stderr] 79 | homepage = "https://github.com/qubit-ltd/rs-mime"
[INFO] [stderr]    |            ^^^^^^^^^^^^^^^^^^^^^^^^^^^^^^^^^^^^^^
[INFO] [stderr] ...
[INFO] [stderr] 85 | repository = "https://github.com/qubit-ltd/rs-mime"
[INFO] [stderr]    |              --------------------------------------
[INFO] [stderr]    |
[INFO] [stderr]    = note: `cargo::redundant_homepage` is set to `warn` by default
[INFO] [stderr] help: consider removing `package.homepage`
[INFO] [stderr] warning: `qubit-mime` (manifest) generated 1 warning
[INFO] [stderr]    Compiling qubit-fs-local v0.10.2
[INFO] [stderr]    Compiling qubit-mime v0.19.0 (/opt/rustwide/workdir)
[INFO] [stderr]     Finished `release` profile [optimized] target(s) in 14.67s
[INFO] running `Command { std: "docker" "inspect" "2a532bb5a4a7c4f4c1c42988c800ff2fe662cd4232c5b2cc07970034b848b7e8", kill_on_drop: false }`
[INFO] running `Command { std: "docker" "exec" "-e" "SOURCE_DIR=/opt/rustwide/workdir" "-e" "CARGO_HOME=/opt/rustwide/cargo-home" "-e" "RUSTUP_HOME=/opt/rustwide/rustup-home" "-e" "CARGO_TARGET_DIR=/opt/rustwide/target" "-e" "CARGO_INCREMENTAL=0" "-e" "RUST_BACKTRACE=full" "-e" "RUSTFLAGS=--cap-lints=warn" "-e" "RUSTDOCFLAGS=--cap-lints=warn" "-w" "/opt/rustwide/workdir" "--user" "0:0" "2a532bb5a4a7c4f4c1c42988c800ff2fe662cd4232c5b2cc07970034b848b7e8" "/opt/rustwide/cargo-home/bin/cargo" "+1.100.0-beta.1" "test" "--frozen" "--release", kill_on_drop: false }`
[INFO] [stderr] warning: `package.homepage` is redundant with `package.repository`
[INFO] [stderr]   --> Cargo.toml:79:12
[INFO] [stderr]    |
[INFO] [stderr] 79 | homepage = "https://github.com/qubit-ltd/rs-mime"
[INFO] [stderr]    |            ^^^^^^^^^^^^^^^^^^^^^^^^^^^^^^^^^^^^^^
[INFO] [stderr] ...
[INFO] [stderr] 85 | repository = "https://github.com/qubit-ltd/rs-mime"
[INFO] [stderr]    |              --------------------------------------
[INFO] [stderr]    |
[INFO] [stderr]    = note: `cargo::redundant_homepage` is set to `warn` by default
[INFO] [stderr] help: consider removing `package.homepage`
[INFO] [stderr] warning: `qubit-mime` (manifest) generated 1 warning
[INFO] [stderr]     Finished `release` profile [optimized] target(s) in 0.09s
[INFO] [stderr]      Running unittests src/lib.rs (/opt/rustwide/target/release/build/qubit-mime/a51a751a39c10899/out/qubit_mime-a51a751a39c10899)
[INFO] [stdout] 
[INFO] [stdout] running 8 tests
[INFO] [stdout] test tests::temp_staging_tests::test_failed_staging_cleans_resource_and_skips_inspection ... ok
[INFO] [stdout] test tests::temp_staging_tests::test_failed_staging_retains_secondary_cleanup_error ... ok
[INFO] [stdout] test tests::temp_staging_tests::test_failed_inspection_retains_primary_and_cleanup_context ... ok
[INFO] [stdout] test tests::temp_staging_tests::test_successful_inspection_reports_cleanup_failure ... ok
[INFO] [stdout] test tests::command_execution_tests::test_require_complete_stdout_rejects_unusable_streams ... ok
[INFO] [stdout] test tests::command_execution_tests::test_executor_preserves_actual_status_and_strict_failures ... ok
[INFO] [stdout] test tests::command_backend_tests::test_command_backend_policy_matrix ... ok
[INFO] [stdout] test tests::command_backend_tests::test_command_backends_propagate_execution_failure ... ok
[INFO] [stdout] 
[INFO] [stdout] test result: ok. 8 passed; 0 failed; 0 ignored; 0 measured; 0 filtered out; finished in 0.17s
[INFO] [stdout] 
[INFO] [stderr]      Running tests/common_mime_types_tests.rs (/opt/rustwide/target/release/build/qubit-mime/cb486af5a78bd5c9/out/common_mime_types_tests-cb486af5a78bd5c9)
[INFO] [stdout] 
[INFO] [stdout] running 1 test
[INFO] [stdout] test test_common_mime_type_constants_group_default_values ... ok
[INFO] [stdout] 
[INFO] [stdout] test result: ok. 1 passed; 0 failed; 0 ignored; 0 measured; 0 filtered out; finished in 0.00s
[INFO] [stdout] 
[INFO] [stderr]      Running tests/constants_tests.rs (/opt/rustwide/target/release/build/qubit-mime/1c1c204aa732614d/out/constants_tests-1c1c204aa732614d)
[INFO] [stdout] 
[INFO] [stdout] running 1 test
[INFO] [stdout] test test_mime_configuration_constants_expose_expected_keys_and_defaults ... ok
[INFO] [stdout] 
[INFO] [stdout] test result: ok. 1 passed; 0 failed; 0 ignored; 0 measured; 0 filtered out; finished in 0.00s
[INFO] [stdout] 
[INFO] [stdout] 
[INFO] [stderr]      Running tests/filesystem_prefix_regression_tests.rs (/opt/rustwide/target/release/build/qubit-mime/fe87e4f318945347/out/filesystem_prefix_regression_tests-fe87e4f318945347)
[INFO] [stdout] running 2 tests
[INFO] [stdout] test test_detection_buffer_limit_precedes_filesystem_open ... ok
[INFO] [stdout] test test_detection_prefix_counts_for_oversized_resources ... ok
[INFO] [stdout] 
[INFO] [stdout] test result: ok. 2 passed; 0 failed; 0 ignored; 0 measured; 0 filtered out; finished in 0.14s
[INFO] [stdout] 
[INFO] [stderr]      Running tests/inventory_discovery_tests.rs (/opt/rustwide/target/release/build/qubit-mime/426315e5967bcec8/out/inventory_discovery_tests-426315e5967bcec8)
[INFO] [stdout] 
[INFO] [stdout] running 0 tests
[INFO] [stdout] 
[INFO] [stdout] test result: ok. 0 passed; 0 failed; 0 ignored; 0 measured; 0 filtered out; finished in 0.00s
[INFO] [stdout] 
[INFO] [stderr]      Running tests/inventory_duplicate_tests.rs (/opt/rustwide/target/release/build/qubit-mime/654e2c2277a9396c/out/inventory_duplicate_tests-654e2c2277a9396c)
[INFO] [stdout] 
[INFO] [stdout] running 0 tests
[INFO] [stdout] 
[INFO] [stdout] test result: ok. 0 passed; 0 failed; 0 ignored; 0 measured; 0 filtered out; finished in 0.00s
[INFO] [stdout] 
[INFO] [stderr]      Running tests/mime_error_tests.rs (/opt/rustwide/target/release/build/qubit-mime/2aaad07e782254a5/out/mime_error_tests-2aaad07e782254a5)
[INFO] [stdout] 
[INFO] [stdout] running 1 test
[INFO] [stdout] test test_mime_error_display_includes_variant_context ... ok
[INFO] [stdout] 
[INFO] [stdout] test result: ok. 1 passed; 0 failed; 0 ignored; 0 measured; 0 filtered out; finished in 0.00s
[INFO] [stdout] 
[INFO] [stderr]      Running tests/mod.rs (/opt/rustwide/target/release/build/qubit-mime/09b35c7cbf2ec228/out/mod-09b35c7cbf2ec228)
[INFO] [stdout] 
[INFO] [stdout] running 201 tests
[INFO] [stdout] test api::mime_config_tests::test_from_config_reports_invalid_boolean_value ... ok
[INFO] [stdout] test api::mime_config_tests::test_from_config_rejects_invalid_command_timeout_values ... ok
[INFO] [stdout] test api::mime_config_tests::test_reload_default_from_env_uses_config_from_env ... ok
[INFO] [stdout] test api::mime_config_tests::test_reload_default_reports_invalid_config_and_environment ... ok
[INFO] [stdout] test api::mime_config_tests::test_set_default_and_reload_default_replace_default_snapshot ... ok
[INFO] [stdout] test api::mime_config_tests::test_load_uses_environment_when_valid ... ok
[INFO] [stdout] test api::mime_config_tests::test_mime_config_rejects_invalid_provider_selections ... ok
[INFO] [stdout] test api::mime_config_tests::test_mime_config_retains_validated_provider_selections ... ok
[INFO] [stdout] test api::mime_config_tests::test_from_config_reads_env_aliases_with_env_friendly_options ... ok
[INFO] [stdout] test api::mime_config_tests::test_from_config_reads_logical_config_keys ... ok
[INFO] [stdout] test classifier::ffprobe_command_media_stream_classifier_provider_tests::default_provider_has_the_ffprobe_identity ... ok
[INFO] [stdout] test api::mime_config_tests::test_from_config_reads_command_timeout_with_duration_unit ... ok
[INFO] [stdout] test classifier::ffprobe_command_media_stream_classifier_tests::test_classify_stream_listing_maps_ffprobe_output ... ok
[INFO] [stdout] test api::mime_config_tests::test_mime_config_uses_strict_detector_chain_resolution ... ok
[INFO] [stdout] test classifier::ffprobe_command_media_stream_classifier_tests::test_classify_file_uses_ffprobe_stdout_and_working_directory ... FAILED
[INFO] [stdout] test classifier::ffprobe_command_media_stream_classifier_tests::test_command_contract_rejects_truncation_and_uses_actual_exit_status ... FAILED
[INFO] [stdout] test classifier::ffprobe_command_media_stream_classifier_tests::test_classify_file_rejects_invalid_utf8_stdout ... FAILED
[INFO] [stdout] test api::mime_config_tests::test_from_config_rejects_malformed_mapping_entries ... ok
[INFO] [stdout] test api::mime_config_tests::test_from_config_accepts_reader_and_splits_semicolon_patterns ... ok
[INFO] [stdout] test classifier::ffprobe_command_media_stream_classifier_tests::test_default_uses_disabled_logging_runner ... ok
[INFO] [stdout] test classifier::ffprobe_command_media_stream_classifier_tests::test_classify_file_maps_unexpected_ffprobe_exit_to_none ... FAILED
[INFO] [stdout] test classifier::ffprobe_command_media_stream_classifier_tests::test_from_mime_config_limits_ffprobe_output ... ok
[INFO] [stdout] test api::mime_config_tests::test_from_config_reads_command_output_limit ... ok
[INFO] [stdout] test classifier::ffprobe_command_media_stream_classifier_tests::test_from_mime_config_limits_ffprobe_output_and_stage_size ... ok
[INFO] [stdout] test classifier::ffprobe_command_media_stream_classifier_tests::test_classify_file_propagates_ffprobe_start_error ... FAILED
[INFO] [stdout] test api::mime_config_tests::test_from_config_interpolates_provider_selectors ... ok
[INFO] [stdout] test classifier::ffprobe_command_media_stream_classifier_tests::test_classify_file_passes_path_through_ffprobe_input_option ... FAILED
[INFO] [stdout] test classifier::ffprobe_command_media_stream_classifier_tests::test_from_mime_config_sets_max_staging_size ... ok
[INFO] [stdout] test classifier::ffprobe_command_media_stream_classifier_tests::test_with_command_runner_uses_runner_configuration ... ok
[INFO] [stdout] test classifier::ffprobe_command_media_stream_classifier_tests::test_from_mime_config_uses_configured_timeout ... ok
[INFO] [stdout] test classifier::file_based_media_stream_classifier_tests::test_file_based_media_stream_classifier_stages_content_to_temp_file ... ok
[INFO] [stdout] test classifier::ffprobe_command_media_stream_classifier_tests::test_max_staging_size_accessors_update_limit ... ok
[INFO] [stdout] test classifier::media_stream_classifier_helpers_tests::test_media_stream_classifier_helpers_validate_public_file_entrypoint ... ok
[INFO] [stdout] test classifier::media_stream_classifier_provider_tests::ffprobe_provider_implements_the_marker_contract ... ok
[INFO] [stdout] test classifier::media_stream_classifier_helpers_tests::test_media_stream_classifier_helpers_report_unreadable_file ... FAILED
[INFO] [stdout] test classifier::media_stream_classifier_backend_tests::test_media_stream_classifier_backend_blanket_impl_validates_files ... ok
[INFO] [stdout] test classifier::media_stream_classifier_registry_tests::test_classifier_creation_reports_policy_stop ... ok
[INFO] [stdout] test classifier::media_stream_classifier_registry_tests::test_classifier_resolving_provider_applies_fallback_policy ... ok
[INFO] [stdout] test classifier::media_stream_classifier_registry_tests::test_ffprobe_provider_creates_classifier_when_command_is_available ... FAILED
[INFO] [stdout] test classifier::media_stream_classifier_registry_tests::test_classifier_default_selection_is_independent_from_mime_config ... ok
[INFO] [stdout] test classifier::media_stream_classifier_registry_tests::test_global_classifier_registry_exposes_builtin_defaults ... ok
[INFO] [stdout] test classifier::media_stream_classifier_registry_tests::test_builtin_registry_lists_and_resolves_ffprobe_provider ... ok
[INFO] [stdout] test classifier::media_stream_classifier_registry_tests::test_resolve_and_create_keep_classifier_errors_separate ... ok
[INFO] [stdout] test classifier::media_stream_classifier_tests::test_backend_classifier_gets_default_content_and_file_entries ... ok
[INFO] [stdout] test classifier::media_stream_classifier_tests::test_file_based_classifier_creates_missing_temporary_directory ... FAILED
[INFO] [stdout] test classifier::media_stream_classifier_tests::test_file_based_classifier_propagates_local_file_error ... ok
[INFO] [stdout] test classifier::media_stream_classifier_registry_tests::test_registry_registers_owned_and_shared_providers_atomically ... ok
[INFO] [stdout] test classifier::media_stream_classifier_tests::test_shared_media_stream_classifier_trait_object_delegates_all_entry_points ... ok
[INFO] [stdout] test classifier::media_stream_classifier_tests::test_file_based_classifier_streams_reader_to_temporary_file_in_bounded_chunks ... ok
[INFO] [stdout] test classifier::media_stream_classifier_tests::test_file_based_classifier_uses_non_predictable_temporary_file_name ... ok
[INFO] [stdout] test classifier::media_stream_classifier_registry_tests::test_resolve_reports_classifier_selection_errors_before_creation ... ok
[INFO] [stdout] 
[INFO] [stdout] running 1 test
[INFO] [stdout] test classifier::media_stream_classifier_tests::test_boxed_media_stream_classifier_trait_object_delegates_all_entry_points ... ok
[INFO] [stdout] test classifier::media_stream_classifier_spec_tests::specification_exposes_the_expected_contract_types ... ok
[INFO] [stdout] test constants_tests::test_mime_configuration_constants_expose_expected_keys_and_defaults ... ok
[INFO] [stdout] test classifier::media_stream_type_tests::test_media_stream_type_is_copyable_comparable_and_hashable ... ok
[INFO] [stdout] test classifier::media_stream_classifier_tests::test_file_based_classifier_rejects_reader_exceeding_staging_limit ... ok
[INFO] [stdout] test detector::detection_source_tests::test_detection_source_carries_content_or_path ... ok
[INFO] [stdout] test classifier::media_stream_classifier_tests::test_file_based_classifier_reports_temporary_file_creation_error ... FAILED
[INFO] [stdout] test classifier::media_stream_classifier_tests::test_file_based_classifier_stages_content_to_local_file ... ok
[INFO] [stdout] test classifier::media_stream_classifier_tests::test_media_stream_classifier_trait_supports_content_classification ... ok
[INFO] [stdout] test detector::file_based_mime_detector_tests::test_detect_by_content_stages_bytes_to_local_file ... ok
[INFO] [stdout] test detector::file_based_mime_detector_tests::test_detect_by_content_uses_non_predictable_temporary_file_name ... ok
[INFO] [stdout] test common_mime_types_tests::test_common_mime_type_constants_group_default_values ... ok
[INFO] [stdout] test detector::file_based_mime_detector_tests::test_detect_by_content_retains_primary_and_cleanup_failures ... ok
[INFO] [stdout] test detector::file_based_mime_detector_tests::test_detect_reader_propagates_file_based_callback_error ... FAILED
[INFO] [stdout] test detector::file_based_mime_detector_tests::test_detect_file_delegates_to_local_file_hook ... FAILED
[INFO] [stdout] test detector::file_command_mime_detector_tests::test_detect_file_by_content_ends_file_option_parsing_before_path ... FAILED
[INFO] [stdout] test detector::file_based_mime_detector_tests::test_detect_reader_creates_missing_temporary_directory ... FAILED
[INFO] [stdout] test detector::file_command_mime_detector_tests::test_detect_file_by_content_propagates_runner_timeout ... FAILED
[INFO] [stdout] test detector::file_command_mime_detector_tests::test_file_command_detector_accessors_and_repository_only_policy ... ok
[INFO] [stdout] test classifier::media_stream_classifier_registry_tests::test_ffprobe_provider_reports_unavailable_when_command_is_missing ... ok
[INFO] [stdout] 
[INFO] [stdout] test result: ok. 1 passed; 0 failed; 0 ignored; 0 measured; 200 filtered out; finished in 0.01s
[INFO] [stdout] 
[INFO] [stdout] test detector::file_command_mime_detector_tests::test_detect_file_by_content_reads_file_command_stdout ... FAILED
[INFO] [stdout] 
[INFO] [stdout] running 1 test
[INFO] [stdout] test detector::file_based_mime_detector_tests::test_detect_reader_reports_temporary_file_creation_error ... test detector::file_command_mime_detector_provider_tests::test_file_command_provider_reports_unavailable_command ... ok
[INFO] [stdout] 
[INFO] [stdout] test result: ok. 1 passed; 0 failed; 0 ignored; 0 measured; 200 filtered out; finished in 0.00s
[INFO] [stdout] 
[INFO] [stdout] FAILED
[INFO] [stdout] test detector::file_command_mime_detector_tests::test_detect_file_by_content_rejects_invalid_utf8_stdout ... FAILED
[INFO] [stdout] test detector::file_command_mime_detector_tests::test_file_command_error_redacts_input_path ... FAILED
[INFO] [stdout] test detector::file_command_mime_detector_tests::test_detect_file_by_content_returns_none_for_empty_stdout ... FAILED
[INFO] [stdout] test detector::file_command_mime_detector_tests::test_file_command_contract_checks_truncation_and_actual_exit_status ... FAILED
[INFO] [stdout] test classifier::media_stream_classifier_registry_tests::test_ffprobe_provider_reports_unavailable_when_command_is_missing ... ok
[INFO] [stdout] test detector::file_command_mime_detector_tests::test_with_repository_and_runner_uses_runner_configuration ... ok
[INFO] [stdout] test detector::file_command_mime_detector_provider_tests::test_file_command_provider_reports_unavailable_command ... ok
[INFO] [stdout] test detector::mime_content_backend_tests::test_content_reader_obeys_prefix_and_complete_requirements ... ok
[INFO] [stdout] test detector::mime_content_backend_tests::test_adapter_limits_input_and_restores_reader_position ... ok
[INFO] [stdout] test detector::mime_detection_policy_tests::test_mime_detection_policy_is_copyable_and_comparable ... ok
[INFO] [stdout] test detector::mime_detector_backend_tests::test_mime_detector_backend_blanket_impl_uses_policy_and_sources ... ok
[INFO] [stdout] test detector::file_command_mime_detector_tests::test_is_available_can_be_called_without_panicking ... ok
[INFO] [stdout] test detector::mime_detector_backend_tests::test_mime_detector_backend_propagates_content_errors ... ok
[INFO] [stdout] test detector::mime_detector_core_tests::test_refine_detected_mime_type_handles_disabled_missing_and_failing_cases ... ok
[INFO] [stdout] test detector::mime_detector_core_tests::test_merge_results_uses_detector_selection_strategy ... ok
[INFO] [stdout] test detector::mime_detector_core_tests::test_refine_detected_mime_type_uses_media_stream_classifier ... ok
[INFO] [stdout] test detector::mime_detector_core_tests::test_select_reader_result_propagates_classifier_failures ... ok
[INFO] [stdout] test detector::mime_detector_core_tests::test_select_result_honors_prefer_filename_and_refines_content_result ... ok
[INFO] [stdout] test detector::mime_detector_core_tests::test_select_reader_result_refines_without_consuming_reader_position ... ok
[INFO] [stdout] test detector::mime_detector_core_tests::verify_content_with_empty_candidates_returns_none ... ok
[INFO] [stdout] test detector::mime_detector_provider_tests::test_mime_detector_provider_defaults_and_factory ... ok
[INFO] [stdout] test detector::mime_detector_registry_tests::test_registry_registers_owned_and_shared_providers_atomically ... ok
[INFO] [stdout] test detector::mime_detector_registry_tests::test_resolve_reports_selection_errors_before_creation ... ok
[INFO] [stdout] test detector::mime_detector_registry_tests::test_resolving_provider_applies_selection_fallback_policy ... ok
[INFO] [stdout] test detector::mime_detector_registry_tests::test_resolve_and_create_keep_selection_and_creation_errors_separate ... ok
[INFO] [stdout] test detector::mime_detector_spec_tests::specification_exposes_the_expected_contract_types ... ok
[INFO] [stdout] test detector::mime_detector_tests::test_configured_fallback_rejects_unknown_detector ... ok
[INFO] [stdout] test detector::mime_detector_tests::test_detect_path_rejects_buffer_limit_before_provider_open ... ok
[INFO] [stdout] test detector::mime_detector_registry_tests::test_global_registry_exposes_builtin_defaults_in_this_process ... ok
[INFO] [stdout] test detector::mime_detector_tests::test_boxed_mime_detector_trait_object_delegates_all_entry_points ... ok
[INFO] [stdout] test detector::mime_detector_registry_tests::test_default_selection_is_independent_from_service_configuration ... ok
[INFO] [stdout] test detector::mime_detector_registry_tests::test_resolving_provider_reports_policy_stop_with_actual_attempts ... ok
[INFO] [stdout] test detector::mime_detector_tests::test_mime_detector_backend_defaults_read_reader_and_file_prefix ... FAILED
[INFO] [stdout] test detector::mime_detector_tests::test_detector_backend_error_builder_preserves_context ... ok
[INFO] [stdout] 
[INFO] [stdout] running 1 test
[INFO] [stdout] test detector::mime_detector_tests::test_mime_detector_path_rejects_requests_above_detector_buffer_limit ... ok
[INFO] [stdout] test detector::mime_detector_registry_tests::test_global_registry_shares_app_provider_with_library_x ... ok
[INFO] [stdout] 
[INFO] [stdout] test result: ok. 1 passed; 0 failed; 0 ignored; 0 measured; 200 filtered out; finished in 0.00s
[INFO] [stdout] 
[INFO] [stdout] test detector::mime_detector_registry_tests::test_global_registry_shares_app_provider_with_library_x ... ok
[INFO] [stdout] test detector::mime_detector_tests::test_mime_detector_backend_prefer_filename_skips_reader_and_file_content ... FAILED
[INFO] [stdout] test detector::file_command_mime_detector_tests::test_default_file_command_runner_uses_default_timeout ... ok
[INFO] [stdout] test detector::file_command_mime_detector_tests::test_default_file_command_runner_uses_config_timeout ... ok
[INFO] [stdout] test detector::file_command_mime_detector_tests::test_from_mime_config_limits_file_command_output ... ok
[INFO] [stdout] test detector::file_command_mime_detector_tests::test_detect_by_filename_uses_repository_candidates ... ok
[INFO] [stdout] test detector::mime_detector_tests::test_mime_detector_registry_builds_from_config_defaults ... ok
[INFO] [stdout] test detector::mime_detector_tests::test_mime_detector_path_uses_object_key_filename_without_stat ... ok
[INFO] [stdout] test detector::mime_content_backend_tests::test_detector_adapter_uses_backend_prefix_and_restores_position ... ok
[INFO] [stdout] test detector::mime_detector_tests::test_default_mime_detector_returns_usable_detector ... ok
[INFO] [stdout] test detector::mime_detector_registry_tests::test_builtin_registry_lists_and_resolves_repository_provider ... ok
[INFO] [stdout] test detector::mime_detector_tests::test_detect_path_uses_guaranteed_prefix_range ... ok
[INFO] [stdout] test api::mime_config_tests::test_registries_use_mime_config_defaults ... ok
[INFO] [stdout] test detector::mime_detector_tests::test_mime_detector_registry_creates_from_explicit_registry ... ok
[INFO] [stdout] test detector::mime_detector_tests::test_mime_detector_trait_supports_repository_detector ... ok
[INFO] [stdout] test detector::mime_detector_tests::test_shared_mime_detector_trait_object_delegates_all_entry_points ... ok
[INFO] [stdout] test detector::mime_detector_tests::test_mime_detector_path_accepts_non_utf8_native_filename ... ok
[INFO] [stdout] test detector::repository_mime_detector_tests::test_accessors_empty_repository_and_reader_errors ... ok
[INFO] [stdout] test detector::mime_detector_tests::test_mime_detector_trait_supports_reader_and_file_detection ... FAILED
[INFO] [stdout] test detector::mime_detector_tests::test_mime_detector_path_reads_small_prefix_from_large_resource ... ok
[INFO] [stdout] test detector::repository_mime_detector_tests::test_detect_by_content_uses_default_repository_magic ... ok
[INFO] [stdout] test detector::mime_detector_tests::test_mime_detector_trait_supports_filesystem_path_detection ... FAILED
[INFO] [stdout] test detector::repository_mime_detector_tests::test_detect_bytes_merges_filename_and_content_results ... ok
[INFO] [stdout] test detector::repository_mime_detector_tests::test_detect_by_filename_uses_default_repository ... ok
[INFO] [stdout] test detector::repository_mime_detector_tests::test_detect_file_reads_file_and_uses_file_name ... FAILED
[INFO] [stdout] test detector::mime_runtime_tests::test_runtime_detector_retains_custom_repository_for_local_file ... FAILED
[INFO] [stdout] test detector::repository_mime_detector_provider_tests::test_repository_mime_detector_provider_creates_filename_detector ... ok
[INFO] [stdout] test detector::stream_based_mime_detector_tests::test_detect_file_uses_stream_based_defaults ... FAILED
[INFO] [stdout] test detector::repository_mime_detector_tests::test_detect_reader_does_not_consume_reader_position ... ok
[INFO] [stdout] test repository::mime_glob_tests::test_matches_honors_case_sensitive_flag ... ok
[INFO] [stdout] test detector::stream_based_mime_detector_tests::test_detect_reader_reports_prefix_buffer_allocation_failure ... ok
[INFO] [stdout] test mime_error_tests::test_mime_error_display_includes_variant_context ... ok
[INFO] [stdout] test detector::stream_based_mime_detector_tests::test_detect_reader_uses_stream_based_defaults ... ok
[INFO] [stdout] test detector::stream_based_mime_detector_tests::test_detect_reader_reads_prefix_across_short_reads ... ok
[INFO] [stdout] test detector::stream_based_mime_detector_tests::test_detect_reader_rejects_prefix_buffer_larger_than_configured_limit ... ok
[INFO] [stdout] test detector::stream_based_mime_detector_tests::test_detect_reader_restores_position_after_read_error ... ok
[INFO] [stdout] test repository::magic_value_type_tests::test_magic_value_type_round_trips_freedesktop_names ... ok
[INFO] [stdout] test repository::mime_magic_matcher_tests::test_accessors_and_numeric_endianness_matchers ... ok
[INFO] [stdout] test repository::mime_magic_matcher_tests::test_magic_value_type_names_and_lookup_cover_all_variants ... ok
[INFO] [stdout] test repository::mime_magic_matcher_tests::test_matches_requires_one_submatcher_when_children_exist ... ok
[INFO] [stdout] test repository::mime_magic_matcher_tests::test_matches_string_at_fixed_offset ... ok
[INFO] [stdout] test repository::mime_glob_tests::test_matches_supports_other_glob_tokens ... ok
[INFO] [stdout] test repository::mime_magic_matcher_tests::test_matches_string_in_offset_range ... ok
[INFO] [stdout] test repository::mime_glob_tests::test_matches_returns_false_for_empty_inputs ... ok
[INFO] [stdout] test repository::mime_magic_matcher_tests::test_matches_string_with_mask ... ok
[INFO] [stdout] test repository::mime_glob_tests::test_new_rejects_weight_above_maximum ... ok
[INFO] [stdout] test repository::mime_magic_matcher_tests::test_mime_magic_empty_and_non_empty_matching ... ok
[INFO] [stdout] test repository::mime_glob_tests::test_matches_supports_question_negated_and_literal_class_edges ... ok
[INFO] [stdout] test api::mime_config_tests::test_load_falls_back_to_builtin_default_when_env_is_invalid ... ok
[INFO] [stdout] test repository::mime_magic_matcher_tests::test_matches_byte_with_mask ... ok
[INFO] [stdout] test detector::stream_based_mime_detector_tests::test_stream_based_backend_max_bytes_and_file_open_error_are_covered ... ok
[INFO] [stdout] test repository::mime_magic_matcher_tests::test_new_rejects_empty_value_bad_numeric_width_and_bad_mask_width ... ok
[INFO] [stdout] test repository::mime_magic_tests::test_mime_magic_matches_any_root_matcher_and_reports_width ... ok
[INFO] [stdout] test repository::mime_magic_tests::test_mime_magic_rejects_invalid_priority_and_empty_matchers ... ok
[INFO] [stdout] test repository::mime_glob_tests::test_matches_uses_case_insensitive_matching_by_default ... ok
[INFO] [stdout] test detector::file_command_mime_detector_provider_tests::test_file_command_mime_detector_provider_metadata_and_availability ... ok
[INFO] [stdout] test detector::stream_based_mime_detector_tests::test_guess_from_file_stream_rejects_directory_before_reading ... FAILED
[INFO] [stdout] test repository::mime_magic_matcher_tests::test_new_rejects_inverted_offset_range ... ok
[INFO] [stdout] test repository::mime_magic_matcher_tests::test_matches_little32_integer ... ok
[INFO] [stdout] test repository::mime_repository_tests::test_bundled_repository_is_shared_and_usable ... ok
[INFO] [stdout] test repository::mime_repository_tests::test_detect_by_filename_and_content_preserve_ties ... ok
[INFO] [stdout] test repository::mime_repository_tests::test_filename_candidates_are_deduplicated ... ok
[INFO] [stdout] test repository::mime_repository_tests::test_detect_uses_filename_when_single_candidate_and_magic_not_required ... ok
[INFO] [stdout] test repository::mime_repository_tests::test_detect_by_filename_handles_literal_other_and_case_sensitive_globs ... ok
[INFO] [stdout] test repository::mime_repository_tests::test_detect_returns_empty_when_no_rule_matches ... ok
[INFO] [stdout] test repository::mime_repository_tests::test_detect_by_filename_prefers_longer_equal_weight_extension ... ok
[INFO] [stdout] test repository::mime_repository_tests::test_from_xml_accepts_doctype_and_reports_structural_errors ... ok
[INFO] [stdout] test repository::mime_repository_tests::test_from_xml_accepts_uppercase_hex_mask_prefix ... ok
[INFO] [stdout] test repository::mime_repository_tests::test_detect_merges_filename_when_content_missing_or_common ... ok
[INFO] [stdout] test repository::mime_repository_tests::test_from_xml_preserves_default_comment_when_localized_comment_follows ... ok
[INFO] [stdout] test repository::mime_repository_tests::test_from_xml_rejects_numeric_magic_values_that_exceed_matcher_width ... ok
[INFO] [stdout] test repository::mime_repository_tests::test_from_xml_rejects_alias_collision ... ok
[INFO] [stdout] test repository::mime_repository_tests::test_from_xml_indexes_names_aliases_and_max_test_bytes ... ok
[INFO] [stdout] test repository::mime_repository_tests::test_detect_uses_magic_when_verify_content_policy_is_enabled ... ok
[INFO] [stdout] test repository::mime_repository_tests::test_detect_by_content_orders_by_magic_priority ... ok
[INFO] [stdout] test repository::mime_repository_tests::test_from_xml_requires_shared_mime_info_namespace ... ok
[INFO] [stdout] test repository::mime_repository_tests::test_filename_glob_index_falls_back_after_nonmatching_literal ... ok
[INFO] [stdout] test repository::mime_repository_tests::test_from_xml_decodes_single_quote_and_short_hex_escape_values ... ok
[INFO] [stdout] test repository::mime_repository_tests::test_from_xml_reports_invalid_glob_and_magic_attributes ... ok
[INFO] [stdout] test repository::mime_repository_tests::test_is_a_is_transitive_and_implicit ... ok
[INFO] [stdout] test repository::mime_type_builder_tests::test_mime_type_builder_rejects_invalid_name ... ok
[INFO] [stdout] test repository::mime_repository_tests::test_from_xml_reports_invalid_string_and_numeric_magic_values ... ok
[INFO] [stdout] test repository::mime_repository_tests::test_literal_precedes_higher_weight_wildcard ... ok
[INFO] [stdout] test repository::mime_type_builder_tests::test_mime_type_builder_collects_metadata_and_matching_rules ... ok
[INFO] [stdout] test repository::real_file_integration_tests::test_real_files_match_java_repository_filename_and_magic_expectations ... ok
[INFO] [stdout] test repository::mime_type_tests::test_description_falls_back_to_default_and_english_entries ... ok
[INFO] [stdout] test repository::mime_type_tests::test_get_all_extensions_sorts_by_weight_descending ... ok
[INFO] [stdout] test repository::mime_type_tests::test_metadata_getters_filename_matching_and_supertype_content_matching ... ok
[INFO] [stdout] test repository::real_file_integration_tests::test_repository_detector_detects_real_files_from_readers_without_consuming_position ... ok
[INFO] [stdout] test repository::mime_type_tests::test_get_preferred_extension_prefers_simple_extension_over_complex_extension ... ok
[INFO] [stdout] test detector::mime_detector_tests::test_mime_detector_registry_creates_boxed_and_shared_named_detectors ... ok
[INFO] [stdout] test repository::real_file_integration_tests::test_repository_detector_detects_real_files_from_paths ... ok
[INFO] [stdout] test detector::mime_runtime_tests::test_runtime_creates_detectors_using_its_repository_and_configuration ... ok
[INFO] [stdout] test detector::mime_runtime_tests::test_builtin_runtime_detects_content_without_registration ... ok
[INFO] [stdout] 
[INFO] [stdout] failures:
[INFO] [stdout] 
[INFO] [stdout] ---- classifier::ffprobe_command_media_stream_classifier_tests::test_classify_file_uses_ffprobe_stdout_and_working_directory stdout ----
[INFO] [stdout] 
[INFO] [stdout] thread 'classifier::ffprobe_command_media_stream_classifier_tests::test_classify_file_uses_ffprobe_stdout_and_working_directory' (1393) panicked at tests/classifier/ffprobe_command_media_stream_classifier_tests.rs:174:10:
[INFO] [stdout] temporary command directory should be created: LocalFileError { kind: Io, operation: CreateTempDirectory, current_directory: Some("/opt/rustwide/workdir"), path: Some("/opt/rustwide/workdir"), target: None, reason: None, source: Some(Io(Custom { kind: ReadOnlyFilesystem, error: PathIoError { operation: "create temporary directory", path: "/opt/rustwide/workdir/sandbox-18dfa6d9418a9887-559-d1d4c8130f38a18fc52dcfc043415150", source: Os { code: 30, kind: ReadOnlyFilesystem, message: "Read-only file system" } } })), cleanup_error: None }
[INFO] [stdout] stack backtrace:
[INFO] [stdout]    0:     0x5870f82358a1 - <<std[617be2ca0a6fd877]::sys::backtrace::BacktraceLock>::print::DisplayBacktrace as core[a373ad73a504971]::fmt::Display>::fmt
[INFO] [stdout]    1:     0x5870f824d4da - core[a373ad73a504971]::fmt::write
[INFO] [stdout]    2:     0x5870f823a5cc - <alloc[2e1b2a31b91974c5]::vec::Vec<u8> as core[a373ad73a504971]::io::write::Write>::write_fmt
[INFO] [stdout]    3:     0x5870f820d246 - std[617be2ca0a6fd877]::panicking::default_hook::{closure#0}
[INFO] [stdout]    4:     0x5870f822bf59 - std[617be2ca0a6fd877]::panicking::default_hook
[INFO] [stdout]    5:     0x5870f7f80080 - test[aada8e7e76ba119b]::test_main_inner::{closure#0}
[INFO] [stdout]    6:     0x5870f822c282 - std[617be2ca0a6fd877]::panicking::panic_with_hook
[INFO] [stdout]    7:     0x5870f820d2f2 - std[617be2ca0a6fd877]::panicking::panic_handler::{closure#0}
[INFO] [stdout]    8:     0x5870f8205a69 - std[617be2ca0a6fd877]::sys::backtrace::__rust_end_short_backtrace::<std[617be2ca0a6fd877]::panicking::panic_handler::{closure#0}, !>
[INFO] [stdout]    9:     0x5870f820e3bd - __rustc[ea4f61d10b84890b]::rust_begin_unwind
[INFO] [stdout]   10:     0x5870f824dcbc - core[a373ad73a504971]::panicking::panic_fmt
[INFO] [stdout]   11:     0x5870f824da92 - core[a373ad73a504971]::result::unwrap_failed
[INFO] [stdout]   12:     0x5870f7ecb4ed - <mod[73a4ac307caf2db6]::classifier::ffprobe_command_media_stream_classifier_tests::test_classify_file_uses_ffprobe_stdout_and_working_directory::{closure#0} as core[a373ad73a504971]::ops::function::FnOnce<()>>::call_once
[INFO] [stdout]   13:     0x5870f7f734cb - test[aada8e7e76ba119b]::__rust_begin_short_backtrace::<core[a373ad73a504971]::result::Result<(), alloc[2e1b2a31b91974c5]::string::String>, fn() -> core[a373ad73a504971]::result::Result<(), alloc[2e1b2a31b91974c5]::string::String>>
[INFO] [stdout]   14:     0x5870f7f806a5 - test[aada8e7e76ba119b]::run_test::{closure#0}
[INFO] [stdout]   15:     0x5870f7f79f94 - std[617be2ca0a6fd877]::sys::backtrace::__rust_begin_short_backtrace::<test[aada8e7e76ba119b]::run_test::{closure#1}, ()>
[INFO] [stdout]   16:     0x5870f7f83732 - <std[617be2ca0a6fd877]::thread::lifecycle::spawn_unchecked<test[aada8e7e76ba119b]::run_test::{closure#1}, ()>::{closure#1} as core[a373ad73a504971]::ops::function::FnOnce<()>>::call_once::{shim:vtable#0}
[INFO] [stdout]   17:     0x5870f8234bcf - <std[617be2ca0a6fd877]::sys::thread::unix::Thread>::new::thread_start
[INFO] [stdout]   18:     0x74ff45650dfa - <unknown>
[INFO] [stdout]   19:     0x74ff456e43d4 - clone
[INFO] [stdout]   20:                0x0 - <unknown>
[INFO] [stdout] 
[INFO] [stdout] ---- classifier::ffprobe_command_media_stream_classifier_tests::test_command_contract_rejects_truncation_and_uses_actual_exit_status stdout ----
[INFO] [stdout] 
[INFO] [stdout] thread 'classifier::ffprobe_command_media_stream_classifier_tests::test_command_contract_rejects_truncation_and_uses_actual_exit_status' (1395) panicked at tests/classifier/ffprobe_command_media_stream_classifier_tests.rs:348:10:
[INFO] [stdout] fixture directory created: LocalFileError { kind: Io, operation: CreateTempDirectory, current_directory: Some("/opt/rustwide/workdir"), path: Some("/opt/rustwide/workdir"), target: None, reason: None, source: Some(Io(Custom { kind: ReadOnlyFilesystem, error: PathIoError { operation: "create temporary directory", path: "/opt/rustwide/workdir/sandbox-18dfa6d9418bfa0b-559-ebf47266c83eac1cdfe0fe6d8794aadf", source: Os { code: 30, kind: ReadOnlyFilesystem, message: "Read-only file system" } } })), cleanup_error: None }
[INFO] [stdout] stack backtrace:
[INFO] [stdout]    0:     0x5870f82358a1 - <<std[617be2ca0a6fd877]::sys::backtrace::BacktraceLock>::print::DisplayBacktrace as core[a373ad73a504971]::fmt::Display>::fmt
[INFO] [stdout]    1:     0x5870f824d4da - core[a373ad73a504971]::fmt::write
[INFO] [stdout]    2:     0x5870f823a5cc - <alloc[2e1b2a31b91974c5]::vec::Vec<u8> as core[a373ad73a504971]::io::write::Write>::write_fmt
[INFO] [stdout]    3:     0x5870f820d246 - std[617be2ca0a6fd877]::panicking::default_hook::{closure#0}
[INFO] [stdout]    4:     0x5870f822bf59 - std[617be2ca0a6fd877]::panicking::default_hook
[INFO] [stdout]    5:     0x5870f7f80080 - test[aada8e7e76ba119b]::test_main_inner::{closure#0}
[INFO] [stdout]    6:     0x5870f822c282 - std[617be2ca0a6fd877]::panicking::panic_with_hook
[INFO] [stdout]    7:     0x5870f820d2f2 - std[617be2ca0a6fd877]::panicking::panic_handler::{closure#0}
[INFO] [stdout]    8:     0x5870f8205a69 - std[617be2ca0a6fd877]::sys::backtrace::__rust_end_short_backtrace::<std[617be2ca0a6fd877]::panicking::panic_handler::{closure#0}, !>
[INFO] [stdout]    9:     0x5870f820e3bd - __rustc[ea4f61d10b84890b]::rust_begin_unwind
[INFO] [stdout]   10:     0x5870f824dcbc - core[a373ad73a504971]::panicking::panic_fmt
[INFO] [stdout]   11:     0x5870f824da92 - core[a373ad73a504971]::result::unwrap_failed
[INFO] [stdout]   12:     0x5870f7ecc4ad - <mod[73a4ac307caf2db6]::classifier::ffprobe_command_media_stream_classifier_tests::test_command_contract_rejects_truncation_and_uses_actual_exit_status::{closure#0} as core[a373ad73a504971]::ops::function::FnOnce<()>>::call_once
[INFO] [stdout]   13:     0x5870f7f734cb - test[aada8e7e76ba119b]::__rust_begin_short_backtrace::<core[a373ad73a504971]::result::Result<(), alloc[2e1b2a31b91974c5]::string::String>, fn() -> core[a373ad73a504971]::result::Result<(), alloc[2e1b2a31b91974c5]::string::String>>
[INFO] [stdout]   14:     0x5870f7f806a5 - test[aada8e7e76ba119b]::run_test::{closure#0}
[INFO] [stdout]   15:     0x5870f7f79f94 - std[617be2ca0a6fd877]::sys::backtrace::__rust_begin_short_backtrace::<test[aada8e7e76ba119b]::run_test::{closure#1}, ()>
[INFO] [stdout]   16:     0x5870f7f83732 - <std[617be2ca0a6fd877]::thread::lifecycle::spawn_unchecked<test[aada8e7e76ba119b]::run_test::{closure#1}, ()>::{closure#1} as core[a373ad73a504971]::ops::function::FnOnce<()>>::call_once::{shim:vtable#0}
[INFO] [stdout]   17:     0x5870f8234bcf - <std[617be2ca0a6fd877]::sys::thread::unix::Thread>::new::thread_start
[INFO] [stdout]   18:     0x74ff45650dfa - <unknown>
[INFO] [stdout]   19:     0x74ff456e43d4 - clone
[INFO] [stdout]   20:                0x0 - <unknown>
[INFO] [stdout] 
[INFO] [stdout] ---- classifier::ffprobe_command_media_stream_classifier_tests::test_classify_file_rejects_invalid_utf8_stdout stdout ----
[INFO] [stdout] 
[INFO] [stdout] thread 'classifier::ffprobe_command_media_stream_classifier_tests::test_classify_file_rejects_invalid_utf8_stdout' (1392) panicked at tests/classifier/ffprobe_command_media_stream_classifier_tests.rs:313:10:
[INFO] [stdout] temporary command directory should be created: LocalFileError { kind: Io, operation: CreateTempDirectory, current_directory: Some("/opt/rustwide/workdir"), path: Some("/opt/rustwide/workdir"), target: None, reason: None, source: Some(Io(Custom { kind: ReadOnlyFilesystem, error: PathIoError { operation: "create temporary directory", path: "/opt/rustwide/workdir/sandbox-18dfa6d94172f6c3-559-cdddbbb15750aad86f6b946cccd5f3fb", source: Os { code: 30, kind: ReadOnlyFilesystem, message: "Read-only file system" } } })), cleanup_error: None }
[INFO] [stdout] stack backtrace:
[INFO] [stdout]    0:     0x5870f82358a1 - <<std[617be2ca0a6fd877]::sys::backtrace::BacktraceLock>::print::DisplayBacktrace as core[a373ad73a504971]::fmt::Display>::fmt
[INFO] [stdout]    1:     0x5870f824d4da - core[a373ad73a504971]::fmt::write
[INFO] [stdout]    2:     0x5870f823a5cc - <alloc[2e1b2a31b91974c5]::vec::Vec<u8> as core[a373ad73a504971]::io::write::Write>::write_fmt
[INFO] [stdout]    3:     0x5870f820d246 - std[617be2ca0a6fd877]::panicking::default_hook::{closure#0}
[INFO] [stdout]    4:     0x5870f822bf59 - std[617be2ca0a6fd877]::panicking::default_hook
[INFO] [stdout]    5:     0x5870f7f80080 - test[aada8e7e76ba119b]::test_main_inner::{closure#0}
[INFO] [stdout]    6:     0x5870f822c282 - std[617be2ca0a6fd877]::panicking::panic_with_hook
[INFO] [stdout]    7:     0x5870f820d2f2 - std[617be2ca0a6fd877]::panicking::panic_handler::{closure#0}
[INFO] [stdout]    8:     0x5870f8205a69 - std[617be2ca0a6fd877]::sys::backtrace::__rust_end_short_backtrace::<std[617be2ca0a6fd877]::panicking::panic_handler::{closure#0}, !>
[INFO] [stdout]    9:     0x5870f820e3bd - __rustc[ea4f61d10b84890b]::rust_begin_unwind
[INFO] [stdout]   10:     0x5870f824dcbc - core[a373ad73a504971]::panicking::panic_fmt
[INFO] [stdout]   11:     0x5870f824da92 - core[a373ad73a504971]::result::unwrap_failed
[INFO] [stdout]   12:     0x5870f7ec747f - <mod[73a4ac307caf2db6]::classifier::ffprobe_command_media_stream_classifier_tests::test_classify_file_rejects_invalid_utf8_stdout::{closure#0} as core[a373ad73a504971]::ops::function::FnOnce<()>>::call_once
[INFO] [stdout]   13:     0x5870f7f734cb - test[aada8e7e76ba119b]::__rust_begin_short_backtrace::<core[a373ad73a504971]::result::Result<(), alloc[2e1b2a31b91974c5]::string::String>, fn() -> core[a373ad73a504971]::result::Result<(), alloc[2e1b2a31b91974c5]::string::String>>
[INFO] [stdout]   14:     0x5870f7f806a5 - test[aada8e7e76ba119b]::run_test::{closure#0}
[INFO] [stdout]   15:     0x5870f7f79f94 - std[617be2ca0a6fd877]::sys::backtrace::__rust_begin_short_backtrace::<test[aada8e7e76ba119b]::run_test::{closure#1}, ()>
[INFO] [stdout]   16:     0x5870f7f83732 - <std[617be2ca0a6fd877]::thread::lifecycle::spawn_unchecked<test[aada8e7e76ba119b]::run_test::{closure#1}, ()>::{closure#1} as core[a373ad73a504971]::ops::function::FnOnce<()>>::call_once::{shim:vtable#0}
[INFO] [stdout]   17:     0x5870f8234bcf - <std[617be2ca0a6fd877]::sys::thread::unix::Thread>::new::thread_start
[INFO] [stdout]   18:     0x74ff45650dfa - <unknown>
[INFO] [stdout]   19:     0x74ff456e43d4 - clone
[INFO] [stdout]   20:                0x0 - <unknown>
[INFO] [stdout] 
[INFO] [stdout] ---- classifier::ffprobe_command_media_stream_classifier_tests::test_classify_file_maps_unexpected_ffprobe_exit_to_none stdout ----
[INFO] [stdout] 
[INFO] [stdout] thread 'classifier::ffprobe_command_media_stream_classifier_tests::test_classify_file_maps_unexpected_ffprobe_exit_to_none' (1389) panicked at tests/classifier/ffprobe_command_media_stream_classifier_tests.rs:242:10:
[INFO] [stdout] temporary command directory should be created: LocalFileError { kind: Io, operation: CreateTempDirectory, current_directory: Some("/opt/rustwide/workdir"), path: Some("/opt/rustwide/workdir"), target: None, reason: None, source: Some(Io(Custom { kind: ReadOnlyFilesystem, error: PathIoError { operation: "create temporary directory", path: "/opt/rustwide/workdir/sandbox-18dfa6d9418da3e7-559-278ff7211c69484bbc9c2658945fa120", source: Os { code: 30, kind: ReadOnlyFilesystem, message: "Read-only file system" } } })), cleanup_error: None }
[INFO] [stdout] stack backtrace:
[INFO] [stdout]    0:     0x5870f82358a1 - <<std[617be2ca0a6fd877]::sys::backtrace::BacktraceLock>::print::DisplayBacktrace as core[a373ad73a504971]::fmt::Display>::fmt
[INFO] [stdout]    1:     0x5870f824d4da - core[a373ad73a504971]::fmt::write
[INFO] [stdout]    2:     0x5870f823a5cc - <alloc[2e1b2a31b91974c5]::vec::Vec<u8> as core[a373ad73a504971]::io::write::Write>::write_fmt
[INFO] [stdout]    3:     0x5870f820d246 - std[617be2ca0a6fd877]::panicking::default_hook::{closure#0}
[INFO] [stdout]    4:     0x5870f822bf59 - std[617be2ca0a6fd877]::panicking::default_hook
[INFO] [stdout]    5:     0x5870f7f80080 - test[aada8e7e76ba119b]::test_main_inner::{closure#0}
[INFO] [stdout]    6:     0x5870f822c282 - std[617be2ca0a6fd877]::panicking::panic_with_hook
[INFO] [stdout]    7:     0x5870f820d2f2 - std[617be2ca0a6fd877]::panicking::panic_handler::{closure#0}
[INFO] [stdout]    8:     0x5870f8205a69 - std[617be2ca0a6fd877]::sys::backtrace::__rust_end_short_backtrace::<std[617be2ca0a6fd877]::panicking::panic_handler::{closure#0}, !>
[INFO] [stdout]    9:     0x5870f820e3bd - __rustc[ea4f61d10b84890b]::rust_begin_unwind
[INFO] [stdout]   10:     0x5870f824dcbc - core[a373ad73a504971]::panicking::panic_fmt
[INFO] [stdout]   11:     0x5870f824da92 - core[a373ad73a504971]::result::unwrap_failed
[INFO] [stdout]   12:     0x5870f7ec964e - <mod[73a4ac307caf2db6]::classifier::ffprobe_command_media_stream_classifier_tests::test_classify_file_maps_unexpected_ffprobe_exit_to_none::{closure#0} as core[a373ad73a504971]::ops::function::FnOnce<()>>::call_once
[INFO] [stdout]   13:     0x5870f7f734cb - test[aada8e7e76ba119b]::__rust_begin_short_backtrace::<core[a373ad73a504971]::result::Result<(), alloc[2e1b2a31b91974c5]::string::String>, fn() -> core[a373ad73a504971]::result::Result<(), alloc[2e1b2a31b91974c5]::string::String>>
[INFO] [stdout]   14:     0x5870f7f806a5 - test[aada8e7e76ba119b]::run_test::{closure#0}
[INFO] [stdout]   15:     0x5870f7f79f94 - std[617be2ca0a6fd877]::sys::backtrace::__rust_begin_short_backtrace::<test[aada8e7e76ba119b]::run_test::{closure#1}, ()>
[INFO] [stdout]   16:     0x5870f7f83732 - <std[617be2ca0a6fd877]::thread::lifecycle::spawn_unchecked<test[aada8e7e76ba119b]::run_test::{closure#1}, ()>::{closure#1} as core[a373ad73a504971]::ops::function::FnOnce<()>>::call_once::{shim:vtable#0}
[INFO] [stdout]   17:     0x5870f8234bcf - <std[617be2ca0a6fd877]::sys::thread::unix::Thread>::new::thread_start
[INFO] [stdout]   18:     0x74ff45650dfa - <unknown>
[INFO] [stdout]   19:     0x74ff456e43d4 - clone
[INFO] [stdout]   20:                0x0 - <unknown>
[INFO] [stdout] 
[INFO] [stdout] ---- classifier::ffprobe_command_media_stream_classifier_tests::test_classify_file_propagates_ffprobe_start_error stdout ----
[INFO] [stdout] 
[INFO] [stdout] thread 'classifier::ffprobe_command_media_stream_classifier_tests::test_classify_file_propagates_ffprobe_start_error' (1391) panicked at tests/classifier/ffprobe_command_media_stream_classifier_tests.rs:220:10:
[INFO] [stdout] temporary command directory should be created: LocalFileError { kind: Io, operation: CreateTempDirectory, current_directory: Some("/opt/rustwide/workdir"), path: Some("/opt/rustwide/workdir"), target: None, reason: None, source: Some(Io(Custom { kind: ReadOnlyFilesystem, error: PathIoError { operation: "create temporary directory", path: "/opt/rustwide/workdir/sandbox-18dfa6d941d79e57-559-66d60bb35abd9465d26fa496466e56c8", source: Os { code: 30, kind: ReadOnlyFilesystem, message: "Read-only file system" } } })), cleanup_error: None }
[INFO] [stdout] stack backtrace:
[INFO] [stdout]    0:     0x5870f82358a1 - <<std[617be2ca0a6fd877]::sys::backtrace::BacktraceLock>::print::DisplayBacktrace as core[a373ad73a504971]::fmt::Display>::fmt
[INFO] [stdout]    1:     0x5870f824d4da - core[a373ad73a504971]::fmt::write
[INFO] [stdout]    2:     0x5870f823a5cc - <alloc[2e1b2a31b91974c5]::vec::Vec<u8> as core[a373ad73a504971]::io::write::Write>::write_fmt
[INFO] [stdout]    3:     0x5870f820d246 - std[617be2ca0a6fd877]::panicking::default_hook::{closure#0}
[INFO] [stdout]    4:     0x5870f822bf59 - std[617be2ca0a6fd877]::panicking::default_hook
[INFO] [stdout]    5:     0x5870f7f80080 - test[aada8e7e76ba119b]::test_main_inner::{closure#0}
[INFO] [stdout]    6:     0x5870f822c282 - std[617be2ca0a6fd877]::panicking::panic_with_hook
[INFO] [stdout]    7:     0x5870f820d2f2 - std[617be2ca0a6fd877]::panicking::panic_handler::{closure#0}
[INFO] [stdout]    8:     0x5870f8205a69 - std[617be2ca0a6fd877]::sys::backtrace::__rust_end_short_backtrace::<std[617be2ca0a6fd877]::panicking::panic_handler::{closure#0}, !>
[INFO] [stdout]    9:     0x5870f820e3bd - __rustc[ea4f61d10b84890b]::rust_begin_unwind
[INFO] [stdout]   10:     0x5870f824dcbc - core[a373ad73a504971]::panicking::panic_fmt
[INFO] [stdout]   11:     0x5870f824da92 - core[a373ad73a504971]::result::unwrap_failed
[INFO] [stdout]   12:     0x5870f7ec82dd - <mod[73a4ac307caf2db6]::classifier::ffprobe_command_media_stream_classifier_tests::test_classify_file_propagates_ffprobe_start_error::{closure#0} as core[a373ad73a504971]::ops::function::FnOnce<()>>::call_once
[INFO] [stdout]   13:     0x5870f7f734cb - test[aada8e7e76ba119b]::__rust_begin_short_backtrace::<core[a373ad73a504971]::result::Result<(), alloc[2e1b2a31b91974c5]::string::String>, fn() -> core[a373ad73a504971]::result::Result<(), alloc[2e1b2a31b91974c5]::string::String>>
[INFO] [stdout]   14:     0x5870f7f806a5 - test[aada8e7e76ba119b]::run_test::{closure#0}
[INFO] [stdout]   15:     0x5870f7f79f94 - std[617be2ca0a6fd877]::sys::backtrace::__rust_begin_short_backtrace::<test[aada8e7e76ba119b]::run_test::{closure#1}, ()>
[INFO] [stdout]   16:     0x5870f7f83732 - <std[617be2ca0a6fd877]::thread::lifecycle::spawn_unchecked<test[aada8e7e76ba119b]::run_test::{closure#1}, ()>::{closure#1} as core[a373ad73a504971]::ops::function::FnOnce<()>>::call_once::{shim:vtable#0}
[INFO] [stdout]   17:     0x5870f8234bcf - <std[617be2ca0a6fd877]::sys::thread::unix::Thread>::new::thread_start
[INFO] [stdout]   18:     0x74ff45650dfa - <unknown>
[INFO] [stdout]   19:     0x74ff456e43d4 - clone
[INFO] [stdout]   20:                0x0 - <unknown>
[INFO] [stdout] 
[INFO] [stdout] ---- classifier::ffprobe_command_media_stream_classifier_tests::test_classify_file_passes_path_through_ffprobe_input_option stdout ----
[INFO] [stdout] 
[INFO] [stdout] thread 'classifier::ffprobe_command_media_stream_classifier_tests::test_classify_file_passes_path_through_ffprobe_input_option' (1390) panicked at tests/classifier/ffprobe_command_media_stream_classifier_tests.rs:270:10:
[INFO] [stdout] temporary command directory should be created: LocalFileError { kind: Io, operation: CreateTempDirectory, current_directory: Some("/opt/rustwide/workdir"), path: Some("/opt/rustwide/workdir"), target: None, reason: None, source: Some(Io(Custom { kind: ReadOnlyFilesystem, error: PathIoError { operation: "create temporary directory", path: "/opt/rustwide/workdir/sandbox-18dfa6d941dd074d-559-4839e9b2197ec3e9a0b80f8dbe56e8ad", source: Os { code: 30, kind: ReadOnlyFilesystem, message: "Read-only file system" } } })), cleanup_error: None }
[INFO] [stdout] stack backtrace:
[INFO] [stdout]    0:     0x5870f82358a1 - <<std[617be2ca0a6fd877]::sys::backtrace::BacktraceLock>::print::DisplayBacktrace as core[a373ad73a504971]::fmt::Display>::fmt
[INFO] [stdout]    1:     0x5870f824d4da - core[a373ad73a504971]::fmt::write
[INFO] [stdout]    2:     0x5870f823a5cc - <alloc[2e1b2a31b91974c5]::vec::Vec<u8> as core[a373ad73a504971]::io::write::Write>::write_fmt
[INFO] [stdout]    3:     0x5870f820d246 - std[617be2ca0a6fd877]::panicking::default_hook::{closure#0}
[INFO] [stdout]    4:     0x5870f822bf59 - std[617be2ca0a6fd877]::panicking::default_hook
[INFO] [stdout]    5:     0x5870f7f80080 - test[aada8e7e76ba119b]::test_main_inner::{closure#0}
[INFO] [stdout]    6:     0x5870f822c282 - std[617be2ca0a6fd877]::panicking::panic_with_hook
[INFO] [stdout]    7:     0x5870f820d2f2 - std[617be2ca0a6fd877]::panicking::panic_handler::{closure#0}
[INFO] [stdout]    8:     0x5870f8205a69 - std[617be2ca0a6fd877]::sys::backtrace::__rust_end_short_backtrace::<std[617be2ca0a6fd877]::panicking::panic_handler::{closure#0}, !>
[INFO] [stdout]    9:     0x5870f820e3bd - __rustc[ea4f61d10b84890b]::rust_begin_unwind
[INFO] [stdout]   10:     0x5870f824dcbc - core[a373ad73a504971]::panicking::panic_fmt
[INFO] [stdout]   11:     0x5870f824da92 - core[a373ad73a504971]::result::unwrap_failed
[INFO] [stdout]   12:     0x5870f7eca66c - <mod[73a4ac307caf2db6]::classifier::ffprobe_command_media_stream_classifier_tests::test_classify_file_passes_path_through_ffprobe_input_option::{closure#0} as core[a373ad73a504971]::ops::function::FnOnce<()>>::call_once
[INFO] [stdout]   13:     0x5870f7f734cb - test[aada8e7e76ba119b]::__rust_begin_short_backtrace::<core[a373ad73a504971]::result::Result<(), alloc[2e1b2a31b91974c5]::string::String>, fn() -> core[a373ad73a504971]::result::Result<(), alloc[2e1b2a31b91974c5]::string::String>>
[INFO] [stdout]   14:     0x5870f7f806a5 - test[aada8e7e76ba119b]::run_test::{closure#0}
[INFO] [stdout]   15:     0x5870f7f79f94 - std[617be2ca0a6fd877]::sys::backtrace::__rust_begin_short_backtrace::<test[aada8e7e76ba119b]::run_test::{closure#1}, ()>
[INFO] [stdout]   16:     0x5870f7f83732 - <std[617be2ca0a6fd877]::thread::lifecycle::spawn_unchecked<test[aada8e7e76ba119b]::run_test::{closure#1}, ()>::{closure#1} as core[a373ad73a504971]::ops::function::FnOnce<()>>::call_once::{shim:vtable#0}
[INFO] [stdout]   17:     0x5870f8234bcf - <std[617be2ca0a6fd877]::sys::thread::unix::Thread>::new::thread_start
[INFO] [stdout]   18:     0x74ff45650dfa - <unknown>
[INFO] [stdout]   19:     0x74ff456e43d4 - clone
[INFO] [stdout]   20:                0x0 - <unknown>
[INFO] [stdout] 
[INFO] [stdout] ---- classifier::media_stream_classifier_helpers_tests::test_media_stream_classifier_helpers_report_unreadable_file stdout ----
[INFO] [stdout] 
[INFO] [stdout] thread 'classifier::media_stream_classifier_helpers_tests::test_media_stream_classifier_helpers_report_unreadable_file' (1405) panicked at tests/classifier/media_stream_classifier_helpers_tests.rs:59:10:
[INFO] [stdout] temporary file should be created: LocalFileError { kind: Io, operation: CreateTempFile, current_directory: Some("/opt/rustwide/workdir"), path: Some("/opt/rustwide/workdir"), target: None, reason: None, source: Some(Io(Custom { kind: ReadOnlyFilesystem, error: PathIoError { operation: "create temporary directory", path: "/opt/rustwide/workdir/sandbox-18dfa6d94222fb95-559-38f75e32929ce94c73aa75311b05451a", source: Os { code: 30, kind: ReadOnlyFilesystem, message: "Read-only file system" } } })), cleanup_error: None }
[INFO] [stdout] stack backtrace:
[INFO] [stdout]    0:     0x5870f82358a1 - <<std[617be2ca0a6fd877]::sys::backtrace::BacktraceLock>::print::DisplayBacktrace as core[a373ad73a504971]::fmt::Display>::fmt
[INFO] [stdout]    1:     0x5870f824d4da - core[a373ad73a504971]::fmt::write
[INFO] [stdout]    2:     0x5870f823a5cc - <alloc[2e1b2a31b91974c5]::vec::Vec<u8> as core[a373ad73a504971]::io::write::Write>::write_fmt
[INFO] [stdout]    3:     0x5870f820d246 - std[617be2ca0a6fd877]::panicking::default_hook::{closure#0}
[INFO] [stdout]    4:     0x5870f822bf59 - std[617be2ca0a6fd877]::panicking::default_hook
[INFO] [stdout]    5:     0x5870f7f80080 - test[aada8e7e76ba119b]::test_main_inner::{closure#0}
[INFO] [stdout]    6:     0x5870f822c282 - std[617be2ca0a6fd877]::panicking::panic_with_hook
[INFO] [stdout]    7:     0x5870f820d2f2 - std[617be2ca0a6fd877]::panicking::panic_handler::{closure#0}
[INFO] [stdout]    8:     0x5870f8205a69 - std[617be2ca0a6fd877]::sys::backtrace::__rust_end_short_backtrace::<std[617be2ca0a6fd877]::panicking::panic_handler::{closure#0}, !>
[INFO] [stdout]    9:     0x5870f820e3bd - __rustc[ea4f61d10b84890b]::rust_begin_unwind
[INFO] [stdout]   10:     0x5870f824dcbc - core[a373ad73a504971]::panicking::panic_fmt
[INFO] [stdout]   11:     0x5870f824da92 - core[a373ad73a504971]::result::unwrap_failed
[INFO] [stdout]   12:     0x5870f7f3ede7 - <mod[73a4ac307caf2db6]::classifier::media_stream_classifier_helpers_tests::test_media_stream_classifier_helpers_report_unreadable_file::{closure#0} as core[a373ad73a504971]::ops::function::FnOnce<()>>::call_once
[INFO] [stdout]   13:     0x5870f7f734cb - test[aada8e7e76ba119b]::__rust_begin_short_backtrace::<core[a373ad73a504971]::result::Result<(), alloc[2e1b2a31b91974c5]::string::String>, fn() -> core[a373ad73a504971]::result::Result<(), alloc[2e1b2a31b91974c5]::string::String>>
[INFO] [stdout]   14:     0x5870f7f806a5 - test[aada8e7e76ba119b]::run_test::{closure#0}
[INFO] [stdout]   15:     0x5870f7f79f94 - std[617be2ca0a6fd877]::sys::backtrace::__rust_begin_short_backtrace::<test[aada8e7e76ba119b]::run_test::{closure#1}, ()>
[INFO] [stdout]   16:     0x5870f7f83732 - <std[617be2ca0a6fd877]::thread::lifecycle::spawn_unchecked<test[aada8e7e76ba119b]::run_test::{closure#1}, ()>::{closure#1} as core[a373ad73a504971]::ops::function::FnOnce<()>>::call_once::{shim:vtable#0}
[INFO] [stdout]   17:     0x5870f8234bcf - <std[617be2ca0a6fd877]::sys::thread::unix::Thread>::new::thread_start
[INFO] [stdout]   18:     0x74ff45650dfa - <unknown>
[INFO] [stdout]   19:     0x74ff456e43d4 - clone
[INFO] [stdout]   20:                0x0 - <unknown>
[INFO] [stdout] 
[INFO] [stdout] ---- classifier::media_stream_classifier_registry_tests::test_ffprobe_provider_creates_classifier_when_command_is_available stdout ----
[INFO] [stdout] 
[INFO] [stdout] thread 'classifier::media_stream_classifier_registry_tests::test_ffprobe_provider_creates_classifier_when_command_is_available' (1413) panicked at tests/classifier/media_stream_classifier_registry_tests.rs:74:10:
[INFO] [stdout] temporary command directory should be created: LocalFileError { kind: Io, operation: CreateTempDirectory, current_directory: Some("/opt/rustwide/workdir"), path: Some("/opt/rustwide/workdir"), target: None, reason: None, source: Some(Io(Custom { kind: ReadOnlyFilesystem, error: PathIoError { operation: "create temporary directory", path: "/opt/rustwide/workdir/sandbox-18dfa6d94242e563-559-1990c5a2b823480f3edd8ff03d6852d6", source: Os { code: 30, kind: ReadOnlyFilesystem, message: "Read-only file system" } } })), cleanup_error: None }
[INFO] [stdout] stack backtrace:
[INFO] [stdout]    0:     0x5870f82358a1 - <<std[617be2ca0a6fd877]::sys::backtrace::BacktraceLock>::print::DisplayBacktrace as core[a373ad73a504971]::fmt::Display>::fmt
[INFO] [stdout]    1:     0x5870f824d4da - core[a373ad73a504971]::fmt::write
[INFO] [stdout]    2:     0x5870f823a5cc - <alloc[2e1b2a31b91974c5]::vec::Vec<u8> as core[a373ad73a504971]::io::write::Write>::write_fmt
[INFO] [stdout]    3:     0x5870f820d246 - std[617be2ca0a6fd877]::panicking::default_hook::{closure#0}
[INFO] [stdout]    4:     0x5870f822bf59 - std[617be2ca0a6fd877]::panicking::default_hook
[INFO] [stdout]    5:     0x5870f7f80080 - test[aada8e7e76ba119b]::test_main_inner::{closure#0}
[INFO] [stdout]    6:     0x5870f822c282 - std[617be2ca0a6fd877]::panicking::panic_with_hook
[INFO] [stdout]    7:     0x5870f820d2f2 - std[617be2ca0a6fd877]::panicking::panic_handler::{closure#0}
[INFO] [stdout]    8:     0x5870f8205a69 - std[617be2ca0a6fd877]::sys::backtrace::__rust_end_short_backtrace::<std[617be2ca0a6fd877]::panicking::panic_handler::{closure#0}, !>
[INFO] [stdout]    9:     0x5870f820e3bd - __rustc[ea4f61d10b84890b]::rust_begin_unwind
[INFO] [stdout]   10:     0x5870f824dcbc - core[a373ad73a504971]::panicking::panic_fmt
[INFO] [stdout]   11:     0x5870f824da92 - core[a373ad73a504971]::result::unwrap_failed
[INFO] [stdout]   12:     0x5870f7f6f675 - <mod[73a4ac307caf2db6]::classifier::media_stream_classifier_registry_tests::test_ffprobe_provider_creates_classifier_when_command_is_available::{closure#0} as core[a373ad73a504971]::ops::function::FnOnce<()>>::call_once
[INFO] [stdout]   13:     0x5870f7f734cb - test[aada8e7e76ba119b]::__rust_begin_short_backtrace::<core[a373ad73a504971]::result::Result<(), alloc[2e1b2a31b91974c5]::string::String>, fn() -> core[a373ad73a504971]::result::Result<(), alloc[2e1b2a31b91974c5]::string::String>>
[INFO] [stdout]   14:     0x5870f7f806a5 - test[aada8e7e76ba119b]::run_test::{closure#0}
[INFO] [stdout]   15:     0x5870f7f79f94 - std[617be2ca0a6fd877]::sys::backtrace::__rust_begin_short_backtrace::<test[aada8e7e76ba119b]::run_test::{closure#1}, ()>
[INFO] [stdout]   16:     0x5870f7f83732 - <std[617be2ca0a6fd877]::thread::lifecycle::spawn_unchecked<test[aada8e7e76ba119b]::run_test::{closure#1}, ()>::{closure#1} as core[a373ad73a504971]::ops::function::FnOnce<()>>::call_once::{shim:vtable#0}
[INFO] [stdout]   17:     0x5870f8234bcf - <std[617be2ca0a6fd877]::sys::thread::unix::Thread>::new::thread_start
[INFO] [stdout]   18:     0x74ff45650dfa - <unknown>
[INFO] [stdout]   19:     0x74ff456e43d4 - clone
[INFO] [stdout]   20:                0x0 - <unknown>
[INFO] [stdout] 
[INFO] [stdout] ---- classifier::media_stream_classifier_tests::test_file_based_classifier_creates_missing_temporary_directory stdout ----
[INFO] [stdout] 
[INFO] [stdout] thread 'classifier::media_stream_classifier_tests::test_file_based_classifier_creates_missing_temporary_directory' (1424) panicked at tests/classifier/media_stream_classifier_tests.rs:355:10:
[INFO] [stdout] temporary parent directory should be created: LocalFileError { kind: Io, operation: CreateTempDirectory, current_directory: Some("/opt/rustwide/workdir"), path: Some("/opt/rustwide/workdir"), target: None, reason: None, source: Some(Io(Custom { kind: ReadOnlyFilesystem, error: PathIoError { operation: "create temporary directory", path: "/opt/rustwide/workdir/sandbox-18dfa6d94260e74d-559-6fe465dda8ac368e047d35d1a6ef12c5", source: Os { code: 30, kind: ReadOnlyFilesystem, message: "Read-only file system" } } })), cleanup_error: None }
[INFO] [stdout] stack backtrace:
[INFO] [stdout]    0:     0x5870f82358a1 - <<std[617be2ca0a6fd877]::sys::backtrace::BacktraceLock>::print::DisplayBacktrace as core[a373ad73a504971]::fmt::Display>::fmt
[INFO] [stdout]    1:     0x5870f824d4da - core[a373ad73a504971]::fmt::write
[INFO] [stdout]    2:     0x5870f823a5cc - <alloc[2e1b2a31b91974c5]::vec::Vec<u8> as core[a373ad73a504971]::io::write::Write>::write_fmt
[INFO] [stdout]    3:     0x5870f820d246 - std[617be2ca0a6fd877]::panicking::default_hook::{closure#0}
[INFO] [stdout]    4:     0x5870f822bf59 - std[617be2ca0a6fd877]::panicking::default_hook
[INFO] [stdout]    5:     0x5870f7f80080 - test[aada8e7e76ba119b]::test_main_inner::{closure#0}
[INFO] [stdout]    6:     0x5870f822c282 - std[617be2ca0a6fd877]::panicking::panic_with_hook
[INFO] [stdout]    7:     0x5870f820d2f2 - std[617be2ca0a6fd877]::panicking::panic_handler::{closure#0}
[INFO] [stdout]    8:     0x5870f8205a69 - std[617be2ca0a6fd877]::sys::backtrace::__rust_end_short_backtrace::<std[617be2ca0a6fd877]::panicking::panic_handler::{closure#0}, !>
[INFO] [stdout]    9:     0x5870f820e3bd - __rustc[ea4f61d10b84890b]::rust_begin_unwind
[INFO] [stdout]   10:     0x5870f824dcbc - core[a373ad73a504971]::panicking::panic_fmt
[INFO] [stdout]   11:     0x5870f824da92 - core[a373ad73a504971]::result::unwrap_failed
[INFO] [stdout]   12:     0x5870f7f00c7f - <mod[73a4ac307caf2db6]::classifier::media_stream_classifier_tests::test_file_based_classifier_creates_missing_temporary_directory::{closure#0} as core[a373ad73a504971]::ops::function::FnOnce<()>>::call_once
[INFO] [stdout]   13:     0x5870f7f734cb - test[aada8e7e76ba119b]::__rust_begin_short_backtrace::<core[a373ad73a504971]::result::Result<(), alloc[2e1b2a31b91974c5]::string::String>, fn() -> core[a373ad73a504971]::result::Result<(), alloc[2e1b2a31b91974c5]::string::String>>
[INFO] [stdout]   14:     0x5870f7f806a5 - test[aada8e7e76ba119b]::run_test::{closure#0}
[INFO] [stdout]   15:     0x5870f7f79f94 - std[617be2ca0a6fd877]::sys::backtrace::__rust_begin_short_backtrace::<test[aada8e7e76ba119b]::run_test::{closure#1}, ()>
[INFO] [stdout]   16:     0x5870f7f83732 - <std[617be2ca0a6fd877]::thread::lifecycle::spawn_unchecked<test[aada8e7e76ba119b]::run_test::{closure#1}, ()>::{closure#1} as core[a373ad73a504971]::ops::function::FnOnce<()>>::call_once::{shim:vtable#0}
[INFO] [stdout]   17:     0x5870f8234bcf - <std[617be2ca0a6fd877]::sys::thread::unix::Thread>::new::thread_start
[INFO] [stdout]   18:     0x74ff45650dfa - <unknown>
[INFO] [stdout]   19:     0x74ff456e43d4 - clone
[INFO] [stdout]   20:                0x0 - <unknown>
[INFO] [stdout] 
[INFO] [stdout] ---- classifier::media_stream_classifier_tests::test_file_based_classifier_reports_temporary_file_creation_error stdout ----
[INFO] [stdout] 
[INFO] [stdout] thread 'classifier::media_stream_classifier_tests::test_file_based_classifier_reports_temporary_file_creation_error' (1427) panicked at tests/classifier/media_stream_classifier_tests.rs:308:10:
[INFO] [stdout] temporary parent directory should be created: LocalFileError { kind: Io, operation: CreateTempDirectory, current_directory: Some("/opt/rustwide/workdir"), path: Some("/opt/rustwide/workdir"), target: None, reason: None, source: Some(Io(Custom { kind: ReadOnlyFilesystem, error: PathIoError { operation: "create temporary directory", path: "/opt/rustwide/workdir/sandbox-18dfa6d9428e09cb-559-3239d94dbbbb57e9f4fa860ac23816ef", source: Os { code: 30, kind: ReadOnlyFilesystem, message: "Read-only file system" } } })), cleanup_error: None }
[INFO] [stdout] stack backtrace:
[INFO] [stdout]    0:     0x5870f82358a1 - <<std[617be2ca0a6fd877]::sys::backtrace::BacktraceLock>::print::DisplayBacktrace as core[a373ad73a504971]::fmt::Display>::fmt
[INFO] [stdout]    1:     0x5870f824d4da - core[a373ad73a504971]::fmt::write
[INFO] [stdout]    2:     0x5870f823a5cc - <alloc[2e1b2a31b91974c5]::vec::Vec<u8> as core[a373ad73a504971]::io::write::Write>::write_fmt
[INFO] [stdout]    3:     0x5870f820d246 - std[617be2ca0a6fd877]::panicking::default_hook::{closure#0}
[INFO] [stdout]    4:     0x5870f822bf59 - std[617be2ca0a6fd877]::panicking::default_hook
[INFO] [stdout]    5:     0x5870f7f80080 - test[aada8e7e76ba119b]::test_main_inner::{closure#0}
[INFO] [stdout]    6:     0x5870f822c282 - std[617be2ca0a6fd877]::panicking::panic_with_hook
[INFO] [stdout]    7:     0x5870f820d2f2 - std[617be2ca0a6fd877]::panicking::panic_handler::{closure#0}
[INFO] [stdout]    8:     0x5870f8205a69 - std[617be2ca0a6fd877]::sys::backtrace::__rust_end_short_backtrace::<std[617be2ca0a6fd877]::panicking::panic_handler::{closure#0}, !>
[INFO] [stdout]    9:     0x5870f820e3bd - __rustc[ea4f61d10b84890b]::rust_begin_unwind
[INFO] [stdout]   10:     0x5870f824dcbc - core[a373ad73a504971]::panicking::panic_fmt
[INFO] [stdout]   11:     0x5870f824da92 - core[a373ad73a504971]::result::unwrap_failed
[INFO] [stdout]   12:     0x5870f7f01796 - <mod[73a4ac307caf2db6]::classifier::media_stream_classifier_tests::test_file_based_classifier_reports_temporary_file_creation_error::{closure#0} as core[a373ad73a504971]::ops::function::FnOnce<()>>::call_once
[INFO] [stdout]   13:     0x5870f7f734cb - test[aada8e7e76ba119b]::__rust_begin_short_backtrace::<core[a373ad73a504971]::result::Result<(), alloc[2e1b2a31b91974c5]::string::String>, fn() -> core[a373ad73a504971]::result::Result<(), alloc[2e1b2a31b91974c5]::string::String>>
[INFO] [stdout]   14:     0x5870f7f806a5 - test[aada8e7e76ba119b]::run_test::{closure#0}
[INFO] [stdout]   15:     0x5870f7f79f94 - std[617be2ca0a6fd877]::sys::backtrace::__rust_begin_short_backtrace::<test[aada8e7e76ba119b]::run_test::{closure#1}, ()>
[INFO] [stdout]   16:     0x5870f7f83732 - <std[617be2ca0a6fd877]::thread::lifecycle::spawn_unchecked<test[aada8e7e76ba119b]::run_test::{closure#1}, ()>::{closure#1} as core[a373ad73a504971]::ops::function::FnOnce<()>>::call_once::{shim:vtable#0}
[INFO] [stdout]   17:     0x5870f8234bcf - <std[617be2ca0a6fd877]::sys::thread::unix::Thread>::new::thread_start
[INFO] [stdout]   18:     0x74ff45650dfa - <unknown>
[INFO] [stdout]   19:     0x74ff456e43d4 - clone
[INFO] [stdout]   20:                0x0 - <unknown>
[INFO] [stdout] 
[INFO] [stdout] ---- detector::file_based_mime_detector_tests::test_detect_reader_propagates_file_based_callback_error stdout ----
[INFO] [stdout] 
[INFO] [stdout] thread 'detector::file_based_mime_detector_tests::test_detect_reader_propagates_file_based_callback_error' (1443) panicked at tests/detector/file_based_mime_detector_tests.rs:312:10:
[INFO] [stdout] temporary file should be created: LocalFileError { kind: Io, operation: CreateTempFile, current_directory: Some("/opt/rustwide/workdir"), path: Some("/opt/rustwide/workdir"), target: None, reason: None, source: Some(Io(Custom { kind: ReadOnlyFilesystem, error: PathIoError { operation: "create temporary directory", path: "/opt/rustwide/workdir/sandbox-18dfa6d942bdddf9-559-de8714481ea8a9b219d9f760ac02d3a2", source: Os { code: 30, kind: ReadOnlyFilesystem, message: "Read-only file system" } } })), cleanup_error: None }
[INFO] [stdout] stack backtrace:
[INFO] [stdout]    0:     0x5870f82358a1 - <<std[617be2ca0a6fd877]::sys::backtrace::BacktraceLock>::print::DisplayBacktrace as core[a373ad73a504971]::fmt::Display>::fmt
[INFO] [stdout]    1:     0x5870f824d4da - core[a373ad73a504971]::fmt::write
[INFO] [stdout]    2:     0x5870f823a5cc - <alloc[2e1b2a31b91974c5]::vec::Vec<u8> as core[a373ad73a504971]::io::write::Write>::write_fmt
[INFO] [stdout]    3:     0x5870f820d246 - std[617be2ca0a6fd877]::panicking::default_hook::{closure#0}
[INFO] [stdout]    4:     0x5870f822bf59 - std[617be2ca0a6fd877]::panicking::default_hook
[INFO] [stdout]    5:     0x5870f7f80080 - test[aada8e7e76ba119b]::test_main_inner::{closure#0}
[INFO] [stdout]    6:     0x5870f822c282 - std[617be2ca0a6fd877]::panicking::panic_with_hook
[INFO] [stdout]    7:     0x5870f820d2f2 - std[617be2ca0a6fd877]::panicking::panic_handler::{closure#0}
[INFO] [stdout]    8:     0x5870f8205a69 - std[617be2ca0a6fd877]::sys::backtrace::__rust_end_short_backtrace::<std[617be2ca0a6fd877]::panicking::panic_handler::{closure#0}, !>
[INFO] [stdout]    9:     0x5870f820e3bd - __rustc[ea4f61d10b84890b]::rust_begin_unwind
[INFO] [stdout]   10:     0x5870f824dcbc - core[a373ad73a504971]::panicking::panic_fmt
[INFO] [stdout]   11:     0x5870f824da92 - core[a373ad73a504971]::result::unwrap_failed
[INFO] [stdout]   12:     0x5870f7ef2440 - <mod[73a4ac307caf2db6]::detector::file_based_mime_detector_tests::test_detect_reader_propagates_file_based_callback_error::{closure#0} as core[a373ad73a504971]::ops::function::FnOnce<()>>::call_once
[INFO] [stdout]   13:     0x5870f7f734cb - test[aada8e7e76ba119b]::__rust_begin_short_backtrace::<core[a373ad73a504971]::result::Result<(), alloc[2e1b2a31b91974c5]::string::String>, fn() -> core[a373ad73a504971]::result::Result<(), alloc[2e1b2a31b91974c5]::string::String>>
[INFO] [stdout]   14:     0x5870f7f806a5 - test[aada8e7e76ba119b]::run_test::{closure#0}
[INFO] [stdout]   15:     0x5870f7f79f94 - std[617be2ca0a6fd877]::sys::backtrace::__rust_begin_short_backtrace::<test[aada8e7e76ba119b]::run_test::{closure#1}, ()>
[INFO] [stdout]   16:     0x5870f7f83732 - <std[617be2ca0a6fd877]::thread::lifecycle::spawn_unchecked<test[aada8e7e76ba119b]::run_test::{closure#1}, ()>::{closure#1} as core[a373ad73a504971]::ops::function::FnOnce<()>>::call_once::{shim:vtable#0}
[INFO] [stdout]   17:     0x5870f8234bcf - <std[617be2ca0a6fd877]::sys::thread::unix::Thread>::new::thread_start
[INFO] [stdout]   18:     0x74ff45650dfa - <unknown>
[INFO] [stdout]   19:     0x74ff456e43d4 - clone
[INFO] [stdout]   20:                0x0 - <unknown>
[INFO] [stdout] 
[INFO] [stdout] ---- detector::file_based_mime_detector_tests::test_detect_file_delegates_to_local_file_hook stdout ----
[INFO] [stdout] 
[INFO] [stdout] thread 'detector::file_based_mime_detector_tests::test_detect_file_delegates_to_local_file_hook' (1441) panicked at tests/detector/file_based_mime_detector_tests.rs:295:10:
[INFO] [stdout] temporary file should be created: LocalFileError { kind: Io, operation: CreateTempFile, current_directory: Some("/opt/rustwide/workdir"), path: Some("/opt/rustwide/workdir"), target: None, reason: None, source: Some(Io(Custom { kind: ReadOnlyFilesystem, error: PathIoError { operation: "create temporary directory", path: "/opt/rustwide/workdir/sandbox-18dfa6d942c266f3-559-6b5b38e3a9893e634a667bffa9b0c987", source: Os { code: 30, kind: ReadOnlyFilesystem, message: "Read-only file system" } } })), cleanup_error: None }
[INFO] [stdout] stack backtrace:
[INFO] [stdout]    0:     0x5870f82358a1 - <<std[617be2ca0a6fd877]::sys::backtrace::BacktraceLock>::print::DisplayBacktrace as core[a373ad73a504971]::fmt::Display>::fmt
[INFO] [stdout]    1:     0x5870f824d4da - core[a373ad73a504971]::fmt::write
[INFO] [stdout]    2:     0x5870f823a5cc - <alloc[2e1b2a31b91974c5]::vec::Vec<u8> as core[a373ad73a504971]::io::write::Write>::write_fmt
[INFO] [stdout]    3:     0x5870f820d246 - std[617be2ca0a6fd877]::panicking::default_hook::{closure#0}
[INFO] [stdout]    4:     0x5870f822bf59 - std[617be2ca0a6fd877]::panicking::default_hook
[INFO] [stdout]    5:     0x5870f7f80080 - test[aada8e7e76ba119b]::test_main_inner::{closure#0}
[INFO] [stdout]    6:     0x5870f822c282 - std[617be2ca0a6fd877]::panicking::panic_with_hook
[INFO] [stdout]    7:     0x5870f820d2f2 - std[617be2ca0a6fd877]::panicking::panic_handler::{closure#0}
[INFO] [stdout]    8:     0x5870f8205a69 - std[617be2ca0a6fd877]::sys::backtrace::__rust_end_short_backtrace::<std[617be2ca0a6fd877]::panicking::panic_handler::{closure#0}, !>
[INFO] [stdout]    9:     0x5870f820e3bd - __rustc[ea4f61d10b84890b]::rust_begin_unwind
[INFO] [stdout]   10:     0x5870f824dcbc - core[a373ad73a504971]::panicking::panic_fmt
[INFO] [stdout]   11:     0x5870f824da92 - core[a373ad73a504971]::result::unwrap_failed
[INFO] [stdout]   12:     0x5870f7ef086a - <mod[73a4ac307caf2db6]::detector::file_based_mime_detector_tests::test_detect_file_delegates_to_local_file_hook::{closure#0} as core[a373ad73a504971]::ops::function::FnOnce<()>>::call_once
[INFO] [stdout]   13:     0x5870f7f734cb - test[aada8e7e76ba119b]::__rust_begin_short_backtrace::<core[a373ad73a504971]::result::Result<(), alloc[2e1b2a31b91974c5]::string::String>, fn() -> core[a373ad73a504971]::result::Result<(), alloc[2e1b2a31b91974c5]::string::String>>
[INFO] [stdout]   14:     0x5870f7f806a5 - test[aada8e7e76ba119b]::run_test::{closure#0}
[INFO] [stdout]   15:     0x5870f7f79f94 - std[617be2ca0a6fd877]::sys::backtrace::__rust_begin_short_backtrace::<test[aada8e7e76ba119b]::run_test::{closure#1}, ()>
[INFO] [stdout]   16:     0x5870f7f83732 - <std[617be2ca0a6fd877]::thread::lifecycle::spawn_unchecked<test[aada8e7e76ba119b]::run_test::{closure#1}, ()>::{closure#1} as core[a373ad73a504971]::ops::function::FnOnce<()>>::call_once::{shim:vtable#0}
[INFO] [stdout]   17:     0x5870f8234bcf - <std[617be2ca0a6fd877]::sys::thread::unix::Thread>::new::thread_start
[INFO] [stdout]   18:     0x74ff45650dfa - <unknown>
[INFO] [stdout]   19:     0x74ff456e43d4 - clone
[INFO] [stdout]   20:                0x0 - <unknown>
[INFO] [stdout] 
[INFO] [stdout] ---- detector::file_command_mime_detector_tests::test_detect_file_by_content_ends_file_option_parsing_before_path stdout ----
[INFO] [stdout] 
[INFO] [stdout] thread 'detector::file_command_mime_detector_tests::test_detect_file_by_content_ends_file_option_parsing_before_path' (1451) panicked at tests/detector/file_command_mime_detector_tests.rs:202:10:
[INFO] [stdout] temporary command directory should be created: LocalFileError { kind: Io, operation: CreateTempDirectory, current_directory: Some("/opt/rustwide/workdir"), path: Some("/opt/rustwide/workdir"), target: None, reason: None, source: Some(Io(Custom { kind: ReadOnlyFilesystem, error: PathIoError { operation: "create temporary directory", path: "/opt/rustwide/workdir/sandbox-18dfa6d942c93f91-559-dfe2c994a61631d8e8075f6131f5b09a", source: Os { code: 30, kind: ReadOnlyFilesystem, message: "Read-only file system" } } })), cleanup_error: None }
[INFO] [stdout] stack backtrace:
[INFO] [stdout]    0:     0x5870f82358a1 - <<std[617be2ca0a6fd877]::sys::backtrace::BacktraceLock>::print::DisplayBacktrace as core[a373ad73a504971]::fmt::Display>::fmt
[INFO] [stdout]    1:     0x5870f824d4da - core[a373ad73a504971]::fmt::write
[INFO] [stdout]    2:     0x5870f823a5cc - <alloc[2e1b2a31b91974c5]::vec::Vec<u8> as core[a373ad73a504971]::io::write::Write>::write_fmt
[INFO] [stdout]    3:     0x5870f820d246 - std[617be2ca0a6fd877]::panicking::default_hook::{closure#0}
[INFO] [stdout]    4:     0x5870f822bf59 - std[617be2ca0a6fd877]::panicking::default_hook
[INFO] [stdout]    5:     0x5870f7f80080 - test[aada8e7e76ba119b]::test_main_inner::{closure#0}
[INFO] [stdout]    6:     0x5870f822c282 - std[617be2ca0a6fd877]::panicking::panic_with_hook
[INFO] [stdout]    7:     0x5870f820d2f2 - std[617be2ca0a6fd877]::panicking::panic_handler::{closure#0}
[INFO] [stdout]    8:     0x5870f8205a69 - std[617be2ca0a6fd877]::sys::backtrace::__rust_end_short_backtrace::<std[617be2ca0a6fd877]::panicking::panic_handler::{closure#0}, !>
[INFO] [stdout]    9:     0x5870f820e3bd - __rustc[ea4f61d10b84890b]::rust_begin_unwind
[INFO] [stdout]   10:     0x5870f824dcbc - core[a373ad73a504971]::panicking::panic_fmt
[INFO] [stdout]   11:     0x5870f824da92 - core[a373ad73a504971]::result::unwrap_failed
[INFO] [stdout]   12:     0x5870f7f171f2 - <mod[73a4ac307caf2db6]::detector::file_command_mime_detector_tests::test_detect_file_by_content_ends_file_option_parsing_before_path::{closure#0} as core[a373ad73a504971]::ops::function::FnOnce<()>>::call_once
[INFO] [stdout]   13:     0x5870f7f734cb - test[aada8e7e76ba119b]::__rust_begin_short_backtrace::<core[a373ad73a504971]::result::Result<(), alloc[2e1b2a31b91974c5]::string::String>, fn() -> core[a373ad73a504971]::result::Result<(), alloc[2e1b2a31b91974c5]::string::String>>
[INFO] [stdout]   14:     0x5870f7f806a5 - test[aada8e7e76ba119b]::run_test::{closure#0}
[INFO] [stdout]   15:     0x5870f7f79f94 - std[617be2ca0a6fd877]::sys::backtrace::__rust_begin_short_backtrace::<test[aada8e7e76ba119b]::run_test::{closure#1}, ()>
[INFO] [stdout]   16:     0x5870f7f83732 - <std[617be2ca0a6fd877]::thread::lifecycle::spawn_unchecked<test[aada8e7e76ba119b]::run_test::{closure#1}, ()>::{closure#1} as core[a373ad73a504971]::ops::function::FnOnce<()>>::call_once::{shim:vtable#0}
[INFO] [stdout]   17:     0x5870f8234bcf - <std[617be2ca0a6fd877]::sys::thread::unix::Thread>::new::thread_start
[INFO] [stdout]   18:     0x74ff45650dfa - <unknown>
[INFO] [stdout]   19:     0x74ff456e43d4 - clone
[INFO] [stdout]   20:                0x0 - <unknown>
[INFO] [stdout] 
[INFO] [stdout] ---- detector::file_based_mime_detector_tests::test_detect_reader_creates_missing_temporary_directory stdout ----
[INFO] [stdout] 
[INFO] [stdout] thread 'detector::file_based_mime_detector_tests::test_detect_reader_creates_missing_temporary_directory' (1442) panicked at tests/detector/file_based_mime_detector_tests.rs:262:10:
[INFO] [stdout] temporary parent directory should be created: LocalFileError { kind: Io, operation: CreateTempDirectory, current_directory: Some("/opt/rustwide/workdir"), path: Some("/opt/rustwide/workdir"), target: None, reason: None, source: Some(Io(Custom { kind: ReadOnlyFilesystem, error: PathIoError { operation: "create temporary directory", path: "/opt/rustwide/workdir/sandbox-18dfa6d942cb6f23-559-b5c779a3fe584d2f820abdaf53e29e0a", source: Os { code: 30, kind: ReadOnlyFilesystem, message: "Read-only file system" } } })), cleanup_error: None }
[INFO] [stdout] stack backtrace:
[INFO] [stdout]    0:     0x5870f82358a1 - <<std[617be2ca0a6fd877]::sys::backtrace::BacktraceLock>::print::DisplayBacktrace as core[a373ad73a504971]::fmt::Display>::fmt
[INFO] [stdout]    1:     0x5870f824d4da - core[a373ad73a504971]::fmt::write
[INFO] [stdout]    2:     0x5870f823a5cc - <alloc[2e1b2a31b91974c5]::vec::Vec<u8> as core[a373ad73a504971]::io::write::Write>::write_fmt
[INFO] [stdout]    3:     0x5870f820d246 - std[617be2ca0a6fd877]::panicking::default_hook::{closure#0}
[INFO] [stdout]    4:     0x5870f822bf59 - std[617be2ca0a6fd877]::panicking::default_hook
[INFO] [stdout]    5:     0x5870f7f80080 - test[aada8e7e76ba119b]::test_main_inner::{closure#0}
[INFO] [stdout]    6:     0x5870f822c282 - std[617be2ca0a6fd877]::panicking::panic_with_hook
[INFO] [stdout]    7:     0x5870f820d2f2 - std[617be2ca0a6fd877]::panicking::panic_handler::{closure#0}
[INFO] [stdout]    8:     0x5870f8205a69 - std[617be2ca0a6fd877]::sys::backtrace::__rust_end_short_backtrace::<std[617be2ca0a6fd877]::panicking::panic_handler::{closure#0}, !>
[INFO] [stdout]    9:     0x5870f820e3bd - __rustc[ea4f61d10b84890b]::rust_begin_unwind
[INFO] [stdout]   10:     0x5870f824dcbc - core[a373ad73a504971]::panicking::panic_fmt
[INFO] [stdout]   11:     0x5870f824da92 - core[a373ad73a504971]::result::unwrap_failed
[INFO] [stdout]   12:     0x5870f7ef1815 - <mod[73a4ac307caf2db6]::detector::file_based_mime_detector_tests::test_detect_reader_creates_missing_temporary_directory::{closure#0} as core[a373ad73a504971]::ops::function::FnOnce<()>>::call_once
[INFO] [stdout]   13:     0x5870f7f734cb - test[aada8e7e76ba119b]::__rust_begin_short_backtrace::<core[a373ad73a504971]::result::Result<(), alloc[2e1b2a31b91974c5]::string::String>, fn() -> core[a373ad73a504971]::result::Result<(), alloc[2e1b2a31b91974c5]::string::String>>
[INFO] [stdout]   14:     0x5870f7f806a5 - test[aada8e7e76ba119b]::run_test::{closure#0}
[INFO] [stdout]   15:     0x5870f7f79f94 - std[617be2ca0a6fd877]::sys::backtrace::__rust_begin_short_backtrace::<test[aada8e7e76ba119b]::run_test::{closure#1}, ()>
[INFO] [stdout]   16:     0x5870f7f83732 - <std[617be2ca0a6fd877]::thread::lifecycle::spawn_unchecked<test[aada8e7e76ba119b]::run_test::{closure#1}, ()>::{closure#1} as core[a373ad73a504971]::ops::function::FnOnce<()>>::call_once::{shim:vtable#0}
[INFO] [stdout]   17:     0x5870f8234bcf - <std[617be2ca0a6fd877]::sys::thread::unix::Thread>::new::thread_start
[INFO] [stdout]   18:     0x74ff45650dfa - <unknown>
[INFO] [stdout]   19:     0x74ff456e43d4 - clone
[INFO] [stdout]   20:                0x0 - <unknown>
[INFO] [stdout] 
[INFO] [stdout] ---- detector::file_command_mime_detector_tests::test_detect_file_by_content_propagates_runner_timeout stdout ----
[INFO] [stdout] 
[INFO] [stdout] thread 'detector::file_command_mime_detector_tests::test_detect_file_by_content_propagates_runner_timeout' (1452) panicked at tests/detector/file_command_mime_detector_tests.rs:119:10:
[INFO] [stdout] temporary command directory should be created: LocalFileError { kind: Io, operation: CreateTempDirectory, current_directory: Some("/opt/rustwide/workdir"), path: Some("/opt/rustwide/workdir"), target: None, reason: None, source: Some(Io(Custom { kind: ReadOnlyFilesystem, error: PathIoError { operation: "create temporary directory", path: "/opt/rustwide/workdir/sandbox-18dfa6d942ceea13-559-afb13a770f422f0aaa6a5bb516aeb191", source: Os { code: 30, kind: ReadOnlyFilesystem, message: "Read-only file system" } } })), cleanup_error: None }
[INFO] [stdout] stack backtrace:
[INFO] [stdout]    0:     0x5870f82358a1 - <<std[617be2ca0a6fd877]::sys::backtrace::BacktraceLock>::print::DisplayBacktrace as core[a373ad73a504971]::fmt::Display>::fmt
[INFO] [stdout]    1:     0x5870f824d4da - core[a373ad73a504971]::fmt::write
[INFO] [stdout]    2:     0x5870f823a5cc - <alloc[2e1b2a31b91974c5]::vec::Vec<u8> as core[a373ad73a504971]::io::write::Write>::write_fmt
[INFO] [stdout]    3:     0x5870f820d246 - std[617be2ca0a6fd877]::panicking::default_hook::{closure#0}
[INFO] [stdout]    4:     0x5870f822bf59 - std[617be2ca0a6fd877]::panicking::default_hook
[INFO] [stdout]    5:     0x5870f7f80080 - test[aada8e7e76ba119b]::test_main_inner::{closure#0}
[INFO] [stdout]    6:     0x5870f822c282 - std[617be2ca0a6fd877]::panicking::panic_with_hook
[INFO] [stdout]    7:     0x5870f820d2f2 - std[617be2ca0a6fd877]::panicking::panic_handler::{closure#0}
[INFO] [stdout]    8:     0x5870f8205a69 - std[617be2ca0a6fd877]::sys::backtrace::__rust_end_short_backtrace::<std[617be2ca0a6fd877]::panicking::panic_handler::{closure#0}, !>
[INFO] [stdout]    9:     0x5870f820e3bd - __rustc[ea4f61d10b84890b]::rust_begin_unwind
[INFO] [stdout]   10:     0x5870f824dcbc - core[a373ad73a504971]::panicking::panic_fmt
[INFO] [stdout]   11:     0x5870f824da92 - core[a373ad73a504971]::result::unwrap_failed
[INFO] [stdout]   12:     0x5870f7f12246 - <mod[73a4ac307caf2db6]::detector::file_command_mime_detector_tests::test_detect_file_by_content_propagates_runner_timeout::{closure#0} as core[a373ad73a504971]::ops::function::FnOnce<()>>::call_once
[INFO] [stdout]   13:     0x5870f7f734cb - test[aada8e7e76ba119b]::__rust_begin_short_backtrace::<core[a373ad73a504971]::result::Result<(), alloc[2e1b2a31b91974c5]::string::String>, fn() -> core[a373ad73a504971]::result::Result<(), alloc[2e1b2a31b91974c5]::string::String>>
[INFO] [stdout]   14:     0x5870f7f806a5 - test[aada8e7e76ba119b]::run_test::{closure#0}
[INFO] [stdout]   15:     0x5870f7f79f94 - std[617be2ca0a6fd877]::sys::backtrace::__rust_begin_short_backtrace::<test[aada8e7e76ba119b]::run_test::{closure#1}, ()>
[INFO] [stdout]   16:     0x5870f7f83732 - <std[617be2ca0a6fd877]::thread::lifecycle::spawn_unchecked<test[aada8e7e76ba119b]::run_test::{closure#1}, ()>::{closure#1} as core[a373ad73a504971]::ops::function::FnOnce<()>>::call_once::{shim:vtable#0}
[INFO] [stdout]   17:     0x5870f8234bcf - <std[617be2ca0a6fd877]::sys::thread::unix::Thread>::new::thread_start
[INFO] [stdout]   18:     0x74ff45650dfa - <unknown>
[INFO] [stdout]   19:     0x74ff456e43d4 - clone
[INFO] [stdout]   20:                0x0 - <unknown>
[INFO] [stdout] 
[INFO] [stdout] ---- detector::file_command_mime_detector_tests::test_detect_file_by_content_reads_file_command_stdout stdout ----
[INFO] [stdout] 
[INFO] [stdout] thread 'detector::file_command_mime_detector_tests::test_detect_file_by_content_reads_file_command_stdout' (1453) panicked at tests/detector/file_command_mime_detector_tests.rs:152:10:
[INFO] [stdout] temporary command directory should be created: LocalFileError { kind: Io, operation: CreateTempDirectory, current_directory: Some("/opt/rustwide/workdir"), path: Some("/opt/rustwide/workdir"), target: None, reason: None, source: Some(Io(Custom { kind: ReadOnlyFilesystem, error: PathIoError { operation: "create temporary directory", path: "/opt/rustwide/workdir/sandbox-18dfa6d942d20bad-559-f53d340cb0d54e432872d1a1b14fbf30", source: Os { code: 30, kind: ReadOnlyFilesystem, message: "Read-only file system" } } })), cleanup_error: None }
[INFO] [stdout] stack backtrace:
[INFO] [stdout]    0:     0x5870f82358a1 - <<std[617be2ca0a6fd877]::sys::backtrace::BacktraceLock>::print::DisplayBacktrace as core[a373ad73a504971]::fmt::Display>::fmt
[INFO] [stdout]    1:     0x5870f824d4da - core[a373ad73a504971]::fmt::write
[INFO] [stdout]    2:     0x5870f823a5cc - <alloc[2e1b2a31b91974c5]::vec::Vec<u8> as core[a373ad73a504971]::io::write::Write>::write_fmt
[INFO] [stdout]    3:     0x5870f820d246 - std[617be2ca0a6fd877]::panicking::default_hook::{closure#0}
[INFO] [stdout]    4:     0x5870f822bf59 - std[617be2ca0a6fd877]::panicking::default_hook
[INFO] [stdout]    5:     0x5870f7f80080 - test[aada8e7e76ba119b]::test_main_inner::{closure#0}
[INFO] [stdout]    6:     0x5870f822c282 - std[617be2ca0a6fd877]::panicking::panic_with_hook
[INFO] [stdout]    7:     0x5870f820d2f2 - std[617be2ca0a6fd877]::panicking::panic_handler::{closure#0}
[INFO] [stdout]    8:     0x5870f8205a69 - std[617be2ca0a6fd877]::sys::backtrace::__rust_end_short_backtrace::<std[617be2ca0a6fd877]::panicking::panic_handler::{closure#0}, !>
[INFO] [stdout]    9:     0x5870f820e3bd - __rustc[ea4f61d10b84890b]::rust_begin_unwind
[INFO] [stdout]   10:     0x5870f824dcbc - core[a373ad73a504971]::panicking::panic_fmt
[INFO] [stdout]   11:     0x5870f824da92 - core[a373ad73a504971]::result::unwrap_failed
[INFO] [stdout]   12:     0x5870f7f13391 - <mod[73a4ac307caf2db6]::detector::file_command_mime_detector_tests::test_detect_file_by_content_reads_file_command_stdout::{closure#0} as core[a373ad73a504971]::ops::function::FnOnce<()>>::call_once
[INFO] [stdout]   13:     0x5870f7f734cb - test[aada8e7e76ba119b]::__rust_begin_short_backtrace::<core[a373ad73a504971]::result::Result<(), alloc[2e1b2a31b91974c5]::string::String>, fn() -> core[a373ad73a504971]::result::Result<(), alloc[2e1b2a31b91974c5]::string::String>>
[INFO] [stdout]   14:     0x5870f7f806a5 - test[aada8e7e76ba119b]::run_test::{closure#0}
[INFO] [stdout]   15:     0x5870f7f79f94 - std[617be2ca0a6fd877]::sys::backtrace::__rust_begin_short_backtrace::<test[aada8e7e76ba119b]::run_test::{closure#1}, ()>
[INFO] [stdout]   16:     0x5870f7f83732 - <std[617be2ca0a6fd877]::thread::lifecycle::spawn_unchecked<test[aada8e7e76ba119b]::run_test::{closure#1}, ()>::{closure#1} as core[a373ad73a504971]::ops::function::FnOnce<()>>::call_once::{shim:vtable#0}
[INFO] [stdout]   17:     0x5870f8234bcf - <std[617be2ca0a6fd877]::sys::thread::unix::Thread>::new::thread_start
[INFO] [stdout]   18:     0x74ff45650dfa - <unknown>
[INFO] [stdout]   19:     0x74ff456e43d4 - clone
[INFO] [stdout]   20:                0x0 - <unknown>
[INFO] [stdout] 
[INFO] [stdout] ---- detector::file_based_mime_detector_tests::test_detect_reader_reports_temporary_file_creation_error stdout ----
[INFO] [stdout] 
[INFO] [stdout] thread 'detector::file_based_mime_detector_tests::test_detect_reader_reports_temporary_file_creation_error' (1444) panicked at tests/detector/file_based_mime_detector_tests.rs:214:10:
[INFO] [stdout] temporary parent directory should be created: LocalFileError { kind: Io, operation: CreateTempDirectory, current_directory: Some("/opt/rustwide/workdir"), path: Some("/opt/rustwide/workdir"), target: None, reason: None, source: Some(Io(Custom { kind: ReadOnlyFilesystem, error: PathIoError { operation: "create temporary directory", path: "/opt/rustwide/workdir/sandbox-18dfa6d942da3459-559-9cd3260554413273783d24e7d1da9a2a", source: Os { code: 30, kind: ReadOnlyFilesystem, message: "Read-only file system" } } })), cleanup_error: None }
[INFO] [stdout] stack backtrace:
[INFO] [stdout]    0:     0x5870f82358a1 - <<std[617be2ca0a6fd877]::sys::backtrace::BacktraceLock>::print::DisplayBacktrace as core[a373ad73a504971]::fmt::Display>::fmt
[INFO] [stdout]    1:     0x5870f824d4da - core[a373ad73a504971]::fmt::write
[INFO] [stdout]    2:     0x5870f823a5cc - <alloc[2e1b2a31b91974c5]::vec::Vec<u8> as core[a373ad73a504971]::io::write::Write>::write_fmt
[INFO] [stdout]    3:     0x5870f820d246 - std[617be2ca0a6fd877]::panicking::default_hook::{closure#0}
[INFO] [stdout]    4:     0x5870f822bf59 - std[617be2ca0a6fd877]::panicking::default_hook
[INFO] [stdout]    5:     0x5870f7f80080 - test[aada8e7e76ba119b]::test_main_inner::{closure#0}
[INFO] [stdout]    6:     0x5870f822c282 - std[617be2ca0a6fd877]::panicking::panic_with_hook
[INFO] [stdout]    7:     0x5870f820d2f2 - std[617be2ca0a6fd877]::panicking::panic_handler::{closure#0}
[INFO] [stdout]    8:     0x5870f8205a69 - std[617be2ca0a6fd877]::sys::backtrace::__rust_end_short_backtrace::<std[617be2ca0a6fd877]::panicking::panic_handler::{closure#0}, !>
[INFO] [stdout]    9:     0x5870f820e3bd - __rustc[ea4f61d10b84890b]::rust_begin_unwind
[INFO] [stdout]   10:     0x5870f824dcbc - core[a373ad73a504971]::panicking::panic_fmt
[INFO] [stdout]   11:     0x5870f824da92 - core[a373ad73a504971]::result::unwrap_failed
[INFO] [stdout]   12:     0x5870f7ef2fa0 - <mod[73a4ac307caf2db6]::detector::file_based_mime_detector_tests::test_detect_reader_reports_temporary_file_creation_error::{closure#0} as core[a373ad73a504971]::ops::function::FnOnce<()>>::call_once
[INFO] [stdout]   13:     0x5870f7f734cb - test[aada8e7e76ba119b]::__rust_begin_short_backtrace::<core[a373ad73a504971]::result::Result<(), alloc[2e1b2a31b91974c5]::string::String>, fn() -> core[a373ad73a504971]::result::Result<(), alloc[2e1b2a31b91974c5]::string::String>>
[INFO] [stdout]   14:     0x5870f7f806a5 - test[aada8e7e76ba119b]::run_test::{closure#0}
[INFO] [stdout]   15:     0x5870f7f79f94 - std[617be2ca0a6fd877]::sys::backtrace::__rust_begin_short_backtrace::<test[aada8e7e76ba119b]::run_test::{closure#1}, ()>
[INFO] [stdout]   16:     0x5870f7f83732 - <std[617be2ca0a6fd877]::thread::lifecycle::spawn_unchecked<test[aada8e7e76ba119b]::run_test::{closure#1}, ()>::{closure#1} as core[a373ad73a504971]::ops::function::FnOnce<()>>::call_once::{shim:vtable#0}
[INFO] [stdout]   17:     0x5870f8234bcf - <std[617be2ca0a6fd877]::sys::thread::unix::Thread>::new::thread_start
[INFO] [stdout]   18:     0x74ff45650dfa - <unknown>
[INFO] [stdout]   19:     0x74ff456e43d4 - clone
[INFO] [stdout]   20:                0x0 - <unknown>
[INFO] [stdout] 
[INFO] [stdout] ---- detector::file_command_mime_detector_tests::test_detect_file_by_content_rejects_invalid_utf8_stdout stdout ----
[INFO] [stdout] 
[INFO] [stdout] thread 'detector::file_command_mime_detector_tests::test_detect_file_by_content_rejects_invalid_utf8_stdout' (1454) panicked at tests/detector/file_command_mime_detector_tests.rs:268:10:
[INFO] [stdout] temporary command directory should be created: LocalFileError { kind: Io, operation: CreateTempDirectory, current_directory: Some("/opt/rustwide/workdir"), path: Some("/opt/rustwide/workdir"), target: None, reason: None, source: Some(Io(Custom { kind: ReadOnlyFilesystem, error: PathIoError { operation: "create temporary directory", path: "/opt/rustwide/workdir/sandbox-18dfa6d942ddf3cd-559-ae7c319981d699a55f303baab38cb2f4", source: Os { code: 30, kind: ReadOnlyFilesystem, message: "Read-only file system" } } })), cleanup_error: None }
[INFO] [stdout] stack backtrace:
[INFO] [stdout]    0:     0x5870f82358a1 - <<std[617be2ca0a6fd877]::sys::backtrace::BacktraceLock>::print::DisplayBacktrace as core[a373ad73a504971]::fmt::Display>::fmt
[INFO] [stdout]    1:     0x5870f824d4da - core[a373ad73a504971]::fmt::write
[INFO] [stdout]    2:     0x5870f823a5cc - <alloc[2e1b2a31b91974c5]::vec::Vec<u8> as core[a373ad73a504971]::io::write::Write>::write_fmt
[INFO] [stdout]    3:     0x5870f820d246 - std[617be2ca0a6fd877]::panicking::default_hook::{closure#0}
[INFO] [stdout]    4:     0x5870f822bf59 - std[617be2ca0a6fd877]::panicking::default_hook
[INFO] [stdout]    5:     0x5870f7f80080 - test[aada8e7e76ba119b]::test_main_inner::{closure#0}
[INFO] [stdout]    6:     0x5870f822c282 - std[617be2ca0a6fd877]::panicking::panic_with_hook
[INFO] [stdout]    7:     0x5870f820d2f2 - std[617be2ca0a6fd877]::panicking::panic_handler::{closure#0}
[INFO] [stdout]    8:     0x5870f8205a69 - std[617be2ca0a6fd877]::sys::backtrace::__rust_end_short_backtrace::<std[617be2ca0a6fd877]::panicking::panic_handler::{closure#0}, !>
[INFO] [stdout]    9:     0x5870f820e3bd - __rustc[ea4f61d10b84890b]::rust_begin_unwind
[INFO] [stdout]   10:     0x5870f824dcbc - core[a373ad73a504971]::panicking::panic_fmt
[INFO] [stdout]   11:     0x5870f824da92 - core[a373ad73a504971]::result::unwrap_failed
[INFO] [stdout]   12:     0x5870f7f14237 - <mod[73a4ac307caf2db6]::detector::file_command_mime_detector_tests::test_detect_file_by_content_rejects_invalid_utf8_stdout::{closure#0} as core[a373ad73a504971]::ops::function::FnOnce<()>>::call_once
[INFO] [stdout]   13:     0x5870f7f734cb - test[aada8e7e76ba119b]::__rust_begin_short_backtrace::<core[a373ad73a504971]::result::Result<(), alloc[2e1b2a31b91974c5]::string::String>, fn() -> core[a373ad73a504971]::result::Result<(), alloc[2e1b2a31b91974c5]::string::String>>
[INFO] [stdout]   14:     0x5870f7f806a5 - test[aada8e7e76ba119b]::run_test::{closure#0}
[INFO] [stdout]   15:     0x5870f7f79f94 - std[617be2ca0a6fd877]::sys::backtrace::__rust_begin_short_backtrace::<test[aada8e7e76ba119b]::run_test::{closure#1}, ()>
[INFO] [stdout]   16:     0x5870f7f83732 - <std[617be2ca0a6fd877]::thread::lifecycle::spawn_unchecked<test[aada8e7e76ba119b]::run_test::{closure#1}, ()>::{closure#1} as core[a373ad73a504971]::ops::function::FnOnce<()>>::call_once::{shim:vtable#0}
[INFO] [stdout]   17:     0x5870f8234bcf - <std[617be2ca0a6fd877]::sys::thread::unix::Thread>::new::thread_start
[INFO] [stdout]   18:     0x74ff45650dfa - <unknown>
[INFO] [stdout]   19:     0x74ff456e43d4 - clone
[INFO] [stdout]   20:                0x0 - <unknown>
[INFO] [stdout] 
[INFO] [stdout] ---- detector::file_command_mime_detector_tests::test_file_command_error_redacts_input_path stdout ----
[INFO] [stdout] 
[INFO] [stdout] thread 'detector::file_command_mime_detector_tests::test_file_command_error_redacts_input_path' (1460) panicked at tests/detector/file_command_mime_detector_tests.rs:301:10:
[INFO] [stdout] temporary command directory should be created: LocalFileError { kind: Io, operation: CreateTempDirectory, current_directory: Some("/opt/rustwide/workdir"), path: Some("/opt/rustwide/workdir"), target: None, reason: None, source: Some(Io(Custom { kind: ReadOnlyFilesystem, error: PathIoError { operation: "create temporary directory", path: "/opt/rustwide/workdir/sandbox-18dfa6d942d2fd33-559-eea2511c2cd441cf9fd951087c630447", source: Os { code: 30, kind: ReadOnlyFilesystem, message: "Read-only file system" } } })), cleanup_error: None }
[INFO] [stdout] stack backtrace:
[INFO] [stdout]    0:     0x5870f82358a1 - <<std[617be2ca0a6fd877]::sys::backtrace::BacktraceLock>::print::DisplayBacktrace as core[a373ad73a504971]::fmt::Display>::fmt
[INFO] [stdout]    1:     0x5870f824d4da - core[a373ad73a504971]::fmt::write
[INFO] [stdout]    2:     0x5870f823a5cc - <alloc[2e1b2a31b91974c5]::vec::Vec<u8> as core[a373ad73a504971]::io::write::Write>::write_fmt
[INFO] [stdout]    3:     0x5870f820d246 - std[617be2ca0a6fd877]::panicking::default_hook::{closure#0}
[INFO] [stdout]    4:     0x5870f822bf59 - std[617be2ca0a6fd877]::panicking::default_hook
[INFO] [stdout]    5:     0x5870f7f80080 - test[aada8e7e76ba119b]::test_main_inner::{closure#0}
[INFO] [stdout]    6:     0x5870f822c282 - std[617be2ca0a6fd877]::panicking::panic_with_hook
[INFO] [stdout]    7:     0x5870f820d2f2 - std[617be2ca0a6fd877]::panicking::panic_handler::{closure#0}
[INFO] [stdout]    8:     0x5870f8205a69 - std[617be2ca0a6fd877]::sys::backtrace::__rust_end_short_backtrace::<std[617be2ca0a6fd877]::panicking::panic_handler::{closure#0}, !>
[INFO] [stdout]    9:     0x5870f820e3bd - __rustc[ea4f61d10b84890b]::rust_begin_unwind
[INFO] [stdout]   10:     0x5870f824dcbc - core[a373ad73a504971]::panicking::panic_fmt
[INFO] [stdout]   11:     0x5870f824da92 - core[a373ad73a504971]::result::unwrap_failed
[INFO] [stdout]   12:     0x5870f7f10a09 - <mod[73a4ac307caf2db6]::detector::file_command_mime_detector_tests::test_file_command_error_redacts_input_path::{closure#0} as core[a373ad73a504971]::ops::function::FnOnce<()>>::call_once
[INFO] [stdout]   13:     0x5870f7f734cb - test[aada8e7e76ba119b]::__rust_begin_short_backtrace::<core[a373ad73a504971]::result::Result<(), alloc[2e1b2a31b91974c5]::string::String>, fn() -> core[a373ad73a504971]::result::Result<(), alloc[2e1b2a31b91974c5]::string::String>>
[INFO] [stdout]   14:     0x5870f7f806a5 - test[aada8e7e76ba119b]::run_test::{closure#0}
[INFO] [stdout]   15:     0x5870f7f79f94 - std[617be2ca0a6fd877]::sys::backtrace::__rust_begin_short_backtrace::<test[aada8e7e76ba119b]::run_test::{closure#1}, ()>
[INFO] [stdout]   16:     0x5870f7f83732 - <std[617be2ca0a6fd877]::thread::lifecycle::spawn_unchecked<test[aada8e7e76ba119b]::run_test::{closure#1}, ()>::{closure#1} as core[a373ad73a504971]::ops::function::FnOnce<()>>::call_once::{shim:vtable#0}
[INFO] [stderr] error: test failed, to rerun pass `--test mod`
[INFO] [stdout]   17:     0x5870f8234bcf - <std[617be2ca0a6fd877]::sys::thread::unix::Thread>::new::thread_start
[INFO] [stdout]   18:     0x74ff45650dfa - <unknown>
[INFO] [stdout]   19:     0x74ff456e43d4 - clone
[INFO] [stdout]   20:                0x0 - <unknown>
[INFO] [stdout] 
[INFO] [stdout] ---- detector::file_command_mime_detector_tests::test_detect_file_by_content_returns_none_for_empty_stdout stdout ----
[INFO] [stdout] 
[INFO] [stdout] thread 'detector::file_command_mime_detector_tests::test_detect_file_by_content_returns_none_for_empty_stdout' (1455) panicked at tests/detector/file_command_mime_detector_tests.rs:238:10:
[INFO] [stdout] temporary command directory should be created: LocalFileError { kind: Io, operation: CreateTempDirectory, current_directory: Some("/opt/rustwide/workdir"), path: Some("/opt/rustwide/workdir"), target: None, reason: None, source: Some(Io(Custom { kind: ReadOnlyFilesystem, error: PathIoError { operation: "create temporary directory", path: "/opt/rustwide/workdir/sandbox-18dfa6d942ce51e3-559-05857e4b8451735bee1a4b9028fe2124", source: Os { code: 30, kind: ReadOnlyFilesystem, message: "Read-only file system" } } })), cleanup_error: None }
[INFO] [stdout] stack backtrace:
[INFO] [stdout]    0:     0x5870f82358a1 - <<std[617be2ca0a6fd877]::sys::backtrace::BacktraceLock>::print::DisplayBacktrace as core[a373ad73a504971]::fmt::Display>::fmt
[INFO] [stdout]    1:     0x5870f824d4da - core[a373ad73a504971]::fmt::write
[INFO] [stdout]    2:     0x5870f823a5cc - <alloc[2e1b2a31b91974c5]::vec::Vec<u8> as core[a373ad73a504971]::io::write::Write>::write_fmt
[INFO] [stdout]    3:     0x5870f820d246 - std[617be2ca0a6fd877]::panicking::default_hook::{closure#0}
[INFO] [stdout]    4:     0x5870f822bf59 - std[617be2ca0a6fd877]::panicking::default_hook
[INFO] [stdout]    5:     0x5870f7f80080 - test[aada8e7e76ba119b]::test_main_inner::{closure#0}
[INFO] [stdout]    6:     0x5870f822c282 - std[617be2ca0a6fd877]::panicking::panic_with_hook
[INFO] [stdout]    7:     0x5870f820d2f2 - std[617be2ca0a6fd877]::panicking::panic_handler::{closure#0}
[INFO] [stdout]    8:     0x5870f8205a69 - std[617be2ca0a6fd877]::sys::backtrace::__rust_end_short_backtrace::<std[617be2ca0a6fd877]::panicking::panic_handler::{closure#0}, !>
[INFO] [stdout]    9:     0x5870f820e3bd - __rustc[ea4f61d10b84890b]::rust_begin_unwind
[INFO] [stdout]   10:     0x5870f824dcbc - core[a373ad73a504971]::panicking::panic_fmt
[INFO] [stdout]   11:     0x5870f824da92 - core[a373ad73a504971]::result::unwrap_failed
[INFO] [stdout]   12:     0x5870f7f14cbb - <mod[73a4ac307caf2db6]::detector::file_command_mime_detector_tests::test_detect_file_by_content_returns_none_for_empty_stdout::{closure#0} as core[a373ad73a504971]::ops::function::FnOnce<()>>::call_once
[INFO] [stdout]   13:     0x5870f7f734cb - test[aada8e7e76ba119b]::__rust_begin_short_backtrace::<core[a373ad73a504971]::result::Result<(), alloc[2e1b2a31b91974c5]::string::String>, fn() -> core[a373ad73a504971]::result::Result<(), alloc[2e1b2a31b91974c5]::string::String>>
[INFO] [stdout]   14:     0x5870f7f806a5 - test[aada8e7e76ba119b]::run_test::{closure#0}
[INFO] [stdout]   15:     0x5870f7f79f94 - std[617be2ca0a6fd877]::sys::backtrace::__rust_begin_short_backtrace::<test[aada8e7e76ba119b]::run_test::{closure#1}, ()>
[INFO] [stdout]   16:     0x5870f7f83732 - <std[617be2ca0a6fd877]::thread::lifecycle::spawn_unchecked<test[aada8e7e76ba119b]::run_test::{closure#1}, ()>::{closure#1} as core[a373ad73a504971]::ops::function::FnOnce<()>>::call_once::{shim:vtable#0}
[INFO] [stdout]   17:     0x5870f8234bcf - <std[617be2ca0a6fd877]::sys::thread::unix::Thread>::new::thread_start
[INFO] [stdout]   18:     0x74ff45650dfa - <unknown>
[INFO] [stdout]   19:     0x74ff456e43d4 - clone
[INFO] [stdout]   20:                0x0 - <unknown>
[INFO] [stdout] 
[INFO] [stdout] ---- detector::file_command_mime_detector_tests::test_file_command_contract_checks_truncation_and_actual_exit_status stdout ----
[INFO] [stdout] 
[INFO] [stdout] thread 'detector::file_command_mime_detector_tests::test_file_command_contract_checks_truncation_and_actual_exit_status' (1456) panicked at tests/detector/file_command_mime_detector_tests.rs:380:10:
[INFO] [stdout] fixture directory created: LocalFileError { kind: Io, operation: CreateTempDirectory, current_directory: Some("/opt/rustwide/workdir"), path: Some("/opt/rustwide/workdir"), target: None, reason: None, source: Some(Io(Custom { kind: ReadOnlyFilesystem, error: PathIoError { operation: "create temporary directory", path: "/opt/rustwide/workdir/sandbox-18dfa6d942cfbe89-559-565be347e2364de2d21177e4038d7562", source: Os { code: 30, kind: ReadOnlyFilesystem, message: "Read-only file system" } } })), cleanup_error: None }
[INFO] [stdout] stack backtrace:
[INFO] [stdout]    0:     0x5870f82358a1 - <<std[617be2ca0a6fd877]::sys::backtrace::BacktraceLock>::print::DisplayBacktrace as core[a373ad73a504971]::fmt::Display>::fmt
[INFO] [stdout]    1:     0x5870f824d4da - core[a373ad73a504971]::fmt::write
[INFO] [stdout]    2:     0x5870f823a5cc - <alloc[2e1b2a31b91974c5]::vec::Vec<u8> as core[a373ad73a504971]::io::write::Write>::write_fmt
[INFO] [stdout]    3:     0x5870f820d246 - std[617be2ca0a6fd877]::panicking::default_hook::{closure#0}
[INFO] [stdout]    4:     0x5870f822bf59 - std[617be2ca0a6fd877]::panicking::default_hook
[INFO] [stdout]    5:     0x5870f7f80080 - test[aada8e7e76ba119b]::test_main_inner::{closure#0}
[INFO] [stdout]    6:     0x5870f822c282 - std[617be2ca0a6fd877]::panicking::panic_with_hook
[INFO] [stdout]    7:     0x5870f820d2f2 - std[617be2ca0a6fd877]::panicking::panic_handler::{closure#0}
[INFO] [stdout]    8:     0x5870f8205a69 - std[617be2ca0a6fd877]::sys::backtrace::__rust_end_short_backtrace::<std[617be2ca0a6fd877]::panicking::panic_handler::{closure#0}, !>
[INFO] [stdout]    9:     0x5870f820e3bd - __rustc[ea4f61d10b84890b]::rust_begin_unwind
[INFO] [stdout]   10:     0x5870f824dcbc - core[a373ad73a504971]::panicking::panic_fmt
[INFO] [stdout]   11:     0x5870f824da92 - core[a373ad73a504971]::result::unwrap_failed
[INFO] [stdout]   12:     0x5870f7f18091 - <mod[73a4ac307caf2db6]::detector::file_command_mime_detector_tests::test_file_command_contract_checks_truncation_and_actual_exit_status::{closure#0} as core[a373ad73a504971]::ops::function::FnOnce<()>>::call_once
[INFO] [stdout]   13:     0x5870f7f734cb - test[aada8e7e76ba119b]::__rust_begin_short_backtrace::<core[a373ad73a504971]::result::Result<(), alloc[2e1b2a31b91974c5]::string::String>, fn() -> core[a373ad73a504971]::result::Result<(), alloc[2e1b2a31b91974c5]::string::String>>
[INFO] [stdout]   14:     0x5870f7f806a5 - test[aada8e7e76ba119b]::run_test::{closure#0}
[INFO] [stdout]   15:     0x5870f7f79f94 - std[617be2ca0a6fd877]::sys::backtrace::__rust_begin_short_backtrace::<test[aada8e7e76ba119b]::run_test::{closure#1}, ()>
[INFO] [stdout]   16:     0x5870f7f83732 - <std[617be2ca0a6fd877]::thread::lifecycle::spawn_unchecked<test[aada8e7e76ba119b]::run_test::{closure#1}, ()>::{closure#1} as core[a373ad73a504971]::ops::function::FnOnce<()>>::call_once::{shim:vtable#0}
[INFO] [stdout]   17:     0x5870f8234bcf - <std[617be2ca0a6fd877]::sys::thread::unix::Thread>::new::thread_start
[INFO] [stdout]   18:     0x74ff45650dfa - <unknown>
[INFO] [stdout]   19:     0x74ff456e43d4 - clone
[INFO] [stdout]   20:                0x0 - <unknown>
[INFO] [stdout] 
[INFO] [stdout] ---- detector::mime_detector_tests::test_mime_detector_backend_defaults_read_reader_and_file_prefix stdout ----
[INFO] [stdout] 
[INFO] [stdout] thread 'detector::mime_detector_tests::test_mime_detector_backend_defaults_read_reader_and_file_prefix' (1503) panicked at tests/detector/mime_detector_tests.rs:301:10:
[INFO] [stdout] temp file should be created: LocalFileError { kind: Io, operation: CreateTempFile, current_directory: Some("/opt/rustwide/workdir"), path: Some("/opt/rustwide/workdir"), target: None, reason: None, source: Some(Io(Custom { kind: ReadOnlyFilesystem, error: PathIoError { operation: "create temporary directory", path: "/opt/rustwide/workdir/sandbox-18dfa6d9440c4925-559-82ef464e875325345bf018b6fcf4c110", source: Os { code: 30, kind: ReadOnlyFilesystem, message: "Read-only file system" } } })), cleanup_error: None }
[INFO] [stdout] stack backtrace:
[INFO] [stdout]    0:     0x5870f82358a1 - <<std[617be2ca0a6fd877]::sys::backtrace::BacktraceLock>::print::DisplayBacktrace as core[a373ad73a504971]::fmt::Display>::fmt
[INFO] [stdout]    1:     0x5870f824d4da - core[a373ad73a504971]::fmt::write
[INFO] [stdout]    2:     0x5870f823a5cc - <alloc[2e1b2a31b91974c5]::vec::Vec<u8> as core[a373ad73a504971]::io::write::Write>::write_fmt
[INFO] [stdout]    3:     0x5870f820d246 - std[617be2ca0a6fd877]::panicking::default_hook::{closure#0}
[INFO] [stdout]    4:     0x5870f822bf59 - std[617be2ca0a6fd877]::panicking::default_hook
[INFO] [stdout]    5:     0x5870f7f80080 - test[aada8e7e76ba119b]::test_main_inner::{closure#0}
[INFO] [stdout]    6:     0x5870f822c282 - std[617be2ca0a6fd877]::panicking::panic_with_hook
[INFO] [stdout]    7:     0x5870f820d2f2 - std[617be2ca0a6fd877]::panicking::panic_handler::{closure#0}
[INFO] [stdout]    8:     0x5870f8205a69 - std[617be2ca0a6fd877]::sys::backtrace::__rust_end_short_backtrace::<std[617be2ca0a6fd877]::panicking::panic_handler::{closure#0}, !>
[INFO] [stdout]    9:     0x5870f820e3bd - __rustc[ea4f61d10b84890b]::rust_begin_unwind
[INFO] [stdout]   10:     0x5870f824dcbc - core[a373ad73a504971]::panicking::panic_fmt
[INFO] [stdout]   11:     0x5870f824da92 - core[a373ad73a504971]::result::unwrap_failed
[INFO] [stdout]   12:     0x5870f7f5e54a - <mod[73a4ac307caf2db6]::detector::mime_detector_tests::test_mime_detector_backend_defaults_read_reader_and_file_prefix::{closure#0} as core[a373ad73a504971]::ops::function::FnOnce<()>>::call_once
[INFO] [stdout]   13:     0x5870f7f734cb - test[aada8e7e76ba119b]::__rust_begin_short_backtrace::<core[a373ad73a504971]::result::Result<(), alloc[2e1b2a31b91974c5]::string::String>, fn() -> core[a373ad73a504971]::result::Result<(), alloc[2e1b2a31b91974c5]::string::String>>
[INFO] [stdout]   14:     0x5870f7f806a5 - test[aada8e7e76ba119b]::run_test::{closure#0}
[INFO] [stdout]   15:     0x5870f7f79f94 - std[617be2ca0a6fd877]::sys::backtrace::__rust_begin_short_backtrace::<test[aada8e7e76ba119b]::run_test::{closure#1}, ()>
[INFO] [stdout]   16:     0x5870f7f83732 - <std[617be2ca0a6fd877]::thread::lifecycle::spawn_unchecked<test[aada8e7e76ba119b]::run_test::{closure#1}, ()>::{closure#1} as core[a373ad73a504971]::ops::function::FnOnce<()>>::call_once::{shim:vtable#0}
[INFO] [stdout]   17:     0x5870f8234bcf - <std[617be2ca0a6fd877]::sys::thread::unix::Thread>::new::thread_start
[INFO] [stdout]   18:     0x74ff45650dfa - <unknown>
[INFO] [stdout]   19:     0x74ff456e43d4 - clone
[INFO] [stdout]   20:                0x0 - <unknown>
[INFO] [stdout] 
[INFO] [stdout] ---- detector::mime_detector_tests::test_mime_detector_backend_prefer_filename_skips_reader_and_file_content stdout ----
[INFO] [stdout] 
[INFO] [stdout] thread 'detector::mime_detector_tests::test_mime_detector_backend_prefer_filename_skips_reader_and_file_content' (1504) panicked at tests/detector/mime_detector_tests.rs:325:10:
[INFO] [stdout] temp file should be created: LocalFileError { kind: Io, operation: CreateTempFile, current_directory: Some("/opt/rustwide/workdir"), path: Some("/opt/rustwide/workdir"), target: None, reason: None, source: Some(Io(Custom { kind: ReadOnlyFilesystem, error: PathIoError { operation: "create temporary directory", path: "/opt/rustwide/workdir/sandbox-18dfa6d9445c29ef-559-9e5bc5391855f0190d8955944320cfca", source: Os { code: 30, kind: ReadOnlyFilesystem, message: "Read-only file system" } } })), cleanup_error: None }
[INFO] [stdout] stack backtrace:
[INFO] [stdout]    0:     0x5870f82358a1 - <<std[617be2ca0a6fd877]::sys::backtrace::BacktraceLock>::print::DisplayBacktrace as core[a373ad73a504971]::fmt::Display>::fmt
[INFO] [stdout]    1:     0x5870f824d4da - core[a373ad73a504971]::fmt::write
[INFO] [stdout]    2:     0x5870f823a5cc - <alloc[2e1b2a31b91974c5]::vec::Vec<u8> as core[a373ad73a504971]::io::write::Write>::write_fmt
[INFO] [stdout]    3:     0x5870f820d246 - std[617be2ca0a6fd877]::panicking::default_hook::{closure#0}
[INFO] [stdout]    4:     0x5870f822bf59 - std[617be2ca0a6fd877]::panicking::default_hook
[INFO] [stdout]    5:     0x5870f7f80080 - test[aada8e7e76ba119b]::test_main_inner::{closure#0}
[INFO] [stdout]    6:     0x5870f822c282 - std[617be2ca0a6fd877]::panicking::panic_with_hook
[INFO] [stdout]    7:     0x5870f820d2f2 - std[617be2ca0a6fd877]::panicking::panic_handler::{closure#0}
[INFO] [stdout]    8:     0x5870f8205a69 - std[617be2ca0a6fd877]::sys::backtrace::__rust_end_short_backtrace::<std[617be2ca0a6fd877]::panicking::panic_handler::{closure#0}, !>
[INFO] [stdout]    9:     0x5870f820e3bd - __rustc[ea4f61d10b84890b]::rust_begin_unwind
[INFO] [stdout]   10:     0x5870f824dcbc - core[a373ad73a504971]::panicking::panic_fmt
[INFO] [stdout]   11:     0x5870f824da92 - core[a373ad73a504971]::result::unwrap_failed
[INFO] [stdout]   12:     0x5870f7f62110 - <mod[73a4ac307caf2db6]::detector::mime_detector_tests::test_mime_detector_backend_prefer_filename_skips_reader_and_file_content::{closure#0} as core[a373ad73a504971]::ops::function::FnOnce<()>>::call_once
[INFO] [stdout]   13:     0x5870f7f734cb - test[aada8e7e76ba119b]::__rust_begin_short_backtrace::<core[a373ad73a504971]::result::Result<(), alloc[2e1b2a31b91974c5]::string::String>, fn() -> core[a373ad73a504971]::result::Result<(), alloc[2e1b2a31b91974c5]::string::String>>
[INFO] [stdout]   14:     0x5870f7f806a5 - test[aada8e7e76ba119b]::run_test::{closure#0}
[INFO] [stdout]   15:     0x5870f7f79f94 - std[617be2ca0a6fd877]::sys::backtrace::__rust_begin_short_backtrace::<test[aada8e7e76ba119b]::run_test::{closure#1}, ()>
[INFO] [stdout]   16:     0x5870f7f83732 - <std[617be2ca0a6fd877]::thread::lifecycle::spawn_unchecked<test[aada8e7e76ba119b]::run_test::{closure#1}, ()>::{closure#1} as core[a373ad73a504971]::ops::function::FnOnce<()>>::call_once::{shim:vtable#0}
[INFO] [stdout]   17:     0x5870f8234bcf - <std[617be2ca0a6fd877]::sys::thread::unix::Thread>::new::thread_start
[INFO] [stdout]   18:     0x74ff45650dfa - <unknown>
[INFO] [stdout]   19:     0x74ff456e43d4 - clone
[INFO] [stdout]   20:                0x0 - <unknown>
[INFO] [stdout] 
[INFO] [stdout] ---- detector::mime_detector_tests::test_mime_detector_trait_supports_reader_and_file_detection stdout ----
[INFO] [stdout] 
[INFO] [stdout] thread 'detector::mime_detector_tests::test_mime_detector_trait_supports_reader_and_file_detection' (1515) panicked at tests/detector/mime_detector_tests.rs:147:10:
[INFO] [stdout] temp file should be created: LocalFileError { kind: Io, operation: CreateTempFile, current_directory: Some("/opt/rustwide/workdir"), path: Some("/opt/rustwide/workdir"), target: None, reason: None, source: Some(Io(Custom { kind: ReadOnlyFilesystem, error: PathIoError { operation: "create temporary directory", path: "/opt/rustwide/workdir/sandbox-18dfa6d94b27fe38-559-50ac86c044a605514b978b360bd22f2c", source: Os { code: 30, kind: ReadOnlyFilesystem, message: "Read-only file system" } } })), cleanup_error: None }
[INFO] [stdout] stack backtrace:
[INFO] [stdout]    0:     0x5870f82358a1 - <<std[617be2ca0a6fd877]::sys::backtrace::BacktraceLock>::print::DisplayBacktrace as core[a373ad73a504971]::fmt::Display>::fmt
[INFO] [stdout]    1:     0x5870f824d4da - core[a373ad73a504971]::fmt::write
[INFO] [stdout]    2:     0x5870f823a5cc - <alloc[2e1b2a31b91974c5]::vec::Vec<u8> as core[a373ad73a504971]::io::write::Write>::write_fmt
[INFO] [stdout]    3:     0x5870f820d246 - std[617be2ca0a6fd877]::panicking::default_hook::{closure#0}
[INFO] [stdout]    4:     0x5870f822bf59 - std[617be2ca0a6fd877]::panicking::default_hook
[INFO] [stdout]    5:     0x5870f7f80080 - test[aada8e7e76ba119b]::test_main_inner::{closure#0}
[INFO] [stdout]    6:     0x5870f822c282 - std[617be2ca0a6fd877]::panicking::panic_with_hook
[INFO] [stdout]    7:     0x5870f820d2f2 - std[617be2ca0a6fd877]::panicking::panic_handler::{closure#0}
[INFO] [stdout]    8:     0x5870f8205a69 - std[617be2ca0a6fd877]::sys::backtrace::__rust_end_short_backtrace::<std[617be2ca0a6fd877]::panicking::panic_handler::{closure#0}, !>
[INFO] [stdout]    9:     0x5870f820e3bd - __rustc[ea4f61d10b84890b]::rust_begin_unwind
[INFO] [stdout]   10:     0x5870f824dcbc - core[a373ad73a504971]::panicking::panic_fmt
[INFO] [stdout]   11:     0x5870f824da92 - core[a373ad73a504971]::result::unwrap_failed
[INFO] [stdout]   12:     0x5870f7f5c80a - <mod[73a4ac307caf2db6]::detector::mime_detector_tests::test_mime_detector_trait_supports_reader_and_file_detection::{closure#0} as core[a373ad73a504971]::ops::function::FnOnce<()>>::call_once
[INFO] [stdout]   13:     0x5870f7f734cb - test[aada8e7e76ba119b]::__rust_begin_short_backtrace::<core[a373ad73a504971]::result::Result<(), alloc[2e1b2a31b91974c5]::string::String>, fn() -> core[a373ad73a504971]::result::Result<(), alloc[2e1b2a31b91974c5]::string::String>>
[INFO] [stdout]   14:     0x5870f7f806a5 - test[aada8e7e76ba119b]::run_test::{closure#0}
[INFO] [stdout]   15:     0x5870f7f79f94 - std[617be2ca0a6fd877]::sys::backtrace::__rust_begin_short_backtrace::<test[aada8e7e76ba119b]::run_test::{closure#1}, ()>
[INFO] [stdout]   16:     0x5870f7f83732 - <std[617be2ca0a6fd877]::thread::lifecycle::spawn_unchecked<test[aada8e7e76ba119b]::run_test::{closure#1}, ()>::{closure#1} as core[a373ad73a504971]::ops::function::FnOnce<()>>::call_once::{shim:vtable#0}
[INFO] [stdout]   17:     0x5870f8234bcf - <std[617be2ca0a6fd877]::sys::thread::unix::Thread>::new::thread_start
[INFO] [stdout]   18:     0x74ff45650dfa - <unknown>
[INFO] [stdout]   19:     0x74ff456e43d4 - clone
[INFO] [stdout]   20:                0x0 - <unknown>
[INFO] [stdout] 
[INFO] [stdout] ---- detector::mime_detector_tests::test_mime_detector_trait_supports_filesystem_path_detection stdout ----
[INFO] [stdout] 
[INFO] [stdout] thread 'detector::mime_detector_tests::test_mime_detector_trait_supports_filesystem_path_detection' (1514) panicked at tests/detector/mime_detector_tests.rs:169:10:
[INFO] [stdout] temp file should be created: LocalFileError { kind: Io, operation: CreateTempFile, current_directory: Some("/opt/rustwide/workdir"), path: Some("/opt/rustwide/workdir"), target: None, reason: None, source: Some(Io(Custom { kind: ReadOnlyFilesystem, error: PathIoError { operation: "create temporary directory", path: "/opt/rustwide/workdir/sandbox-18dfa6d94b3371f9-559-9be0f00015c3df395902e8fd6271b868", source: Os { code: 30, kind: ReadOnlyFilesystem, message: "Read-only file system" } } })), cleanup_error: None }
[INFO] [stdout] stack backtrace:
[INFO] [stdout]    0:     0x5870f82358a1 - <<std[617be2ca0a6fd877]::sys::backtrace::BacktraceLock>::print::DisplayBacktrace as core[a373ad73a504971]::fmt::Display>::fmt
[INFO] [stdout]    1:     0x5870f824d4da - core[a373ad73a504971]::fmt::write
[INFO] [stdout]    2:     0x5870f823a5cc - <alloc[2e1b2a31b91974c5]::vec::Vec<u8> as core[a373ad73a504971]::io::write::Write>::write_fmt
[INFO] [stdout]    3:     0x5870f820d246 - std[617be2ca0a6fd877]::panicking::default_hook::{closure#0}
[INFO] [stdout]    4:     0x5870f822bf59 - std[617be2ca0a6fd877]::panicking::default_hook
[INFO] [stdout]    5:     0x5870f7f80080 - test[aada8e7e76ba119b]::test_main_inner::{closure#0}
[INFO] [stdout]    6:     0x5870f822c282 - std[617be2ca0a6fd877]::panicking::panic_with_hook
[INFO] [stdout]    7:     0x5870f820d2f2 - std[617be2ca0a6fd877]::panicking::panic_handler::{closure#0}
[INFO] [stdout]    8:     0x5870f8205a69 - std[617be2ca0a6fd877]::sys::backtrace::__rust_end_short_backtrace::<std[617be2ca0a6fd877]::panicking::panic_handler::{closure#0}, !>
[INFO] [stdout]    9:     0x5870f820e3bd - __rustc[ea4f61d10b84890b]::rust_begin_unwind
[INFO] [stdout]   10:     0x5870f824dcbc - core[a373ad73a504971]::panicking::panic_fmt
[INFO] [stdout]   11:     0x5870f824da92 - core[a373ad73a504971]::result::unwrap_failed
[INFO] [stdout]   12:     0x5870f7f5bb4f - <mod[73a4ac307caf2db6]::detector::mime_detector_tests::test_mime_detector_trait_supports_filesystem_path_detection::{closure#0} as core[a373ad73a504971]::ops::function::FnOnce<()>>::call_once
[INFO] [stdout]   13:     0x5870f7f734cb - test[aada8e7e76ba119b]::__rust_begin_short_backtrace::<core[a373ad73a504971]::result::Result<(), alloc[2e1b2a31b91974c5]::string::String>, fn() -> core[a373ad73a504971]::result::Result<(), alloc[2e1b2a31b91974c5]::string::String>>
[INFO] [stdout]   14:     0x5870f7f806a5 - test[aada8e7e76ba119b]::run_test::{closure#0}
[INFO] [stdout]   15:     0x5870f7f79f94 - std[617be2ca0a6fd877]::sys::backtrace::__rust_begin_short_backtrace::<test[aada8e7e76ba119b]::run_test::{closure#1}, ()>
[INFO] [stdout]   16:     0x5870f7f83732 - <std[617be2ca0a6fd877]::thread::lifecycle::spawn_unchecked<test[aada8e7e76ba119b]::run_test::{closure#1}, ()>::{closure#1} as core[a373ad73a504971]::ops::function::FnOnce<()>>::call_once::{shim:vtable#0}
[INFO] [stdout]   17:     0x5870f8234bcf - <std[617be2ca0a6fd877]::sys::thread::unix::Thread>::new::thread_start
[INFO] [stdout]   18:     0x74ff45650dfa - <unknown>
[INFO] [stdout]   19:     0x74ff456e43d4 - clone
[INFO] [stdout]   20:                0x0 - <unknown>
[INFO] [stdout] 
[INFO] [stdout] ---- detector::repository_mime_detector_tests::test_detect_file_reads_file_and_uses_file_name stdout ----
[INFO] [stdout] 
[INFO] [stdout] thread 'detector::repository_mime_detector_tests::test_detect_file_reads_file_and_uses_file_name' (1526) panicked at tests/detector/repository_mime_detector_tests.rs:144:10:
[INFO] [stdout] temp file should be created: LocalFileError { kind: Io, operation: CreateTempFile, current_directory: Some("/opt/rustwide/workdir"), path: Some("/opt/rustwide/workdir"), target: None, reason: None, source: Some(Io(Custom { kind: ReadOnlyFilesystem, error: PathIoError { operation: "create temporary directory", path: "/opt/rustwide/workdir/sandbox-18dfa6d94b39dd10-559-8a7d0c9f5844824ca04f6230022f147a", source: Os { code: 30, kind: ReadOnlyFilesystem, message: "Read-only file system" } } })), cleanup_error: None }
[INFO] [stdout] stack backtrace:
[INFO] [stdout]    0:     0x5870f82358a1 - <<std[617be2ca0a6fd877]::sys::backtrace::BacktraceLock>::print::DisplayBacktrace as core[a373ad73a504971]::fmt::Display>::fmt
[INFO] [stdout]    1:     0x5870f824d4da - core[a373ad73a504971]::fmt::write
[INFO] [stdout]    2:     0x5870f823a5cc - <alloc[2e1b2a31b91974c5]::vec::Vec<u8> as core[a373ad73a504971]::io::write::Write>::write_fmt
[INFO] [stdout]    3:     0x5870f820d246 - std[617be2ca0a6fd877]::panicking::default_hook::{closure#0}
[INFO] [stdout]    4:     0x5870f822bf59 - std[617be2ca0a6fd877]::panicking::default_hook
[INFO] [stdout]    5:     0x5870f7f80080 - test[aada8e7e76ba119b]::test_main_inner::{closure#0}
[INFO] [stdout]    6:     0x5870f822c282 - std[617be2ca0a6fd877]::panicking::panic_with_hook
[INFO] [stdout]    7:     0x5870f820d2f2 - std[617be2ca0a6fd877]::panicking::panic_handler::{closure#0}
[INFO] [stdout]    8:     0x5870f8205a69 - std[617be2ca0a6fd877]::sys::backtrace::__rust_end_short_backtrace::<std[617be2ca0a6fd877]::panicking::panic_handler::{closure#0}, !>
[INFO] [stdout]    9:     0x5870f820e3bd - __rustc[ea4f61d10b84890b]::rust_begin_unwind
[INFO] [stdout]   10:     0x5870f824dcbc - core[a373ad73a504971]::panicking::panic_fmt
[INFO] [stdout]   11:     0x5870f824da92 - core[a373ad73a504971]::result::unwrap_failed
[INFO] [stdout]   12:     0x5870f7f7014d - <mod[73a4ac307caf2db6]::detector::repository_mime_detector_tests::test_detect_file_reads_file_and_uses_file_name::{closure#0} as core[a373ad73a504971]::ops::function::FnOnce<()>>::call_once
[INFO] [stdout]   13:     0x5870f7f734cb - test[aada8e7e76ba119b]::__rust_begin_short_backtrace::<core[a373ad73a504971]::result::Result<(), alloc[2e1b2a31b91974c5]::string::String>, fn() -> core[a373ad73a504971]::result::Result<(), alloc[2e1b2a31b91974c5]::string::String>>
[INFO] [stdout]   14:     0x5870f7f806a5 - test[aada8e7e76ba119b]::run_test::{closure#0}
[INFO] [stdout]   15:     0x5870f7f79f94 - std[617be2ca0a6fd877]::sys::backtrace::__rust_begin_short_backtrace::<test[aada8e7e76ba119b]::run_test::{closure#1}, ()>
[INFO] [stdout]   16:     0x5870f7f83732 - <std[617be2ca0a6fd877]::thread::lifecycle::spawn_unchecked<test[aada8e7e76ba119b]::run_test::{closure#1}, ()>::{closure#1} as core[a373ad73a504971]::ops::function::FnOnce<()>>::call_once::{shim:vtable#0}
[INFO] [stdout]   17:     0x5870f8234bcf - <std[617be2ca0a6fd877]::sys::thread::unix::Thread>::new::thread_start
[INFO] [stdout]   18:     0x74ff45650dfa - <unknown>
[INFO] [stdout]   19:     0x74ff456e43d4 - clone
[INFO] [stdout]   20:                0x0 - <unknown>
[INFO] [stdout] 
[INFO] [stdout] ---- detector::mime_runtime_tests::test_runtime_detector_retains_custom_repository_for_local_file stdout ----
[INFO] [stdout] 
[INFO] [stdout] thread 'detector::mime_runtime_tests::test_runtime_detector_retains_custom_repository_for_local_file' (1520) panicked at tests/detector/mime_runtime_tests.rs:55:10:
[INFO] [stdout] temporary report: LocalFileError { kind: Io, operation: CreateTempFile, current_directory: Some("/opt/rustwide/workdir"), path: Some("/opt/rustwide/workdir"), target: None, reason: None, source: Some(Io(Custom { kind: ReadOnlyFilesystem, error: PathIoError { operation: "create temporary directory", path: "/opt/rustwide/workdir/sandbox-18dfa6d94b33335c-559-4781223530713b1476e086708016cf4b", source: Os { code: 30, kind: ReadOnlyFilesystem, message: "Read-only file system" } } })), cleanup_error: None }
[INFO] [stdout] stack backtrace:
[INFO] [stdout]    0:     0x5870f82358a1 - <<std[617be2ca0a6fd877]::sys::backtrace::BacktraceLock>::print::DisplayBacktrace as core[a373ad73a504971]::fmt::Display>::fmt
[INFO] [stdout]    1:     0x5870f824d4da - core[a373ad73a504971]::fmt::write
[INFO] [stdout]    2:     0x5870f823a5cc - <alloc[2e1b2a31b91974c5]::vec::Vec<u8> as core[a373ad73a504971]::io::write::Write>::write_fmt
[INFO] [stdout]    3:     0x5870f820d246 - std[617be2ca0a6fd877]::panicking::default_hook::{closure#0}
[INFO] [stdout]    4:     0x5870f822bf59 - std[617be2ca0a6fd877]::panicking::default_hook
[INFO] [stdout]    5:     0x5870f7f80080 - test[aada8e7e76ba119b]::test_main_inner::{closure#0}
[INFO] [stdout]    6:     0x5870f822c282 - std[617be2ca0a6fd877]::panicking::panic_with_hook
[INFO] [stdout]    7:     0x5870f820d2f2 - std[617be2ca0a6fd877]::panicking::panic_handler::{closure#0}
[INFO] [stdout]    8:     0x5870f8205a69 - std[617be2ca0a6fd877]::sys::backtrace::__rust_end_short_backtrace::<std[617be2ca0a6fd877]::panicking::panic_handler::{closure#0}, !>
[INFO] [stdout]    9:     0x5870f820e3bd - __rustc[ea4f61d10b84890b]::rust_begin_unwind
[INFO] [stdout]   10:     0x5870f824dcbc - core[a373ad73a504971]::panicking::panic_fmt
[INFO] [stdout]   11:     0x5870f824da92 - core[a373ad73a504971]::result::unwrap_failed
[INFO] [stdout]   12:     0x5870f7f401a2 - <mod[73a4ac307caf2db6]::detector::mime_runtime_tests::test_runtime_detector_retains_custom_repository_for_local_file::{closure#0} as core[a373ad73a504971]::ops::function::FnOnce<()>>::call_once
[INFO] [stdout]   13:     0x5870f7f734cb - test[aada8e7e76ba119b]::__rust_begin_short_backtrace::<core[a373ad73a504971]::result::Result<(), alloc[2e1b2a31b91974c5]::string::String>, fn() -> core[a373ad73a504971]::result::Result<(), alloc[2e1b2a31b91974c5]::string::String>>
[INFO] [stdout]   14:     0x5870f7f806a5 - test[aada8e7e76ba119b]::run_test::{closure#0}
[INFO] [stdout]   15:     0x5870f7f79f94 - std[617be2ca0a6fd877]::sys::backtrace::__rust_begin_short_backtrace::<test[aada8e7e76ba119b]::run_test::{closure#1}, ()>
[INFO] [stdout]   16:     0x5870f7f83732 - <std[617be2ca0a6fd877]::thread::lifecycle::spawn_unchecked<test[aada8e7e76ba119b]::run_test::{closure#1}, ()>::{closure#1} as core[a373ad73a504971]::ops::function::FnOnce<()>>::call_once::{shim:vtable#0}
[INFO] [stdout]   17:     0x5870f8234bcf - <std[617be2ca0a6fd877]::sys::thread::unix::Thread>::new::thread_start
[INFO] [stdout]   18:     0x74ff45650dfa - <unknown>
[INFO] [stdout]   19:     0x74ff456e43d4 - clone
[INFO] [stdout]   20:                0x0 - <unknown>
[INFO] [stdout] 
[INFO] [stdout] ---- detector::stream_based_mime_detector_tests::test_detect_file_uses_stream_based_defaults stdout ----
[INFO] [stdout] 
[INFO] [stdout] thread 'detector::stream_based_mime_detector_tests::test_detect_file_uses_stream_based_defaults' (1528) panicked at tests/detector/stream_based_mime_detector_tests.rs:206:10:
[INFO] [stdout] temporary file should be created: LocalFileError { kind: Io, operation: CreateTempFile, current_directory: Some("/opt/rustwide/workdir"), path: Some("/opt/rustwide/workdir"), target: None, reason: None, source: Some(Io(Custom { kind: ReadOnlyFilesystem, error: PathIoError { operation: "create temporary directory", path: "/opt/rustwide/workdir/sandbox-18dfa6d94b4a4b09-559-76b620041c2a733a3f47b3524863bf8e", source: Os { code: 30, kind: ReadOnlyFilesystem, message: "Read-only file system" } } })), cleanup_error: None }
[INFO] [stdout] stack backtrace:
[INFO] [stdout]    0:     0x5870f82358a1 - <<std[617be2ca0a6fd877]::sys::backtrace::BacktraceLock>::print::DisplayBacktrace as core[a373ad73a504971]::fmt::Display>::fmt
[INFO] [stdout]    1:     0x5870f824d4da - core[a373ad73a504971]::fmt::write
[INFO] [stdout]    2:     0x5870f823a5cc - <alloc[2e1b2a31b91974c5]::vec::Vec<u8> as core[a373ad73a504971]::io::write::Write>::write_fmt
[INFO] [stdout]    3:     0x5870f820d246 - std[617be2ca0a6fd877]::panicking::default_hook::{closure#0}
[INFO] [stdout]    4:     0x5870f822bf59 - std[617be2ca0a6fd877]::panicking::default_hook
[INFO] [stdout]    5:     0x5870f7f80080 - test[aada8e7e76ba119b]::test_main_inner::{closure#0}
[INFO] [stdout]    6:     0x5870f822c282 - std[617be2ca0a6fd877]::panicking::panic_with_hook
[INFO] [stdout]    7:     0x5870f820d2f2 - std[617be2ca0a6fd877]::panicking::panic_handler::{closure#0}
[INFO] [stdout]    8:     0x5870f8205a69 - std[617be2ca0a6fd877]::sys::backtrace::__rust_end_short_backtrace::<std[617be2ca0a6fd877]::panicking::panic_handler::{closure#0}, !>
[INFO] [stdout]    9:     0x5870f820e3bd - __rustc[ea4f61d10b84890b]::rust_begin_unwind
[INFO] [stdout]   10:     0x5870f824dcbc - core[a373ad73a504971]::panicking::panic_fmt
[INFO] [stdout]   11:     0x5870f824da92 - core[a373ad73a504971]::result::unwrap_failed
[INFO] [stdout]   12:     0x5870f7f203cb - <mod[73a4ac307caf2db6]::detector::stream_based_mime_detector_tests::test_detect_file_uses_stream_based_defaults::{closure#0} as core[a373ad73a504971]::ops::function::FnOnce<()>>::call_once
[INFO] [stdout]   13:     0x5870f7f734cb - test[aada8e7e76ba119b]::__rust_begin_short_backtrace::<core[a373ad73a504971]::result::Result<(), alloc[2e1b2a31b91974c5]::string::String>, fn() -> core[a373ad73a504971]::result::Result<(), alloc[2e1b2a31b91974c5]::string::String>>
[INFO] [stdout]   14:     0x5870f7f806a5 - test[aada8e7e76ba119b]::run_test::{closure#0}
[INFO] [stdout]   15:     0x5870f7f79f94 - std[617be2ca0a6fd877]::sys::backtrace::__rust_begin_short_backtrace::<test[aada8e7e76ba119b]::run_test::{closure#1}, ()>
[INFO] [stdout]   16:     0x5870f7f83732 - <std[617be2ca0a6fd877]::thread::lifecycle::spawn_unchecked<test[aada8e7e76ba119b]::run_test::{closure#1}, ()>::{closure#1} as core[a373ad73a504971]::ops::function::FnOnce<()>>::call_once::{shim:vtable#0}
[INFO] [stdout]   17:     0x5870f8234bcf - <std[617be2ca0a6fd877]::sys::thread::unix::Thread>::new::thread_start
[INFO] [stdout]   18:     0x74ff45650dfa - <unknown>
[INFO] [stdout]   19:     0x74ff456e43d4 - clone
[INFO] [stdout]   20:                0x0 - <unknown>
[INFO] [stdout] 
[INFO] [stdout] ---- detector::stream_based_mime_detector_tests::test_guess_from_file_stream_rejects_directory_before_reading stdout ----
[INFO] [stdout] 
[INFO] [stdout] thread 'detector::stream_based_mime_detector_tests::test_guess_from_file_stream_rejects_directory_before_reading' (1534) panicked at tests/detector/stream_based_mime_detector_tests.rs:234:10:
[INFO] [stdout] temporary directory should be created: LocalFileError { kind: Io, operation: CreateTempDirectory, current_directory: Some("/opt/rustwide/workdir"), path: Some("/opt/rustwide/workdir"), target: None, reason: None, source: Some(Io(Custom { kind: ReadOnlyFilesystem, error: PathIoError { operation: "create temporary directory", path: "/opt/rustwide/workdir/sandbox-18dfa6d94bc55a6f-559-fe893b7d6de84a735156bd67b56f657e", source: Os { code: 30, kind: ReadOnlyFilesystem, message: "Read-only file system" } } })), cleanup_error: None }
[INFO] [stdout] stack backtrace:
[INFO] [stdout]    0:     0x5870f82358a1 - <<std[617be2ca0a6fd877]::sys::backtrace::BacktraceLock>::print::DisplayBacktrace as core[a373ad73a504971]::fmt::Display>::fmt
[INFO] [stdout]    1:     0x5870f824d4da - core[a373ad73a504971]::fmt::write
[INFO] [stdout]    2:     0x5870f823a5cc - <alloc[2e1b2a31b91974c5]::vec::Vec<u8> as core[a373ad73a504971]::io::write::Write>::write_fmt
[INFO] [stdout]    3:     0x5870f820d246 - std[617be2ca0a6fd877]::panicking::default_hook::{closure#0}
[INFO] [stdout]    4:     0x5870f822bf59 - std[617be2ca0a6fd877]::panicking::default_hook
[INFO] [stdout]    5:     0x5870f7f80080 - test[aada8e7e76ba119b]::test_main_inner::{closure#0}
[INFO] [stdout]    6:     0x5870f822c282 - std[617be2ca0a6fd877]::panicking::panic_with_hook
[INFO] [stdout]    7:     0x5870f820d2f2 - std[617be2ca0a6fd877]::panicking::panic_handler::{closure#0}
[INFO] [stdout]    8:     0x5870f8205a69 - std[617be2ca0a6fd877]::sys::backtrace::__rust_end_short_backtrace::<std[617be2ca0a6fd877]::panicking::panic_handler::{closure#0}, !>
[INFO] [stdout]    9:     0x5870f820e3bd - __rustc[ea4f61d10b84890b]::rust_begin_unwind
[INFO] [stdout]   10:     0x5870f824dcbc - core[a373ad73a504971]::panicking::panic_fmt
[INFO] [stdout]   11:     0x5870f824da92 - core[a373ad73a504971]::result::unwrap_failed
[INFO] [stdout]   12:     0x5870f7f21ee4 - <mod[73a4ac307caf2db6]::detector::stream_based_mime_detector_tests::test_guess_from_file_stream_rejects_directory_before_reading::{closure#0} as core[a373ad73a504971]::ops::function::FnOnce<()>>::call_once
[INFO] [stdout]   13:     0x5870f7f734cb - test[aada8e7e76ba119b]::__rust_begin_short_backtrace::<core[a373ad73a504971]::result::Result<(), alloc[2e1b2a31b91974c5]::string::String>, fn() -> core[a373ad73a504971]::result::Result<(), alloc[2e1b2a31b91974c5]::string::String>>
[INFO] [stdout]   14:     0x5870f7f806a5 - test[aada8e7e76ba119b]::run_test::{closure#0}
[INFO] [stdout]   15:     0x5870f7f79f94 - std[617be2ca0a6fd877]::sys::backtrace::__rust_begin_short_backtrace::<test[aada8e7e76ba119b]::run_test::{closure#1}, ()>
[INFO] [stdout]   16:     0x5870f7f83732 - <std[617be2ca0a6fd877]::thread::lifecycle::spawn_unchecked<test[aada8e7e76ba119b]::run_test::{closure#1}, ()>::{closure#1} as core[a373ad73a504971]::ops::function::FnOnce<()>>::call_once::{shim:vtable#0}
[INFO] [stdout]   17:     0x5870f8234bcf - <std[617be2ca0a6fd877]::sys::thread::unix::Thread>::new::thread_start
[INFO] [stdout]   18:     0x74ff45650dfa - <unknown>
[INFO] [stdout]   19:     0x74ff456e43d4 - clone
[INFO] [stdout]   20:                0x0 - <unknown>
[INFO] [stdout] 
[INFO] [stdout] 
[INFO] [stdout] failures:
[INFO] [stdout]     classifier::ffprobe_command_media_stream_classifier_tests::test_classify_file_maps_unexpected_ffprobe_exit_to_none
[INFO] [stdout]     classifier::ffprobe_command_media_stream_classifier_tests::test_classify_file_passes_path_through_ffprobe_input_option
[INFO] [stdout]     classifier::ffprobe_command_media_stream_classifier_tests::test_classify_file_propagates_ffprobe_start_error
[INFO] [stdout]     classifier::ffprobe_command_media_stream_classifier_tests::test_classify_file_rejects_invalid_utf8_stdout
[INFO] [stdout]     classifier::ffprobe_command_media_stream_classifier_tests::test_classify_file_uses_ffprobe_stdout_and_working_directory
[INFO] [stdout]     classifier::ffprobe_command_media_stream_classifier_tests::test_command_contract_rejects_truncation_and_uses_actual_exit_status
[INFO] [stdout]     classifier::media_stream_classifier_helpers_tests::test_media_stream_classifier_helpers_report_unreadable_file
[INFO] [stdout]     classifier::media_stream_classifier_registry_tests::test_ffprobe_provider_creates_classifier_when_command_is_available
[INFO] [stdout]     classifier::media_stream_classifier_tests::test_file_based_classifier_creates_missing_temporary_directory
[INFO] [stdout]     classifier::media_stream_classifier_tests::test_file_based_classifier_reports_temporary_file_creation_error
[INFO] [stdout]     detector::file_based_mime_detector_tests::test_detect_file_delegates_to_local_file_hook
[INFO] [stdout]     detector::file_based_mime_detector_tests::test_detect_reader_creates_missing_temporary_directory
[INFO] [stdout]     detector::file_based_mime_detector_tests::test_detect_reader_propagates_file_based_callback_error
[INFO] [stdout]     detector::file_based_mime_detector_tests::test_detect_reader_reports_temporary_file_creation_error
[INFO] [stdout]     detector::file_command_mime_detector_tests::test_detect_file_by_content_ends_file_option_parsing_before_path
[INFO] [stdout]     detector::file_command_mime_detector_tests::test_detect_file_by_content_propagates_runner_timeout
[INFO] [stdout]     detector::file_command_mime_detector_tests::test_detect_file_by_content_reads_file_command_stdout
[INFO] [stdout]     detector::file_command_mime_detector_tests::test_detect_file_by_content_rejects_invalid_utf8_stdout
[INFO] [stdout]     detector::file_command_mime_detector_tests::test_detect_file_by_content_returns_none_for_empty_stdout
[INFO] [stdout]     detector::file_command_mime_detector_tests::test_file_command_contract_checks_truncation_and_actual_exit_status
[INFO] [stdout]     detector::file_command_mime_detector_tests::test_file_command_error_redacts_input_path
[INFO] [stdout]     detector::mime_detector_tests::test_mime_detector_backend_defaults_read_reader_and_file_prefix
[INFO] [stdout]     detector::mime_detector_tests::test_mime_detector_backend_prefer_filename_skips_reader_and_file_content
[INFO] [stdout]     detector::mime_detector_tests::test_mime_detector_trait_supports_filesystem_path_detection
[INFO] [stdout]     detector::mime_detector_tests::test_mime_detector_trait_supports_reader_and_file_detection
[INFO] [stdout]     detector::mime_runtime_tests::test_runtime_detector_retains_custom_repository_for_local_file
[INFO] [stdout]     detector::repository_mime_detector_tests::test_detect_file_reads_file_and_uses_file_name
[INFO] [stdout]     detector::stream_based_mime_detector_tests::test_detect_file_uses_stream_based_defaults
[INFO] [stdout]     detector::stream_based_mime_detector_tests::test_guess_from_file_stream_rejects_directory_before_reading
[INFO] [stdout] 
[INFO] [stdout] test result: FAILED. 172 passed; 29 failed; 0 ignored; 0 measured; 0 filtered out; finished in 0.27s
[INFO] [stdout] 
[INFO] running `Command { std: "docker" "inspect" "2a532bb5a4a7c4f4c1c42988c800ff2fe662cd4232c5b2cc07970034b848b7e8", kill_on_drop: false }`
[INFO] running `Command { std: "docker" "rm" "-f" "2a532bb5a4a7c4f4c1c42988c800ff2fe662cd4232c5b2cc07970034b848b7e8", kill_on_drop: false }`
[INFO] [stdout] 2a532bb5a4a7c4f4c1c42988c800ff2fe662cd4232c5b2cc07970034b848b7e8
