[INFO] fetching crate qubit-lock 0.14.1...
[INFO] testing qubit-lock-0.14.1 against 1.100.0-beta.1+cargoflags=--release for beta-release-1.100-2
[INFO] extracting crate qubit-lock 0.14.1 into /workspace/builds/worker-7-tc2/source
[INFO] started tweaking crates.io crate qubit-lock 0.14.1
[INFO] removed 0 missing examples
[INFO] removed 0 missing tests
[INFO] finished tweaking crates.io crate qubit-lock 0.14.1
[INFO] tweaked toml for crates.io crate qubit-lock 0.14.1 written to /workspace/builds/worker-7-tc2/source/Cargo.toml
[INFO] validating manifest of crates.io crate qubit-lock 0.14.1 on toolchain 1.100.0-beta.1
[INFO] running `Command { std: CARGO_HOME="/workspace/cargo-home" RUSTUP_HOME="/workspace/rustup-home" "/workspace/cargo-home/bin/cargo" "+1.100.0-beta.1" "metadata" "--manifest-path" "Cargo.toml" "--no-deps", kill_on_drop: false }`
[INFO] crate crates.io crate qubit-lock 0.14.1 already has a lockfile, it will not be regenerated
[INFO] running `Command { std: CARGO_HOME="/workspace/cargo-home" RUSTUP_HOME="/workspace/rustup-home" "/workspace/cargo-home/bin/cargo" "+1.100.0-beta.1" "fetch" "--manifest-path" "Cargo.toml", kill_on_drop: false }`
[INFO] [stderr] warning: `package.homepage` is redundant with `package.repository`
[INFO] [stderr]    --> Cargo.toml:102:12
[INFO] [stderr]     |
[INFO] [stderr] 102 | homepage = "https://github.com/qubit-ltd/rs-lock"
[INFO] [stderr]     |            ^^^^^^^^^^^^^^^^^^^^^^^^^^^^^^^^^^^^^^
[INFO] [stderr] ...
[INFO] [stderr] 108 | repository = "https://github.com/qubit-ltd/rs-lock"
[INFO] [stderr]     |              --------------------------------------
[INFO] [stderr]     |
[INFO] [stderr]     = note: `cargo::redundant_homepage` is set to `warn` by default
[INFO] [stderr] help: consider removing `package.homepage`
[INFO] [stderr] warning: `qubit-lock` (manifest) generated 1 warning
[INFO] running `Command { std: "docker" "create" "-v" "/var/lib/crater-agent-workspace/builds/worker-7-tc2/source:/opt/rustwide/workdir:ro,Z" "-v" "/var/lib/crater-agent-workspace/builds/worker-7-tc2/target:/opt/rustwide/target:rw,Z" "-v" "/var/lib/crater-agent-workspace/cargo-home:/opt/rustwide/cargo-home:ro,Z" "-v" "/var/lib/crater-agent-workspace/rustup-home:/opt/rustwide/rustup-home:ro,Z" "-m" "1610612736" "--network" "none" "ghcr.io/rust-lang/crates-build-env/linux@sha256:77db811e55d90add9212f6832c23229e3de5f1c1f9905e8cb07319ea15df73ac" "sleep" "infinity", kill_on_drop: false }`
[INFO] [stdout] 6a612b66212e390a98e2574ee378e7cb76602ad1511adaf0f50384c4855d675c
[INFO] running `Command { std: "docker" "start" "6a612b66212e390a98e2574ee378e7cb76602ad1511adaf0f50384c4855d675c", kill_on_drop: false }`
[INFO] running `Command { std: "docker" "inspect" "6a612b66212e390a98e2574ee378e7cb76602ad1511adaf0f50384c4855d675c", kill_on_drop: false }`
[INFO] running `Command { std: "docker" "exec" "-e" "SOURCE_DIR=/opt/rustwide/workdir" "-e" "CARGO_HOME=/opt/rustwide/cargo-home" "-e" "RUSTUP_HOME=/opt/rustwide/rustup-home" "-e" "CARGO_TARGET_DIR=/opt/rustwide/target" "-w" "/opt/rustwide/workdir" "--user" "0:0" "6a612b66212e390a98e2574ee378e7cb76602ad1511adaf0f50384c4855d675c" "/opt/rustwide/cargo-home/bin/cargo" "+1.100.0-beta.1" "metadata" "--no-deps" "--format-version=1", kill_on_drop: false }`
[INFO] running `Command { std: "docker" "inspect" "6a612b66212e390a98e2574ee378e7cb76602ad1511adaf0f50384c4855d675c", kill_on_drop: false }`
[INFO] running `Command { std: "docker" "exec" "-e" "SOURCE_DIR=/opt/rustwide/workdir" "-e" "CARGO_HOME=/opt/rustwide/cargo-home" "-e" "RUSTUP_HOME=/opt/rustwide/rustup-home" "-e" "CARGO_TARGET_DIR=/opt/rustwide/target" "-e" "CARGO_INCREMENTAL=0" "-e" "RUST_BACKTRACE=full" "-e" "RUSTFLAGS=--cap-lints=warn" "-e" "RUSTDOCFLAGS=--cap-lints=warn" "-w" "/opt/rustwide/workdir" "--user" "0:0" "6a612b66212e390a98e2574ee378e7cb76602ad1511adaf0f50384c4855d675c" "/opt/rustwide/cargo-home/bin/cargo" "+1.100.0-beta.1" "build" "--frozen" "--message-format=json" "--release", kill_on_drop: false }`
[INFO] [stderr] warning: `package.homepage` is redundant with `package.repository`
[INFO] [stderr]    --> Cargo.toml:102:12
[INFO] [stderr]     |
[INFO] [stderr] 102 | homepage = "https://github.com/qubit-ltd/rs-lock"
[INFO] [stderr]     |            ^^^^^^^^^^^^^^^^^^^^^^^^^^^^^^^^^^^^^^
[INFO] [stderr] ...
[INFO] [stderr] 108 | repository = "https://github.com/qubit-ltd/rs-lock"
[INFO] [stderr]     |              --------------------------------------
[INFO] [stderr]     |
[INFO] [stderr]     = note: `cargo::redundant_homepage` is set to `warn` by default
[INFO] [stderr] help: consider removing `package.homepage`
[INFO] [stderr] warning: `qubit-lock` (manifest) generated 1 warning
[INFO] [stderr]    Compiling qubit-lock v0.14.1 (/opt/rustwide/workdir)
[INFO] [stderr]     Finished `release` profile [optimized] target(s) in 0.16s
[INFO] running `Command { std: "docker" "inspect" "6a612b66212e390a98e2574ee378e7cb76602ad1511adaf0f50384c4855d675c", kill_on_drop: false }`
[INFO] running `Command { std: "docker" "exec" "-e" "SOURCE_DIR=/opt/rustwide/workdir" "-e" "CARGO_HOME=/opt/rustwide/cargo-home" "-e" "RUSTUP_HOME=/opt/rustwide/rustup-home" "-e" "CARGO_TARGET_DIR=/opt/rustwide/target" "-e" "CARGO_INCREMENTAL=0" "-e" "RUST_BACKTRACE=full" "-e" "RUSTFLAGS=--cap-lints=warn" "-e" "RUSTDOCFLAGS=--cap-lints=warn" "-w" "/opt/rustwide/workdir" "--user" "0:0" "6a612b66212e390a98e2574ee378e7cb76602ad1511adaf0f50384c4855d675c" "/opt/rustwide/cargo-home/bin/cargo" "+1.100.0-beta.1" "test" "--frozen" "--no-run" "--message-format=json" "--release", kill_on_drop: false }`
[INFO] [stderr] warning: `package.homepage` is redundant with `package.repository`
[INFO] [stderr]    --> Cargo.toml:102:12
[INFO] [stderr]     |
[INFO] [stderr] 102 | homepage = "https://github.com/qubit-ltd/rs-lock"
[INFO] [stderr]     |            ^^^^^^^^^^^^^^^^^^^^^^^^^^^^^^^^^^^^^^
[INFO] [stderr] ...
[INFO] [stderr] 108 | repository = "https://github.com/qubit-ltd/rs-lock"
[INFO] [stderr]     |              --------------------------------------
[INFO] [stderr]     |
[INFO] [stderr]     = note: `cargo::redundant_homepage` is set to `warn` by default
[INFO] [stderr] help: consider removing `package.homepage`
[INFO] [stderr] warning: `qubit-lock` (manifest) generated 1 warning
[INFO] [stderr]    Compiling find-msvc-tools v0.1.11
[INFO] [stderr]    Compiling syn v3.0.4
[INFO] [stderr]    Compiling syn v2.0.119
[INFO] [stderr]    Compiling regex-syntax v0.8.11
[INFO] [stderr]    Compiling either v1.18.0
[INFO] [stderr]    Compiling clap_builder v4.6.6
[INFO] [stderr]    Compiling qubit-collections v0.2.0
[INFO] [stderr]    Compiling page_size v0.6.0
[INFO] [stderr]    Compiling semver v1.0.28
[INFO] [stderr]    Compiling cc v1.4.4
[INFO] [stderr]    Compiling itertools v0.13.0
[INFO] [stderr]    Compiling alloca v0.4.0
[INFO] [stderr]    Compiling regex-automata v0.4.18
[INFO] [stderr]    Compiling criterion-plot v0.8.2
[INFO] [stderr]    Compiling clap v4.6.6
[INFO] [stderr]    Compiling regex v1.13.1
[INFO] [stderr]    Compiling zerocopy-derive v0.8.56
[INFO] [stderr]    Compiling serde_derive v1.0.229
[INFO] [stderr]    Compiling thiserror-impl v2.0.20
[INFO] [stderr]    Compiling tokio-macros v2.7.2
[INFO] [stderr]    Compiling tokio v1.53.1
[INFO] [stderr]    Compiling zerocopy v0.8.56
[INFO] [stderr]    Compiling thiserror v2.0.20
[INFO] [stderr]    Compiling qubit-clock v0.13.0
[INFO] [stderr]    Compiling serde v1.0.229
[INFO] [stderr]    Compiling tinytemplate v1.2.1
[INFO] [stderr]    Compiling half v2.7.1
[INFO] [stderr]    Compiling ciborium-ll v0.2.2
[INFO] [stderr]    Compiling ciborium v0.2.2
[INFO] [stderr]    Compiling criterion v0.8.2
[INFO] [stderr]    Compiling qubit-lock v0.14.1 (/opt/rustwide/workdir)
[INFO] [stderr]     Finished `release` profile [optimized] target(s) in 1m 27s
[INFO] running `Command { std: "docker" "inspect" "6a612b66212e390a98e2574ee378e7cb76602ad1511adaf0f50384c4855d675c", kill_on_drop: false }`
[INFO] running `Command { std: "docker" "exec" "-e" "SOURCE_DIR=/opt/rustwide/workdir" "-e" "CARGO_HOME=/opt/rustwide/cargo-home" "-e" "RUSTUP_HOME=/opt/rustwide/rustup-home" "-e" "CARGO_TARGET_DIR=/opt/rustwide/target" "-e" "CARGO_INCREMENTAL=0" "-e" "RUST_BACKTRACE=full" "-e" "RUSTFLAGS=--cap-lints=warn" "-e" "RUSTDOCFLAGS=--cap-lints=warn" "-w" "/opt/rustwide/workdir" "--user" "0:0" "6a612b66212e390a98e2574ee378e7cb76602ad1511adaf0f50384c4855d675c" "/opt/rustwide/cargo-home/bin/cargo" "+1.100.0-beta.1" "test" "--frozen" "--release", kill_on_drop: false }`
[INFO] [stderr] warning: `package.homepage` is redundant with `package.repository`
[INFO] [stderr]    --> Cargo.toml:102:12
[INFO] [stderr]     |
[INFO] [stderr] 102 | homepage = "https://github.com/qubit-ltd/rs-lock"
[INFO] [stderr]     |            ^^^^^^^^^^^^^^^^^^^^^^^^^^^^^^^^^^^^^^
[INFO] [stderr] ...
[INFO] [stderr] 108 | repository = "https://github.com/qubit-ltd/rs-lock"
[INFO] [stderr]     |              --------------------------------------
[INFO] [stderr]     |
[INFO] [stderr]     = note: `cargo::redundant_homepage` is set to `warn` by default
[INFO] [stderr] help: consider removing `package.homepage`
[INFO] [stderr] warning: `qubit-lock` (manifest) generated 1 warning
[INFO] [stderr]     Finished `release` profile [optimized] target(s) in 0.09s
[INFO] [stderr]      Running unittests src/lib.rs (/opt/rustwide/target/release/build/qubit-lock/dcfdcbfca9b08e17/out/qubit_lock-dcfdcbfca9b08e17)
[INFO] [stderr]      Running tests/lib_tests.rs (/opt/rustwide/target/release/build/qubit-lock/21cb13e6ad1f07bf/out/lib_tests-21cb13e6ad1f07bf)
[INFO] [stdout] 
[INFO] [stdout] running 0 tests
[INFO] [stdout] 
[INFO] [stdout] test result: ok. 0 passed; 0 failed; 0 ignored; 0 measured; 0 filtered out; finished in 0.00s
[INFO] [stdout] 
[INFO] [stdout] 
[INFO] [stdout] running 0 tests
[INFO] [stdout] 
[INFO] [stdout] test result: ok. 0 passed; 0 failed; 0 ignored; 0 measured; 0 filtered out; finished in 0.00s
[INFO] [stdout] 
[INFO] [stdout] 
[INFO] [stdout] running 66 tests
[INFO] [stderr]      Running tests/mod.rs (/opt/rustwide/target/release/build/qubit-lock/dcd14d1ce033a392/out/mod-dcd14d1ce033a392)
[INFO] [stdout] test docs::readme_tests::test_documentation_introductions_explain_the_abstraction_in_plain_language ... ok
[INFO] [stdout] test docs::readme_tests::test_monitor_docs_cover_timer_registration_and_completion_errors ... ok
[INFO] [stdout] test docs::readme_tests::test_cargo_features_match_current_api ... FAILED
[INFO] [stdout] test docs::readme_tests::test_documentation_provides_navigation_deadline_and_runnable_example ... ok
[INFO] [stdout] test docs::readme_tests::test_monitor_docs_cover_std_monitor_poisoning_policy ... ok
[INFO] [stdout] test docs::readme_tests::test_cargo_package_includes_user_guides ... ok
[INFO] [stdout] test docs::readme_tests::test_readme_documents_feature_tiers ... ok
[INFO] [stdout] test docs::readme_tests::test_monitor_docs_cover_callback_and_constructor_panics ... ok
[INFO] [stdout] test docs::readme_tests::test_readme_documents_async_monitor_contract ... ok
[INFO] [stdout] test docs::readme_tests::test_readme_documents_data_lock_api_names ... ok
[INFO] [stdout] test docs::readme_tests::test_monitor_docs_cover_external_predicate_state_handshake ... ok
[INFO] [stdout] test docs::readme_tests::test_readme_documents_exclusive_lock_capability ... ok
[INFO] [stdout] test docs::readme_tests::test_readme_dependency_versions_match_cargo_toml ... FAILED
[INFO] [stdout] test docs::readme_tests::test_readme_documents_monitor_api_boundaries ... ok
[INFO] [stdout] test docs::readme_tests::test_monitor_docs_cover_async_ready_wait_helpers ... ok
[INFO] [stdout] test docs::readme_tests::test_readme_documents_monitor_capability_selection ... ok
[INFO] [stdout] test docs::readme_tests::test_readme_documents_monitor_capability_split ... ok
[INFO] [stdout] test docs::readme_tests::test_readme_documents_monitor_wait_semantics ... ok
[INFO] [stdout] test docs::readme_tests::test_readme_documents_native_lock_support ... ok
[INFO] [stdout] test docs::readme_tests::test_readme_documents_root_only_public_api ... ok
[INFO] [stdout] test docs::readme_tests::test_readme_zh_uses_contribution_template ... ok
[INFO] [stdout] test docs::readme_tests::test_readme_documents_timer_ioc_testing ... ok
[INFO] [stdout] test docs::readme_tests::test_readme_qubit_clock_dependency_version_matches_cargo_toml ... FAILED
[INFO] [stdout] test docs::readme_tests::test_readmes_link_to_their_matching_language_user_guides ... ok
[INFO] [stdout] test docs::readme_tests::test_user_guides_present_backend_neutral_queue_case_study ... ok
[INFO] [stdout] test lock::data_lock_tests::data_lock_trait_tests::test_data_lock_accepts_borrowed_forwarding ... ok
[INFO] [stdout] test docs::readme_tests::test_rw_lock_docs_use_current_trait_names ... ok
[INFO] [stdout] test docs::readme_tests::test_user_guides_explain_queue_notification_policy ... ok
[INFO] [stdout] test lock::data_lock_tests::data_lock_trait_tests::test_lock_trait_accepts_arc_wrapped_implementation ... ok
[INFO] [stdout] test lock::data_lock_tests::data_lock_trait_tests::test_mutex_nested_operations ... ok
[INFO] [stdout] test docs::readme_tests::test_rustdoc_contracts_match_lock_and_monitor_semantics ... ok
[INFO] [stdout] test lock::data_lock_tests::data_lock_trait_tests::test_mutex_read_returns_closure_result ... ok
[INFO] [stdout] test docs::readme_tests::test_readme_quick_start_proves_backend_neutral_data_access ... ok
[INFO] [stdout] test lock::data_lock_tests::data_lock_trait_tests::test_mutex_read_panics_on_poisoned - should panic ... ok
[INFO] [stdout] test lock::data_lock_tests::data_lock_trait_tests::test_mutex_read_write_basic_operations ... ok
[INFO] [stdout] test lock::data_lock_tests::data_lock_trait_tests::test_mutex_try_read_write_success ... ok
[INFO] [stdout] test lock::data_lock_tests::data_lock_trait_tests::test_mutex_try_read_returns_would_block_when_locked ... ok
[INFO] [stdout] test lock::data_lock_tests::data_lock_trait_tests::test_std_mutex_read ... ok
[INFO] [stdout] test lock::data_lock_tests::data_lock_trait_tests::test_mutex_read_write_complex_types ... ok
[INFO] [stdout] test lock::data_lock_tests::data_lock_trait_tests::test_std_mutex_try_read_returns_poisoned_when_poisoned ... ok
[INFO] [stdout] test lock::data_lock_tests::data_lock_trait_tests::test_mutex_concurrent_access ... ok
[INFO] [stdout] test lock::data_lock_tests::data_lock_trait_tests::test_std_mutex_try_write_success ... ok
[INFO] [stdout] test lock::data_lock_tests::data_lock_trait_tests::test_std_mutex_try_read_success ... ok
[INFO] [stdout] test lock::data_lock_tests::data_lock_trait_tests::test_mutex_try_read_returns_poisoned_on_poisoned ... ok
[INFO] [stdout] test lock::data_lock_tests::data_lock_trait_tests::test_try_lock_error_display_messages ... ok
[INFO] [stdout] test lock::data_lock_tests::data_lock_trait_tests::test_try_lock_error_implements_std_error ... ok
[INFO] [stdout] test lock::data_lock_tests::data_lock_trait_tests::test_std_mutex_try_methods_cover_shared_function_pointer_paths ... ok
[INFO] [stdout] test lock::data_lock_tests::data_lock_trait_tests::test_std_mutex_try_read_returns_would_block_when_locked_short_path ... ok
[INFO] [stdout] test lock::data_lock_tests::data_lock_trait_tests::test_std_mutex_try_write_returns_would_block_when_locked ... ok
[INFO] [stdout] test lock::data_lock_tests::data_lock_trait_tests::test_std_mutex_try_read_returns_would_block_when_locked ... ok
[INFO] [stdout] test lock::mod_tests::test_lock_module_exports_synchronous_lock_traits ... ok
[INFO] [stdout] test lock::read_lock_tests::test_read_lock_adapter_is_shared ... ok
[INFO] [stdout] test lock::exclusive_lock_tests::test_exclusive_lock_accepts_std_mutex_and_forwarding ... ok
[INFO] [stdout] test lock::read_write_lock_tests::test_read_write_lock_accepts_arc_forwarding ... ok
[INFO] [stdout] test lock::lock_tests::test_lock_accepts_arc_and_borrowed_forwarding ... ok
[INFO] [stdout] test lock::lock_tests::test_lock_std_mutex_releases_on_guard_drop ... ok
[INFO] [stdout] test lock::read_write_lock_tests::test_read_write_lock_accepts_borrowed_forwarding ... ok
[INFO] [stdout] test lock::exclusive_lock_tests::test_exclusive_lock_accepts_write_lock_adapter ... ok
[INFO] [stdout] test lock::read_write_lock_tests::test_read_write_lock_std_modes_return_native_guards ... ok
[INFO] [stdout] test lock::write_lock_tests::test_write_lock_adapter_is_exclusive ... ok
[INFO] [stdout] test lock::lock_tests::test_lock_std_mutex_reports_poisoning ... ok
[INFO] [stdout] test lock::try_lock_error_tests::test_try_lock_error_display_and_error_trait ... ok
[INFO] [stdout] test lock::read_write_lock_tests::test_read_write_lock_std_try_modes_report_contention ... ok
[INFO] [stdout] test lock::read_write_lock_tests::test_read_write_lock_std_try_modes_report_poisoning ... ok
[INFO] [stdout] test lock::data_lock_tests::data_lock_trait_tests::test_std_mutex_write ... ok
[INFO] [stdout] test lock::data_lock_tests::data_lock_trait_tests::test_std_mutex_try_write_returns_poisoned_when_poisoned ... ok
[INFO] [stdout] 
[INFO] [stdout] failures:
[INFO] [stdout] 
[INFO] [stdout] ---- docs::readme_tests::test_cargo_features_match_current_api stdout ----
[INFO] [stdout] 
[INFO] [stdout] thread 'docs::readme_tests::test_cargo_features_match_current_api' (791) panicked at tests/docs/readme_tests.rs:468:5:
[INFO] [stdout] assertion `left == right` failed
[INFO] [stdout]   left: ["async-lock", "async-monitor", "default", "loom-model", "monitor", "parking-lot"]
[INFO] [stdout]  right: ["default", "async-lock", "async-monitor", "loom-model", "monitor", "parking-lot"]
[INFO] [stdout] stack backtrace:
[INFO] [stdout]    0:     0x59b357160cc1 - <<std[617be2ca0a6fd877]::sys::backtrace::BacktraceLock>::print::DisplayBacktrace as core[a373ad73a504971]::fmt::Display>::fmt
[INFO] [stdout]    1:     0x59b357174bea - core[a373ad73a504971]::fmt::write
[INFO] [stdout]    2:     0x59b357164edc - <alloc[2e1b2a31b91974c5]::vec::Vec<u8> as core[a373ad73a504971]::io::write::Write>::write_fmt
[INFO] [stdout]    3:     0x59b35713cf76 - std[617be2ca0a6fd877]::panicking::default_hook::{closure#0}
[INFO] [stdout]    4:     0x59b357159359 - std[617be2ca0a6fd877]::panicking::default_hook
[INFO] [stdout]    5:     0x59b3570f2de0 - test[aada8e7e76ba119b]::test_main_inner::{closure#0}
[INFO] [stdout]    6:     0x59b357159512 - std[617be2ca0a6fd877]::panicking::panic_with_hook
[INFO] [stdout]    7:     0x59b35713d022 - std[617be2ca0a6fd877]::panicking::panic_handler::{closure#0}
[INFO] [stdout]    8:     0x59b357135d39 - std[617be2ca0a6fd877]::sys::backtrace::__rust_end_short_backtrace::<std[617be2ca0a6fd877]::panicking::panic_handler::{closure#0}, !>
[INFO] [stdout]    9:     0x59b35713dc2d - __rustc[ea4f61d10b84890b]::rust_begin_unwind
[INFO] [stdout]   10:     0x59b35717531c - core[a373ad73a504971]::panicking::panic_fmt
[INFO] [stdout]   11:     0x59b357175233 - core[a373ad73a504971]::panicking::assert_failed_inner
[INFO] [stdout]   12:     0x59b3570dee50 - core[a373ad73a504971]::panicking::assert_failed::<alloc[2e1b2a31b91974c5]::vec::Vec<&str>, [&str; 6usize]>
[INFO] [stdout]   13:     0x59b3570c6113 - <mod[13e641276faaccb2]::docs::readme_tests::test_cargo_features_match_current_api::{closure#0} as core[a373ad73a504971]::ops::function::FnOnce<()>>::call_once
[INFO] [stdout]   14:     0x59b3570e622b - test[aada8e7e76ba119b]::__rust_begin_short_backtrace::<core[a373ad73a504971]::result::Result<(), alloc[2e1b2a31b91974c5]::string::String>, fn() -> core[a373ad73a504971]::result::Result<(), alloc[2e1b2a31b91974c5]::string::String>>
[INFO] [stdout]   15:     0x59b3570f3405 - test[aada8e7e76ba119b]::run_test::{closure#0}
[INFO] [stdout]   16:     0x59b3570eccf4 - std[617be2ca0a6fd877]::sys::backtrace::__rust_begin_short_backtrace::<test[aada8e7e76ba119b]::run_test::{closure#1}, ()>
[INFO] [stdout]   17:     0x59b3570f6492 - <std[617be2ca0a6fd877]::thread::lifecycle::spawn_unchecked<test[aada8e7e76ba119b]::run_test::{closure#1}, ()>::{closure#1} as core[a373ad73a504971]::ops::function::FnOnce<()>>::call_once::{shim:vtable#0}
[INFO] [stdout]   18:     0x59b35716051f - <std[617be2ca0a6fd877]::sys::thread::unix::Thread>::new::thread_start
[INFO] [stdout]   19:     0x7962bf1a5dfa - <unknown>
[INFO] [stdout]   20:     0x7962bf2393d4 - clone
[INFO] [stdout]   21:                0x0 - <unknown>
[INFO] [stdout] 
[INFO] [stdout] ---- docs::readme_tests::test_readme_dependency_versions_match_cargo_toml stdout ----
[INFO] [stdout] 
[INFO] [stdout] thread 'docs::readme_tests::test_readme_dependency_versions_match_cargo_toml' (800) panicked at tests/docs/readme_tests.rs:492:53:
[INFO] [stdout] Invalid package version in Cargo.toml: Error("unexpected end of input while parsing minor version number")
[INFO] [stdout] stack backtrace:
[INFO] [stdout]    0:     0x59b357160cc1 - <<std[617be2ca0a6fd877]::sys::backtrace::BacktraceLock>::print::DisplayBacktrace as core[a373ad73a504971]::fmt::Display>::fmt
[INFO] [stdout]    1:     0x59b357174bea - core[a373ad73a504971]::fmt::write
[INFO] [stdout]    2:     0x59b357164edc - <alloc[2e1b2a31b91974c5]::vec::Vec<u8> as core[a373ad73a504971]::io::write::Write>::write_fmt
[INFO] [stdout]    3:     0x59b35713cf76 - std[617be2ca0a6fd877]::panicking::default_hook::{closure#0}
[INFO] [stdout]    4:     0x59b357159359 - std[617be2ca0a6fd877]::panicking::default_hook
[INFO] [stdout]    5:     0x59b3570f2de0 - test[aada8e7e76ba119b]::test_main_inner::{closure#0}
[INFO] [stdout]    6:     0x59b357159512 - std[617be2ca0a6fd877]::panicking::panic_with_hook
[INFO] [stdout]    7:     0x59b35713d022 - std[617be2ca0a6fd877]::panicking::panic_handler::{closure#0}
[INFO] [stdout]    8:     0x59b357135d39 - std[617be2ca0a6fd877]::sys::backtrace::__rust_end_short_backtrace::<std[617be2ca0a6fd877]::panicking::panic_handler::{closure#0}, !>
[INFO] [stdout]    9:     0x59b35713dc2d - __rustc[ea4f61d10b84890b]::rust_begin_unwind
[INFO] [stdout]   10:     0x59b35717531c - core[a373ad73a504971]::panicking::panic_fmt
[INFO] [stdout]   11:     0x59b3571750f2 - core[a373ad73a504971]::result::unwrap_failed
[INFO] [stdout]   12:     0x59b3570c841b - <mod[13e641276faaccb2]::docs::readme_tests::test_readme_dependency_versions_match_cargo_toml::{closure#0} as core[a373ad73a504971]::ops::function::FnOnce<()>>::call_once
[INFO] [stdout]   13:     0x59b3570e622b - test[aada8e7e76ba119b]::__rust_begin_short_backtrace::<core[a373ad73a504971]::result::Result<(), alloc[2e1b2a31b91974c5]::string::String>, fn() -> core[a373ad73a504971]::result::Result<(), alloc[2e1b2a31b91974c5]::string::String>>
[INFO] [stdout]   14:     0x59b3570f3405 - test[aada8e7e76ba119b]::run_test::{closure#0}
[INFO] [stdout]   15:     0x59b3570eccf4 - std[617be2ca0a6fd877]::sys::backtrace::__rust_begin_short_backtrace::<test[aada8e7e76ba119b]::run_test::{closure#1}, ()>
[INFO] [stdout]   16:     0x59b3570f6492 - <std[617be2ca0a6fd877]::thread::lifecycle::spawn_unchecked<test[aada8e7e76ba119b]::run_test::{closure#1}, ()>::{closure#1} as core[a373ad73a504971]::ops::function::FnOnce<()>>::call_once::{shim:vtable#0}
[INFO] [stdout]   17:     0x59b35716051f - <std[617be2ca0a6fd877]::sys::thread::unix::Thread>::new::thread_start
[INFO] [stdout]   18:     0x7962bf1a5dfa - <unknown>
[INFO] [stdout]   19:     0x7962bf2393d4 - clone
[INFO] [stdout]   20:                0x0 - <unknown>
[INFO] [stdout] 
[INFO] [stdout] ---- docs::readme_tests::test_readme_qubit_clock_dependency_version_matches_cargo_toml stdout ----
[INFO] [stdout] 
[INFO] [stdout] thread 'docs::readme_tests::test_readme_qubit_clock_dependency_version_matches_cargo_toml' (812) panicked at tests/docs/readme_tests.rs:527:69:
[INFO] [stdout] Cargo.toml does not declare qubit-clock
[INFO] [stdout] stack backtrace:
[INFO] [stdout]    0:     0x59b357160cc1 - <<std[617be2ca0a6fd877]::sys::backtrace::BacktraceLock>::print::DisplayBacktrace as core[a373ad73a504971]::fmt::Display>::fmt
[INFO] [stdout]    1:     0x59b357174bea - core[a373ad73a504971]::fmt::write
[INFO] [stdout]    2:     0x59b357164edc - <alloc[2e1b2a31b91974c5]::vec::Vec<u8> as core[a373ad73a504971]::io::write::Write>::write_fmt
[INFO] [stdout]    3:     0x59b35713cf76 - std[617be2ca0a6fd877]::panicking::default_hook::{closure#0}
[INFO] [stdout]    4:     0x59b357159359 - std[617be2ca0a6fd877]::panicking::default_hook
[INFO] [stdout]    5:     0x59b3570f2de0 - test[aada8e7e76ba119b]::test_main_inner::{closure#0}
[INFO] [stdout]    6:     0x59b357159512 - std[617be2ca0a6fd877]::panicking::panic_with_hook
[INFO] [stdout]    7:     0x59b35713d022 - std[617be2ca0a6fd877]::panicking::panic_handler::{closure#0}
[INFO] [stdout]    8:     0x59b357135d39 - std[617be2ca0a6fd877]::sys::backtrace::__rust_end_short_backtrace::<std[617be2ca0a6fd877]::panicking::panic_handler::{closure#0}, !>
[INFO] [stdout]    9:     0x59b35713dc2d - __rustc[ea4f61d10b84890b]::rust_begin_unwind
[INFO] [stdout]   10:     0x59b35717531c - core[a373ad73a504971]::panicking::panic_fmt
[INFO] [stdout]   11:     0x59b357175074 - core[a373ad73a504971]::option::expect_failed
[INFO] [stdout]   12:     0x59b3570ca98a - <mod[13e641276faaccb2]::docs::readme_tests::test_readme_qubit_clock_dependency_version_matches_cargo_toml::{closure#0} as core[a373ad73a504971]::ops::function::FnOnce<()>>::call_once
[INFO] [stdout]   13:     0x59b3570e622b - test[aada8e7e76ba119b]::__rust_begin_short_backtrace::<core[a373ad73a504971]::result::Result<(), alloc[2e1b2a31b91974c5]::string::String>, fn() -> core[a373ad73a504971]::result::Result<(), alloc[2e1b2a31b91974c5]::string::String>>
[INFO] [stdout]   14:     0x59b3570f3405 - test[aada8e7e76ba119b]::run_test::{closure#0}
[INFO] [stdout]   15:     0x59b3570eccf4 - std[617be2ca0a6fd877]::sys::backtrace::__rust_begin_short_backtrace::<test[aada8e7e76ba119b]::run_test::{closure#1}, ()>
[INFO] [stdout]   16:     0x59b3570f6492 - <std[617be2ca0a6fd877]::thread::lifecycle::spawn_unchecked<test[aada8e7e76ba119b]::run_test::{closure#1}, ()>::{closure#1} as core[a373ad73a504971]::ops::function::FnOnce<()>>::call_once::{shim:vtable#0}
[INFO] [stdout]   17:     0x59b35716051f - <std[617be2ca0a6fd877]::sys::thread::unix::Thread>::new::thread_start
[INFO] [stdout]   18:     0x7962bf1a5dfa - <unknown>
[INFO] [stdout]   19:     0x7962bf2393d4 - clone
[INFO] [stdout]   20:                0x0 - <unknown>
[INFO] [stdout] 
[INFO] [stdout] 
[INFO] [stdout] failures:
[INFO] [stdout]     docs::readme_tests::test_cargo_features_match_current_api
[INFO] [stdout]     docs::readme_tests::test_readme_dependency_versions_match_cargo_toml
[INFO] [stdout]     docs::readme_tests::test_readme_qubit_clock_dependency_version_matches_cargo_toml
[INFO] [stdout] 
[INFO] [stdout] test result: FAILED. 63 passed; 3 failed; 0 ignored; 0 measured; 0 filtered out; finished in 0.03s
[INFO] [stdout] 
[INFO] [stderr] error: test failed, to rerun pass `--test mod`
[INFO] running `Command { std: "docker" "inspect" "6a612b66212e390a98e2574ee378e7cb76602ad1511adaf0f50384c4855d675c", kill_on_drop: false }`
[INFO] running `Command { std: "docker" "rm" "-f" "6a612b66212e390a98e2574ee378e7cb76602ad1511adaf0f50384c4855d675c", kill_on_drop: false }`
[INFO] [stdout] 6a612b66212e390a98e2574ee378e7cb76602ad1511adaf0f50384c4855d675c
