[INFO] fetching crate qubit-local-files 0.4.0...
[INFO] testing qubit-local-files-0.4.0 against 1.100.0-beta.1+cargoflags=--release for beta-release-1.100-2
[INFO] extracting crate qubit-local-files 0.4.0 into /workspace/builds/worker-6-tc2/source
[INFO] started tweaking crates.io crate qubit-local-files 0.4.0
[INFO] removed 0 missing tests
[INFO] finished tweaking crates.io crate qubit-local-files 0.4.0
[INFO] tweaked toml for crates.io crate qubit-local-files 0.4.0 written to /workspace/builds/worker-6-tc2/source/Cargo.toml
[INFO] validating manifest of crates.io crate qubit-local-files 0.4.0 on toolchain 1.100.0-beta.1
[INFO] running `Command { std: CARGO_HOME="/workspace/cargo-home" RUSTUP_HOME="/workspace/rustup-home" "/workspace/cargo-home/bin/cargo" "+1.100.0-beta.1" "metadata" "--manifest-path" "Cargo.toml" "--no-deps", kill_on_drop: false }`
[INFO] crate crates.io crate qubit-local-files 0.4.0 already has a lockfile, it will not be regenerated
[INFO] running `Command { std: CARGO_HOME="/workspace/cargo-home" RUSTUP_HOME="/workspace/rustup-home" "/workspace/cargo-home/bin/cargo" "+1.100.0-beta.1" "fetch" "--manifest-path" "Cargo.toml", kill_on_drop: false }`
[INFO] [stderr] warning: `package.homepage` is redundant with `package.repository`
[INFO] [stderr]   --> Cargo.toml:51:12
[INFO] [stderr]    |
[INFO] [stderr] 51 | homepage = "https://github.com/qubit-ltd/rs-local-files"
[INFO] [stderr]    |            ^^^^^^^^^^^^^^^^^^^^^^^^^^^^^^^^^^^^^^^^^^^^^
[INFO] [stderr] ...
[INFO] [stderr] 57 | repository = "https://github.com/qubit-ltd/rs-local-files"
[INFO] [stderr]    |              ---------------------------------------------
[INFO] [stderr]    |
[INFO] [stderr]    = note: `cargo::redundant_homepage` is set to `warn` by default
[INFO] [stderr] help: consider removing `package.homepage`
[INFO] [stderr] warning: `qubit-local-files` (manifest) generated 1 warning
[INFO] running `Command { std: "docker" "create" "-v" "/var/lib/crater-agent-workspace/builds/worker-6-tc2/source:/opt/rustwide/workdir:ro,Z" "-v" "/var/lib/crater-agent-workspace/builds/worker-6-tc2/target:/opt/rustwide/target:rw,Z" "-v" "/var/lib/crater-agent-workspace/cargo-home:/opt/rustwide/cargo-home:ro,Z" "-v" "/var/lib/crater-agent-workspace/rustup-home:/opt/rustwide/rustup-home:ro,Z" "-m" "1610612736" "--network" "none" "ghcr.io/rust-lang/crates-build-env/linux@sha256:77db811e55d90add9212f6832c23229e3de5f1c1f9905e8cb07319ea15df73ac" "sleep" "infinity", kill_on_drop: false }`
[INFO] [stdout] 7c9cc138f891168e953ecb8fb5ef8e95a38bad5f20fb8f12780342c8b7efc2f4
[INFO] running `Command { std: "docker" "start" "7c9cc138f891168e953ecb8fb5ef8e95a38bad5f20fb8f12780342c8b7efc2f4", kill_on_drop: false }`
[INFO] running `Command { std: "docker" "inspect" "7c9cc138f891168e953ecb8fb5ef8e95a38bad5f20fb8f12780342c8b7efc2f4", kill_on_drop: false }`
[INFO] running `Command { std: "docker" "exec" "-e" "SOURCE_DIR=/opt/rustwide/workdir" "-e" "CARGO_HOME=/opt/rustwide/cargo-home" "-e" "RUSTUP_HOME=/opt/rustwide/rustup-home" "-e" "CARGO_TARGET_DIR=/opt/rustwide/target" "-w" "/opt/rustwide/workdir" "--user" "0:0" "7c9cc138f891168e953ecb8fb5ef8e95a38bad5f20fb8f12780342c8b7efc2f4" "/opt/rustwide/cargo-home/bin/cargo" "+1.100.0-beta.1" "metadata" "--no-deps" "--format-version=1", kill_on_drop: false }`
[INFO] running `Command { std: "docker" "inspect" "7c9cc138f891168e953ecb8fb5ef8e95a38bad5f20fb8f12780342c8b7efc2f4", kill_on_drop: false }`
[INFO] running `Command { std: "docker" "exec" "-e" "SOURCE_DIR=/opt/rustwide/workdir" "-e" "CARGO_HOME=/opt/rustwide/cargo-home" "-e" "RUSTUP_HOME=/opt/rustwide/rustup-home" "-e" "CARGO_TARGET_DIR=/opt/rustwide/target" "-e" "CARGO_INCREMENTAL=0" "-e" "RUST_BACKTRACE=full" "-e" "RUSTFLAGS=--cap-lints=warn" "-e" "RUSTDOCFLAGS=--cap-lints=warn" "-w" "/opt/rustwide/workdir" "--user" "0:0" "7c9cc138f891168e953ecb8fb5ef8e95a38bad5f20fb8f12780342c8b7efc2f4" "/opt/rustwide/cargo-home/bin/cargo" "+1.100.0-beta.1" "build" "--frozen" "--message-format=json" "--release", kill_on_drop: false }`
[INFO] [stderr] warning: `package.homepage` is redundant with `package.repository`
[INFO] [stderr]   --> Cargo.toml:51:12
[INFO] [stderr]    |
[INFO] [stderr] 51 | homepage = "https://github.com/qubit-ltd/rs-local-files"
[INFO] [stderr]    |            ^^^^^^^^^^^^^^^^^^^^^^^^^^^^^^^^^^^^^^^^^^^^^
[INFO] [stderr] ...
[INFO] [stderr] 57 | repository = "https://github.com/qubit-ltd/rs-local-files"
[INFO] [stderr]    |              ---------------------------------------------
[INFO] [stderr]    |
[INFO] [stderr]    = note: `cargo::redundant_homepage` is set to `warn` by default
[INFO] [stderr] help: consider removing `package.homepage`
[INFO] [stderr] warning: `qubit-local-files` (manifest) generated 1 warning
[INFO] [stderr]    Compiling qubit-budget v0.7.0
[INFO] [stderr]    Compiling rustix v1.1.4
[INFO] [stderr]    Compiling getrandom v0.4.3
[INFO] [stderr]    Compiling qubit-redact v0.9.0
[INFO] [stderr]    Compiling qubit-local-files v0.4.0 (/opt/rustwide/workdir)
[INFO] [stderr]     Finished `release` profile [optimized] target(s) in 9.95s
[INFO] running `Command { std: "docker" "inspect" "7c9cc138f891168e953ecb8fb5ef8e95a38bad5f20fb8f12780342c8b7efc2f4", kill_on_drop: false }`
[INFO] running `Command { std: "docker" "exec" "-e" "SOURCE_DIR=/opt/rustwide/workdir" "-e" "CARGO_HOME=/opt/rustwide/cargo-home" "-e" "RUSTUP_HOME=/opt/rustwide/rustup-home" "-e" "CARGO_TARGET_DIR=/opt/rustwide/target" "-e" "CARGO_INCREMENTAL=0" "-e" "RUST_BACKTRACE=full" "-e" "RUSTFLAGS=--cap-lints=warn" "-e" "RUSTDOCFLAGS=--cap-lints=warn" "-w" "/opt/rustwide/workdir" "--user" "0:0" "7c9cc138f891168e953ecb8fb5ef8e95a38bad5f20fb8f12780342c8b7efc2f4" "/opt/rustwide/cargo-home/bin/cargo" "+1.100.0-beta.1" "test" "--frozen" "--no-run" "--message-format=json" "--release", kill_on_drop: false }`
[INFO] [stderr] warning: `package.homepage` is redundant with `package.repository`
[INFO] [stderr]   --> Cargo.toml:51:12
[INFO] [stderr]    |
[INFO] [stderr] 51 | homepage = "https://github.com/qubit-ltd/rs-local-files"
[INFO] [stderr]    |            ^^^^^^^^^^^^^^^^^^^^^^^^^^^^^^^^^^^^^^^^^^^^^
[INFO] [stderr] ...
[INFO] [stderr] 57 | repository = "https://github.com/qubit-ltd/rs-local-files"
[INFO] [stderr]    |              ---------------------------------------------
[INFO] [stderr]    |
[INFO] [stderr]    = note: `cargo::redundant_homepage` is set to `warn` by default
[INFO] [stderr] help: consider removing `package.homepage`
[INFO] [stderr] warning: `qubit-local-files` (manifest) generated 1 warning
[INFO] [stderr]    Compiling zerocopy v0.8.57
[INFO] [stderr]    Compiling alloca v0.4.0
[INFO] [stderr]    Compiling zerocopy-derive v0.8.57
[INFO] [stderr]    Compiling serde_derive v1.0.229
[INFO] [stderr]    Compiling tempfile v3.27.0
[INFO] [stderr]    Compiling wait-timeout v0.2.1
[INFO] [stderr]    Compiling regex-automata v0.4.18
[INFO] [stderr]    Compiling clap_builder v4.6.6
[INFO] [stderr]    Compiling rand_xorshift v0.4.0
[INFO] [stderr]    Compiling rand v0.9.5
[INFO] [stderr]    Compiling rusty-fork v0.3.1
[INFO] [stderr]    Compiling regex v1.13.1
[INFO] [stderr]    Compiling serde v1.0.229
[INFO] [stderr]    Compiling clap v4.6.6
[INFO] [stderr]    Compiling tinytemplate v1.2.1
[INFO] [stderr]    Compiling half v2.7.1
[INFO] [stderr]    Compiling ppv-lite86 v0.2.21
[INFO] [stderr]    Compiling ciborium-ll v0.2.2
[INFO] [stderr]    Compiling rand_chacha v0.9.0
[INFO] [stderr]    Compiling ciborium v0.2.2
[INFO] [stderr]    Compiling proptest v1.11.0
[INFO] [stderr]    Compiling criterion v0.8.2
[INFO] [stderr]    Compiling qubit-local-files v0.4.0 (/opt/rustwide/workdir)
[INFO] [stdout] warning: unused import: `qubit_local_files::outcome::LocalTempSourceState`
[INFO] [stdout]   --> tests/local_temp_directory_tests.rs:35:5
[INFO] [stdout]    |
[INFO] [stdout] 35 | use qubit_local_files::outcome::LocalTempSourceState;
[INFO] [stdout]    |     ^^^^^^^^^^^^^^^^^^^^^^^^^^^^^^^^^^^^^^^^^^^^^^^^
[INFO] [stdout]    |
[INFO] [stdout]    = note: `#[warn(unused_imports)]` (part of `#[warn(unused)]`) on by default
[INFO] [stdout] 
[INFO] [stdout] 
[INFO] [stderr]     Finished `release` profile [optimized] target(s) in 1m 03s
[INFO] running `Command { std: "docker" "inspect" "7c9cc138f891168e953ecb8fb5ef8e95a38bad5f20fb8f12780342c8b7efc2f4", kill_on_drop: false }`
[INFO] running `Command { std: "docker" "exec" "-e" "SOURCE_DIR=/opt/rustwide/workdir" "-e" "CARGO_HOME=/opt/rustwide/cargo-home" "-e" "RUSTUP_HOME=/opt/rustwide/rustup-home" "-e" "CARGO_TARGET_DIR=/opt/rustwide/target" "-e" "CARGO_INCREMENTAL=0" "-e" "RUST_BACKTRACE=full" "-e" "RUSTFLAGS=--cap-lints=warn" "-e" "RUSTDOCFLAGS=--cap-lints=warn" "-w" "/opt/rustwide/workdir" "--user" "0:0" "7c9cc138f891168e953ecb8fb5ef8e95a38bad5f20fb8f12780342c8b7efc2f4" "/opt/rustwide/cargo-home/bin/cargo" "+1.100.0-beta.1" "test" "--frozen" "--release", kill_on_drop: false }`
[INFO] [stderr] warning: `package.homepage` is redundant with `package.repository`
[INFO] [stderr]   --> Cargo.toml:51:12
[INFO] [stderr]    |
[INFO] [stderr] 51 | homepage = "https://github.com/qubit-ltd/rs-local-files"
[INFO] [stderr]    |            ^^^^^^^^^^^^^^^^^^^^^^^^^^^^^^^^^^^^^^^^^^^^^
[INFO] [stderr] ...
[INFO] [stderr] 57 | repository = "https://github.com/qubit-ltd/rs-local-files"
[INFO] [stderr]    |              ---------------------------------------------
[INFO] [stderr]    |
[INFO] [stderr]    = note: `cargo::redundant_homepage` is set to `warn` by default
[INFO] [stderr] help: consider removing `package.homepage`
[INFO] [stderr] warning: `qubit-local-files` (manifest) generated 1 warning
[INFO] [stderr] warning: unused import: `qubit_local_files::outcome::LocalTempSourceState`
[INFO] [stderr]   --> tests/local_temp_directory_tests.rs:35:5
[INFO] [stderr]    |
[INFO] [stderr] 35 | use qubit_local_files::outcome::LocalTempSourceState;
[INFO] [stderr]    |     ^^^^^^^^^^^^^^^^^^^^^^^^^^^^^^^^^^^^^^^^^^^^^^^^
[INFO] [stderr]    |
[INFO] [stderr]    = note: `#[warn(unused_imports)]` (part of `#[warn(unused)]`) on by default
[INFO] [stderr] 
[INFO] [stderr] warning: `qubit-local-files` (test "local_temp_directory_tests") generated 1 warning (run `cargo fix --test "local_temp_directory_tests" -p qubit-local-files` to apply 1 suggestion)
[INFO] [stderr]     Finished `release` profile [optimized] target(s) in 0.14s
[INFO] [stderr]      Running unittests src/lib.rs (/opt/rustwide/target/release/build/qubit-local-files/16ce58da73dbc641/out/qubit_local_files-16ce58da73dbc641)
[INFO] [stdout] 
[INFO] [stdout] running 80 tests
[INFO] [stdout] test error::local_file_error::tests::test_internal_error_remapping_retains_every_context_field ... ok
[INFO] [stdout] test error::local_file_error::tests::test_resource_limit_and_cleanup_sources_are_preserved_independently ... ok
[INFO] [stdout] test local::internal::path_operations::path_management::tests::test_add_path_context_retains_native_error ... ok
[INFO] [stdout] test local::internal::path_operations::path_management::tests::test_remove_any_path_handles_files_and_directories ... ok
[INFO] [stdout] test error::local_file_error::tests::test_effect_queries_map_path_codec_cause ... ok
[INFO] [stdout] test local::internal::atomic_commit_state::tests::test_finalize_failed_commit_preserves_cleanup_only_before_publication ... ok
[INFO] [stdout] test error::local_file_error::tests::test_effect_queries_preserve_semantic_cause_reclassification ... ok
[INFO] [stdout] test error::local_file_error::tests::test_source_free_error_reason_maps_to_the_compatible_io_kind ... ok
[INFO] [stdout] test error::local_file_error::tests::test_effect_queries_preserve_resource_limit_cause ... ok
[INFO] [stdout] test local::internal::path_operations::path_management::tests::test_clean_dir_path_removes_children_but_keeps_root ... ok
[INFO] [stdout] test local::internal::atomic_commit_state::tests::test_commit_recoverably_reports_success_and_retains_only_open_staging ... ok
[INFO] [stdout] test local::internal::rooted_staging_retry::tests::test_retry_rooted_staging_entry_propagates_generation_and_open_errors ... ok
[INFO] [stdout] test local::internal::path_operations::path_management::tests::test_ensure_parent_path_rejects_non_directory_component ... ok
[INFO] [stdout] test local::internal::path_operations::path_management::tests::test_remove_any_path_unlinks_symbolic_link_only ... ok
[INFO] [stdout] test local::internal::unix_nonblocking::tests::test_open_with_nonblocking_retry_preserves_other_error ... ok
[INFO] [stdout] test local::internal::unix_nonblocking::tests::test_open_with_nonblocking_retry_reports_timeout ... ok
[INFO] [stdout] test local::internal::unix_nonblocking::tests::test_open_with_nonblocking_retry_returns_unbudgeted_conflict ... ok
[INFO] [stdout] test error::local_file_error::tests::test_effect_queries_preserve_cause_and_effect_for_reclassified_io ... ok
[INFO] [stdout] test local::internal::path_operations::path_management::tests::test_ensure_parent_path_reports_created_sync_directories ... ok
[INFO] [stdout] test local::internal::opened_atomic_destination::tests::test_destination_identity_rejects_real_replacement_under_both_metadata_policies ... ok
[INFO] [stdout] test local::local_persist_error::tests::test_persist_error_retains_explicit_durability_failure_states ... ok
[INFO] [stdout] test local::local_persist_error::tests::test_persist_error_exposes_recoverable_context_and_resource ... ok
[INFO] [stdout] test local::internal::unix_nonblocking::tests::test_wait_for_nonblocking_open_retry_initializes_and_caps_delay ... ok
[INFO] [stdout] test outcome::local_copy_stats::tests::test_skipped_one_records_only_the_skipped_entry ... ok
[INFO] [stdout] test rooted::copy::symlink::tests::test_publication_failure_after_replacement_is_partial ... ok
[INFO] [stdout] test local::internal::rooted_staging_retry::tests::test_retry_rooted_staging_entry_rejects_zero_and_exhausted_retry_budgets ... ok
[INFO] [stdout] test rooted::metadata::tests::test_system_time_platform_bounds ... ok
[INFO] [stdout] test local::local_persist_error::tests::test_persist_error_parts_preserve_indeterminate_install_state ... ok
[INFO] [stdout] test local::internal::unix_nonblocking::tests::test_clear_nonblocking_rejects_invalid_descriptor ... ok
[INFO] [stdout] test rooted::metadata::tests::test_system_time_signed_fraction ... ok
[INFO] [stdout] test options::resource_limits::tests::test_tighter_preserves_finite_limits ... ok
[INFO] [stdout] test local::internal::rooted_staging_retry::tests::test_retry_rooted_staging_entry_retries_collisions_and_returns_open_handle ... ok
[INFO] [stdout] test outcome::local_copy_stats::tests::test_internal_constructors_preserve_all_copy_statistics ... ok
[INFO] [stdout] test tests::file_system::workflow_tests::test_rooted_facade_resolves_links_and_rejects_virtual_root_escape ... ok
[INFO] [stdout] test local::internal::path_operations::path_management::tests::test_canonicalize_existing_prefix_preserves_missing_tail ... ok
[INFO] [stdout] test rooted::copy::symlink::tests::test_publication_failure_without_replacement_is_unchanged ... ok
[INFO] [stdout] test rooted::metadata::tests::test_system_time_invalid_fraction ... ok
[INFO] [stdout] test tests::local::atomic_commit_error_tests::test_local_atomic_commit_error_retains_and_splits_recoverable_writer ... ok
[INFO] [stdout] test tests::local::atomic_write_error_tests::test_local_atomic_write_error_exposes_context_and_formats_secondary_errors ... ok
[INFO] [stdout] test tests::local::atomic_commit_error_tests::test_local_atomic_commit_error_finalizes_or_returns_terminal_error ... ok
[INFO] [stdout] test tests::local::atomic_write_error_tests::test_local_atomic_write_error_splits_staging_parts_without_optional_context ... ok
[INFO] [stdout] test tests::local::copy_destination_policy_tests::test_copy_destination_policy_selects_create_and_merge_actions ... ok
[INFO] [stdout] test tests::local::copy_dir_error_tests::test_local_copy_dir_error_exposes_parts_and_formats_cleanup_context ... ok
[INFO] [stdout] test tests::local::copy_dir_options_tests::test_copy_budget_directory_permit_releases_capacity_on_drop ... ok
[INFO] [stdout] test tests::local::copy_destination_policy_tests::test_copy_destination_policy_applies_file_conflict_policy ... ok
[INFO] [stdout] test tests::local::copy_dir_options_tests::test_copy_budget_stops_at_the_next_chunk_deadline_boundary ... ok
[INFO] [stdout] test tests::local::atomic_write_options_tests::test_local_atomic_write_options_builders_update_accessible_policies ... ok
[INFO] [stdout] test tests::local::copy_dir_options_tests::test_generated_keep_target_promotes_only_well_formed_sandbox_paths ... ok
[INFO] [stdout] test tests::local::copy_dir_options_tests::test_local_copy_dir_options_builders_update_every_policy ... ok
[INFO] [stdout] test tests::local::copy_tree_tests::test_copy_tree_failures_release_frames_and_preserve_effects ... ok
[INFO] [stdout] test tests::local::copy_dir_stats_tests::test_local_copy_dir_stats_exposes_counts_and_publication_flags ... ok
[INFO] [stdout] test tests::local::copy_tree_tests::test_copy_tree_post_order_and_exact_descendant_budget ... ok
[INFO] [stdout] test tests::path::path_resolver_tests::test_host_binding_preserves_raw_spelling_and_non_utf8 ... ok
[INFO] [stdout] test tests::path::path_resolver_tests::test_host_relative_paths_bind_to_instance_pwd ... ok
[INFO] [stdout] test tests::path::path_resolver_tests::test_resolver_preserves_non_utf8_normal_components ... ok
[INFO] [stdout] test tests::path::path_resolver_tests::test_rooted_paths_reject_virtual_root_escape ... ok
[INFO] [stdout] test tests::rooted::permissions_tests::test_rooted_permissions_resolve_portable_and_unix_permissions ... ok
[INFO] [stdout] test tests::file_system::workflow_tests::test_host_facade_workflow_covers_copy_and_temporary_resource_paths ... ok
[INFO] [stdout] test tests::local::copy_tree_tests::test_copy_tree_depth_rejection_precedes_child_processing ... ok
[INFO] [stdout] test tests::path::path_resolver_tests::test_rooted_resolver_preserves_directory_intent ... ok
[INFO] [stdout] test tests::path::path_resolver_tests::test_rooted_paths_use_virtual_absolute_and_pwd_semantics ... ok
[INFO] [stdout] 
[INFO] [stdout] running 1 test
[INFO] [stdout] test rooted::rooted_resolution_cursor::tests::test_cursor_releases_replaced_authority_and_retains_failed_descent ... test tests::rooted::metadata_tests::test_rooted_metadata_observes_open_file_and_identity ... ok
[INFO] [stdout] ok
[INFO] [stdout] 
[INFO] [stdout] test result: ok. 1 passed; 0 failed; 0 ignored; 0 measured; 79 filtered out; finished in 0.00s
[INFO] [stdout] 
[INFO] [stdout] test local::internal::rooted_file_io::tests::rooted_parent_sync_and_type_error_preserve_native_contracts ... ok
[INFO] [stdout] test local::internal::atomic_commit_state::tests::test_synchronize_staging_file_obeys_each_durability_requirement ... ok
[INFO] [stdout] test local::internal::unix_nonblocking::tests::test_clear_nonblocking_restores_descriptor_flags ... ok
[INFO] [stdout] test tests::rooted::metadata_tests::test_rooted_metadata_converts_native_file_metadata ... ok
[INFO] [stdout] test tests::vectored_read_tests::test_vectored_fallback_preserves_initial_interrupt_and_later_progress ... ok
[INFO] [stdout] test tests::vectored_read_tests::test_vectored_fallback_returns_first_error_without_progress ... ok
[INFO] [stdout] test tests::vectored_read_tests::test_vectored_fallback_returns_progress_before_later_error ... ok
[INFO] [stdout] test tests::local::copy_destination_policy_tests::test_copy_destination_policy_applies_type_conflict_policy ... ok
[INFO] [stdout] test tests::vectored_read_tests::test_vectored_fallback_skips_empty_buffers ... ok
[INFO] [stdout] test tests::vectored_read_tests::test_vectored_fallback_stops_after_short_read ... ok
[INFO] [stdout] test tests::file_system::workflow_tests::test_rooted_facade_workflow_preserves_namespace_and_lifecycle_contracts ... ok
[INFO] [stdout] test rooted::rooted_resolution_cursor::tests::test_cursor_releases_replaced_authority_and_retains_failed_descent ... ok
[INFO] [stdout] test tests::rooted::root_tests::test_root_authority_manages_descendant_entries ... ok
[INFO] [stdout] test tests::vectored_read_tests::test_vectored_fallback_stops_at_eof ... ok
[INFO] [stdout] test tests::write::open_options_tests::test_open_options_builders_update_open_behavior ... ok
[INFO] [stdout] test tests::path::path_resolver_tests::test_rooted_path_resolver_rejects_relative_current_directory ... ok
[INFO] [stdout] test local::internal::unix_nonblocking::tests::test_open_with_nonblocking_retry_returns_later_success ... ok
[INFO] [stdout] test tests::rooted::resolution_complexity_tests::test_complete_resolver_uses_linear_ordinary_path_work ... ok
[INFO] [stderr]      Running tests/atomic_commit_state_tests.rs (/opt/rustwide/target/release/build/qubit-local-files/0a4eb62c79af76c4/out/atomic_commit_state_tests-0a4eb62c79af76c4)
[INFO] [stdout] 
[INFO] [stdout] test result: ok. 80 passed; 0 failed; 0 ignored; 0 measured; 0 filtered out; finished in 0.05s
[INFO] [stdout] 
[INFO] [stdout] 
[INFO] [stdout] running 2 tests
[INFO] [stdout] test test_atomic_commit_state_publishes_host_staging ... ok
[INFO] [stdout] test test_atomic_commit_state_publishes_rooted_staging ... ok
[INFO] [stdout] 
[INFO] [stdout] test result: ok. 2 passed; 0 failed; 0 ignored; 0 measured; 0 filtered out; finished in 0.01s
[INFO] [stdout] 
[INFO] [stderr]      Running tests/capability_and_probe_tests.rs (/opt/rustwide/target/release/build/qubit-local-files/27faca5bf00bf749/out/capability_and_probe_tests-27faca5bf00bf749)
[INFO] [stdout] 
[INFO] [stdout] running 9 tests
[INFO] [stdout] test test_host_file_system_limits_vary_by_path ... ok
[INFO] [stdout] test test_host_capabilities_match_host_no_replace_backend ... ok
[INFO] [stdout] test test_host_file_system_limits_probe_missing_descendant ... ok
[INFO] [stdout] test test_rooted_file_system_space_observes_nearest_existing_ancestor ... ok
[INFO] [stdout] test test_local_file_system_capabilities_report_operation_support ... ok
[INFO] [stdout] test test_local_file_names_generate_random_portable_components ... ok
[INFO] [stdout] test test_local_file_system_metadata_does_not_follow_final_symlink ... ok
[INFO] [stdout] test test_host_file_system_space_observes_existing_directory ... ok
[INFO] [stdout] 
[INFO] [stdout] running 1 test
[INFO] [stdout] test test_host_and_rooted_special_file_probe_does_not_block ... ok
[INFO] [stdout] 
[INFO] [stdout] test result: ok. 1 passed; 0 failed; 0 ignored; 0 measured; 8 filtered out; finished in 0.00s
[INFO] [stdout] 
[INFO] [stdout] 
[INFO] [stdout] running 1 test
[INFO] [stdout] test test_host_and_rooted_special_file_probe_does_not_block ... ok
[INFO] [stdout] 
[INFO] [stdout] test result: ok. 1 passed; 0 failed; 0 ignored; 0 measured; 8 filtered out; finished in 0.00s
[INFO] [stdout] 
[INFO] [stdout] 
[INFO] [stdout] running 1 test
[INFO] [stdout] test test_host_and_rooted_special_file_probe_does_not_block ... ok
[INFO] [stdout] 
[INFO] [stdout] test result: ok. 1 passed; 0 failed; 0 ignored; 0 measured; 8 filtered out; finished in 0.00s
[INFO] [stdout] 
[INFO] [stdout] 
[INFO] [stdout] running 1 test
[INFO] [stdout] test test_host_and_rooted_special_file_probe_does_not_block ... ok
[INFO] [stdout] 
[INFO] [stdout] test result: ok. 1 passed; 0 failed; 0 ignored; 0 measured; 8 filtered out; finished in 0.00s
[INFO] [stdout] 
[INFO] [stderr]      Running tests/configuration_validation_tests.rs (/opt/rustwide/target/release/build/qubit-local-files/a25d647b2c69ae5a/out/configuration_validation_tests-a25d647b2c69ae5a)
[INFO] [stdout] test test_host_and_rooted_special_file_probe_does_not_block ... ok
[INFO] [stdout] 
[INFO] [stdout] test result: ok. 9 passed; 0 failed; 0 ignored; 0 measured; 0 filtered out; finished in 0.05s
[INFO] [stdout] 
[INFO] [stdout] 
[INFO] [stdout] running 3 tests
[INFO] [stdout] test test_configuration_budget_boundaries ... ok
[INFO] [stdout] test test_configuration_rejects_temporary_affixes_before_io ... ok
[INFO] [stdout] test test_configuration_rejects_static_requirements_transactionally ... ok
[INFO] [stderr]      Running tests/delete_contract_symlink_tests.rs (/opt/rustwide/target/release/build/qubit-local-files/e3425086f2b07c0a/out/delete_contract_symlink_tests-e3425086f2b07c0a)
[INFO] [stdout] 
[INFO] [stdout] test result: ok. 3 passed; 0 failed; 0 ignored; 0 measured; 0 filtered out; finished in 0.00s
[INFO] [stdout] 
[INFO] [stdout] 
[INFO] [stdout] running 2 tests
[INFO] [stderr]      Running tests/delete_contract_tests.rs (/opt/rustwide/target/release/build/qubit-local-files/7efaca835f6cfc67/out/delete_contract_tests-7efaca835f6cfc67)
[INFO] [stdout] test unix::dangling_final_symlinks_are_removed_as_files ... ok
[INFO] [stdout] test unix::final_symlinks_are_deleted_as_entries_and_directory_requests_reject_them ... ok
[INFO] [stdout] 
[INFO] [stdout] test result: ok. 2 passed; 0 failed; 0 ignored; 0 measured; 0 filtered out; finished in 0.00s
[INFO] [stdout] 
[INFO] [stdout] 
[INFO] [stdout] running 2 tests
[INFO] [stdout] test rooted_recursive_directory_delete_rejects_regular_file ... ok
[INFO] [stdout] test host_recursive_directory_delete_rejects_regular_file ... ok
[INFO] [stdout] 
[INFO] [stdout] test result: ok. 2 passed; 0 failed; 0 ignored; 0 measured; 0 filtered out; finished in 0.00s
[INFO] [stdout] 
[INFO] [stderr]      Running tests/error_tests.rs (/opt/rustwide/target/release/build/qubit-local-files/bb419938be49a95f/out/error_tests-bb419938be49a95f)
[INFO] [stdout] 
[INFO] [stdout] running 13 tests
[INFO] [stdout] test test_local_resource_limit_error_preserves_budget_facts ... ok
[INFO] [stdout] test test_local_file_error_exposes_optional_context_without_source ... ok
[INFO] [stdout] test test_local_file_error_effect_markers_without_cause ... ok
[INFO] [stdout] test test_local_file_error_cause_and_effect_for_ordinary_error ... ok
[INFO] [stdout] test test_local_file_error_from_io_preserves_context ... ok
[INFO] [stdout] test test_local_file_error_into_io_error_preserves_kind_and_context ... ok
[INFO] [stdout] test test_set_current_directory_operation_is_public ... ok
[INFO] [stdout] test test_resource_limit_error_exposes_all_public_accessors ... ok
[INFO] [stdout] test test_local_file_error_requirement_not_met_is_structured ... ok
[INFO] [stdout] test test_resource_limit_error_formats_all_resource_kinds_and_chains ... ok
[INFO] [stdout] test test_local_file_effect_state_variants_are_stable ... ok
[INFO] [stdout] test test_local_file_error_adapts_source_free_kinds_and_consumes_source ... ok
[INFO] [stdout] test test_local_file_error_reason_is_structured_and_displayed ... ok
[INFO] [stdout] 
[INFO] [stdout] test result: ok. 13 passed; 0 failed; 0 ignored; 0 measured; 0 filtered out; finished in 0.01s
[INFO] [stdout] 
[INFO] [stderr]      Running tests/facade_defaults_and_delegation_tests.rs (/opt/rustwide/target/release/build/qubit-local-files/bab098d3e2bc827a/out/facade_defaults_and_delegation_tests-bab098d3e2bc827a)
[INFO] [stdout] 
[INFO] [stdout] running 5 tests
[INFO] [stdout] test test_resource_limit_error_retains_budget_facts ... ok
[INFO] [stdout] test test_public_host_facade_delegates_ordinary_operations ... ok
[INFO] [stdout] test test_public_facade_contextualizes_capability_and_root_operand_failures ... ok
[INFO] [stdout] test test_public_rooted_facade_delegates_relative_operations ... ok
[INFO] [stderr]      Running tests/fault_injection_tests.rs (/opt/rustwide/target/release/build/qubit-local-files/1a9c108ee4e7134b/out/fault_injection_tests-1a9c108ee4e7134b)
[INFO] [stdout] test test_public_facade_uses_complete_instance_defaults ... ok
[INFO] [stdout] 
[INFO] [stdout] test result: ok. 5 passed; 0 failed; 0 ignored; 0 measured; 0 filtered out; finished in 0.01s
[INFO] [stdout] 
[INFO] [stdout] 
[INFO] [stdout] running 0 tests
[INFO] [stdout] 
[INFO] [stdout] test result: ok. 0 passed; 0 failed; 0 ignored; 0 measured; 0 filtered out; finished in 0.00s
[INFO] [stdout] 
[INFO] [stderr]      Running tests/host_entry_policy_tests.rs (/opt/rustwide/target/release/build/qubit-local-files/a32ce9bbc95d4a92/out/host_entry_policy_tests-a32ce9bbc95d4a92)
[INFO] [stdout] 
[INFO] [stdout] running 5 tests
[INFO] [stdout] test test_local_file_system_delete_handles_missing_and_type_conflicts ... ok
[INFO] [stdout] test test_local_file_system_metadata_reports_file_and_missing_path_error ... ok
[INFO] [stdout] test test_local_file_system_open_reader_reports_missing_and_directory_errors ... ok
[INFO] [stdout] test test_local_file_system_metadata_preserves_logical_error_path ... ok
[INFO] [stdout] test test_local_file_system_create_directory_reports_policy_and_type_errors ... ok
[INFO] [stderr]      Running tests/host_fault_and_guarantee_tests.rs (/opt/rustwide/target/release/build/qubit-local-files/b7e2351e3eee1ab3/out/host_fault_and_guarantee_tests-b7e2351e3eee1ab3)
[INFO] [stdout] 
[INFO] [stdout] test result: ok. 5 passed; 0 failed; 0 ignored; 0 measured; 0 filtered out; finished in 0.00s
[INFO] [stdout] 
[INFO] [stdout] 
[INFO] [stdout] running 8 tests
[INFO] [stdout] test test_copy_symlink_preserves_final_link_entry ... ok
[INFO] [stdout] test test_host_facade_uses_configured_reader_writer_and_list_policies ... ok
[INFO] [stdout] test test_open_writer_append_rejects_unsupported_atomicity_and_directory ... ok
[INFO] [stdout] test test_copy_and_rename_reject_missing_sources_and_aliases ... ok
[INFO] [stdout] test test_copy_directory_rejects_required_publication_guarantees ... ok
[INFO] [stdout] test test_host_facade_mutates_file_and_directory_entries ... ok
[INFO] [stdout] test test_filesystem_namespace_capabilities_and_probe_variants ... ok
[INFO] [stderr]      Running tests/host_local_file_system_tests.rs (/opt/rustwide/target/release/build/qubit-local-files/6fa63261c7428897/out/host_local_file_system_tests-6fa63261c7428897)
[INFO] [stdout] test test_atomic_replacement_preserves_extended_attributes ... ok
[INFO] [stdout] 
[INFO] [stdout] test result: ok. 8 passed; 0 failed; 0 ignored; 0 measured; 0 filtered out; finished in 0.01s
[INFO] [stdout] 
[INFO] [stdout] 
[INFO] [stdout] running 3 tests
[INFO] [stdout] test test_host_local_file_system_inspects_native_namespace ... ok
[INFO] [stdout] test test_host_read_prefix ... ok
[INFO] [stdout] test test_host_local_file_system_workflow ... FAILED
[INFO] [stdout] 
[INFO] [stdout] failures:
[INFO] [stdout] 
[INFO] [stdout] ---- test_host_local_file_system_workflow stdout ----
[INFO] [stdout] 
[INFO] [stdout] thread 'test_host_local_file_system_workflow' (2711) panicked at tests/host_local_file_system_tests.rs:89:10:
[INFO] [stdout] temporary file should be created: LocalFileError { kind: Io, operation: CreateTempFile, current_directory: Some("/opt/rustwide/workdir"), path: Some("/opt/rustwide/workdir"), target: None, reason: None, source: Some(Io(Custom { kind: ReadOnlyFilesystem, error: PathIoError { operation: "create temporary directory", path: "/opt/rustwide/workdir/sandbox-18dfa6d4bc4447ca-a95-cd54b2d86b44ff9e093c57cfb25040fd", source: Os { code: 30, kind: ReadOnlyFilesystem, message: "Read-only file system" } } })), cleanup_error: None }
[INFO] [stdout] stack backtrace:
[INFO] [stdout]    0:     0x5556eb9ed231 - <<std[617be2ca0a6fd877]::sys::backtrace::BacktraceLock>::print::DisplayBacktrace as core[a373ad73a504971]::fmt::Display>::fmt
[INFO] [stdout]    1:     0x5556eba01d3a - core[a373ad73a504971]::fmt::write
[INFO] [stdout]    2:     0x5556eb9f180c - <alloc[2e1b2a31b91974c5]::vec::Vec<u8> as core[a373ad73a504971]::io::write::Write>::write_fmt
[INFO] [stdout]    3:     0x5556eb9c6146 - std[617be2ca0a6fd877]::panicking::default_hook::{closure#0}
[INFO] [stdout]    4:     0x5556eb9e3b09 - std[617be2ca0a6fd877]::panicking::default_hook
[INFO] [stdout]    5:     0x5556eb9170b0 - test[aada8e7e76ba119b]::test_main_inner::{closure#0}
[INFO] [stdout]    6:     0x5556eb9e3cc2 - std[617be2ca0a6fd877]::panicking::panic_with_hook
[INFO] [stdout]    7:     0x5556eb9c61f2 - std[617be2ca0a6fd877]::panicking::panic_handler::{closure#0}
[INFO] [stdout]    8:     0x5556eb9bec89 - std[617be2ca0a6fd877]::sys::backtrace::__rust_end_short_backtrace::<std[617be2ca0a6fd877]::panicking::panic_handler::{closure#0}, !>
[INFO] [stdout]    9:     0x5556eb9c709d - __rustc[ea4f61d10b84890b]::rust_begin_unwind
[INFO] [stdout]   10:     0x5556eba0246c - core[a373ad73a504971]::panicking::panic_fmt
[INFO] [stdout]   11:     0x5556eba02242 - core[a373ad73a504971]::result::unwrap_failed
[INFO] [stdout]   12:     0x5556eb90792a - <host_local_file_system_tests[9edc09425ce3d280]::test_host_local_file_system_workflow::{closure#0} as core[a373ad73a504971]::ops::function::FnOnce<()>>::call_once
[INFO] [stdout]   13:     0x5556eb90a4fb - test[aada8e7e76ba119b]::__rust_begin_short_backtrace::<core[a373ad73a504971]::result::Result<(), alloc[2e1b2a31b91974c5]::string::String>, fn() -> core[a373ad73a504971]::result::Result<(), alloc[2e1b2a31b91974c5]::string::String>>
[INFO] [stdout]   14:     0x5556eb9176d5 - test[aada8e7e76ba119b]::run_test::{closure#0}
[INFO] [stdout]   15:     0x5556eb910fc4 - std[617be2ca0a6fd877]::sys::backtrace::__rust_begin_short_backtrace::<test[aada8e7e76ba119b]::run_test::{closure#1}, ()>
[INFO] [stdout]   16:     0x5556eb91a762 - <std[617be2ca0a6fd877]::thread::lifecycle::spawn_unchecked<test[aada8e7e76ba119b]::run_test::{closure#1}, ()>::{closure#1} as core[a373ad73a504971]::ops::function::FnOnce<()>>::call_once::{shim:vtable#0}
[INFO] [stdout]   17:     0x5556eb9ec8af - <std[617be2ca0a6fd877]::sys::thread::unix::Thread>::new::thread_start
[INFO] [stdout]   18:     0x7457cfac5dfa - <unknown>
[INFO] [stdout]   19:     0x7457cfb593d4 - clone
[INFO] [stdout]   20:                0x0 - <unknown>
[INFO] [stdout] 
[INFO] [stdout] 
[INFO] [stdout] failures:
[INFO] [stdout]     test_host_local_file_system_workflow
[INFO] [stdout] 
[INFO] [stdout] test result: FAILED. 2 passed; 1 failed; 0 ignored; 0 measured; 0 filtered out; finished in 0.01s
[INFO] [stdout] 
[INFO] [stderr] error: test failed, to rerun pass `--test host_local_file_system_tests`
[INFO] running `Command { std: "docker" "inspect" "7c9cc138f891168e953ecb8fb5ef8e95a38bad5f20fb8f12780342c8b7efc2f4", kill_on_drop: false }`
[INFO] running `Command { std: "docker" "rm" "-f" "7c9cc138f891168e953ecb8fb5ef8e95a38bad5f20fb8f12780342c8b7efc2f4", kill_on_drop: false }`
[INFO] [stdout] 7c9cc138f891168e953ecb8fb5ef8e95a38bad5f20fb8f12780342c8b7efc2f4
