[INFO] fetching crate qubit-id 0.7.0...
[INFO] testing qubit-id-0.7.0 against 1.99.0-beta.8+cargoflags=--release for beta-release-1.100-2
[INFO] extracting crate qubit-id 0.7.0 into /workspace/builds/worker-1-tc1/source
[INFO] started tweaking crates.io crate qubit-id 0.7.0
[INFO] removed 0 missing tests
[INFO] finished tweaking crates.io crate qubit-id 0.7.0
[INFO] tweaked toml for crates.io crate qubit-id 0.7.0 written to /workspace/builds/worker-1-tc1/source/Cargo.toml
[INFO] validating manifest of crates.io crate qubit-id 0.7.0 on toolchain 1.99.0-beta.8
[INFO] running `Command { std: CARGO_HOME="/workspace/cargo-home" RUSTUP_HOME="/workspace/rustup-home" "/workspace/cargo-home/bin/cargo" "+1.99.0-beta.8" "metadata" "--manifest-path" "Cargo.toml" "--no-deps", kill_on_drop: false }`
[INFO] crate crates.io crate qubit-id 0.7.0 already has a lockfile, it will not be regenerated
[INFO] running `Command { std: CARGO_HOME="/workspace/cargo-home" RUSTUP_HOME="/workspace/rustup-home" "/workspace/cargo-home/bin/cargo" "+1.99.0-beta.8" "fetch" "--manifest-path" "Cargo.toml", kill_on_drop: false }`
[INFO] [stderr]     Updating crates.io index
[INFO] [stderr]  Downloading crates ...
[INFO] [stderr]   Downloaded serde_test v1.0.177
[INFO] [stderr]   Downloaded qubit-collections v0.2.0
[INFO] [stderr]   Downloaded qubit-clock v0.13.0
[INFO] running `Command { std: "docker" "create" "-v" "/var/lib/crater-agent-workspace/builds/worker-1-tc1/source:/opt/rustwide/workdir:ro,Z" "-v" "/var/lib/crater-agent-workspace/builds/worker-1-tc1/target:/opt/rustwide/target:rw,Z" "-v" "/var/lib/crater-agent-workspace/cargo-home:/opt/rustwide/cargo-home:ro,Z" "-v" "/var/lib/crater-agent-workspace/rustup-home:/opt/rustwide/rustup-home:ro,Z" "-m" "1610612736" "--network" "none" "ghcr.io/rust-lang/crates-build-env/linux@sha256:77db811e55d90add9212f6832c23229e3de5f1c1f9905e8cb07319ea15df73ac" "sleep" "infinity", kill_on_drop: false }`
[INFO] [stdout] 9d4638d84843e3712887955ef760420912430b8a92f84b7a1bdda2ba8506b526
[INFO] running `Command { std: "docker" "start" "9d4638d84843e3712887955ef760420912430b8a92f84b7a1bdda2ba8506b526", kill_on_drop: false }`
[INFO] running `Command { std: "docker" "inspect" "9d4638d84843e3712887955ef760420912430b8a92f84b7a1bdda2ba8506b526", kill_on_drop: false }`
[INFO] running `Command { std: "docker" "exec" "-e" "SOURCE_DIR=/opt/rustwide/workdir" "-e" "CARGO_HOME=/opt/rustwide/cargo-home" "-e" "RUSTUP_HOME=/opt/rustwide/rustup-home" "-e" "CARGO_TARGET_DIR=/opt/rustwide/target" "-w" "/opt/rustwide/workdir" "--user" "0:0" "9d4638d84843e3712887955ef760420912430b8a92f84b7a1bdda2ba8506b526" "/opt/rustwide/cargo-home/bin/cargo" "+1.99.0-beta.8" "metadata" "--no-deps" "--format-version=1", kill_on_drop: false }`
[INFO] running `Command { std: "docker" "inspect" "9d4638d84843e3712887955ef760420912430b8a92f84b7a1bdda2ba8506b526", kill_on_drop: false }`
[INFO] running `Command { std: "docker" "exec" "-e" "SOURCE_DIR=/opt/rustwide/workdir" "-e" "CARGO_HOME=/opt/rustwide/cargo-home" "-e" "RUSTUP_HOME=/opt/rustwide/rustup-home" "-e" "CARGO_TARGET_DIR=/opt/rustwide/target" "-e" "CARGO_INCREMENTAL=0" "-e" "RUST_BACKTRACE=full" "-e" "RUSTFLAGS=--cap-lints=warn" "-e" "RUSTDOCFLAGS=--cap-lints=warn" "-w" "/opt/rustwide/workdir" "--user" "0:0" "9d4638d84843e3712887955ef760420912430b8a92f84b7a1bdda2ba8506b526" "/opt/rustwide/cargo-home/bin/cargo" "+1.99.0-beta.8" "build" "--frozen" "--message-format=json" "--release", kill_on_drop: false }`
[INFO] [stderr]    Compiling libc v0.2.189
[INFO] [stderr]    Compiling thiserror v2.0.20
[INFO] [stderr]    Compiling hashbrown v0.17.1
[INFO] [stderr]    Compiling smallvec v1.16.1
[INFO] [stderr]    Compiling syn v3.0.5
[INFO] [stderr]    Compiling qubit-collections v0.2.0
[INFO] [stderr]    Compiling parking_lot_core v0.9.12
[INFO] [stderr]    Compiling parking_lot v0.12.5
[INFO] [stderr]    Compiling thiserror-impl v2.0.20
[INFO] [stderr]    Compiling qubit-clock v0.13.0
[INFO] [stderr]    Compiling qubit-id v0.7.0 (/opt/rustwide/workdir)
[INFO] [stderr]     Finished `release` profile [optimized] target(s) in 11.12s
[INFO] running `Command { std: "docker" "inspect" "9d4638d84843e3712887955ef760420912430b8a92f84b7a1bdda2ba8506b526", kill_on_drop: false }`
[INFO] running `Command { std: "docker" "exec" "-e" "SOURCE_DIR=/opt/rustwide/workdir" "-e" "CARGO_HOME=/opt/rustwide/cargo-home" "-e" "RUSTUP_HOME=/opt/rustwide/rustup-home" "-e" "CARGO_TARGET_DIR=/opt/rustwide/target" "-e" "CARGO_INCREMENTAL=0" "-e" "RUST_BACKTRACE=full" "-e" "RUSTFLAGS=--cap-lints=warn" "-e" "RUSTDOCFLAGS=--cap-lints=warn" "-w" "/opt/rustwide/workdir" "--user" "0:0" "9d4638d84843e3712887955ef760420912430b8a92f84b7a1bdda2ba8506b526" "/opt/rustwide/cargo-home/bin/cargo" "+1.99.0-beta.8" "test" "--frozen" "--no-run" "--message-format=json" "--release", kill_on_drop: false }`
[INFO] [stderr]    Compiling getrandom v0.4.3
[INFO] [stderr]    Compiling syn v3.0.5
[INFO] [stderr]    Compiling toml_datetime v0.7.5+spec-1.1.0
[INFO] [stderr]    Compiling winnow v0.7.15
[INFO] [stderr]    Compiling serde_test v1.0.177
[INFO] [stderr]    Compiling uuid v1.26.1
[INFO] [stderr]    Compiling toml v0.9.12+spec-1.1.0
[INFO] [stderr]    Compiling thiserror-impl v2.0.20
[INFO] [stderr]    Compiling tokio-macros v2.7.2
[INFO] [stderr]    Compiling tokio v1.53.1
[INFO] [stderr]    Compiling thiserror v2.0.20
[INFO] [stderr]    Compiling qubit-clock v0.13.0
[INFO] [stderr]    Compiling qubit-id v0.7.0 (/opt/rustwide/workdir)
[INFO] [stderr]     Finished `release` profile [optimized] target(s) in 33.14s
[INFO] running `Command { std: "docker" "inspect" "9d4638d84843e3712887955ef760420912430b8a92f84b7a1bdda2ba8506b526", kill_on_drop: false }`
[INFO] running `Command { std: "docker" "exec" "-e" "SOURCE_DIR=/opt/rustwide/workdir" "-e" "CARGO_HOME=/opt/rustwide/cargo-home" "-e" "RUSTUP_HOME=/opt/rustwide/rustup-home" "-e" "CARGO_TARGET_DIR=/opt/rustwide/target" "-e" "CARGO_INCREMENTAL=0" "-e" "RUST_BACKTRACE=full" "-e" "RUSTFLAGS=--cap-lints=warn" "-e" "RUSTDOCFLAGS=--cap-lints=warn" "-w" "/opt/rustwide/workdir" "--user" "0:0" "9d4638d84843e3712887955ef760420912430b8a92f84b7a1bdda2ba8506b526" "/opt/rustwide/cargo-home/bin/cargo" "+1.99.0-beta.8" "test" "--frozen" "--release", kill_on_drop: false }`
[INFO] [stderr]     Finished `release` profile [optimized] target(s) in 0.12s
[INFO] [stderr]      Running unittests src/lib.rs (/opt/rustwide/target/release/deps/qubit_id-e78fcc31f8e0d167)
[INFO] [stderr]      Running tests/async_id_generator_tests.rs (/opt/rustwide/target/release/deps/async_id_generator_tests-5fc32d020f8f45fc)
[INFO] [stdout] 
[INFO] [stdout] running 0 tests
[INFO] [stdout] 
[INFO] [stdout] test result: ok. 0 passed; 0 failed; 0 ignored; 0 measured; 0 filtered out; finished in 0.00s
[INFO] [stdout] 
[INFO] [stdout] 
[INFO] [stdout] running 5 tests
[INFO] [stdout] test test_async_id_generator_supports_custom_error_type ... ok
[INFO] [stdout] test test_async_id_generator_trait_object_is_send_and_sync ... ok
[INFO] [stdout] test test_async_id_generator_can_be_used_without_blocking_capability ... ok
[INFO] [stdout] test test_async_id_generator_is_object_safe_for_one_output_type ... ok
[INFO] [stderr]      Running tests/blocking_id_generator_tests.rs (/opt/rustwide/target/release/deps/blocking_id_generator_tests-e7f58f883109013d)
[INFO] [stdout] test test_async_id_generator_send_error_can_run_in_spawned_task ... ok
[INFO] [stdout] 
[INFO] [stdout] test result: ok. 5 passed; 0 failed; 0 ignored; 0 measured; 0 filtered out; finished in 0.02s
[INFO] [stdout] 
[INFO] [stdout] 
[INFO] [stdout] running 2 tests
[INFO] [stdout] test test_blocking_id_generator_supports_custom_error_type ... ok
[INFO] [stderr]      Running tests/generation_attempt_tests.rs (/opt/rustwide/target/release/deps/generation_attempt_tests-be26ba8f2cc6e4da)
[INFO] [stdout] test test_blocking_id_generator_supports_concurrent_shared_access ... ok
[INFO] [stdout] 
[INFO] [stdout] test result: ok. 2 passed; 0 failed; 0 ignored; 0 measured; 0 filtered out; finished in 0.01s
[INFO] [stdout] 
[INFO] [stdout] 
[INFO] [stdout] running 2 tests
[INFO] [stdout] test test_generation_attempt_preserves_retry_delay ... ok
[INFO] [stdout] test test_generation_attempt_maps_generated_values ... ok
[INFO] [stderr]      Running tests/id_generation_error_tests.rs (/opt/rustwide/target/release/deps/id_generation_error_tests-862464711b667fa3)
[INFO] [stdout] 
[INFO] [stderr]      Running tests/id_generator_tests.rs (/opt/rustwide/target/release/deps/id_generator_tests-b88b11222a1fa593)
[INFO] [stdout] test result: ok. 2 passed; 0 failed; 0 ignored; 0 measured; 0 filtered out; finished in 0.00s
[INFO] [stdout] 
[INFO] [stdout] 
[INFO] [stdout] running 3 tests
[INFO] [stdout] test test_id_generation_error_clock_moved_backwards_preserves_raw_durations ... ok
[INFO] [stdout] test test_id_generation_error_display_formats_all_variants ... ok
[INFO] [stdout] test test_id_generation_error_preserves_sources ... ok
[INFO] [stdout] 
[INFO] [stdout] test result: ok. 3 passed; 0 failed; 0 ignored; 0 measured; 0 filtered out; finished in 0.00s
[INFO] [stdout] 
[INFO] [stdout] 
[INFO] [stdout] running 2 tests
[INFO] [stdout] test test_id_generator_allows_non_send_synchronous_output_type ... ok
[INFO] [stderr]      Running tests/id_tests.rs (/opt/rustwide/target/release/deps/id_tests-29527a74e5b23729)
[INFO] [stdout] test test_id_generator_is_object_safe_for_one_output_type ... ok
[INFO] [stdout] 
[INFO] [stdout] test result: ok. 2 passed; 0 failed; 0 ignored; 0 measured; 0 filtered out; finished in 0.00s
[INFO] [stdout] 
[INFO] [stdout] 
[INFO] [stdout] running 5 tests
[INFO] [stdout] test test_id_rejects_invalid_text ... ok
[INFO] [stdout] test test_id_round_trips_u64_value ... ok
[INFO] [stdout] test test_id_displays_as_unsigned_decimal ... ok
[INFO] [stdout] test test_id_padded_decimal_has_fixed_width_and_sorts_numerically ... ok
[INFO] [stdout] test test_id_parses_decimal_text ... ok
[INFO] [stdout] 
[INFO] [stderr]      Running tests/mod.rs (/opt/rustwide/target/release/deps/mod-37e580da0651b8d3)
[INFO] [stdout] test result: ok. 5 passed; 0 failed; 0 ignored; 0 measured; 0 filtered out; finished in 0.00s
[INFO] [stdout] 
[INFO] [stdout] 
[INFO] [stdout] running 61 tests
[INFO] [stdout] test benchmark_tests::qubit_snowflake_throughput_tests::test_uuid_comparison_benchmark_uses_blocking_generator_contract ... ok
[INFO] [stdout] test markdown_tests::readme_examples_tests::test_build_markdown_doctest_manifest_escapes_windows_dependency_path ... ok
[INFO] [stdout] test markdown_tests::readme_examples_tests::test_build_markdown_doctest_manifest_enables_all_example_features ... ok
[INFO] [stdout] test markdown_tests::readme_examples_tests::test_async_documentation_describes_unboxed_outer_future ... ok
[INFO] [stdout] test benchmark_tests::qubit_snowflake_throughput_tests::test_qubit_snowflake_throughput_benchmarks_id_string_paths ... ok
[INFO] [stdout] test benchmark_tests::qubit_snowflake_throughput_tests::test_qubit_snowflake_throughput_startup_uses_immediate_restart_policy ... ok
[INFO] [stdout] test snowflake::qubit::constants_tests::test_snowflake_public_constants_match_layout ... ok
[INFO] [stdout] test markdown_tests::readme_examples_tests::test_docs_rs_build_enables_all_features ... ok
[INFO] [stdout] test benchmark_tests::qubit_snowflake_throughput_tests::test_qubit_snowflake_throughput_uses_generic_generator_parameters ... ok
[INFO] [stdout] test markdown_tests::readme_examples_tests::test_readmes_document_feature_lifetime_and_benchmark_contracts ... ok
[INFO] [stdout] test snowflake::qubit::snowflake_generator_builder_tests::test_snowflake_generator_builder_async_propagates_expiration_error ... ok
[INFO] [stdout] test markdown_tests::readme_examples_tests::test_readmes_document_structured_generation_failures ... ok
[INFO] [stdout] test snowflake::qubit::id_mode_tests::test_id_mode_ordinals_and_decoding ... ok
[INFO] [stdout] test snowflake::qubit::snowflake_generator_builder_tests::test_snowflake_generator_builder_builds_configuration ... ok
[INFO] [stdout] test snowflake::qubit::snowflake_generator_builder_tests::test_snowflake_generator_builder_defaults_to_immediate_allocation ... ok
[INFO] [stdout] test snowflake::qubit::snowflake_generator_builder_tests::test_snowflake_generator_builder_rejects_future_epoch ... ok
[INFO] [stdout] test snowflake::qubit::snowflake_generator_builder_tests::test_snowflake_generator_builder_rejects_invalid_host ... ok
[INFO] [stdout] test snowflake::qubit::snowflake_generator_tests::async_tests::test_async_snowflake_generator_convenience_api ... ok
[INFO] [stdout] test snowflake::qubit::snowflake_generator_tests::async_tests::test_async_qubit_restart_fence_retries_the_baseline_slice ... ok
[INFO] [stdout] test snowflake::qubit::snowflake_generator_tests::async_tests::test_async_snowflake_generator_increments_sequence ... ok
[INFO] [stdout] test snowflake::qubit::snowflake_generator_builder_tests::test_snowflake_generator_builder_enforces_expiration ... ok
[INFO] [stdout] test snowflake::qubit::snowflake_generator_tests::async_tests::test_async_snowflake_generator_preserves_completion_failure_source ... ok
[INFO] [stdout] test snowflake::qubit::snowflake_generator_builder_tests::test_snowflake_generator_builder_async_propagates_layout_error ... ok
[INFO] [stdout] test markdown_tests::readme_examples_tests::test_readme_rust_examples_compile ... FAILED
[INFO] [stdout] test snowflake::qubit::snowflake_generator_builder_tests::test_snowflake_generator_builder_rejects_extreme_future_epoch_before_expiration_overflow ... ok
[INFO] [stdout] test snowflake::qubit::snowflake_generator_tests::async_tests::test_async_snowflake_generator_preserves_wait_failure_source ... ok
[INFO] [stdout] test snowflake::qubit::snowflake_generator_tests::async_tests::test_async_snowflake_generator_wait_is_cancellation_safe ... ok
[INFO] [stdout] test snowflake::qubit::snowflake_generator_tests::async_tests::test_async_snowflake_generator_waits_for_small_rollback ... ok
[INFO] [stdout] test snowflake::qubit::snowflake_generator_tests::async_tests::test_async_snowflake_generator_waits_for_sequence_capacity ... ok
[INFO] [stdout] test snowflake::qubit::snowflake_generator_tests::async_tests::test_unified_qubit_generator_shares_state_across_call_paths ... ok
[INFO] [stdout] test snowflake::qubit::snowflake_generator_tests::async_tests::test_async_snowflake_generator_reports_large_rollback ... ok
[INFO] [stdout] test snowflake::qubit::snowflake_generator_tests::inherent_api_tests::test_snowflake_generator_supports_inherent_generate ... ok
[INFO] [stdout] test snowflake::qubit::snowflake_generator_tests::async_tests::test_async_snowflake_generator_reports_runtime_expiration ... ok
[INFO] [stdout] test snowflake::qubit::snowflake_generator_tests::async_tests::test_async_snowflake_generator_reports_time_before_epoch ... ok
[INFO] [stdout] test snowflake::qubit::snowflake_generator_tests::async_tests::test_async_snowflake_generator_supports_async_trait_object ... ok
[INFO] [stdout] test snowflake::qubit::snowflake_generator_tests::test_compose_at_matches_layout_parts ... ok
[INFO] [stdout] test snowflake::qubit::snowflake_generator_tests::test_snowflake_generator_increments_sequence_in_same_slice ... ok
[INFO] [stdout] test snowflake::qubit::snowflake_generator_tests::test_compose_at_rejects_time_before_epoch ... ok
[INFO] [stdout] test snowflake::qubit::snowflake_generator_tests::test_snowflake_generator_accessors_return_configuration ... ok
[INFO] [stdout] test snowflake::qubit::snowflake_generator_tests::test_snowflake_generator_new_uses_defaults ... ok
[INFO] [stdout] test snowflake::qubit::snowflake_generator_tests::test_snowflake_generator_preserves_wait_failure_source ... ok
[INFO] [stdout] test snowflake::qubit::snowflake_generator_tests::test_snowflake_supports_nonblocking_trait_object ... ok
[INFO] [stdout] test snowflake::qubit::snowflake_generator_tests::test_snowflake_generator_rejects_expired_explicit_time ... ok
[INFO] [stdout] test snowflake::qubit::snowflake_generator_tests::test_snowflake_generator_reports_large_clock_rollback ... ok
[INFO] [stdout] test snowflake::qubit::snowflake_generator_tests::test_snowflake_generator_reports_runtime_expiration ... ok
[INFO] [stdout] test snowflake::qubit::snowflake_generator_tests::test_snowflake_supports_sync_trait_object ... ok
[INFO] [stdout] test snowflake::qubit::snowflake_generator_tests::test_snowflake_wait_next_slice_retries_without_blocking ... ok
[INFO] [stdout] test snowflake::qubit::snowflake_layout_tests::test_arbitrary_id_decode_compose_round_trip ... ok
[INFO] [stdout] test snowflake::qubit::snowflake_layout_tests::test_compose_all_fixed_header_layouts ... ok
[INFO] [stdout] test snowflake::qubit::snowflake_layout_tests::test_compose_spread_ids_always_set_bit_63 ... ok
[INFO] [stdout] test snowflake::qubit::snowflake_layout_tests::test_decode_is_configuration_independent ... ok
[INFO] [stdout] test snowflake::qubit::snowflake_generator_tests::test_snowflake_generator_waits_with_injected_timer ... ok
[INFO] [stdout] test snowflake::qubit::snowflake_layout_tests::test_snowflake_layout_calculates_exclusive_expiration ... ok
[INFO] [stdout] test snowflake::qubit::snowflake_parts_tests::test_accessors_return_decoded_fields ... ok
[INFO] [stdout] test snowflake::qubit::timestamp_precision_tests::test_timestamp_precision_layout_values ... ok
[INFO] [stdout] test snowflake::qubit::snowflake_layout_tests::test_new_and_compose_reject_out_of_range_parts ... ok
[INFO] [stdout] test snowflake::restart_policy_tests::test_restart_policy_default_is_immediate ... ok
[INFO] [stdout] test snowflake::qubit::snowflake_layout_tests::test_legal_parts_compose_decode_round_trip ... ok
[INFO] [stdout] test snowflake::qubit::snowflake_layout_tests::test_snowflake_layout_reports_expiration_time_overflow ... ok
[INFO] [stdout] test snowflake::qubit::snowflake_layout_tests::test_default_and_getters_match_qubit_defaults ... ok
[INFO] [stdout] test snowflake::qubit::snowflake_generator_tests::test_snowflake_generator_supports_concurrent_shared_access ... ok
[INFO] [stderr] error: test failed, to rerun pass `--test mod`
[INFO] [stdout] 
[INFO] [stdout] failures:
[INFO] [stdout] 
[INFO] [stdout] ---- markdown_tests::readme_examples_tests::test_readme_rust_examples_compile stdout ----
[INFO] [stdout] 
[INFO] [stdout] thread 'markdown_tests::readme_examples_tests::test_readme_rust_examples_compile' (821) panicked at tests/markdown_tests/readme_examples_tests.rs:57:30:
[INFO] [stdout] failed to create markdown doctest directory: Os { code: 30, kind: ReadOnlyFilesystem, message: "Read-only file system" }
[INFO] [stdout] stack backtrace:
[INFO] [stdout]    0:     0x583262653321 - <<std[70759c8f55707aa4]::sys::backtrace::BacktraceLock>::print::DisplayBacktrace as core[df12db4294e9bfd3]::fmt::Display>::fmt
[INFO] [stdout]    1:     0x5832626689ba - core[df12db4294e9bfd3]::fmt::write
[INFO] [stdout]    2:     0x583262657c2c - <alloc[2182bb758b4b3781]::vec::Vec<u8> as core[df12db4294e9bfd3]::io::write::Write>::write_fmt
[INFO] [stdout]    3:     0x58326262d986 - std[70759c8f55707aa4]::panicking::default_hook::{closure#0}
[INFO] [stdout]    4:     0x58326264ab59 - std[70759c8f55707aa4]::panicking::default_hook
[INFO] [stdout]    5:     0x5832625b8850 - test[9d35eded1c95d3be]::test_main_inner::<test[9d35eded1c95d3be]::test_main_static::{closure#0}>::{closure#0}
[INFO] [stdout]    6:     0x58326264ae82 - std[70759c8f55707aa4]::panicking::panic_with_hook
[INFO] [stdout]    7:     0x58326262da32 - std[70759c8f55707aa4]::panicking::panic_handler::{closure#0}
[INFO] [stdout]    8:     0x583262626509 - std[70759c8f55707aa4]::sys::backtrace::__rust_end_short_backtrace::<std[70759c8f55707aa4]::panicking::panic_handler::{closure#0}, !>
[INFO] [stdout]    9:     0x58326262e62d - __rustc[8fa7c3cbc660c2b3]::rust_begin_unwind
[INFO] [stdout]   10:     0x58326266915c - core[df12db4294e9bfd3]::panicking::panic_fmt
[INFO] [stdout]   11:     0x583262668f32 - core[df12db4294e9bfd3]::result::unwrap_failed
[INFO] [stdout]   12:     0x58326257a97e - mod[129703c5f9173f27]::markdown_tests::readme_examples_tests::test_readme_rust_examples_compile
[INFO] [stdout]   13:     0x583262594889 - <mod[129703c5f9173f27]::markdown_tests::readme_examples_tests::test_readme_rust_examples_compile::{closure#0} as core[df12db4294e9bfd3]::ops::function::FnOnce<()>>::call_once
[INFO] [stdout]   14:     0x5832625abb3b - test[9d35eded1c95d3be]::__rust_begin_short_backtrace::<core[df12db4294e9bfd3]::result::Result<(), alloc[2182bb758b4b3781]::string::String>, fn() -> core[df12db4294e9bfd3]::result::Result<(), alloc[2182bb758b4b3781]::string::String>>
[INFO] [stdout]   15:     0x5832625b91a5 - test[9d35eded1c95d3be]::run_test::{closure#0}
[INFO] [stdout]   16:     0x5832625b2a64 - std[70759c8f55707aa4]::sys::backtrace::__rust_begin_short_backtrace::<test[9d35eded1c95d3be]::run_test::{closure#1}, ()>
[INFO] [stdout]   17:     0x5832625bc302 - <std[70759c8f55707aa4]::thread::lifecycle::spawn_unchecked<test[9d35eded1c95d3be]::run_test::{closure#1}, ()>::{closure#1} as core[df12db4294e9bfd3]::ops::function::FnOnce<()>>::call_once::{shim:vtable#0}
[INFO] [stdout]   18:     0x583262652659 - <std[70759c8f55707aa4]::sys::thread::unix::Thread>::new::thread_start
[INFO] [stdout]   19:     0x777dd61c2dfa - <unknown>
[INFO] [stdout]   20:     0x777dd62563d4 - clone
[INFO] [stdout]   21:                0x0 - <unknown>
[INFO] [stdout] 
[INFO] [stdout] 
[INFO] [stdout] failures:
[INFO] [stdout]     markdown_tests::readme_examples_tests::test_readme_rust_examples_compile
[INFO] [stdout] 
[INFO] [stdout] test result: FAILED. 60 passed; 1 failed; 0 ignored; 0 measured; 0 filtered out; finished in 0.03s
[INFO] [stdout] 
[INFO] running `Command { std: "docker" "inspect" "9d4638d84843e3712887955ef760420912430b8a92f84b7a1bdda2ba8506b526", kill_on_drop: false }`
[INFO] running `Command { std: "docker" "rm" "-f" "9d4638d84843e3712887955ef760420912430b8a92f84b7a1bdda2ba8506b526", kill_on_drop: false }`
[INFO] [stdout] 9d4638d84843e3712887955ef760420912430b8a92f84b7a1bdda2ba8506b526
