[INFO] fetching crate qubit-fs-registry 0.7.2...
[INFO] testing qubit-fs-registry-0.7.2 against 1.100.0-beta.1+cargoflags=--release for beta-release-1.100-2
[INFO] extracting crate qubit-fs-registry 0.7.2 into /workspace/builds/worker-0-tc2/source
[INFO] started tweaking crates.io crate qubit-fs-registry 0.7.2
[INFO] removed 0 missing tests
[INFO] finished tweaking crates.io crate qubit-fs-registry 0.7.2
[INFO] tweaked toml for crates.io crate qubit-fs-registry 0.7.2 written to /workspace/builds/worker-0-tc2/source/Cargo.toml
[INFO] validating manifest of crates.io crate qubit-fs-registry 0.7.2 on toolchain 1.100.0-beta.1
[INFO] running `Command { std: CARGO_HOME="/workspace/cargo-home" RUSTUP_HOME="/workspace/rustup-home" "/workspace/cargo-home/bin/cargo" "+1.100.0-beta.1" "metadata" "--manifest-path" "Cargo.toml" "--no-deps", kill_on_drop: false }`
[INFO] crate crates.io crate qubit-fs-registry 0.7.2 already has a lockfile, it will not be regenerated
[INFO] running `Command { std: CARGO_HOME="/workspace/cargo-home" RUSTUP_HOME="/workspace/rustup-home" "/workspace/cargo-home/bin/cargo" "+1.100.0-beta.1" "fetch" "--manifest-path" "Cargo.toml", kill_on_drop: false }`
[INFO] [stderr] warning: `package.homepage` is redundant with `package.repository`
[INFO] [stderr]   --> Cargo.toml:50:12
[INFO] [stderr]    |
[INFO] [stderr] 50 | homepage = "https://github.com/qubit-ltd/rs-fs-registry"
[INFO] [stderr]    |            ^^^^^^^^^^^^^^^^^^^^^^^^^^^^^^^^^^^^^^^^^^^^^
[INFO] [stderr] ...
[INFO] [stderr] 56 | repository = "https://github.com/qubit-ltd/rs-fs-registry"
[INFO] [stderr]    |              ---------------------------------------------
[INFO] [stderr]    |
[INFO] [stderr]    = note: `cargo::redundant_homepage` is set to `warn` by default
[INFO] [stderr] help: consider removing `package.homepage`
[INFO] [stderr] warning: `qubit-fs-registry` (manifest) generated 1 warning
[INFO] running `Command { std: "docker" "create" "-v" "/var/lib/crater-agent-workspace/builds/worker-0-tc2/source:/opt/rustwide/workdir:ro,Z" "-v" "/var/lib/crater-agent-workspace/builds/worker-0-tc2/target:/opt/rustwide/target:rw,Z" "-v" "/var/lib/crater-agent-workspace/cargo-home:/opt/rustwide/cargo-home:ro,Z" "-v" "/var/lib/crater-agent-workspace/rustup-home:/opt/rustwide/rustup-home:ro,Z" "-m" "1610612736" "--network" "none" "ghcr.io/rust-lang/crates-build-env/linux@sha256:77db811e55d90add9212f6832c23229e3de5f1c1f9905e8cb07319ea15df73ac" "sleep" "infinity", kill_on_drop: false }`
[INFO] [stdout] 1ff9cfa643f0976e5b893d43667a6e5e2284c70194be23db2910213dc731eeed
[INFO] running `Command { std: "docker" "start" "1ff9cfa643f0976e5b893d43667a6e5e2284c70194be23db2910213dc731eeed", kill_on_drop: false }`
[INFO] running `Command { std: "docker" "inspect" "1ff9cfa643f0976e5b893d43667a6e5e2284c70194be23db2910213dc731eeed", kill_on_drop: false }`
[INFO] running `Command { std: "docker" "exec" "-e" "SOURCE_DIR=/opt/rustwide/workdir" "-e" "CARGO_HOME=/opt/rustwide/cargo-home" "-e" "RUSTUP_HOME=/opt/rustwide/rustup-home" "-e" "CARGO_TARGET_DIR=/opt/rustwide/target" "-w" "/opt/rustwide/workdir" "--user" "0:0" "1ff9cfa643f0976e5b893d43667a6e5e2284c70194be23db2910213dc731eeed" "/opt/rustwide/cargo-home/bin/cargo" "+1.100.0-beta.1" "metadata" "--no-deps" "--format-version=1", kill_on_drop: false }`
[INFO] running `Command { std: "docker" "inspect" "1ff9cfa643f0976e5b893d43667a6e5e2284c70194be23db2910213dc731eeed", kill_on_drop: false }`
[INFO] running `Command { std: "docker" "exec" "-e" "SOURCE_DIR=/opt/rustwide/workdir" "-e" "CARGO_HOME=/opt/rustwide/cargo-home" "-e" "RUSTUP_HOME=/opt/rustwide/rustup-home" "-e" "CARGO_TARGET_DIR=/opt/rustwide/target" "-e" "CARGO_INCREMENTAL=0" "-e" "RUST_BACKTRACE=full" "-e" "RUSTFLAGS=--cap-lints=warn" "-e" "RUSTDOCFLAGS=--cap-lints=warn" "-w" "/opt/rustwide/workdir" "--user" "0:0" "1ff9cfa643f0976e5b893d43667a6e5e2284c70194be23db2910213dc731eeed" "/opt/rustwide/cargo-home/bin/cargo" "+1.100.0-beta.1" "build" "--frozen" "--message-format=json" "--release", kill_on_drop: false }`
[INFO] [stderr] warning: `package.homepage` is redundant with `package.repository`
[INFO] [stderr]   --> Cargo.toml:50:12
[INFO] [stderr]    |
[INFO] [stderr] 50 | homepage = "https://github.com/qubit-ltd/rs-fs-registry"
[INFO] [stderr]    |            ^^^^^^^^^^^^^^^^^^^^^^^^^^^^^^^^^^^^^^^^^^^^^
[INFO] [stderr] ...
[INFO] [stderr] 56 | repository = "https://github.com/qubit-ltd/rs-fs-registry"
[INFO] [stderr]    |              ---------------------------------------------
[INFO] [stderr]    |
[INFO] [stderr]    = note: `cargo::redundant_homepage` is set to `warn` by default
[INFO] [stderr] help: consider removing `package.homepage`
[INFO] [stderr] warning: `qubit-fs-registry` (manifest) generated 1 warning
[INFO] [stderr]    Compiling smallvec v1.16.1
[INFO] [stderr]    Compiling borrow-or-share v0.2.4
[INFO] [stderr]    Compiling qubit-utils v0.3.0
[INFO] [stderr]    Compiling qubit-collections v0.2.0
[INFO] [stderr]    Compiling ref-cast-impl v1.0.27
[INFO] [stderr]    Compiling qubit-budget v0.7.1
[INFO] [stderr]    Compiling parking_lot_core v0.9.12
[INFO] [stderr]    Compiling qubit-io v0.17.0
[INFO] [stderr]    Compiling ref-cast v1.0.27
[INFO] [stderr]    Compiling fluent-uri v0.4.1
[INFO] [stderr]    Compiling parking_lot v0.12.5
[INFO] [stderr]    Compiling qubit-spi v0.13.0
[INFO] [stderr]    Compiling qubit-redact v0.9.0
[INFO] [stderr]    Compiling qubit-fs v0.2.2
[INFO] [stderr]    Compiling qubit-fs-registry v0.7.2 (/opt/rustwide/workdir)
[INFO] [stderr]     Finished `release` profile [optimized] target(s) in 8.06s
[INFO] running `Command { std: "docker" "inspect" "1ff9cfa643f0976e5b893d43667a6e5e2284c70194be23db2910213dc731eeed", kill_on_drop: false }`
[INFO] running `Command { std: "docker" "exec" "-e" "SOURCE_DIR=/opt/rustwide/workdir" "-e" "CARGO_HOME=/opt/rustwide/cargo-home" "-e" "RUSTUP_HOME=/opt/rustwide/rustup-home" "-e" "CARGO_TARGET_DIR=/opt/rustwide/target" "-e" "CARGO_INCREMENTAL=0" "-e" "RUST_BACKTRACE=full" "-e" "RUSTFLAGS=--cap-lints=warn" "-e" "RUSTDOCFLAGS=--cap-lints=warn" "-w" "/opt/rustwide/workdir" "--user" "0:0" "1ff9cfa643f0976e5b893d43667a6e5e2284c70194be23db2910213dc731eeed" "/opt/rustwide/cargo-home/bin/cargo" "+1.100.0-beta.1" "test" "--frozen" "--no-run" "--message-format=json" "--release", kill_on_drop: false }`
[INFO] [stderr] warning: `package.homepage` is redundant with `package.repository`
[INFO] [stderr]   --> Cargo.toml:50:12
[INFO] [stderr]    |
[INFO] [stderr] 50 | homepage = "https://github.com/qubit-ltd/rs-fs-registry"
[INFO] [stderr]    |            ^^^^^^^^^^^^^^^^^^^^^^^^^^^^^^^^^^^^^^^^^^^^^
[INFO] [stderr] ...
[INFO] [stderr] 56 | repository = "https://github.com/qubit-ltd/rs-fs-registry"
[INFO] [stderr]    |              ---------------------------------------------
[INFO] [stderr]    |
[INFO] [stderr]    = note: `cargo::redundant_homepage` is set to `warn` by default
[INFO] [stderr] help: consider removing `package.homepage`
[INFO] [stderr] warning: `qubit-fs-registry` (manifest) generated 1 warning
[INFO] [stderr]    Compiling serde_core v1.0.229
[INFO] [stderr]    Compiling ref-cast-impl v1.0.27
[INFO] [stderr]    Compiling futures-macro v0.3.34
[INFO] [stderr]    Compiling winnow v1.0.4
[INFO] [stderr]    Compiling winnow v0.7.15
[INFO] [stderr]    Compiling qubit-budget v0.7.1
[INFO] [stderr]    Compiling getrandom v0.4.3
[INFO] [stderr]    Compiling toml_writer v1.1.2+spec-1.1.0
[INFO] [stderr]    Compiling qubit-spi v0.13.0
[INFO] [stderr]    Compiling tempfile v3.27.0
[INFO] [stderr]    Compiling toml_parser v1.1.3+spec-1.1.0
[INFO] [stderr]    Compiling ref-cast v1.0.27
[INFO] [stderr]    Compiling fluent-uri v0.4.1
[INFO] [stderr]    Compiling futures-util v0.3.34
[INFO] [stderr]    Compiling qubit-redact v0.9.0
[INFO] [stderr]    Compiling serde_spanned v1.1.1
[INFO] [stderr]    Compiling toml_datetime v0.7.5+spec-1.1.0
[INFO] [stderr]    Compiling serde_json v1.0.151
[INFO] [stderr]    Compiling qubit-fs v0.2.2
[INFO] [stderr]    Compiling toml v0.9.12+spec-1.1.0
[INFO] [stderr]    Compiling qubit-fs-registry v0.7.2 (/opt/rustwide/workdir)
[INFO] [stderr]    Compiling futures-executor v0.3.34
[INFO] [stderr]    Compiling futures v0.3.34
[INFO] [stderr]     Finished `release` profile [optimized] target(s) in 21.91s
[INFO] running `Command { std: "docker" "inspect" "1ff9cfa643f0976e5b893d43667a6e5e2284c70194be23db2910213dc731eeed", kill_on_drop: false }`
[INFO] running `Command { std: "docker" "exec" "-e" "SOURCE_DIR=/opt/rustwide/workdir" "-e" "CARGO_HOME=/opt/rustwide/cargo-home" "-e" "RUSTUP_HOME=/opt/rustwide/rustup-home" "-e" "CARGO_TARGET_DIR=/opt/rustwide/target" "-e" "CARGO_INCREMENTAL=0" "-e" "RUST_BACKTRACE=full" "-e" "RUSTFLAGS=--cap-lints=warn" "-e" "RUSTDOCFLAGS=--cap-lints=warn" "-w" "/opt/rustwide/workdir" "--user" "0:0" "1ff9cfa643f0976e5b893d43667a6e5e2284c70194be23db2910213dc731eeed" "/opt/rustwide/cargo-home/bin/cargo" "+1.100.0-beta.1" "test" "--frozen" "--release", kill_on_drop: false }`
[INFO] [stderr] warning: `package.homepage` is redundant with `package.repository`
[INFO] [stderr]   --> Cargo.toml:50:12
[INFO] [stderr]    |
[INFO] [stderr] 50 | homepage = "https://github.com/qubit-ltd/rs-fs-registry"
[INFO] [stderr]    |            ^^^^^^^^^^^^^^^^^^^^^^^^^^^^^^^^^^^^^^^^^^^^^
[INFO] [stderr] ...
[INFO] [stderr] 56 | repository = "https://github.com/qubit-ltd/rs-fs-registry"
[INFO] [stderr]    |              ---------------------------------------------
[INFO] [stderr]    |
[INFO] [stderr]    = note: `cargo::redundant_homepage` is set to `warn` by default
[INFO] [stderr] help: consider removing `package.homepage`
[INFO] [stderr] warning: `qubit-fs-registry` (manifest) generated 1 warning
[INFO] [stderr]     Finished `release` profile [optimized] target(s) in 0.15s
[INFO] [stderr]      Running unittests src/lib.rs (/opt/rustwide/target/release/build/qubit-fs-registry/128c77c46b6991ca/out/qubit_fs_registry-128c77c46b6991ca)
[INFO] [stdout] 
[INFO] [stdout] running 1 test
[INFO] [stdout] test file_system_registry_error::tests::redacted_output_uses_one_event_budget ... ok
[INFO] [stdout] 
[INFO] [stdout] test result: ok. 1 passed; 0 failed; 0 ignored; 0 measured; 0 filtered out; finished in 0.00s
[INFO] [stdout] 
[INFO] [stderr]      Running tests/mod.rs (/opt/rustwide/target/release/build/qubit-fs-registry/0d981aabebf53234/out/integration_tests-0d981aabebf53234)
[INFO] [stdout] 
[INFO] [stdout] running 56 tests
[INFO] [stdout] test credential_ref_tests::test_credential_reference_variants_are_comparable ... ok
[INFO] [stdout] test file_system_config_tests::test_sensitive_options_are_rejected_while_building_user_metadata ... ok
[INFO] [stdout] test file_system_registry_error_tests::test_invalid_configuration_display_does_not_expose_embedded_secret ... ok
[INFO] [stdout] test file_system_config_tests::test_config_display_and_debug_never_expose_connection_secret ... ok
[INFO] [stdout] test file_system_registry_error_tests::test_invalid_configuration_never_has_a_source ... ok
[INFO] [stdout] test file_system_config_tests::test_config_builder_preserves_validated_options_without_a_fallible_step ... ok
[INFO] [stdout] test file_system_registry_error_tests::test_creation_display_is_structured_without_leaf_message ... ok
[INFO] [stdout] test file_system_registry_error_tests::test_credential_source_conflict_converts_with_exact_filesystem_context ... ok
[INFO] [stdout] test file_system_config_tests::test_config_debug_redacts_values_and_credential_references ... ok
[INFO] [stdout] test file_system_config_tests::test_config_builder_exposes_metadata_uri_and_credential_reference ... ok
[INFO] [stdout] test file_system_registry_error_tests::test_credential_source_conflict_has_safe_reason_code ... ok
[INFO] [stdout] test file_system_registry_error_tests::test_registry_error_variants_format_and_convert_safely ... ok
[INFO] [stdout] test file_system_registry_error_tests::test_resolution_display_is_bounded_and_structured ... ok
[INFO] [stdout] test file_system_registry_error_tests::test_registry_error_reason_codes_preserve_typed_categories ... ok
[INFO] [stdout] test file_system_registry_error_tests::test_selection_conflict_converts_to_invalid_options ... ok
[INFO] [stdout] test file_system_registry_error_tests::test_error_display_and_debug_include_safe_provider_and_selection_context ... ok
[INFO] [stdout] test credential_ref_tests::test_credential_reference_debug_redacts_payloads ... ok
[INFO] [stdout] test file_system_registry_tests::test_all_entry_points_validate_credentials_before_creation ... ok
[INFO] [stdout] test file_system_registry_tests::test_registry_allows_username_only_connection_uri_with_credential_reference ... ok
[INFO] [stdout] test file_system_registry_tests::test_registry_clone_shares_catalog_and_default_selection ... ok
[INFO] [stdout] test file_system_registry_tests::test_registry_default_config_validates_credentials_before_resolution ... ok
[INFO] [stdout] test file_system_registry_tests::test_registry_default_selection_conflict_precedes_default_resolution ... ok
[INFO] [stdout] test file_system_registry_tests::test_resolve_config_prefers_explicit_selection_over_uri_scheme ... ok
[INFO] [stdout] test file_system_registry_tests::test_registry_aggregates_provider_failures_in_registration_order ... ok
[INFO] [stdout] test file_system_registry_tests::test_registry_inspection_and_resolution_entry_points ... ok
[INFO] [stdout] test file_system_registry_tests::test_registry_register_shared_accepts_arc_trait_object ... ok
[INFO] [stdout] test file_system_registry_tests::test_registry_selected_config_rejects_conflicting_selection ... ok
[INFO] [stdout] test file_system_registry_tests::test_registry_validates_matching_selection_and_query_credentials ... ok
[INFO] [stdout] test file_system_spec_tests::test_file_system_spec_associated_types ... ok
[INFO] [stdout] test file_system_registry_tests::test_registry_seal_is_shared_and_rejects_mutation ... ok
[INFO] [stdout] test internal::registry_support_tests::test_valid_uri_scheme_outside_selector_grammar_does_not_use_default ... ok
[INFO] [stdout] test file_system_resolution_tests::test_resolution_rejects_canonical_uri_when_no_scheme_is_advertised ... ok
[INFO] [stdout] test file_system_resolution_tests::test_resolution_rejects_path_exceeding_limits ... ok
[INFO] [stdout] test file_system_registry_tests::test_registry_rejects_embedded_and_referenced_credentials_before_resolution ... ok
[INFO] [stdout] test path_contract_tests::test_synchronous_resolution_rejects_paths_outside_the_filesystem_contract ... ok
[INFO] [stdout] test file_system_registry_tests::test_registry_rejects_credential_conflict_before_provider_creation ... ok
[INFO] [stdout] test readme_examples_tests::test_documentation_commands_follow_manifest ... ok
[INFO] [stdout] test file_system_resolution_tests::test_resolution_rejects_path_outside_constraints ... ok
[INFO] [stdout] test file_system_registry_tests::test_username_and_reference_reach_provider_unchanged ... ok
[INFO] [stdout] test file_system_resolution_tests::test_resolution_rejects_unadvertised_canonical_uri_scheme ... ok
[INFO] [stdout] test file_system_resolution_tests::test_resolution_boundary_uses_secret_free_uri ... ok
[INFO] [stdout] test internal::provider_adapter_tests::test_provider_adapter_rejects_mismatched_provider_identity ... ok
[INFO] [stdout] test file_system_resolution_tests::test_resolution_exposes_and_transfers_components ... ok
[INFO] [stdout] test internal::provider_adapter_tests::test_identity_failure_respects_fallback_policy ... ok
[INFO] [stdout] test readme_examples_tests::test_missing_documentation_metadata_is_rejected - should panic ... ok
[INFO] [stdout] test readme_examples_tests::test_documentation_versions_follow_manifest ... ok
[INFO] [stdout] test path_contract_tests::test_sync_resolution_exact_limit_and_semantics_boundary ... ok
[INFO] [stdout] test readme_examples_tests::test_documentation_rejects_malformed_fences ... ok
[INFO] [stdout] test file_system_registry_tests::test_registration_binds_original_descriptor ... ok
[INFO] [stdout] test internal::validating_file_system_provider_tests::test_validating_file_system_provider_accepts_matching_identity ... ok
[INFO] [stdout] test path_contract_tests::test_synchronous_resolution_accepts_relative_and_literal_object_key_paths ... ok
[INFO] [stdout] test readme_examples_tests::test_documentation_manifest_preserves_sibling_symlinks ... ok
[INFO] [stdout] test file_system_registry_tests::test_default_snapshot_survives_changes_during_creation ... ok
[INFO] [stdout] test readme_examples_tests::test_path_only_filesystem_dependency_uses_sibling_release ... ok
[INFO] [stdout] test readme_examples_tests::test_installation_commands_follow_changed_manifest_versions ... ok
[INFO] [stdout] test readme_examples_tests::test_shipped_markdown_rust_examples_run ... FAILED
[INFO] [stderr] error: test failed, to rerun pass `--test integration_tests`
[INFO] [stdout] 
[INFO] [stdout] failures:
[INFO] [stdout] 
[INFO] [stdout] ---- readme_examples_tests::test_shipped_markdown_rust_examples_run stdout ----
[INFO] [stdout] 
[INFO] [stdout] thread 'readme_examples_tests::test_shipped_markdown_rust_examples_run' (858) panicked at tests/support/markdown_examples.rs:281:5:
[INFO] [stdout] cargo ["generate-lockfile"]:     Updating crates.io index
[INFO] [stdout] warning: spurious network error (3 tries remaining): [6] Could not resolve hostname (Could not resolve host: index.crates.io)
[INFO] [stdout] warning: spurious network error (2 tries remaining): [6] Could not resolve hostname (Could not resolve host: index.crates.io)
[INFO] [stdout] warning: spurious network error (1 try remaining): [6] Could not resolve hostname (Could not resolve host: index.crates.io)
[INFO] [stdout] warning: spurious network error (3 tries remaining): [6] Could not resolve hostname (Could not resolve host: index.crates.io)
[INFO] [stdout] warning: spurious network error (3 tries remaining): [6] Could not resolve hostname (Could not resolve host: index.crates.io)
[INFO] [stdout] warning: spurious network error (3 tries remaining): [6] Could not resolve hostname (Could not resolve host: index.crates.io)
[INFO] [stdout] warning: spurious network error (2 tries remaining): [6] Could not resolve hostname (Could not resolve host: index.crates.io)
[INFO] [stdout] warning: spurious network error (2 tries remaining): [6] Could not resolve hostname (Could not resolve host: index.crates.io)
[INFO] [stdout] warning: spurious network error (2 tries remaining): [6] Could not resolve hostname (Could not resolve host: index.crates.io)
[INFO] [stdout] warning: spurious network error (1 try remaining): [6] Could not resolve hostname (Could not resolve host: index.crates.io)
[INFO] [stdout] warning: spurious network error (1 try remaining): [6] Could not resolve hostname (Could not resolve host: index.crates.io)
[INFO] [stdout] warning: spurious network error (1 try remaining): [6] Could not resolve hostname (Could not resolve host: index.crates.io)
[INFO] [stdout] error: failed to get `qubit-fs` as a dependency of package `filesystem-documentation-check v0.0.0 (/tmp/.tmpiEbH39/sync)`
[INFO] [stdout] 
[INFO] [stdout] Caused by:
[INFO] [stdout]   failed to load source for dependency `qubit-fs`
[INFO] [stdout] 
[INFO] [stdout] Caused by:
[INFO] [stdout]   unable to update registry `crates-io`
[INFO] [stdout] 
[INFO] [stdout] Caused by:
[INFO] [stdout]   download of config.json failed
[INFO] [stdout] 
[INFO] [stdout] Caused by:
[INFO] [stdout]   [6] Could not resolve hostname (Could not resolve host: index.crates.io)
[INFO] [stdout] 
[INFO] [stdout] stack backtrace:
[INFO] [stdout]    0:     0x57242ac287f1 - <<std[617be2ca0a6fd877]::sys::backtrace::BacktraceLock>::print::DisplayBacktrace as core[a373ad73a504971]::fmt::Display>::fmt
[INFO] [stdout]    1:     0x57242ac3e7ea - core[a373ad73a504971]::fmt::write
[INFO] [stdout]    2:     0x57242ac2cc6c - <alloc[2e1b2a31b91974c5]::vec::Vec<u8> as core[a373ad73a504971]::io::write::Write>::write_fmt
[INFO] [stdout]    3:     0x57242ac02946 - std[617be2ca0a6fd877]::panicking::default_hook::{closure#0}
[INFO] [stdout]    4:     0x57242ac1fc19 - std[617be2ca0a6fd877]::panicking::default_hook
[INFO] [stdout]    5:     0x57242ab75360 - test[aada8e7e76ba119b]::test_main_inner::{closure#0}
[INFO] [stdout]    6:     0x57242ac1fdd2 - std[617be2ca0a6fd877]::panicking::panic_with_hook
[INFO] [stdout]    7:     0x57242ac029f2 - std[617be2ca0a6fd877]::panicking::panic_handler::{closure#0}
[INFO] [stdout]    8:     0x57242abfb3f9 - std[617be2ca0a6fd877]::sys::backtrace::__rust_end_short_backtrace::<std[617be2ca0a6fd877]::panicking::panic_handler::{closure#0}, !>
[INFO] [stdout]    9:     0x57242ac036ed - __rustc[ea4f61d10b84890b]::rust_begin_unwind
[INFO] [stdout]   10:     0x57242ac3ef5c - core[a373ad73a504971]::panicking::panic_fmt
[INFO] [stdout]   11:     0x57242ab440e6 - integration_tests[64fa6e1315e466db]::support::markdown_examples::cargo
[INFO] [stdout]   12:     0x57242ab3fd0b - integration_tests[64fa6e1315e466db]::support::markdown_examples::check_documents
[INFO] [stdout]   13:     0x57242ab20117 - <integration_tests[64fa6e1315e466db]::readme_examples_tests::test_shipped_markdown_rust_examples_run::{closure#0} as core[a373ad73a504971]::ops::function::FnOnce<()>>::call_once
[INFO] [stdout]   14:     0x57242ab687ab - test[aada8e7e76ba119b]::__rust_begin_short_backtrace::<core[a373ad73a504971]::result::Result<(), alloc[2e1b2a31b91974c5]::string::String>, fn() -> core[a373ad73a504971]::result::Result<(), alloc[2e1b2a31b91974c5]::string::String>>
[INFO] [stdout]   15:     0x57242ab75985 - test[aada8e7e76ba119b]::run_test::{closure#0}
[INFO] [stdout]   16:     0x57242ab6f274 - std[617be2ca0a6fd877]::sys::backtrace::__rust_begin_short_backtrace::<test[aada8e7e76ba119b]::run_test::{closure#1}, ()>
[INFO] [stdout]   17:     0x57242ab78a12 - <std[617be2ca0a6fd877]::thread::lifecycle::spawn_unchecked<test[aada8e7e76ba119b]::run_test::{closure#1}, ()>::{closure#1} as core[a373ad73a504971]::ops::function::FnOnce<()>>::call_once::{shim:vtable#0}
[INFO] [stdout]   18:     0x57242ac27b0f - <std[617be2ca0a6fd877]::sys::thread::unix::Thread>::new::thread_start
[INFO] [stdout]   19:     0x7533020c7dfa - <unknown>
[INFO] [stdout]   20:     0x75330215b3d4 - clone
[INFO] [stdout]   21:                0x0 - <unknown>
[INFO] [stdout] 
[INFO] [stdout] 
[INFO] [stdout] failures:
[INFO] [stdout]     readme_examples_tests::test_shipped_markdown_rust_examples_run
[INFO] [stdout] 
[INFO] [stdout] test result: FAILED. 55 passed; 1 failed; 0 ignored; 0 measured; 0 filtered out; finished in 22.28s
[INFO] [stdout] 
[INFO] running `Command { std: "docker" "inspect" "1ff9cfa643f0976e5b893d43667a6e5e2284c70194be23db2910213dc731eeed", kill_on_drop: false }`
[INFO] running `Command { std: "docker" "rm" "-f" "1ff9cfa643f0976e5b893d43667a6e5e2284c70194be23db2910213dc731eeed", kill_on_drop: false }`
[INFO] [stdout] 1ff9cfa643f0976e5b893d43667a6e5e2284c70194be23db2910213dc731eeed
