[INFO] fetching crate qubit-fs-local 0.10.2...
[INFO] testing qubit-fs-local-0.10.2 against 1.99.0-beta.8+cargoflags=--release for beta-release-1.100-2
[INFO] extracting crate qubit-fs-local 0.10.2 into /workspace/builds/worker-1-tc1/source
[INFO] started tweaking crates.io crate qubit-fs-local 0.10.2
[INFO] removed 0 missing examples
[INFO] removed 0 missing tests
[INFO] finished tweaking crates.io crate qubit-fs-local 0.10.2
[INFO] tweaked toml for crates.io crate qubit-fs-local 0.10.2 written to /workspace/builds/worker-1-tc1/source/Cargo.toml
[INFO] validating manifest of crates.io crate qubit-fs-local 0.10.2 on toolchain 1.99.0-beta.8
[INFO] running `Command { std: CARGO_HOME="/workspace/cargo-home" RUSTUP_HOME="/workspace/rustup-home" "/workspace/cargo-home/bin/cargo" "+1.99.0-beta.8" "metadata" "--manifest-path" "Cargo.toml" "--no-deps", kill_on_drop: false }`
[INFO] crate crates.io crate qubit-fs-local 0.10.2 already has a lockfile, it will not be regenerated
[INFO] running `Command { std: CARGO_HOME="/workspace/cargo-home" RUSTUP_HOME="/workspace/rustup-home" "/workspace/cargo-home/bin/cargo" "+1.99.0-beta.8" "fetch" "--manifest-path" "Cargo.toml", kill_on_drop: false }`
[INFO] [stderr]     Updating crates.io index
[INFO] [stderr]  Downloading crates ...
[INFO] [stderr]   Downloaded inventory v0.3.24
[INFO] [stderr]   Downloaded qubit-spi v0.13.0
[INFO] [stderr]   Downloaded qubit-collections v0.2.0
[INFO] [stderr]   Downloaded plotters-svg v0.3.7
[INFO] [stderr]   Downloaded plotters-backend v0.3.7
[INFO] [stderr]   Downloaded clap_lex v1.1.1
[INFO] [stderr]   Downloaded borrow-or-share v0.2.4
[INFO] [stderr]   Downloaded qubit-utils v0.3.0
[INFO] [stderr]   Downloaded fluent-uri v0.4.1
[INFO] [stderr]   Downloaded clap v4.6.7
[INFO] [stderr]   Downloaded qubit-fs-registry v0.7.2
[INFO] [stderr]   Downloaded qubit-budget v0.7.1
[INFO] [stderr]   Downloaded zerocopy-derive v0.8.58
[INFO] [stderr]   Downloaded plotters v0.3.7
[INFO] [stderr]   Downloaded qubit-io v0.17.0
[INFO] [stderr]   Downloaded clap_builder v4.6.7
[INFO] [stderr]   Downloaded qubit-fs-testkit v0.7.1
[INFO] [stderr]   Downloaded zerocopy v0.8.58
[INFO] [stderr]   Downloaded qubit-redact v0.9.0
[INFO] [stderr]   Downloaded qubit-fs v0.2.2
[INFO] [stderr]   Downloaded qubit-local-files v0.4.0
[INFO] running `Command { std: "docker" "create" "-v" "/var/lib/crater-agent-workspace/builds/worker-1-tc1/source:/opt/rustwide/workdir:ro,Z" "-v" "/var/lib/crater-agent-workspace/builds/worker-1-tc1/target:/opt/rustwide/target:rw,Z" "-v" "/var/lib/crater-agent-workspace/cargo-home:/opt/rustwide/cargo-home:ro,Z" "-v" "/var/lib/crater-agent-workspace/rustup-home:/opt/rustwide/rustup-home:ro,Z" "-m" "1610612736" "--network" "none" "ghcr.io/rust-lang/crates-build-env/linux@sha256:77db811e55d90add9212f6832c23229e3de5f1c1f9905e8cb07319ea15df73ac" "sleep" "infinity", kill_on_drop: false }`
[INFO] [stdout] bca05a40ef23981887e902105cf44fa05b391e782859d981209f829ef332f4e4
[INFO] running `Command { std: "docker" "start" "bca05a40ef23981887e902105cf44fa05b391e782859d981209f829ef332f4e4", kill_on_drop: false }`
[INFO] running `Command { std: "docker" "inspect" "bca05a40ef23981887e902105cf44fa05b391e782859d981209f829ef332f4e4", kill_on_drop: false }`
[INFO] running `Command { std: "docker" "exec" "-e" "SOURCE_DIR=/opt/rustwide/workdir" "-e" "CARGO_HOME=/opt/rustwide/cargo-home" "-e" "RUSTUP_HOME=/opt/rustwide/rustup-home" "-e" "CARGO_TARGET_DIR=/opt/rustwide/target" "-w" "/opt/rustwide/workdir" "--user" "0:0" "bca05a40ef23981887e902105cf44fa05b391e782859d981209f829ef332f4e4" "/opt/rustwide/cargo-home/bin/cargo" "+1.99.0-beta.8" "metadata" "--no-deps" "--format-version=1", kill_on_drop: false }`
[INFO] running `Command { std: "docker" "inspect" "bca05a40ef23981887e902105cf44fa05b391e782859d981209f829ef332f4e4", kill_on_drop: false }`
[INFO] running `Command { std: "docker" "exec" "-e" "SOURCE_DIR=/opt/rustwide/workdir" "-e" "CARGO_HOME=/opt/rustwide/cargo-home" "-e" "RUSTUP_HOME=/opt/rustwide/rustup-home" "-e" "CARGO_TARGET_DIR=/opt/rustwide/target" "-e" "CARGO_INCREMENTAL=0" "-e" "RUST_BACKTRACE=full" "-e" "RUSTFLAGS=--cap-lints=warn" "-e" "RUSTDOCFLAGS=--cap-lints=warn" "-w" "/opt/rustwide/workdir" "--user" "0:0" "bca05a40ef23981887e902105cf44fa05b391e782859d981209f829ef332f4e4" "/opt/rustwide/cargo-home/bin/cargo" "+1.99.0-beta.8" "build" "--frozen" "--message-format=json" "--release", kill_on_drop: false }`
[INFO] [stderr]    Compiling unicode-ident v1.0.26
[INFO] [stderr]    Compiling thiserror v2.0.21
[INFO] [stderr]    Compiling ref-cast v1.0.27
[INFO] [stderr]    Compiling libc v0.2.189
[INFO] [stderr]    Compiling borrow-or-share v0.2.4
[INFO] [stderr]    Compiling rustix v1.1.5
[INFO] [stderr]    Compiling linux-raw-sys v0.12.1
[INFO] [stderr]    Compiling cfg-if v1.0.5
[INFO] [stderr]    Compiling bitflags v2.13.2
[INFO] [stderr]    Compiling qubit-utils v0.3.0
[INFO] [stderr]    Compiling proc-macro2 v1.0.107
[INFO] [stderr]    Compiling qubit-io v0.17.0
[INFO] [stderr]    Compiling quote v1.0.47
[INFO] [stderr]    Compiling syn v3.0.6
[INFO] [stderr]    Compiling getrandom v0.4.3
[INFO] [stderr]    Compiling thiserror-impl v2.0.21
[INFO] [stderr]    Compiling ref-cast-impl v1.0.27
[INFO] [stderr]    Compiling fluent-uri v0.4.1
[INFO] [stderr]    Compiling qubit-budget v0.7.1
[INFO] [stderr]    Compiling qubit-redact v0.9.0
[INFO] [stderr]    Compiling qubit-fs v0.2.2
[INFO] [stderr]    Compiling qubit-local-files v0.4.0
[INFO] [stderr]    Compiling qubit-fs-local v0.10.2 (/opt/rustwide/workdir)
[INFO] [stderr]     Finished `release` profile [optimized] target(s) in 19.86s
[INFO] running `Command { std: "docker" "inspect" "bca05a40ef23981887e902105cf44fa05b391e782859d981209f829ef332f4e4", kill_on_drop: false }`
[INFO] running `Command { std: "docker" "exec" "-e" "SOURCE_DIR=/opt/rustwide/workdir" "-e" "CARGO_HOME=/opt/rustwide/cargo-home" "-e" "RUSTUP_HOME=/opt/rustwide/rustup-home" "-e" "CARGO_TARGET_DIR=/opt/rustwide/target" "-e" "CARGO_INCREMENTAL=0" "-e" "RUST_BACKTRACE=full" "-e" "RUSTFLAGS=--cap-lints=warn" "-e" "RUSTDOCFLAGS=--cap-lints=warn" "-w" "/opt/rustwide/workdir" "--user" "0:0" "bca05a40ef23981887e902105cf44fa05b391e782859d981209f829ef332f4e4" "/opt/rustwide/cargo-home/bin/cargo" "+1.99.0-beta.8" "test" "--frozen" "--no-run" "--message-format=json" "--release", kill_on_drop: false }`
[INFO] [stderr]    Compiling syn v2.0.119
[INFO] [stderr]    Compiling zerocopy v0.8.58
[INFO] [stderr]    Compiling crossbeam-utils v0.8.23
[INFO] [stderr]    Compiling getrandom v0.3.4
[INFO] [stderr]    Compiling crossbeam-epoch v0.9.21
[INFO] [stderr]    Compiling serde v1.0.229
[INFO] [stderr]    Compiling find-msvc-tools v0.1.13
[INFO] [stderr]    Compiling crossbeam-deque v0.8.8
[INFO] [stderr]    Compiling zmij v1.0.23
[INFO] [stderr]    Compiling serde_derive v1.0.229
[INFO] [stderr]    Compiling serde_json v1.0.151
[INFO] [stderr]    Compiling either v1.18.0
[INFO] [stderr]    Compiling fastrand v2.5.0
[INFO] [stderr]    Compiling clap_lex v1.1.1
[INFO] [stderr]    Compiling ciborium-io v0.2.2
[INFO] [stderr]    Compiling plotters-backend v0.3.7
[INFO] [stderr]    Compiling memchr v2.8.3
[INFO] [stderr]    Compiling once_cell v1.21.4
[INFO] [stderr]    Compiling clap_builder v4.6.7
[INFO] [stderr]    Compiling regex-automata v0.4.18
[INFO] [stderr]    Compiling cc v1.4.7
[INFO] [stderr]    Compiling wait-timeout v0.2.1
[INFO] [stderr]    Compiling cast v0.3.0
[INFO] [stderr]    Compiling rand_core v0.9.5
[INFO] [stderr]    Compiling plotters-svg v0.3.7
[INFO] [stderr]    Compiling quick-error v1.2.3
[INFO] [stderr]    Compiling fnv v1.0.7
[INFO] [stderr]    Compiling bit-vec v0.8.0
[INFO] [stderr]    Compiling same-file v1.0.6
[INFO] [stderr]    Compiling qubit-local-files v0.4.0
[INFO] [stderr]    Compiling itertools v0.13.0
[INFO] [stderr]    Compiling tempfile v3.27.0
[INFO] [stderr]    Compiling rand v0.9.5
[INFO] [stderr]    Compiling rand_xorshift v0.4.0
[INFO] [stderr]    Compiling walkdir v2.5.0
[INFO] [stderr]    Compiling plotters v0.3.7
[INFO] [stderr]    Compiling toml_datetime v0.7.5+spec-1.1.0
[INFO] [stderr]    Compiling bit-set v0.8.0
[INFO] [stderr]    Compiling page_size v0.6.0
[INFO] [stderr]    Compiling rusty-fork v0.3.1
[INFO] [stderr]    Compiling unarray v0.1.4
[INFO] [stderr]    Compiling oorandom v11.1.5
[INFO] [stderr]    Compiling winnow v0.7.15
[INFO] [stderr]    Compiling anes v0.1.6
[INFO] [stderr]    Compiling qubit-fs-testkit v0.7.1
[INFO] [stderr]    Compiling rayon-core v1.13.0
[INFO] [stderr]    Compiling alloca v0.4.0
[INFO] [stderr]    Compiling regex v1.13.1
[INFO] [stderr]    Compiling rayon v1.12.0
[INFO] [stderr]    Compiling criterion-plot v0.8.2
[INFO] [stderr]    Compiling toml v0.9.12+spec-1.1.0
[INFO] [stderr]    Compiling zerocopy-derive v0.8.58
[INFO] [stderr]    Compiling clap v4.6.7
[INFO] [stderr]    Compiling qubit-fs-local v0.10.2 (/opt/rustwide/workdir)
[INFO] [stderr]    Compiling tinytemplate v1.2.1
[INFO] [stderr]    Compiling half v2.7.1
[INFO] [stderr]    Compiling ppv-lite86 v0.2.21
[INFO] [stderr]    Compiling ciborium-ll v0.2.2
[INFO] [stderr]    Compiling rand_chacha v0.9.0
[INFO] [stderr]    Compiling ciborium v0.2.2
[INFO] [stderr]    Compiling proptest v1.11.0
[INFO] [stderr]    Compiling criterion v0.8.2
[INFO] [stderr]     Finished `release` profile [optimized] target(s) in 1m 08s
[INFO] running `Command { std: "docker" "inspect" "bca05a40ef23981887e902105cf44fa05b391e782859d981209f829ef332f4e4", kill_on_drop: false }`
[INFO] running `Command { std: "docker" "exec" "-e" "SOURCE_DIR=/opt/rustwide/workdir" "-e" "CARGO_HOME=/opt/rustwide/cargo-home" "-e" "RUSTUP_HOME=/opt/rustwide/rustup-home" "-e" "CARGO_TARGET_DIR=/opt/rustwide/target" "-e" "CARGO_INCREMENTAL=0" "-e" "RUST_BACKTRACE=full" "-e" "RUSTFLAGS=--cap-lints=warn" "-e" "RUSTDOCFLAGS=--cap-lints=warn" "-w" "/opt/rustwide/workdir" "--user" "0:0" "bca05a40ef23981887e902105cf44fa05b391e782859d981209f829ef332f4e4" "/opt/rustwide/cargo-home/bin/cargo" "+1.99.0-beta.8" "test" "--frozen" "--release", kill_on_drop: false }`
[INFO] [stderr]     Finished `release` profile [optimized] target(s) in 0.15s
[INFO] [stderr]      Running unittests src/lib.rs (/opt/rustwide/target/release/deps/qubit_fs_local-fe14156608871d3a)
[INFO] [stdout] 
[INFO] [stdout] running 25 tests
[INFO] [stdout] test path::local_path_mapper::tests::test_native_rejects_rooted_relative_logical_path ... ok
[INFO] [stdout] test spi::error_mapper::tests::test_maps_io_error_categories_to_portable_kinds ... ok
[INFO] [stdout] test spi::error_mapper::tests::test_maps_native_effect_states_without_changing_their_meaning ... ok
[INFO] [stdout] test spi::error_mapper::tests::test_maps_typed_copy_and_rename_failure_states ... ok
[INFO] [stdout] test spi::local_directory_stream_spi::tests::test_entry_error_retains_provider_without_inventing_path ... ok
[INFO] [stdout] test spi::internal::listing_options::tests::test_literal_prefix_matches_partial_components ... ok
[INFO] [stdout] test spi::local_options_mapper::tests::test_resolved_copy_mode_overrides_native_defaults ... ok
[INFO] [stdout] test spi::local_outcome_mapper::tests::test_file_kind_maps_every_native_kind ... ok
[INFO] [stdout] test spi::local_temp_resource_spi::tests::test_cleanup_mapping_preserves_effect_independently_from_source ... ok
[INFO] [stdout] test path::local_path_mapper::tests::test_logical_preserves_absolute_non_utf8_host_component ... ok
[INFO] [stdout] test spi::local_temp_path_projection::tests::test_projection_rejects_foreign_keep_parent ... ok
[INFO] [stdout] test spi::local_temp_resource_spi::tests::test_path_failure_wrappers_preserve_publication_certainty ... ok
[INFO] [stdout] test spi::local_temp_resource_spi::tests::test_terminal_resources_reject_lifecycle_operations ... ok
[INFO] [stdout] test spi::local_file_system_spi::tests::test_request_copy_behavior_is_not_inherited_from_native_defaults ... ok
[INFO] [stdout] test spi::local_file_system_spi::tests::test_request_delete_behavior_is_not_inherited_from_native_defaults ... ok
[INFO] [stdout] test spi::local_temp_path_projection::tests::test_projection_rejects_missing_sandbox ... ok
[INFO] [stdout] test spi::error_mapper::tests::test_maps_every_native_error_category_without_losing_its_source ... ok
[INFO] [stdout] test spi::local_file_system_spi::tests::test_properties_snapshot_returns_provider_properties ... ok
[INFO] [stdout] test spi::error_mapper::tests::test_maps_publication_cause_separately_from_effect ... ok
[INFO] [stdout] test spi::local_file_system_spi::tests::test_request_list_behavior_is_not_inherited_from_native_defaults ... ok
[INFO] [stdout] test spi::local_temp_resource_spi::tests::test_direct_spi_released_source_rejects_invalid_target_without_reset ... ok
[INFO] [stdout] test spi::local_temp_resource_spi::tests::test_direct_spi_replacement_rejects_invalid_target_without_reset ... ok
[INFO] [stdout] test spi::local_temp_resource_spi::tests::test_direct_spi_cleanup_required_rejects_invalid_target_without_reset ... ok
[INFO] [stdout] test spi::local_temp_resource_spi::tests::test_native_failure_helpers_preserve_state_and_provider ... ok
[INFO] [stdout] test spi::error_mapper::tests::test_explicit_native_cause_precedes_a_coarser_io_source ... ok
[INFO] [stderr]      Running tests/documentation_examples_tests.rs (/opt/rustwide/target/release/deps/documentation_examples_tests-1b8c3fb793e9978d)
[INFO] [stdout] 
[INFO] [stdout] test result: ok. 25 passed; 0 failed; 0 ignored; 0 measured; 0 filtered out; finished in 0.05s
[INFO] [stdout] 
[INFO] [stdout] 
[INFO] [stdout] running 6 tests
[INFO] [stdout] test test_dependency_spec_resolves_path_only_sibling_version ... ok
[INFO] [stdout] test test_dependency_spec_preserves_sibling_symlink_identity ... ok
[INFO] [stdout] test test_versioned_documentation_dependency_without_sibling ... ok
[INFO] [stdout] test test_path_only_documentation_dependency_without_sibling_is_rejected - should panic ... ok
[INFO] [stdout] test test_current_documentation_versions_and_signatures_follow_manifest ... FAILED
[INFO] [stdout] test test_readme_and_user_guide_examples_compile ... FAILED
[INFO] [stdout] 
[INFO] [stdout] failures:
[INFO] [stdout] 
[INFO] [stdout] ---- test_current_documentation_versions_and_signatures_follow_manifest stdout ----
[INFO] [stdout] 
[INFO] [stdout] thread 'test_current_documentation_versions_and_signatures_follow_manifest' (2391) panicked at tests/documentation_examples_tests.rs:335:10:
[INFO] [stdout] native dependency version
[INFO] [stdout] stack backtrace:
[INFO] [stdout]    0:     0x5b3d38a32471 - <<std[70759c8f55707aa4]::sys::backtrace::BacktraceLock>::print::DisplayBacktrace as core[df12db4294e9bfd3]::fmt::Display>::fmt
[INFO] [stdout]    1:     0x5b3d38a47e1a - core[df12db4294e9bfd3]::fmt::write
[INFO] [stdout]    2:     0x5b3d38a36b6c - <alloc[2182bb758b4b3781]::vec::Vec<u8> as core[df12db4294e9bfd3]::io::write::Write>::write_fmt
[INFO] [stdout]    3:     0x5b3d38a0c666 - std[70759c8f55707aa4]::panicking::default_hook::{closure#0}
[INFO] [stdout]    4:     0x5b3d38a29979 - std[70759c8f55707aa4]::panicking::default_hook
[INFO] [stdout]    5:     0x5b3d389c4470 - test[9d35eded1c95d3be]::test_main_inner::<test[9d35eded1c95d3be]::test_main_static::{closure#0}>::{closure#0}
[INFO] [stdout]    6:     0x5b3d38a29b32 - std[70759c8f55707aa4]::panicking::panic_with_hook
[INFO] [stdout]    7:     0x5b3d38a0c712 - std[70759c8f55707aa4]::panicking::panic_handler::{closure#0}
[INFO] [stdout]    8:     0x5b3d38a05189 - std[70759c8f55707aa4]::sys::backtrace::__rust_end_short_backtrace::<std[70759c8f55707aa4]::panicking::panic_handler::{closure#0}, !>
[INFO] [stdout]    9:     0x5b3d38a0d3fd - __rustc[8fa7c3cbc660c2b3]::rust_begin_unwind
[INFO] [stdout]   10:     0x5b3d38a4858c - core[df12db4294e9bfd3]::panicking::panic_fmt
[INFO] [stdout]   11:     0x5b3d38a482e4 - core[df12db4294e9bfd3]::option::expect_failed
[INFO] [stdout]   12:     0x5b3d38988c91 - <documentation_examples_tests[32dffcd323867697]::test_current_documentation_versions_and_signatures_follow_manifest::{closure#0} as core[df12db4294e9bfd3]::ops::function::FnOnce<()>>::call_once
[INFO] [stdout]   13:     0x5b3d389b775b - test[9d35eded1c95d3be]::__rust_begin_short_backtrace::<core[df12db4294e9bfd3]::result::Result<(), alloc[2182bb758b4b3781]::string::String>, fn() -> core[df12db4294e9bfd3]::result::Result<(), alloc[2182bb758b4b3781]::string::String>>
[INFO] [stdout]   14:     0x5b3d389c4dc5 - test[9d35eded1c95d3be]::run_test::{closure#0}
[INFO] [stdout]   15:     0x5b3d389be684 - std[70759c8f55707aa4]::sys::backtrace::__rust_begin_short_backtrace::<test[9d35eded1c95d3be]::run_test::{closure#1}, ()>
[INFO] [stdout]   16:     0x5b3d389c7f22 - <std[70759c8f55707aa4]::thread::lifecycle::spawn_unchecked<test[9d35eded1c95d3be]::run_test::{closure#1}, ()>::{closure#1} as core[df12db4294e9bfd3]::ops::function::FnOnce<()>>::call_once::{shim:vtable#0}
[INFO] [stdout]   17:     0x5b3d38a317e9 - <std[70759c8f55707aa4]::sys::thread::unix::Thread>::new::thread_start
[INFO] [stdout]   18:     0x77de5e15adfa - <unknown>
[INFO] [stdout]   19:     0x77de5e1ee3d4 - clone
[INFO] [stdout]   20:                0x0 - <unknown>
[INFO] [stdout] 
[INFO] [stdout] ---- test_readme_and_user_guide_examples_compile stdout ----
[INFO] [stdout] 
[INFO] [stdout] thread 'test_readme_and_user_guide_examples_compile' (2395) panicked at tests/documentation_examples_tests.rs:82:5:
[INFO] [stdout]     Updating crates.io index
[INFO] [stdout] warning: spurious network error (3 tries remaining): [6] Could not resolve hostname (Could not resolve host: index.crates.io)
[INFO] [stdout] warning: spurious network error (2 tries remaining): [6] Could not resolve hostname (Could not resolve host: index.crates.io)
[INFO] [stdout] warning: spurious network error (1 try remaining): [6] Could not resolve hostname (Could not resolve host: index.crates.io)
[INFO] [stdout] warning: spurious network error (3 tries remaining): [6] Could not resolve hostname (Could not resolve host: index.crates.io)
[INFO] [stdout] warning: spurious network error (3 tries remaining): [6] Could not resolve hostname (Could not resolve host: index.crates.io)
[INFO] [stdout] warning: spurious network error (3 tries remaining): [6] Could not resolve hostname (Could not resolve host: index.crates.io)
[INFO] [stdout] warning: spurious network error (3 tries remaining): [6] Could not resolve hostname (Could not resolve host: index.crates.io)
[INFO] [stdout] warning: spurious network error (2 tries remaining): [6] Could not resolve hostname (Could not resolve host: index.crates.io)
[INFO] [stdout] warning: spurious network error (2 tries remaining): [6] Could not resolve hostname (Could not resolve host: index.crates.io)
[INFO] [stdout] warning: spurious network error (2 tries remaining): [6] Could not resolve hostname (Could not resolve host: index.crates.io)
[INFO] [stdout] warning: spurious network error (2 tries remaining): [6] Could not resolve hostname (Could not resolve host: index.crates.io)
[INFO] [stdout] warning: spurious network error (1 try remaining): [6] Could not resolve hostname (Could not resolve host: index.crates.io)
[INFO] [stdout] warning: spurious network error (1 try remaining): [6] Could not resolve hostname (Could not resolve host: index.crates.io)
[INFO] [stdout] warning: spurious network error (1 try remaining): [6] Could not resolve hostname (Could not resolve host: index.crates.io)
[INFO] [stdout] warning: spurious network error (1 try remaining): [6] Could not resolve hostname (Could not resolve host: index.crates.io)
[INFO] [stdout] error: failed to get `qubit-fs` as a dependency of package `local-documentation-check v0.0.0 (/tmp/.tmpgwupfN)`
[INFO] [stdout] 
[INFO] [stdout] Caused by:
[INFO] [stdout]   failed to load source for dependency `qubit-fs`
[INFO] [stdout] 
[INFO] [stdout] Caused by:
[INFO] [stdout]   unable to update registry `crates-io`
[INFO] [stdout] 
[INFO] [stdout] Caused by:
[INFO] [stdout]   download of config.json failed
[INFO] [stdout] 
[INFO] [stdout] Caused by:
[INFO] [stdout]   [6] Could not resolve hostname (Could not resolve host: index.crates.io)
[INFO] [stdout] 
[INFO] [stdout] stack backtrace:
[INFO] [stdout]    0:     0x5b3d38a32471 - <<std[70759c8f55707aa4]::sys::backtrace::BacktraceLock>::print::DisplayBacktrace as core[df12db4294e9bfd3]::fmt::Display>::fmt
[INFO] [stdout]    1:     0x5b3d38a47e1a - core[df12db4294e9bfd3]::fmt::write
[INFO] [stdout]    2:     0x5b3d38a36b6c - <alloc[2182bb758b4b3781]::vec::Vec<u8> as core[df12db4294e9bfd3]::io::write::Write>::write_fmt
[INFO] [stdout]    3:     0x5b3d38a0c666 - std[70759c8f55707aa4]::panicking::default_hook::{closure#0}
[INFO] [stdout]    4:     0x5b3d38a29979 - std[70759c8f55707aa4]::panicking::default_hook
[INFO] [stdout]    5:     0x5b3d389c4470 - test[9d35eded1c95d3be]::test_main_inner::<test[9d35eded1c95d3be]::test_main_static::{closure#0}>::{closure#0}
[INFO] [stdout]    6:     0x5b3d38a29b32 - std[70759c8f55707aa4]::panicking::panic_with_hook
[INFO] [stdout]    7:     0x5b3d38a0c712 - std[70759c8f55707aa4]::panicking::panic_handler::{closure#0}
[INFO] [stdout]    8:     0x5b3d38a05189 - std[70759c8f55707aa4]::sys::backtrace::__rust_end_short_backtrace::<std[70759c8f55707aa4]::panicking::panic_handler::{closure#0}, !>
[INFO] [stdout]    9:     0x5b3d38a0d3fd - __rustc[8fa7c3cbc660c2b3]::rust_begin_unwind
[INFO] [stdout]   10:     0x5b3d38a4858c - core[df12db4294e9bfd3]::panicking::panic_fmt
[INFO] [stdout]   11:     0x5b3d38985e3a - <documentation_examples_tests[32dffcd323867697]::test_readme_and_user_guide_examples_compile::{closure#0} as core[df12db4294e9bfd3]::ops::function::FnOnce<()>>::call_once
[INFO] [stdout]   12:     0x5b3d389b775b - test[9d35eded1c95d3be]::__rust_begin_short_backtrace::<core[df12db4294e9bfd3]::result::Result<(), alloc[2182bb758b4b3781]::string::String>, fn() -> core[df12db4294e9bfd3]::result::Result<(), alloc[2182bb758b4b3781]::string::String>>
[INFO] [stdout]   13:     0x5b3d389c4dc5 - test[9d35eded1c95d3be]::run_test::{closure#0}
[INFO] [stdout]   14:     0x5b3d389be684 - std[70759c8f55707aa4]::sys::backtrace::__rust_begin_short_backtrace::<test[9d35eded1c95d3be]::run_test::{closure#1}, ()>
[INFO] [stdout]   15:     0x5b3d389c7f22 - <std[70759c8f55707aa4]::thread::lifecycle::spawn_unchecked<test[9d35eded1c95d3be]::run_test::{closure#1}, ()>::{closure#1} as core[df12db4294e9bfd3]::ops::function::FnOnce<()>>::call_once::{shim:vtable#0}
[INFO] [stdout]   16:     0x5b3d38a317e9 - <std[70759c8f55707aa4]::sys::thread::unix::Thread>::new::thread_start
[INFO] [stdout]   17:     0x77de5e15adfa - <unknown>
[INFO] [stdout]   18:     0x77de5e1ee3d4 - clone
[INFO] [stdout]   19:                0x0 - <unknown>
[INFO] [stdout] 
[INFO] [stdout] 
[INFO] [stdout] failures:
[INFO] [stdout]     test_current_documentation_versions_and_signatures_follow_manifest
[INFO] [stdout]     test_readme_and_user_guide_examples_compile
[INFO] [stdout] 
[INFO] [stdout] test result: FAILED. 4 passed; 2 failed; 0 ignored; 0 measured; 0 filtered out; finished in 22.30s
[INFO] [stderr] error: test failed, to rerun pass `--test documentation_examples_tests`
[INFO] [stdout] 
[INFO] running `Command { std: "docker" "inspect" "bca05a40ef23981887e902105cf44fa05b391e782859d981209f829ef332f4e4", kill_on_drop: false }`
[INFO] running `Command { std: "docker" "rm" "-f" "bca05a40ef23981887e902105cf44fa05b391e782859d981209f829ef332f4e4", kill_on_drop: false }`
[INFO] [stdout] bca05a40ef23981887e902105cf44fa05b391e782859d981209f829ef332f4e4
