[INFO] fetching crate qubit-batch 0.14.0...
[INFO] testing qubit-batch-0.14.0 against 1.99.0-beta.8+cargoflags=--release for beta-release-1.100-2
[INFO] extracting crate qubit-batch 0.14.0 into /workspace/builds/worker-4-tc1/source
[INFO] started tweaking crates.io crate qubit-batch 0.14.0
[INFO] removed 0 missing tests
[INFO] finished tweaking crates.io crate qubit-batch 0.14.0
[INFO] tweaked toml for crates.io crate qubit-batch 0.14.0 written to /workspace/builds/worker-4-tc1/source/Cargo.toml
[INFO] validating manifest of crates.io crate qubit-batch 0.14.0 on toolchain 1.99.0-beta.8
[INFO] running `Command { std: CARGO_HOME="/workspace/cargo-home" RUSTUP_HOME="/workspace/rustup-home" "/workspace/cargo-home/bin/cargo" "+1.99.0-beta.8" "metadata" "--manifest-path" "Cargo.toml" "--no-deps", kill_on_drop: false }`
[INFO] crate crates.io crate qubit-batch 0.14.0 already has a lockfile, it will not be regenerated
[INFO] running `Command { std: CARGO_HOME="/workspace/cargo-home" RUSTUP_HOME="/workspace/rustup-home" "/workspace/cargo-home/bin/cargo" "+1.99.0-beta.8" "fetch" "--manifest-path" "Cargo.toml", kill_on_drop: false }`
[INFO] [stderr]     Updating crates.io index
[INFO] [stderr]     Blocking waiting for file lock on package cache
[INFO] [stderr]  Downloading crates ...
[INFO] [stderr]   Downloaded qubit-progress v0.9.0
[INFO] [stderr]   Downloaded qubit-fast-cas v0.3.0
[INFO] [stderr]   Downloaded qubit-atomic v0.17.1
[INFO] [stderr]   Downloaded qubit-function v0.18.1
[INFO] running `Command { std: "docker" "create" "-v" "/var/lib/crater-agent-workspace/builds/worker-4-tc1/source:/opt/rustwide/workdir:ro,Z" "-v" "/var/lib/crater-agent-workspace/builds/worker-4-tc1/target:/opt/rustwide/target:rw,Z" "-v" "/var/lib/crater-agent-workspace/cargo-home:/opt/rustwide/cargo-home:ro,Z" "-v" "/var/lib/crater-agent-workspace/rustup-home:/opt/rustwide/rustup-home:ro,Z" "-m" "1610612736" "--network" "none" "ghcr.io/rust-lang/crates-build-env/linux@sha256:77db811e55d90add9212f6832c23229e3de5f1c1f9905e8cb07319ea15df73ac" "sleep" "infinity", kill_on_drop: false }`
[INFO] [stdout] fd745c0b1a7ad94096c0a9e6a77e60a56c98be73930773adc5398b813ee64f9d
[INFO] running `Command { std: "docker" "start" "fd745c0b1a7ad94096c0a9e6a77e60a56c98be73930773adc5398b813ee64f9d", kill_on_drop: false }`
[INFO] running `Command { std: "docker" "inspect" "fd745c0b1a7ad94096c0a9e6a77e60a56c98be73930773adc5398b813ee64f9d", kill_on_drop: false }`
[INFO] running `Command { std: "docker" "exec" "-e" "SOURCE_DIR=/opt/rustwide/workdir" "-e" "CARGO_HOME=/opt/rustwide/cargo-home" "-e" "RUSTUP_HOME=/opt/rustwide/rustup-home" "-e" "CARGO_TARGET_DIR=/opt/rustwide/target" "-w" "/opt/rustwide/workdir" "--user" "0:0" "fd745c0b1a7ad94096c0a9e6a77e60a56c98be73930773adc5398b813ee64f9d" "/opt/rustwide/cargo-home/bin/cargo" "+1.99.0-beta.8" "metadata" "--no-deps" "--format-version=1", kill_on_drop: false }`
[INFO] running `Command { std: "docker" "inspect" "fd745c0b1a7ad94096c0a9e6a77e60a56c98be73930773adc5398b813ee64f9d", kill_on_drop: false }`
[INFO] running `Command { std: "docker" "exec" "-e" "SOURCE_DIR=/opt/rustwide/workdir" "-e" "CARGO_HOME=/opt/rustwide/cargo-home" "-e" "RUSTUP_HOME=/opt/rustwide/rustup-home" "-e" "CARGO_TARGET_DIR=/opt/rustwide/target" "-e" "CARGO_INCREMENTAL=0" "-e" "RUST_BACKTRACE=full" "-e" "RUSTFLAGS=--cap-lints=warn" "-e" "RUSTDOCFLAGS=--cap-lints=warn" "-w" "/opt/rustwide/workdir" "--user" "0:0" "fd745c0b1a7ad94096c0a9e6a77e60a56c98be73930773adc5398b813ee64f9d" "/opt/rustwide/cargo-home/bin/cargo" "+1.99.0-beta.8" "build" "--frozen" "--message-format=json" "--release", kill_on_drop: false }`
[INFO] [stderr]    Compiling syn v3.0.5
[INFO] [stderr]    Compiling qubit-fast-cas v0.3.0
[INFO] [stderr]    Compiling qubit-function v0.18.1
[INFO] [stderr]    Compiling crossbeam-channel v0.5.17
[INFO] [stderr]    Compiling qubit-atomic v0.17.1
[INFO] [stderr]    Compiling qubit-progress v0.9.0
[INFO] [stderr]    Compiling thiserror-impl v2.0.20
[INFO] [stderr]    Compiling thiserror v2.0.20
[INFO] [stderr]    Compiling qubit-batch v0.14.0 (/opt/rustwide/workdir)
[INFO] [stdout] warning: use of deprecated method `std::sync::atomic::Atomic::<u64>::fetch_update`: renamed to `try_update` for consistency
[INFO] [stdout]   --> src/execute/parallel_batch_execution_context.rs:31:10
[INFO] [stdout]    |
[INFO] [stdout] 31 |         .fetch_update(Ordering::Relaxed, Ordering::Relaxed, |current| current.checked_add(1))
[INFO] [stdout]    |          ^^^^^^^^^^^^
[INFO] [stdout]    |
[INFO] [stdout]    = note: `#[warn(deprecated)]` on by default
[INFO] [stdout] help: replace the use of the deprecated method
[INFO] [stdout]    |
[INFO] [stdout] 31 -         .fetch_update(Ordering::Relaxed, Ordering::Relaxed, |current| current.checked_add(1))
[INFO] [stdout] 31 +         .try_update(Ordering::Relaxed, Ordering::Relaxed, |current| current.checked_add(1))
[INFO] [stdout]    |
[INFO] [stdout] 
[INFO] [stdout] 
[INFO] [stderr]     Finished `release` profile [optimized] target(s) in 6.07s
[INFO] running `Command { std: "docker" "inspect" "fd745c0b1a7ad94096c0a9e6a77e60a56c98be73930773adc5398b813ee64f9d", kill_on_drop: false }`
[INFO] running `Command { std: "docker" "exec" "-e" "SOURCE_DIR=/opt/rustwide/workdir" "-e" "CARGO_HOME=/opt/rustwide/cargo-home" "-e" "RUSTUP_HOME=/opt/rustwide/rustup-home" "-e" "CARGO_TARGET_DIR=/opt/rustwide/target" "-e" "CARGO_INCREMENTAL=0" "-e" "RUST_BACKTRACE=full" "-e" "RUSTFLAGS=--cap-lints=warn" "-e" "RUSTDOCFLAGS=--cap-lints=warn" "-w" "/opt/rustwide/workdir" "--user" "0:0" "fd745c0b1a7ad94096c0a9e6a77e60a56c98be73930773adc5398b813ee64f9d" "/opt/rustwide/cargo-home/bin/cargo" "+1.99.0-beta.8" "test" "--frozen" "--no-run" "--message-format=json" "--release", kill_on_drop: false }`
[INFO] [stderr]    Compiling zerocopy-derive v0.8.57
[INFO] [stderr]    Compiling serde_derive v1.0.229
[INFO] [stderr]    Compiling cc v1.4.6
[INFO] [stderr]    Compiling regex-syntax v0.8.11
[INFO] [stderr]    Compiling itertools v0.13.0
[INFO] [stdout] warning: use of deprecated method `std::sync::atomic::Atomic::<u64>::fetch_update`: renamed to `try_update` for consistency
[INFO] [stdout]   --> src/execute/parallel_batch_execution_context.rs:31:10
[INFO] [stdout]    |
[INFO] [stdout] 31 |         .fetch_update(Ordering::Relaxed, Ordering::Relaxed, |current| current.checked_add(1))
[INFO] [stdout]    |          ^^^^^^^^^^^^
[INFO] [stdout]    |
[INFO] [stdout]    = note: `#[warn(deprecated)]` on by default
[INFO] [stdout] help: replace the use of the deprecated method
[INFO] [stdout]    |
[INFO] [stdout] 31 -         .fetch_update(Ordering::Relaxed, Ordering::Relaxed, |current| current.checked_add(1))
[INFO] [stdout] 31 +         .try_update(Ordering::Relaxed, Ordering::Relaxed, |current| current.checked_add(1))
[INFO] [stdout]    |
[INFO] [stdout] 
[INFO] [stdout] 
[INFO] [stderr]    Compiling alloca v0.4.0
[INFO] [stderr]    Compiling zerocopy v0.8.57
[INFO] [stderr]    Compiling regex-automata v0.4.18
[INFO] [stderr]    Compiling serde v1.0.229
[INFO] [stderr]    Compiling criterion-plot v0.8.2
[INFO] [stderr]    Compiling tinytemplate v1.2.1
[INFO] [stderr]    Compiling regex v1.13.1
[INFO] [stderr]    Compiling half v2.7.1
[INFO] [stderr]    Compiling ciborium-ll v0.2.2
[INFO] [stderr]    Compiling ciborium v0.2.2
[INFO] [stderr]    Compiling criterion v0.8.2
[INFO] [stderr]    Compiling qubit-batch v0.14.0 (/opt/rustwide/workdir)
[INFO] [stdout] warning: use of deprecated method `std::sync::atomic::Atomic::<u64>::fetch_update`: renamed to `try_update` for consistency
[INFO] [stdout]   --> src/execute/parallel_batch_execution_context.rs:31:10
[INFO] [stdout]    |
[INFO] [stdout] 31 |         .fetch_update(Ordering::Relaxed, Ordering::Relaxed, |current| current.checked_add(1))
[INFO] [stdout]    |          ^^^^^^^^^^^^
[INFO] [stdout]    |
[INFO] [stdout]    = note: `#[warn(deprecated)]` on by default
[INFO] [stdout] help: replace the use of the deprecated method
[INFO] [stdout]    |
[INFO] [stdout] 31 -         .fetch_update(Ordering::Relaxed, Ordering::Relaxed, |current| current.checked_add(1))
[INFO] [stdout] 31 +         .try_update(Ordering::Relaxed, Ordering::Relaxed, |current| current.checked_add(1))
[INFO] [stdout]    |
[INFO] [stdout] 
[INFO] [stdout] 
[INFO] [stderr]     Finished `release` profile [optimized] target(s) in 29.08s
[INFO] running `Command { std: "docker" "inspect" "fd745c0b1a7ad94096c0a9e6a77e60a56c98be73930773adc5398b813ee64f9d", kill_on_drop: false }`
[INFO] running `Command { std: "docker" "exec" "-e" "SOURCE_DIR=/opt/rustwide/workdir" "-e" "CARGO_HOME=/opt/rustwide/cargo-home" "-e" "RUSTUP_HOME=/opt/rustwide/rustup-home" "-e" "CARGO_TARGET_DIR=/opt/rustwide/target" "-e" "CARGO_INCREMENTAL=0" "-e" "RUST_BACKTRACE=full" "-e" "RUSTFLAGS=--cap-lints=warn" "-e" "RUSTDOCFLAGS=--cap-lints=warn" "-w" "/opt/rustwide/workdir" "--user" "0:0" "fd745c0b1a7ad94096c0a9e6a77e60a56c98be73930773adc5398b813ee64f9d" "/opt/rustwide/cargo-home/bin/cargo" "+1.99.0-beta.8" "test" "--frozen" "--release", kill_on_drop: false }`
[INFO] [stderr] warning: use of deprecated method `std::sync::atomic::Atomic::<u64>::fetch_update`: renamed to `try_update` for consistency
[INFO] [stderr]   --> src/execute/parallel_batch_execution_context.rs:31:10
[INFO] [stderr]    |
[INFO] [stderr] 31 |         .fetch_update(Ordering::Relaxed, Ordering::Relaxed, |current| current.checked_add(1))
[INFO] [stderr]    |          ^^^^^^^^^^^^
[INFO] [stderr]    |
[INFO] [stderr]    = note: `#[warn(deprecated)]` on by default
[INFO] [stderr] help: replace the use of the deprecated method
[INFO] [stderr]    |
[INFO] [stderr] 31 -         .fetch_update(Ordering::Relaxed, Ordering::Relaxed, |current| current.checked_add(1))
[INFO] [stderr] 31 +         .try_update(Ordering::Relaxed, Ordering::Relaxed, |current| current.checked_add(1))
[INFO] [stderr]    |
[INFO] [stderr] 
[INFO] [stderr] warning: `qubit-batch` (lib) generated 1 warning (run `cargo fix --lib -p qubit-batch` to apply 1 suggestion)
[INFO] [stderr] warning: `qubit-batch` (lib test) generated 1 warning (1 duplicate)
[INFO] [stderr]     Finished `release` profile [optimized] target(s) in 0.07s
[INFO] [stderr]      Running unittests src/lib.rs (/opt/rustwide/target/release/deps/qubit_batch-b0d270d40508da3c)
[INFO] [stdout] 
[INFO] [stdout] running 1 test
[INFO] [stdout] test tests::utils::scoped_parallel_tests::test_scoped_processing_does_not_pull_next_source_item_after_stop ... ok
[INFO] [stdout] 
[INFO] [stdout] test result: ok. 1 passed; 0 failed; 0 ignored; 0 measured; 0 filtered out; finished in 0.00s
[INFO] [stdout] 
[INFO] [stderr]      Running tests/borrowed_processor_tests.rs (/opt/rustwide/target/release/deps/borrowed_processor_tests-919e27d1ed99cd49)
[INFO] [stdout] 
[INFO] [stdout] running 3 tests
[INFO] [stderr]      Running tests/bulk_processor_scenario_tests.rs (/opt/rustwide/target/release/deps/bulk_processor_scenario_tests-89238e2eb9f80041)
[INFO] [stdout] test test_borrowed_consumer_remains_compatible_with_chunking ... ok
[INFO] [stdout] test test_borrowed_consumer_and_legacy_types_coexist ... ok
[INFO] [stdout] test test_sequential_consumer_does_not_require_send ... ok
[INFO] [stdout] 
[INFO] [stdout] test result: ok. 3 passed; 0 failed; 0 ignored; 0 measured; 0 filtered out; finished in 0.00s
[INFO] [stdout] 
[INFO] [stdout] 
[INFO] [stdout] running 2 tests
[INFO] [stdout] test test_bulk_chunks_respect_driver_limit_and_separate_domain_metrics ... ok
[INFO] [stdout] test test_failed_bulk_chunk_is_excluded_but_its_effects_are_not_rolled_back ... ok
[INFO] [stdout] 
[INFO] [stdout] test result: ok. 2 passed; 0 failed; 0 ignored; 0 measured; 0 filtered out; finished in 0.00s
[INFO] [stdout] 
[INFO] [stderr]      Running tests/call_adapter_contract_tests.rs (/opt/rustwide/target/release/deps/call_adapter_contract_tests-6f542fa6f61b22c6)
[INFO] [stdout] 
[INFO] [stdout] running 5 tests
[INFO] [stdout] test test_helper_defers_source_conversion_until_execution ... ok
[INFO] [stdout] test test_helper_collects_in_source_order ... ok
[INFO] [stdout] test test_non_scheduler_errors_do_not_invoke_mapping ... ok
[INFO] [stdout] test test_mapping_keeps_non_clone_outputs ... ok
[INFO] [stdout] test test_mapping_preserves_secondary_reporter_failure ... ok
[INFO] [stdout] 
[INFO] [stderr]      Running tests/call_fallback_tests.rs (/opt/rustwide/target/release/deps/call_fallback_tests-84bc444da84c9efc)
[INFO] [stdout] test result: ok. 5 passed; 0 failed; 0 ignored; 0 measured; 0 filtered out; finished in 0.00s
[INFO] [stdout] 
[INFO] [stdout] 
[INFO] [stdout] running 3 tests
[INFO] [stdout] test test_callable_panics_and_errors_preserve_sparse_successes ... ok
[INFO] [stdout] test test_callable_matrix_preserves_values_and_thread_placement ... ok
[INFO] [stdout] test test_count_and_report_errors_preserve_outputs ... ok
[INFO] [stdout] 
[INFO] [stdout] test result: ok. 3 passed; 0 failed; 0 ignored; 0 measured; 0 filtered out; finished in 0.01s
[INFO] [stdout] 
[INFO] [stderr]      Running tests/call_validation_tests.rs (/opt/rustwide/target/release/deps/call_validation_tests-cd7a5d9b88e16e60)
[INFO] [stdout] 
[INFO] [stdout] running 3 tests
[INFO] [stdout] test test_overlap_error_precedes_output_count_error ... ok
[INFO] [stdout] test test_sparse_successes_and_failures_keep_original_indexes ... ok
[INFO] [stdout] test test_large_disjoint_outputs_and_failures_are_accepted ... ok
[INFO] [stdout] 
[INFO] [stdout] test result: ok. 3 passed; 0 failed; 0 ignored; 0 measured; 0 filtered out; finished in 0.00s
[INFO] [stdout] 
[INFO] [stderr]      Running tests/chunk_buffer_reuse_tests.rs (/opt/rustwide/target/release/deps/chunk_buffer_reuse_tests-1b8d8f7c8284d569)
[INFO] [stdout] 
[INFO] [stdout] running 4 tests
[INFO] [stdout] test test_partial_delegate_error_drops_every_item_once ... ok
[INFO] [stdout] test test_full_and_claimed_chunks_keep_source_boundaries ... ok
[INFO] [stdout] test test_partial_success_is_rejected_without_aggregating_chunk ... ok
[INFO] [stdout] test test_delegate_panic_drops_remaining_items ... ok
[INFO] [stdout] 
[INFO] [stdout] test result: ok. 4 passed; 0 failed; 0 ignored; 0 measured; 0 filtered out; finished in 0.00s
[INFO] [stdout] 
[INFO] [stderr]      Running tests/constants_tests.rs (/opt/rustwide/target/release/deps/constants_tests-29aa9b18203e8672)
[INFO] [stdout] 
[INFO] [stdout] running 1 test
[INFO] [stdout] test test_default_threshold_is_stable ... ok
[INFO] [stdout] 
[INFO] [stdout] test result: ok. 1 passed; 0 failed; 0 ignored; 0 measured; 0 filtered out; finished in 0.00s
[INFO] [stdout] 
[INFO] [stderr]      Running tests/lib_tests.rs (/opt/rustwide/target/release/deps/lib_tests-7e874f4b19c7264e)
[INFO] [stdout] 
[INFO] [stdout] running 1 test
[INFO] [stdout] test test_core_types_are_exported_from_crate_root_and_grouped_modules ... ok
[INFO] [stdout] 
[INFO] [stdout] test result: ok. 1 passed; 0 failed; 0 ignored; 0 measured; 0 filtered out; finished in 0.00s
[INFO] [stdout] 
[INFO] [stderr]      Running tests/mod.rs (/opt/rustwide/target/release/deps/mod-60ee04c690c50716)
[INFO] [stdout] 
[INFO] [stdout] running 172 tests
[INFO] [stdout] test docs::readme_tests::test_readme_mentions_current_executor_types ... ok
[INFO] [stdout] test docs::readme_tests::test_readmes_use_local_license_and_repository_links ... ok
[INFO] [stdout] test docs::readme_tests::test_readme_footer_and_guide_navigation ... ok
[INFO] [stdout] test execute::batch_call_error_tests::test_batch_call_error_preserves_sparse_success_outputs ... ok
[INFO] [stdout] test execute::batch_call_error_tests::test_batch_call_error_accessors_and_error_traits ... ok
[INFO] [stdout] test execute::batch_call_output_tests::test_batch_call_error_returns_sparse_outputs ... ok
[INFO] [stdout] test execute::batch_call_output_tests::test_batch_call_output_exposes_index_and_value ... ok
[INFO] [stdout] test execute::batch_call_result_build_error_tests::test_batch_call_result_build_error_displays_value_mapping_context ... ok
[INFO] [stdout] test execute::batch_call_result_tests::test_batch_call_result_accepts_sparse_output_after_completed_failure ... ok
[INFO] [stdout] test execute::batch_call_result_tests::test_batch_call_result_accessors_and_parts ... ok
[INFO] [stdout] test execute::batch_call_result_tests::test_batch_call_result_rejects_mismatched_success_output_count ... ok
[INFO] [stdout] test execute::batch_call_result_tests::test_batch_call_result_rejects_out_of_range_output_index ... ok
[INFO] [stdout] test execute::batch_call_result_tests::test_batch_call_result_rejects_value_at_failed_callable_index ... ok
[INFO] [stdout] test execute::batch_execution_error_tests::test_batch_execution_error_accessors ... ok
[INFO] [stdout] test execute::batch_execution_error_tests::test_batch_execution_error_exceeded_helpers ... ok
[INFO] [stdout] test docs::readme_tests::test_readme_dependency_version_matches_cargo_toml ... FAILED
[INFO] [stdout] test execute::batch_execution_error_tests::test_scheduler_error_mapping_preserves_all_variants_and_secondary_errors ... ok
[INFO] [stdout] test execute::batch_execution_error_tests::test_batch_execution_error_shortfall_helpers ... ok
[INFO] [stdout] test execute::batch_executor_call_tests::test_batch_executor_call_error_preserves_success_values ... ok
[INFO] [stdout] test execute::batch_executor_call_tests::test_batch_executor_call_derives_count_from_exact_iterator ... ok
[INFO] [stdout] test execute::batch_executor_call_tests::test_batch_executor_call_huge_count_shortfall_is_sparse ... ok
[INFO] [stdout] test execute::batch_executor_call_tests::test_batch_executor_call_panics_when_callable_wrapper_reports_out_of_range_index ... ok
[INFO] [stdout] test execute::batch_executor_call_tests::test_batch_executor_call_records_callable_drop_panic_sequential ... ok
[INFO] [stdout] test execute::batch_executor_call_tests::test_sequential_batch_executor_calls_callables_and_collects_values ... ok
[INFO] [stdout] test execute::batch_executor_call_tests::test_sequential_batch_executor_call_collects_many_values_by_index ... ok
[INFO] [stdout] test execute::batch_executor_tests::test_batch_executor_trait_execute_dispatches_to_sequential_executor ... ok
[INFO] [stdout] test execute::batch_outcome_builder_tests::test_batch_outcome_builder_builds_after_validation ... ok
[INFO] [stdout] test execute::batch_outcome_builder_tests::test_batch_outcome_builder_rejects_duplicate_failure_indexes ... ok
[INFO] [stdout] test execute::batch_executor_call_tests::test_batch_executor_call_records_callable_drop_panic_parallel ... ok
[INFO] [stdout] test execute::batch_outcome_build_error_tests::test_batch_outcome_build_error_terminal_count_mismatch ... ok
[INFO] [stdout] test execute::batch_task_error_tests::test_batch_task_error_helpers_display_and_source ... ok
[INFO] [stdout] test execute::batch_outcome_builder_tests::test_batch_outcome_builder_rejects_invalid_counters ... ok
[INFO] [stdout] test execute::batch_executor_call_tests::test_sequential_batch_executor_call_preserves_failure_indexes ... ok
[INFO] [stdout] test execute::batch_outcome_builder_tests::test_batch_outcome_builder_builds_valid_outcome ... ok
[INFO] [stdout] test execute::batch_executor_call_tests::test_parallel_batch_executor_call_reports_count_mismatches ... ok
[INFO] [stdout] test execute::batch_outcome_builder_tests::test_smallest_duplicate_index_is_reported ... ok
[INFO] [stdout] test execute::batch_outcome_tests::test_batch_outcome_into_failures_and_success_state ... ok
[INFO] [stdout] test execute::batch_outcome_tests::test_batch_outcome_records_all_failures ... ok
[INFO] [stdout] test execute::batch_executor_call_tests::test_parallel_batch_executor_call_collects_values_by_index ... ok
[INFO] [stdout] test execute::batch_task_failure_tests::test_batch_task_failure_accessors_and_into_error ... ok
[INFO] [stdout] test execute::batch_termination_tests::test_batch_termination_defaults_to_finished ... ok
[INFO] [stdout] test execute::impls::parallel_batch_executor_builder_tests::test_parallel_batch_executor_builder_allows_zero_report_interval ... ok
[INFO] [stdout] test execute::batch_outcome_builder_tests::test_batch_outcome_rejects_failure_detail_mismatches ... ok
[INFO] [stdout] test execute::batch_task_error_tests::test_batch_task_error_builds_from_non_string_panic_payloads ... ok
[INFO] [stdout] test execute::impls::parallel_batch_executor_tests::test_parallel_batch_executor_rejects_invalid_builder_config ... ok
[INFO] [stdout] test execute::impls::parallel_batch_executor_builder_tests::test_parallel_batch_executor_builder_can_disable_reporting ... ok
[INFO] [stdout] test execute::impls::parallel_batch_executor_tests::test_parallel_batch_executor_reports_count_exceeded ... ok
[INFO] [stdout] test execute::batch_task_error_tests::test_batch_task_error_builds_from_string_panic_payloads ... ok
[INFO] [stdout] test execute::batch_task_error_tests::test_batch_task_error_failed_and_panicked_helpers ... ok
[INFO] [stdout] test execute::batch_outcome_builder_tests::test_out_of_range_precedes_duplicate_index ... ok
[INFO] [stdout] test execute::impls::parallel_batch_executor_builder_tests::test_parallel_batch_executor_builder_rejects_invalid_config ... ok
[INFO] [stdout] test execute::impls::parallel_batch_executor_tests::test_parallel_batch_executor_propagates_progress_reporter_finish_panic ... ok
[INFO] [stdout] test execute::impls::parallel_batch_executor_tests::test_parallel_batch_executor_records_original_failure_indexes ... ok
[INFO] [stdout] test execute::impls::parallel_batch_executor_build_error_tests::test_parallel_batch_executor_build_error_display_messages ... ok
[INFO] [stdout] test execute::impls::parallel_batch_executor_builder_tests::test_parallel_batch_executor_builder_builds_custom_config ... ok
[INFO] [stdout] test execute::impls::parallel_batch_executor_tests::test_parallel_batch_executor_collects_failures_and_panics ... ok
[INFO] [stdout] test execute::impls::parallel_batch_executor_tests::test_parallel_batch_executor_propagates_progress_reporter_process_panic ... ok
[INFO] [stdout] test execute::impls::parallel_batch_executor_tests::test_parallel_batch_executor_builds_default_and_custom_config ... ok
[INFO] [stdout] test execute::impls::sequential_batch_executor_builder_tests::test_sequential_batch_executor_builder_applies_report_interval ... ok
[INFO] [stdout] test execute::impls::sequential_batch_executor_tests::test_sequential_batch_executor_accessors_and_value_reporter ... ok
[INFO] [stdout] test execute::impls::parallel_batch_executor_tests::test_parallel_batch_executor_reports_failed_terminal_phase_for_task_failures ... ok
[INFO] [stdout] test execute::impls::sequential_batch_executor_tests::test_sequential_batch_executor_collects_failures_and_panics ... ok
[INFO] [stdout] test execute::impls::parallel_batch_executor_tests::test_parallel_batch_executor_supports_non_static_tasks ... ok
[INFO] [stdout] test execute::impls::parallel_batch_executor_tests::test_parallel_batch_executor_reports_count_shortfall ... ok
[INFO] [stdout] test execute::impls::parallel_batch_executor_tests::test_parallel_batch_executor_reports_progress_with_zero_interval ... ok
[INFO] [stdout] test execute::impls::sequential_batch_executor_tests::test_sequential_batch_executor_exact_execute_accepts_non_send_tasks ... ok
[INFO] [stdout] test execute::impls::sequential_batch_executor_tests::test_sequential_batch_executor_executes_successfully ... ok
[INFO] [stdout] test execute::impls::sequential_batch_executor_tests::test_sequential_batch_executor_accepts_non_debug_errors ... ok
[INFO] [stdout] test execute::impls::sequential_batch_executor_tests::test_sequential_batch_executor_for_each_maps_items ... ok
[INFO] [stdout] test execute::impls::sequential_batch_executor_tests::test_sequential_batch_executor_for_each_with_count_reports_mismatches ... ok
[INFO] [stdout] test execute::impls::parallel_batch_executor_tests::test_parallel_batch_executor_stops_accepting_after_first_failure ... ok
[INFO] [stdout] test execute::impls::sequential_batch_executor_tests::test_sequential_batch_executor_preserves_count_error_when_failure_report_fails ... ok
[INFO] [stdout] test execute::impls::sequential_batch_executor_tests::test_sequential_batch_executor_preserves_count_exceeded_when_failure_report_fails ... ok
[INFO] [stdout] test execute::impls::sequential_batch_executor_tests::test_sequential_batch_executor_calls_non_send_local_callables ... ok
[INFO] [stdout] test execute::impls::sequential_batch_executor_tests::test_sequential_batch_executor_propagates_progress_reporter_finish_panic ... ok
[INFO] [stdout] test execute::impls::sequential_batch_executor_tests::test_sequential_batch_executor_propagates_progress_reporter_start_panic ... ok
[INFO] [stdout] test execute::impls::sequential_batch_executor_tests::test_sequential_batch_executor_records_non_string_panic_without_message ... ok
[INFO] [stdout] test execute::impls::sequential_batch_executor_tests::test_sequential_batch_executor_reports_count_shortfall ... ok
[INFO] [stdout] test execute::impls::sequential_batch_executor_tests::test_sequential_batch_executor_reports_count_exceeded ... ok
[INFO] [stdout] test execute::impls::sequential_batch_executor_tests::test_sequential_batch_executor_reports_failure_terminal_error ... ok
[INFO] [stdout] test execute::impls::sequential_batch_executor_tests::test_sequential_batch_executor_propagates_progress_reporter_process_panic ... ok
[INFO] [stdout] test execute::impls::sequential_batch_executor_tests::test_sequential_batch_executor_reports_progress_with_zero_interval ... ok
[INFO] [stdout] test execute::impls::sequential_batch_executor_tests::test_sequential_batch_executor_reports_start_failure ... ok
[INFO] [stdout] test execute::impls::sequential_batch_executor_tests::test_sequential_batch_executor_reports_stopped_policy_terminal_error ... ok
[INFO] [stdout] test execute::impls::sequential_batch_executor_tests::test_sequential_batch_executor_returns_progress_report_error ... ok
[INFO] [stdout] test execute::impls::sequential_batch_executor_tests::test_sequential_batch_executor_runs_non_send_for_each_action ... ok
[INFO] [stdout] test execute::impls::sequential_batch_executor_tests::test_sequential_batch_executor_runs_non_send_local_tasks ... ok
[INFO] [stdout] test execute::parallel_batch_execution_context_tests::test_parallel_batch_execution_context_rejects_tasks_after_declared_count ... ok
[INFO] [stdout] test execute::impls::parallel_batch_executor_tests::test_parallel_batch_executor_uses_sequential_threshold ... ok
[INFO] [stdout] test execute::parallel_batch_execution_coordinator_tests::test_finished_batch_preserves_counts_on_terminal_failure ... ok
[INFO] [stdout] test execute::parallel_batch_execution_coordinator_tests::test_parallel_batch_execution_coordinator_count_exceeded_precedes_failure_stop ... ok
[INFO] [stdout] test execute::parallel_batch_execution_coordinator_tests::test_finished_failed_batch_preserves_task_failures_on_terminal_failure ... ok
[INFO] [stdout] test execute::parallel_batch_execution_coordinator_tests::test_parallel_batch_execution_context_rejects_token_from_another_execution ... ok
[INFO] [stdout] test execute::parallel_batch_execution_coordinator_tests::test_parallel_batch_execution_coordinator_prioritizes_incomplete_schedule_over_shortfall ... ok
[INFO] [stdout] test execute::parallel_batch_execution_coordinator_tests::test_parallel_batch_execution_coordinator_propagates_scheduler_panic ... ok
[INFO] [stdout] test execute::parallel_batch_execution_coordinator_tests::test_parallel_batch_execution_coordinator_rejects_dropped_accepted_tasks ... ok
[INFO] [stdout] test execute::parallel_batch_execution_coordinator_tests::test_parallel_batch_execution_coordinator_reports_count_exceeded ... ok
[INFO] [stdout] test execute::parallel_batch_execution_coordinator_tests::test_parallel_batch_execution_coordinator_records_task_outcomes ... ok
[INFO] [stdout] test execute::parallel_batch_execution_coordinator_tests::test_parallel_batch_execution_coordinator_reports_start_error_as_progress_report ... ok
[INFO] [stdout] test execute::parallel_batch_execution_coordinator_tests::test_parallel_batch_execution_coordinator_returns_scheduler_error_directly ... ok
[INFO] [stdout] test execute::parallel_batch_execution_coordinator_tests::test_parallel_batch_execution_coordinator_reports_count_shortfall ... ok
[INFO] [stdout] test execute::parallel_batch_execution_coordinator_tests::test_parallel_batch_execution_coordinator_uses_context_observed_count ... ok
[INFO] [stdout] test execute::parallel_batch_execution_coordinator_tests::test_policy_stop_preserves_termination_on_terminal_failure ... ok
[INFO] [stdout] test execute::parallel_batch_task_tests::test_parallel_batch_task_is_created_and_consumed_by_context ... ok
[INFO] [stdout] test execute::task_failure_policy_tests::test_sequential_batch_executor_continues_on_failure_by_default ... ok
[INFO] [stdout] test execute::parallel_batch_execution_coordinator_tests::test_scheduler_rejection_preserves_terminal_failure ... ok
[INFO] [stdout] test execute::task_failure_policy_tests::test_sequential_batch_executor_continues_when_configured ... ok
[INFO] [stdout] test execute::task_failure_policy_tests::test_sequential_batch_executor_does_not_consume_tasks_after_policy_stop ... ok
[INFO] [stdout] test execute::task_failure_policy_tests::test_sequential_batch_executor_stops_after_configured_failure_count ... ok
[INFO] [stdout] test execute::task_failure_policy_tests::test_sequential_batch_executor_marks_early_stop_before_count_validation ... ok
[INFO] [stdout] test process::batch_process_error_tests::test_batch_process_error_helpers_and_display ... ok
[INFO] [stdout] test process::batch_process_result_build_error_tests::test_batch_process_result_build_error_displays_counter_context ... ok
[INFO] [stdout] test execute::parallel_batch_execution_context_tests::test_parallel_batch_execution_context_execute_task_notifies_running_progress ... ok
[INFO] [stdout] test process::batch_process_result_builder_tests::test_batch_process_result_builder_builds_valid_result ... ok
[INFO] [stdout] test process::batch_process_result_builder_tests::test_batch_process_result_builder_rejects_invalid_counters ... ok
[INFO] [stdout] test process::batch_process_result_tests::test_batch_process_result_accessors_success_and_display ... ok
[INFO] [stdout] test process::batch_process_result_tests::test_batch_process_result_reports_incomplete_success_state ... ok
[INFO] [stdout] test process::batch_processor_tests::test_batch_processor_chunked_accessors ... ok
[INFO] [stdout] test process::batch_processor_tests::test_batch_processor_trait_process_derives_count_from_exact_iterator ... ok
[INFO] [stdout] test process::chunked_batch_process_error_tests::test_chunked_batch_process_error_invalid_result_into_result ... ok
[INFO] [stdout] test process::chunked_batch_process_error_tests::test_chunked_batch_process_error_result_accessors ... ok
[INFO] [stdout] test process::impls::chunked_batch_processor_builder_tests::test_chunked_batch_processor_builder_applies_configuration ... ok
[INFO] [stdout] test process::impls::chunked_batch_processor_tests::test_chunked_batch_process_error_helpers_and_display ... ok
[INFO] [stdout] test process::impls::chunked_batch_processor_tests::test_chunked_batch_processor_accepts_empty_input ... ok
[INFO] [stdout] test process::impls::chunked_batch_processor_tests::test_chunked_batch_processor_accessors_and_delegate_mutation ... ok
[INFO] [stdout] test process::impls::chunked_batch_processor_tests::test_chunked_batch_processor_flushes_tail_chunk_before_count_exceeded ... ok
[INFO] [stdout] test process::impls::chunked_batch_processor_tests::test_chunked_batch_processor_propagates_tail_chunk_error_before_count_exceeded ... ok
[INFO] [stdout] test process::impls::chunked_batch_processor_tests::test_chunked_batch_processor_rejects_invalid_delegate_result ... ok
[INFO] [stdout] test process::impls::chunked_batch_processor_tests::test_chunked_batch_processor_rejects_invalid_delegate_item_count ... ok
[INFO] [stdout] test process::impls::chunked_batch_processor_tests::test_chunked_batch_processor_reports_count_exceeded ... ok
[INFO] [stdout] test process::impls::chunked_batch_processor_tests::test_chunked_batch_processor_reports_count_exceeded_before_first_chunk ... ok
[INFO] [stdout] test process::impls::chunked_batch_processor_tests::test_chunked_batch_processor_reports_count_shortfall ... ok
[INFO] [stdout] test process::impls::chunked_batch_processor_tests::test_chunked_batch_processor_reports_progress ... ok
[INFO] [stdout] test process::impls::chunked_batch_processor_tests::test_chunked_batch_processor_returns_progress_report_error ... ok
[INFO] [stdout] test process::impls::chunked_batch_processor_tests::test_chunked_batch_processor_skips_progress_before_interval ... ok
[INFO] [stdout] test process::impls::chunked_batch_processor_tests::test_chunked_batch_processor_submits_items_in_chunks ... ok
[INFO] [stdout] test process::impls::chunked_batch_processor_tests::test_chunked_batch_processor_wraps_delegate_error ... ok
[INFO] [stdout] test process::impls::chunked_batch_processor_tests::test_chunked_batch_processor_wraps_partial_chunk_error ... ok
[INFO] [stdout] test process::impls::parallel_batch_processor_build_error_tests::test_parallel_batch_processor_build_error_describes_zero_threads ... ok
[INFO] [stdout] test process::impls::parallel_batch_processor_builder_tests::test_parallel_batch_processor_builder_applies_configuration ... ok
[INFO] [stdout] test process::impls::parallel_batch_processor_tests::test_parallel_batch_processor_accepts_empty_input ... ok
[INFO] [stdout] test process::impls::parallel_batch_processor_tests::test_parallel_batch_processor_consumer_accessors ... ok
[INFO] [stdout] test process::impls::parallel_batch_processor_tests::test_parallel_batch_processor_accessors_and_value_reporter ... ok
[INFO] [stdout] test process::impls::parallel_batch_processor_tests::test_parallel_batch_processor_preserves_completed_count_when_terminal_report_fails ... ok
[INFO] [stdout] test process::impls::parallel_batch_processor_tests::test_parallel_batch_processor_processes_items ... ok
[INFO] [stdout] test process::impls::parallel_batch_processor_tests::test_parallel_batch_processor_preserves_items_on_scoped_workers ... ok
[INFO] [stdout] test process::impls::parallel_batch_processor_tests::test_parallel_batch_processor_propagates_consumer_panic ... ok
[INFO] [stdout] test process::impls::parallel_batch_processor_tests::test_parallel_batch_processor_rejects_zero_thread_count ... ok
[INFO] [stdout] test process::impls::parallel_batch_processor_tests::test_parallel_batch_processor_reports_count_exceeded ... ok
[INFO] [stdout] test process::impls::parallel_batch_processor_tests::test_parallel_batch_processor_reports_count_exceeded_before_first_item ... ok
[INFO] [stdout] test process::impls::parallel_batch_processor_tests::test_parallel_batch_processor_reports_count_shortfall ... ok
[INFO] [stdout] test process::impls::parallel_batch_processor_tests::test_parallel_batch_processor_reports_sequential_progress_with_zero_interval ... ok
[INFO] [stdout] test process::impls::parallel_batch_processor_tests::test_parallel_batch_processor_propagates_worker_panic_with_large_source ... ok
[INFO] [stdout] test process::impls::sequential_batch_processor_builder_tests::test_sequential_batch_processor_builder_applies_report_interval ... ok
[INFO] [stdout] test process::impls::sequential_batch_processor_tests::test_sequential_batch_processor_accepts_empty_input ... ok
[INFO] [stdout] test process::impls::sequential_batch_processor_tests::test_sequential_batch_processor_accessors_and_value_reporter ... ok
[INFO] [stdout] test process::impls::parallel_batch_processor_tests::test_parallel_batch_processor_supports_non_static_items ... ok
[INFO] [stdout] test process::impls::sequential_batch_processor_tests::test_sequential_batch_processor_consumer_accessors ... ok
[INFO] [stdout] test process::impls::parallel_batch_processor_tests::test_parallel_batch_processor_reports_progress_with_zero_interval ... ok
[INFO] [stdout] test process::impls::sequential_batch_processor_tests::test_sequential_batch_processor_processes_items_in_order ... ok
[INFO] [stdout] test process::impls::sequential_batch_processor_tests::test_sequential_batch_processor_reports_count_exceeded ... ok
[INFO] [stdout] test process::impls::sequential_batch_processor_tests::test_sequential_batch_processor_reports_count_shortfall ... ok
[INFO] [stdout] test process::impls::sequential_batch_processor_tests::test_sequential_batch_processor_reports_progress_with_zero_interval ... ok
[INFO] [stdout] test process::impls::sequential_batch_processor_tests::test_sequential_batch_processor_returns_progress_report_error ... ok
[INFO] [stdout] test process::impls::parallel_batch_processor_tests::test_parallel_batch_processor_uses_sequential_threshold ... ok
[INFO] [stdout] test process::impls::sequential_batch_processor_tests::test_sequential_batch_processor_reports_progress ... ok
[INFO] [stdout] test execute::impls::parallel_batch_executor_tests::test_parallel_batch_executor_reports_progress ... ok
[INFO] [stdout] test execute::impls::parallel_batch_executor_tests::test_parallel_batch_executor_executes_with_configured_parallelism ... ok
[INFO] [stdout] test process::impls::parallel_batch_processor_tests::test_parallel_batch_processor_reports_progress ... ok
[INFO] [stdout] test execute::impls::sequential_batch_executor_tests::test_sequential_batch_executor_reports_progress ... ok
[INFO] [stdout] test process::impls::parallel_batch_processor_tests::test_parallel_batch_processor_uses_configured_thread_count ... ok
[INFO] [stdout] test execute::parallel_batch_execution_context_tests::test_parallel_batch_execution_context_auto_reporter_failure_is_reported_as_progress_error ... ok
[INFO] [stdout] 
[INFO] [stdout] failures:
[INFO] [stdout] 
[INFO] [stdout] ---- docs::readme_tests::test_readme_dependency_version_matches_cargo_toml stdout ----
[INFO] [stdout] 
[INFO] [stdout] thread 'docs::readme_tests::test_readme_dependency_version_matches_cargo_toml' (1313) panicked at tests/docs/readme_tests.rs:23:5:
[INFO] [stdout] assertion `left == right` failed
[INFO] [stdout]   left: "0.14"
[INFO] [stdout]  right: "^0.5"
[INFO] [stdout] stack backtrace:
[INFO] [stdout]    0:     0x5a100ccd73e1 - <<std[70759c8f55707aa4]::sys::backtrace::BacktraceLock>::print::DisplayBacktrace as core[df12db4294e9bfd3]::fmt::Display>::fmt
[INFO] [stdout]    1:     0x5a100ccec09a - core[df12db4294e9bfd3]::fmt::write
[INFO] [stdout]    2:     0x5a100ccdb97c - <alloc[2182bb758b4b3781]::vec::Vec<u8> as core[df12db4294e9bfd3]::io::write::Write>::write_fmt
[INFO] [stdout]    3:     0x5a100ccb33f6 - std[70759c8f55707aa4]::panicking::default_hook::{closure#0}
[INFO] [stdout]    4:     0x5a100cccf579 - std[70759c8f55707aa4]::panicking::default_hook
[INFO] [stdout]    5:     0x5a100cc5cb20 - test[9d35eded1c95d3be]::test_main_inner::<test[9d35eded1c95d3be]::test_main_static::{closure#0}>::{closure#0}
[INFO] [stdout]    6:     0x5a100cccf8a2 - std[70759c8f55707aa4]::panicking::panic_with_hook
[INFO] [stdout]    7:     0x5a100ccb34a2 - std[70759c8f55707aa4]::panicking::panic_handler::{closure#0}
[INFO] [stdout]    8:     0x5a100ccac1f9 - std[70759c8f55707aa4]::sys::backtrace::__rust_end_short_backtrace::<std[70759c8f55707aa4]::panicking::panic_handler::{closure#0}, !>
[INFO] [stdout]    9:     0x5a100ccb409d - __rustc[8fa7c3cbc660c2b3]::rust_begin_unwind
[INFO] [stdout]   10:     0x5a100ccec7fc - core[df12db4294e9bfd3]::panicking::panic_fmt
[INFO] [stdout]   11:     0x5a100ccec713 - core[df12db4294e9bfd3]::panicking::assert_failed_inner
[INFO] [stdout]   12:     0x5a100cc0a5fe - core[df12db4294e9bfd3]::panicking::assert_failed::<&str, &str>
[INFO] [stdout]   13:     0x5a100cbd7e5f - mod[74aa66ffe3b838e8]::docs::readme_tests::test_readme_dependency_version_matches_cargo_toml
[INFO] [stdout]   14:     0x5a100cbcf0b9 - <mod[74aa66ffe3b838e8]::docs::readme_tests::test_readme_dependency_version_matches_cargo_toml::{closure#0} as core[df12db4294e9bfd3]::ops::function::FnOnce<()>>::call_once
[INFO] [stdout]   15:     0x5a100cc4fe0b - test[9d35eded1c95d3be]::__rust_begin_short_backtrace::<core[df12db4294e9bfd3]::result::Result<(), alloc[2182bb758b4b3781]::string::String>, fn() -> core[df12db4294e9bfd3]::result::Result<(), alloc[2182bb758b4b3781]::string::String>>
[INFO] [stdout]   16:     0x5a100cc5d475 - test[9d35eded1c95d3be]::run_test::{closure#0}
[INFO] [stdout]   17:     0x5a100cc56d34 - std[70759c8f55707aa4]::sys::backtrace::__rust_begin_short_backtrace::<test[9d35eded1c95d3be]::run_test::{closure#1}, ()>
[INFO] [stdout]   18:     0x5a100cc605d2 - <std[70759c8f55707aa4]::thread::lifecycle::spawn_unchecked<test[9d35eded1c95d3be]::run_test::{closure#1}, ()>::{closure#1} as core[df12db4294e9bfd3]::ops::function::FnOnce<()>>::call_once::{shim:vtable#0}
[INFO] [stdout]   19:     0x5a100ccd6c79 - <std[70759c8f55707aa4]::sys::thread::unix::Thread>::new::thread_start
[INFO] [stdout]   20:     0x7f33c919fdfa - <unknown>
[INFO] [stdout]   21:     0x7f33c92333d4 - clone
[INFO] [stdout]   22:                0x0 - <unknown>
[INFO] [stdout] 
[INFO] [stdout] 
[INFO] [stdout] failures:
[INFO] [stdout]     docs::readme_tests::test_readme_dependency_version_matches_cargo_toml
[INFO] [stdout] 
[INFO] [stdout] test result: FAILED. 171 passed; 1 failed; 0 ignored; 0 measured; 0 filtered out; finished in 0.13s
[INFO] [stdout] 
[INFO] [stderr] error: test failed, to rerun pass `--test mod`
[INFO] running `Command { std: "docker" "inspect" "fd745c0b1a7ad94096c0a9e6a77e60a56c98be73930773adc5398b813ee64f9d", kill_on_drop: false }`
[INFO] running `Command { std: "docker" "rm" "-f" "fd745c0b1a7ad94096c0a9e6a77e60a56c98be73930773adc5398b813ee64f9d", kill_on_drop: false }`
[INFO] [stdout] fd745c0b1a7ad94096c0a9e6a77e60a56c98be73930773adc5398b813ee64f9d
