[INFO] fetching crate qubit-atomic 0.17.1...
[INFO] testing qubit-atomic-0.17.1 against 1.100.0-beta.1+cargoflags=--release for beta-release-1.100-2
[INFO] extracting crate qubit-atomic 0.17.1 into /workspace/builds/worker-6-tc2/source
[INFO] started tweaking crates.io crate qubit-atomic 0.17.1
[INFO] removed 0 missing examples
[INFO] removed 0 missing tests
[INFO] finished tweaking crates.io crate qubit-atomic 0.17.1
[INFO] tweaked toml for crates.io crate qubit-atomic 0.17.1 written to /workspace/builds/worker-6-tc2/source/Cargo.toml
[INFO] validating manifest of crates.io crate qubit-atomic 0.17.1 on toolchain 1.100.0-beta.1
[INFO] running `Command { std: CARGO_HOME="/workspace/cargo-home" RUSTUP_HOME="/workspace/rustup-home" "/workspace/cargo-home/bin/cargo" "+1.100.0-beta.1" "metadata" "--manifest-path" "Cargo.toml" "--no-deps", kill_on_drop: false }`
[INFO] crate crates.io crate qubit-atomic 0.17.1 already has a lockfile, it will not be regenerated
[INFO] running `Command { std: CARGO_HOME="/workspace/cargo-home" RUSTUP_HOME="/workspace/rustup-home" "/workspace/cargo-home/bin/cargo" "+1.100.0-beta.1" "fetch" "--manifest-path" "Cargo.toml", kill_on_drop: false }`
[INFO] [stderr] warning: `package.homepage` is redundant with `package.repository`
[INFO] [stderr]   --> Cargo.toml:44:12
[INFO] [stderr]    |
[INFO] [stderr] 44 | homepage = "https://github.com/qubit-ltd/rs-atomic"
[INFO] [stderr]    |            ^^^^^^^^^^^^^^^^^^^^^^^^^^^^^^^^^^^^^^^^
[INFO] [stderr] ...
[INFO] [stderr] 50 | repository = "https://github.com/qubit-ltd/rs-atomic"
[INFO] [stderr]    |              ----------------------------------------
[INFO] [stderr]    |
[INFO] [stderr]    = note: `cargo::redundant_homepage` is set to `warn` by default
[INFO] [stderr] help: consider removing `package.homepage`
[INFO] [stderr] warning: `qubit-atomic` (manifest) generated 1 warning
[INFO] running `Command { std: "docker" "create" "-v" "/var/lib/crater-agent-workspace/builds/worker-6-tc2/source:/opt/rustwide/workdir:ro,Z" "-v" "/var/lib/crater-agent-workspace/builds/worker-6-tc2/target:/opt/rustwide/target:rw,Z" "-v" "/var/lib/crater-agent-workspace/cargo-home:/opt/rustwide/cargo-home:ro,Z" "-v" "/var/lib/crater-agent-workspace/rustup-home:/opt/rustwide/rustup-home:ro,Z" "-m" "1610612736" "--network" "none" "ghcr.io/rust-lang/crates-build-env/linux@sha256:77db811e55d90add9212f6832c23229e3de5f1c1f9905e8cb07319ea15df73ac" "sleep" "infinity", kill_on_drop: false }`
[INFO] [stdout] 7099f96a7608faba87f5edf9e6dc45b6691443a3f9f1327c5bd72751573c7506
[INFO] running `Command { std: "docker" "start" "7099f96a7608faba87f5edf9e6dc45b6691443a3f9f1327c5bd72751573c7506", kill_on_drop: false }`
[INFO] running `Command { std: "docker" "inspect" "7099f96a7608faba87f5edf9e6dc45b6691443a3f9f1327c5bd72751573c7506", kill_on_drop: false }`
[INFO] running `Command { std: "docker" "exec" "-e" "SOURCE_DIR=/opt/rustwide/workdir" "-e" "CARGO_HOME=/opt/rustwide/cargo-home" "-e" "RUSTUP_HOME=/opt/rustwide/rustup-home" "-e" "CARGO_TARGET_DIR=/opt/rustwide/target" "-w" "/opt/rustwide/workdir" "--user" "0:0" "7099f96a7608faba87f5edf9e6dc45b6691443a3f9f1327c5bd72751573c7506" "/opt/rustwide/cargo-home/bin/cargo" "+1.100.0-beta.1" "metadata" "--no-deps" "--format-version=1", kill_on_drop: false }`
[INFO] running `Command { std: "docker" "inspect" "7099f96a7608faba87f5edf9e6dc45b6691443a3f9f1327c5bd72751573c7506", kill_on_drop: false }`
[INFO] running `Command { std: "docker" "exec" "-e" "SOURCE_DIR=/opt/rustwide/workdir" "-e" "CARGO_HOME=/opt/rustwide/cargo-home" "-e" "RUSTUP_HOME=/opt/rustwide/rustup-home" "-e" "CARGO_TARGET_DIR=/opt/rustwide/target" "-e" "CARGO_INCREMENTAL=0" "-e" "RUST_BACKTRACE=full" "-e" "RUSTFLAGS=--cap-lints=warn" "-e" "RUSTDOCFLAGS=--cap-lints=warn" "-w" "/opt/rustwide/workdir" "--user" "0:0" "7099f96a7608faba87f5edf9e6dc45b6691443a3f9f1327c5bd72751573c7506" "/opt/rustwide/cargo-home/bin/cargo" "+1.100.0-beta.1" "build" "--frozen" "--message-format=json" "--release", kill_on_drop: false }`
[INFO] [stderr] warning: `package.homepage` is redundant with `package.repository`
[INFO] [stderr]   --> Cargo.toml:44:12
[INFO] [stderr]    |
[INFO] [stderr] 44 | homepage = "https://github.com/qubit-ltd/rs-atomic"
[INFO] [stderr]    |            ^^^^^^^^^^^^^^^^^^^^^^^^^^^^^^^^^^^^^^^^
[INFO] [stderr] ...
[INFO] [stderr] 50 | repository = "https://github.com/qubit-ltd/rs-atomic"
[INFO] [stderr]    |              ----------------------------------------
[INFO] [stderr]    |
[INFO] [stderr]    = note: `cargo::redundant_homepage` is set to `warn` by default
[INFO] [stderr] help: consider removing `package.homepage`
[INFO] [stderr] warning: `qubit-atomic` (manifest) generated 1 warning
[INFO] [stderr]    Compiling rustversion v1.0.23
[INFO] [stderr]    Compiling portable-atomic v1.15.0
[INFO] [stderr]    Compiling arc-swap v1.9.2
[INFO] [stderr]    Compiling qubit-atomic v0.17.1 (/opt/rustwide/workdir)
[INFO] [stderr]     Finished `release` profile [optimized] target(s) in 2.14s
[INFO] running `Command { std: "docker" "inspect" "7099f96a7608faba87f5edf9e6dc45b6691443a3f9f1327c5bd72751573c7506", kill_on_drop: false }`
[INFO] running `Command { std: "docker" "exec" "-e" "SOURCE_DIR=/opt/rustwide/workdir" "-e" "CARGO_HOME=/opt/rustwide/cargo-home" "-e" "RUSTUP_HOME=/opt/rustwide/rustup-home" "-e" "CARGO_TARGET_DIR=/opt/rustwide/target" "-e" "CARGO_INCREMENTAL=0" "-e" "RUST_BACKTRACE=full" "-e" "RUSTFLAGS=--cap-lints=warn" "-e" "RUSTDOCFLAGS=--cap-lints=warn" "-w" "/opt/rustwide/workdir" "--user" "0:0" "7099f96a7608faba87f5edf9e6dc45b6691443a3f9f1327c5bd72751573c7506" "/opt/rustwide/cargo-home/bin/cargo" "+1.100.0-beta.1" "test" "--frozen" "--no-run" "--message-format=json" "--release", kill_on_drop: false }`
[INFO] [stderr] warning: `package.homepage` is redundant with `package.repository`
[INFO] [stderr]   --> Cargo.toml:44:12
[INFO] [stderr]    |
[INFO] [stderr] 44 | homepage = "https://github.com/qubit-ltd/rs-atomic"
[INFO] [stderr]    |            ^^^^^^^^^^^^^^^^^^^^^^^^^^^^^^^^^^^^^^^^
[INFO] [stderr] ...
[INFO] [stderr] 50 | repository = "https://github.com/qubit-ltd/rs-atomic"
[INFO] [stderr]    |              ----------------------------------------
[INFO] [stderr]    |
[INFO] [stderr]    = note: `cargo::redundant_homepage` is set to `warn` by default
[INFO] [stderr] help: consider removing `package.homepage`
[INFO] [stderr] warning: `qubit-atomic` (manifest) generated 1 warning
[INFO] [stderr]    Compiling proc-macro2 v1.0.107
[INFO] [stderr]    Compiling unicode-ident v1.0.24
[INFO] [stderr]    Compiling quote v1.0.47
[INFO] [stderr]    Compiling serde_core v1.0.229
[INFO] [stderr]    Compiling crossbeam-utils v0.8.22
[INFO] [stderr]    Compiling zerocopy v0.8.56
[INFO] [stderr]    Compiling crossbeam-epoch v0.9.20
[INFO] [stderr]    Compiling crossbeam-deque v0.8.7
[INFO] [stderr]    Compiling autocfg v1.5.1
[INFO] [stderr]    Compiling find-msvc-tools v0.1.12
[INFO] [stderr]    Compiling shlex v2.0.1
[INFO] [stderr]    Compiling serde v1.0.229
[INFO] [stderr]    Compiling zmij v1.0.23
[INFO] [stderr]    Compiling libc v0.2.189
[INFO] [stderr]    Compiling cfg-if v1.0.4
[INFO] [stderr]    Compiling either v1.18.0
[INFO] [stderr]    Compiling serde_json v1.0.151
[INFO] [stderr]    Compiling anstyle v1.0.14
[INFO] [stderr]    Compiling memchr v2.8.3
[INFO] [stderr]    Compiling regex-syntax v0.8.11
[INFO] [stderr]    Compiling clap_lex v1.1.0
[INFO] [stderr]    Compiling itoa v1.0.18
[INFO] [stderr]    Compiling ciborium-io v0.2.2
[INFO] [stderr]    Compiling plotters-backend v0.3.7
[INFO] [stderr]    Compiling same-file v1.0.6
[INFO] [stderr]    Compiling cc v1.4.5
[INFO] [stderr]    Compiling cast v0.3.0
[INFO] [stderr]    Compiling itertools v0.13.0
[INFO] [stderr]    Compiling walkdir v2.5.0
[INFO] [stderr]    Compiling anes v0.1.6
[INFO] [stderr]    Compiling clap_builder v4.6.6
[INFO] [stderr]    Compiling num-traits v0.2.19
[INFO] [stderr]    Compiling plotters-svg v0.3.7
[INFO] [stderr]    Compiling oorandom v11.1.5
[INFO] [stderr]    Compiling syn v2.0.119
[INFO] [stderr]    Compiling syn v3.0.5
[INFO] [stderr]    Compiling regex-automata v0.4.18
[INFO] [stderr]    Compiling rayon-core v1.13.0
[INFO] [stderr]    Compiling alloca v0.4.0
[INFO] [stderr]    Compiling plotters v0.3.7
[INFO] [stderr]    Compiling page_size v0.6.0
[INFO] [stderr]    Compiling rayon v1.12.0
[INFO] [stderr]    Compiling criterion-plot v0.8.2
[INFO] [stderr]    Compiling clap v4.6.6
[INFO] [stderr]    Compiling regex v1.13.1
[INFO] [stderr]    Compiling serde_derive v1.0.229
[INFO] [stderr]    Compiling zerocopy-derive v0.8.56
[INFO] [stderr]    Compiling tinytemplate v1.2.1
[INFO] [stderr]    Compiling half v2.7.1
[INFO] [stderr]    Compiling ciborium-ll v0.2.2
[INFO] [stderr]    Compiling ciborium v0.2.2
[INFO] [stderr]    Compiling criterion v0.8.2
[INFO] [stderr]    Compiling qubit-atomic v0.17.1 (/opt/rustwide/workdir)
[INFO] [stderr]     Finished `release` profile [optimized] target(s) in 1m 35s
[INFO] running `Command { std: "docker" "inspect" "7099f96a7608faba87f5edf9e6dc45b6691443a3f9f1327c5bd72751573c7506", kill_on_drop: false }`
[INFO] running `Command { std: "docker" "exec" "-e" "SOURCE_DIR=/opt/rustwide/workdir" "-e" "CARGO_HOME=/opt/rustwide/cargo-home" "-e" "RUSTUP_HOME=/opt/rustwide/rustup-home" "-e" "CARGO_TARGET_DIR=/opt/rustwide/target" "-e" "CARGO_INCREMENTAL=0" "-e" "RUST_BACKTRACE=full" "-e" "RUSTFLAGS=--cap-lints=warn" "-e" "RUSTDOCFLAGS=--cap-lints=warn" "-w" "/opt/rustwide/workdir" "--user" "0:0" "7099f96a7608faba87f5edf9e6dc45b6691443a3f9f1327c5bd72751573c7506" "/opt/rustwide/cargo-home/bin/cargo" "+1.100.0-beta.1" "test" "--frozen" "--release", kill_on_drop: false }`
[INFO] [stderr] warning: `package.homepage` is redundant with `package.repository`
[INFO] [stderr]   --> Cargo.toml:44:12
[INFO] [stderr]    |
[INFO] [stderr] 44 | homepage = "https://github.com/qubit-ltd/rs-atomic"
[INFO] [stderr]    |            ^^^^^^^^^^^^^^^^^^^^^^^^^^^^^^^^^^^^^^^^
[INFO] [stderr] ...
[INFO] [stderr] 50 | repository = "https://github.com/qubit-ltd/rs-atomic"
[INFO] [stderr]    |              ----------------------------------------
[INFO] [stderr]    |
[INFO] [stderr]    = note: `cargo::redundant_homepage` is set to `warn` by default
[INFO] [stderr] help: consider removing `package.homepage`
[INFO] [stderr] warning: `qubit-atomic` (manifest) generated 1 warning
[INFO] [stderr]     Finished `release` profile [optimized] target(s) in 0.13s
[INFO] [stderr]      Running unittests src/lib.rs (/opt/rustwide/target/release/build/qubit-atomic/5e4acb6c5a8efb29/out/qubit_atomic-5e4acb6c5a8efb29)
[INFO] [stdout] 
[INFO] [stdout] running 0 tests
[INFO] [stdout] 
[INFO] [stdout] test result: ok. 0 passed; 0 failed; 0 ignored; 0 measured; 0 filtered out; finished in 0.00s
[INFO] [stdout] 
[INFO] [stderr]      Running tests/mod.rs (/opt/rustwide/target/release/build/qubit-atomic/655c4259d397998c/out/mod-655c4259d397998c)
[INFO] [stdout] 
[INFO] [stdout] running 1383 tests
[INFO] [stdout] test atomic::arc_atomic_count_tests::test_arc_atomic_count_shared_owner ... ok
[INFO] [stdout] test atomic::arc_atomic_signed_count_tests::test_arc_atomic_signed_count_default_debug_display ... ok
[INFO] [stdout] test atomic::arc_atomic_signed_count_tests::test_arc_atomic_signed_count_from_trait_conversions ... ok
[INFO] [stdout] test atomic::arc_atomic_signed_count_tests::test_arc_atomic_signed_count_shared_owner ... ok
[INFO] [stdout] test atomic::arc_atomic_tests::test_arc_atomic_debug_display ... ok
[INFO] [stdout] test atomic::arc_atomic_tests::test_arc_atomic_from_trait_conversions ... ok
[INFO] [stdout] test atomic::arc_atomic_count_tests::test_arc_atomic_count_default_debug_display ... ok
[INFO] [stdout] test atomic::arc_atomic_count_tests::test_arc_atomic_count_from_trait_conversions ... ok
[INFO] [stdout] test atomic::atomic_bool_tests::test_compare_and_set_if_true ... ok
[INFO] [stdout] test atomic::atomic_bool_tests::test_compare_and_exchange ... ok
[INFO] [stdout] test atomic::arc_atomic_tests::test_arc_atomic_shared_owner ... ok
[INFO] [stdout] test atomic::arc_atomic_tests::test_arc_atomic_constructors_and_arc_access ... ok
[INFO] [stdout] test atomic::atomic_bool_tests::test_compare_and_set_failure ... ok
[INFO] [stdout] test atomic::arc_atomic_ref_tests::test_arc_atomic_ref_clone_differs_from_atomic_ref_fork ... ok
[INFO] [stdout] test atomic::arc_atomic_ref_tests::test_arc_atomic_ref_from_trait_conversions ... ok
[INFO] [stdout] test atomic::arc_atomic_count_tests::test_arc_atomic_count_constructors_and_arc_access ... ok
[INFO] [stdout] test atomic::arc_atomic_ref_tests::test_arc_atomic_ref_constructors_and_arc_access ... ok
[INFO] [stdout] test atomic::atomic_bool_tests::test_compare_and_set_if_false ... ok
[INFO] [stdout] test atomic::arc_atomic_ref_tests::test_arc_atomic_ref_debug_display ... ok
[INFO] [stdout] test atomic::arc_atomic_ref_tests::test_arc_atomic_ref_shared_owner ... ok
[INFO] [stdout] test atomic::arc_atomic_signed_count_tests::test_arc_atomic_signed_count_constructors_and_arc_access ... ok
[INFO] [stdout] test atomic::atomic_bool_tests::test_compare_and_set_if_true_already_false ... ok
[INFO] [stdout] test atomic::atomic_bool_tests::test_compare_and_set_success ... ok
[INFO] [stdout] test atomic::atomic_bool_tests::test_compare_and_set_weak_success ... ok
[INFO] [stdout] test atomic::atomic_bool_tests::test_compare_and_set_weak_failure ... ok
[INFO] [stdout] test atomic::atomic_bool_tests::test_get_and_logical_and_false_true ... ok
[INFO] [stdout] test atomic::atomic_bool_tests::test_get_and_logical_or ... ok
[INFO] [stdout] test atomic::atomic_bool_tests::test_get_and_logical_and ... ok
[INFO] [stdout] test atomic::atomic_bool_tests::test_get_and_clear_already_false ... ok
[INFO] [stdout] test atomic::atomic_bool_tests::test_get_and_logical_and_both_false ... ok
[INFO] [stdout] test atomic::atomic_bool_tests::test_get_and_logical_xor ... ok
[INFO] [stdout] test atomic::atomic_bool_tests::test_debug_display ... ok
[INFO] [stdout] test atomic::atomic_bool_tests::test_get_and_logical_xor_both_false ... ok
[INFO] [stdout] test atomic::atomic_bool_tests::test_get_and_logical_xor_both_true ... ok
[INFO] [stdout] test atomic::atomic_bool_tests::test_default ... ok
[INFO] [stdout] test atomic::atomic_bool_tests::test_from ... ok
[INFO] [stdout] test atomic::atomic_bool_tests::test_get_and_clear ... ok
[INFO] [stdout] test atomic::atomic_bool_tests::test_concurrent_set_once ... ok
[INFO] [stdout] test atomic::atomic_bool_tests::test_compare_and_set_if_false_already_true ... ok
[INFO] [stdout] test atomic::atomic_bool_tests::test_get_and_logical_xor_true_false ... ok
[INFO] [stdout] test atomic::atomic_bool_tests::test_inner ... ok
[INFO] [stdout] test atomic::atomic_bool_tests::test_get_and_negate ... ok
[INFO] [stdout] test atomic::atomic_bool_tests::test_get_and_set ... ok
[INFO] [stdout] test atomic::atomic_bool_tests::test_get_and_set_already_true ... ok
[INFO] [stdout] test atomic::atomic_bool_tests::test_get_set ... ok
[INFO] [stdout] test atomic::atomic_bool_tests::test_new ... ok
[INFO] [stdout] test atomic::atomic_bool_tests::test_get_and_logical_or_true_false ... ok
[INFO] [stdout] test atomic::atomic_bool_tests::test_get_and_logical_or_both_true ... ok
[INFO] [stdout] test atomic::atomic_bool_tests::test_swap ... ok
[INFO] [stdout] test atomic::atomic_bool_tests::test_trait_atomic ... ok
[INFO] [stdout] test atomic::atomic_bool_tests::test_compare_and_exchange_weak ... ok
[INFO] [stdout] test atomic::atomic_bool_tests::test_concurrent_compare_and_set_weak ... ok
[INFO] [stdout] test atomic::atomic_bool_tests::test_trait_atomic_compare_and_exchange ... ok
[INFO] [stdout] test atomic::atomic_bool_tests::test_concurrent_toggle ... ok
[INFO] [stdout] test atomic::atomic_bool_tests::test_trait_atomic_compare_and_set ... ok
[INFO] [stdout] test atomic::atomic_bool_tests::test_trait_atomic_compare_exchange_weak ... ok
[INFO] [stdout] test atomic::atomic_bool_tests::test_trait_atomic_compare_set_weak ... ok
[INFO] [stdout] test atomic::atomic_bool_tests::test_trait_atomic_fetch_update ... ok
[INFO] [stdout] test atomic::atomic_const_new_tests::test_atomic_float_new_is_const ... ok
[INFO] [stdout] test atomic::atomic_const_new_tests::test_atomic_integer_new_is_const ... ok
[INFO] [stdout] test atomic::atomic_count_tests::test_add_returns_new_value ... ok
[INFO] [stdout] test atomic::atomic_const_new_tests::test_atomic_bool_new_is_const ... ok
[INFO] [stdout] test atomic::atomic_count_tests::test_dec_returns_new_value ... ok
[INFO] [stdout] test atomic::atomic_count_tests::test_default ... ok
[INFO] [stdout] test atomic::atomic_count_tests::test_add_overflow_panics - should panic ... ok
[INFO] [stdout] test atomic::atomic_count_tests::test_add_zero_returns_current_value ... ok
[INFO] [stdout] test atomic::atomic_count_tests::test_debug ... ok
[INFO] [stdout] test atomic::atomic_count_tests::test_display ... ok
[INFO] [stdout] test atomic::atomic_count_tests::test_is_positive ... ok
[INFO] [stdout] test atomic::atomic_count_tests::test_from ... ok
[INFO] [stdout] test atomic::atomic_count_tests::test_concurrent_dec_to_zero ... ok
[INFO] [stdout] test atomic::atomic_count_tests::test_dec_underflow_panics - should panic ... ok
[INFO] [stdout] test atomic::atomic_count_tests::test_is_zero ... ok
[INFO] [stdout] test atomic::atomic_count_tests::test_new_get ... ok
[INFO] [stdout] test atomic::atomic_count_tests::test_new_is_const ... ok
[INFO] [stdout] test atomic::atomic_count_tests::test_sub_returns_new_value ... ok
[INFO] [stdout] test atomic::atomic_count_tests::test_inc_returns_new_value ... ok
[INFO] [stdout] test atomic::atomic_count_tests::test_concurrent_inc ... ok
[INFO] [stdout] test atomic::atomic_count_tests::test_sub_underflow_panics - should panic ... ok
[INFO] [stdout] test atomic::atomic_count_tests::test_sub_zero_returns_current_value ... ok
[INFO] [stdout] test atomic::atomic_count_tests::test_try_sub_underflow_keeps_value ... ok
[INFO] [stdout] test atomic::atomic_count_tests::test_try_sub_success ... ok
[INFO] [stdout] test atomic::atomic_count_tests::test_try_dec_underflow_keeps_value ... ok
[INFO] [stdout] test atomic::atomic_count_tests::test_try_add_overflow_keeps_value ... ok
[INFO] [stdout] test atomic::atomic_count_tests::test_try_add_success ... ok
[INFO] [stdout] test atomic::atomic_count_tests::test_zero_is_const ... ok
[INFO] [stdout] test atomic::atomic_f32_tests::test_add ... ok
[INFO] [stdout] test atomic::atomic_count_tests::test_zero ... ok
[INFO] [stdout] test atomic::atomic_f32_tests::test_add_zero ... ok
[INFO] [stdout] test atomic::atomic_f32_tests::test_atomic_number_fetch_div ... ok
[INFO] [stdout] test atomic::atomic_count_tests::test_try_dec_success ... ok
[INFO] [stdout] test atomic::atomic_f32_tests::test_atomic_number_fetch_add ... ok
[INFO] [stdout] test atomic::atomic_f32_tests::test_atomic_number_fetch_add_negative ... ok
[INFO] [stdout] test atomic::atomic_f32_tests::test_atomic_number_fetch_mul_by_negative ... ok
[INFO] [stdout] test atomic::atomic_f32_tests::test_atomic_number_fetch_div_fractional ... ok
[INFO] [stdout] test atomic::atomic_f32_tests::test_atomic_number_fetch_mul ... ok
[INFO] [stdout] test atomic::atomic_f32_tests::test_atomic_number_fetch_mul_by_zero ... ok
[INFO] [stdout] test atomic::atomic_f32_tests::test_atomic_number_fetch_sub_negative ... ok
[INFO] [stdout] test atomic::atomic_f32_tests::test_atomic_number_fetch_sub ... ok
[INFO] [stdout] test atomic::atomic_f32_tests::test_atomic_number_fetch_div_by_negative ... ok
[INFO] [stdout] test atomic::atomic_f32_tests::test_compare_and_set_failure_path ... ok
[INFO] [stdout] test atomic::atomic_f32_tests::test_compare_and_set_failure_returns_actual ... ok
[INFO] [stdout] test atomic::atomic_f32_tests::test_atomic_number_operations_chain ... ok
[INFO] [stdout] test atomic::atomic_f32_tests::test_compare_and_exchange_weak_success_path ... ok
[INFO] [stdout] test atomic::atomic_f32_tests::test_compare_and_exchange ... ok
[INFO] [stdout] test atomic::atomic_f32_tests::test_compare_and_exchange_weak ... ok
[INFO] [stdout] test atomic::atomic_f32_tests::test_compare_and_set_failure ... ok
[INFO] [stdout] test atomic::atomic_f32_tests::test_compare_and_exchange_weak_failure_path ... ok
[INFO] [stdout] test atomic::atomic_f32_tests::test_compare_and_exchange_weak_in_loop ... ok
[INFO] [stdout] test atomic::atomic_f32_tests::test_compare_and_exchange_failure_path ... ok
[INFO] [stdout] test atomic::atomic_f32_tests::test_compare_and_exchange_success_path ... ok
[INFO] [stdout] test atomic::atomic_f32_tests::test_compare_and_set_weak ... ok
[INFO] [stdout] test atomic::atomic_f32_tests::test_compare_and_set_weak_in_loop ... ok
[INFO] [stdout] test atomic::atomic_f32_tests::test_compare_and_set_weak_failure_path ... ok
[INFO] [stdout] test atomic::atomic_f32_tests::test_compare_and_set_success ... ok
[INFO] [stdout] test atomic::atomic_f32_tests::test_atomic_number_concurrent_operations ... ok
[INFO] [stdout] test atomic::atomic_f32_tests::test_debug_display ... ok
[INFO] [stdout] test atomic::atomic_f32_tests::test_default ... ok
[INFO] [stdout] test atomic::atomic_f32_tests::test_concurrent_add ... ok
[INFO] [stdout] test atomic::atomic_f32_tests::test_debug_false ... ok
[INFO] [stdout] test atomic::atomic_f32_tests::test_div ... ok
[INFO] [stdout] test atomic::atomic_f32_tests::test_concurrent_mul ... ok
[INFO] [stdout] test atomic::atomic_f32_tests::test_div_by_zero ... ok
[INFO] [stdout] test atomic::atomic_f32_tests::test_display ... ok
[INFO] [stdout] test atomic::atomic_f32_tests::test_div_one ... ok
[INFO] [stdout] test atomic::atomic_f32_tests::test_concurrent_mul_and_div ... ok
[INFO] [stdout] test atomic::atomic_f32_tests::test_from ... ok
[INFO] [stdout] test atomic::atomic_f32_tests::test_mul_one ... ok
[INFO] [stdout] test atomic::atomic_f32_tests::test_concurrent_div_extreme_contention ... ok
[INFO] [stdout] test atomic::atomic_f32_tests::test_concurrent_sub_high_contention ... ok
[INFO] [stdout] test atomic::atomic_f32_tests::test_negative_values ... ok
[INFO] [stdout] test atomic::atomic_f32_tests::test_get_and_update_identity ... ok
[INFO] [stdout] test atomic::atomic_f32_tests::test_mul_negative ... ok
[INFO] [stdout] test atomic::atomic_f32_tests::test_concurrent_add_high_contention ... ok
[INFO] [stdout] test atomic::atomic_f32_tests::test_nan ... ok
[INFO] [stdout] test atomic::atomic_f32_tests::test_get_and_update ... ok
[INFO] [stdout] test atomic::atomic_f32_tests::test_get_set ... ok
[INFO] [stdout] test atomic::atomic_f32_tests::test_infinity ... ok
[INFO] [stdout] test atomic::atomic_f32_tests::test_inner ... ok
[INFO] [stdout] test atomic::atomic_f32_tests::test_inner_cas ... ok
[INFO] [stdout] test atomic::atomic_f32_tests::test_mul ... ok
[INFO] [stdout] test atomic::atomic_f32_tests::test_sub_negative ... ok
[INFO] [stdout] test atomic::atomic_f32_tests::test_trait_atomic ... ok
[INFO] [stdout] test atomic::atomic_f32_tests::test_concurrent_mul_extreme_contention ... ok
[INFO] [stdout] test atomic::atomic_f32_tests::test_new ... ok
[INFO] [stdout] test atomic::atomic_f32_tests::test_sub ... ok
[INFO] [stdout] test atomic::atomic_f32_tests::test_concurrent_div ... ok
[INFO] [stdout] test atomic::atomic_f32_tests::test_concurrent_get_and_update_contention ... ok
[INFO] [stdout] test atomic::atomic_f32_tests::test_swap ... ok
[INFO] [stdout] test atomic::atomic_f32_tests::test_sub_zero ... ok
[INFO] [stdout] test atomic::atomic_f32_tests::test_trait_atomic_compare_exchange_weak ... ok
[INFO] [stdout] test atomic::atomic_f32_tests::test_trait_atomic_compare_set_weak ... ok
[INFO] [stdout] test atomic::atomic_f64_tests::test_add_zero ... ok
[INFO] [stdout] test atomic::atomic_f64_tests::test_atomic_number_fetch_add ... ok
[INFO] [stdout] test atomic::atomic_f64_tests::test_atomic_number_fetch_add_negative ... ok
[INFO] [stdout] test atomic::atomic_f64_tests::test_atomic_number_fetch_div ... ok
[INFO] [stdout] test atomic::atomic_f64_tests::test_atomic_number_fetch_div_by_negative ... ok
[INFO] [stdout] test atomic::atomic_f32_tests::test_trait_atomic_comprehensive ... ok
[INFO] [stdout] test atomic::atomic_f64_tests::test_atomic_number_fetch_div_fractional ... ok
[INFO] [stdout] test atomic::atomic_f32_tests::test_trait_atomic_fetch_update ... ok
[INFO] [stdout] test atomic::atomic_f64_tests::test_atomic_number_fetch_sub ... ok
[INFO] [stdout] test atomic::atomic_f32_tests::test_zero ... ok
[INFO] [stdout] test atomic::atomic_f64_tests::test_atomic_number_fetch_mul_by_negative ... ok
[INFO] [stdout] test atomic::atomic_f64_tests::test_add ... ok
[INFO] [stdout] test atomic::atomic_f64_tests::test_atomic_number_fetch_sub_negative ... ok
[INFO] [stdout] test atomic::atomic_f64_tests::test_compare_and_exchange_failure_path ... ok
[INFO] [stdout] test atomic::atomic_f64_tests::test_compare_and_exchange_weak_failure_path ... ok
[INFO] [stdout] test atomic::atomic_f64_tests::test_compare_and_exchange_weak_in_loop ... ok
[INFO] [stdout] test atomic::atomic_f64_tests::test_compare_and_set_failure_returns_actual ... ok
[INFO] [stdout] test atomic::atomic_f64_tests::test_compare_and_exchange ... ok
[INFO] [stdout] test atomic::atomic_f64_tests::test_atomic_number_fetch_mul ... ok
[INFO] [stdout] test atomic::atomic_f64_tests::test_atomic_number_fetch_mul_by_zero ... ok
[INFO] [stdout] test atomic::atomic_f64_tests::test_compare_and_set_failure_path ... ok
[INFO] [stdout] test atomic::atomic_f64_tests::test_atomic_number_operations_chain ... ok
[INFO] [stdout] test atomic::atomic_f64_tests::test_compare_and_set_success ... ok
[INFO] [stdout] test atomic::atomic_f64_tests::test_compare_and_set_failure ... ok
[INFO] [stdout] test atomic::atomic_f64_tests::test_compare_and_exchange_success_path ... ok
[INFO] [stdout] test atomic::atomic_f64_tests::test_compare_and_exchange_weak_success_path ... ok
[INFO] [stdout] test atomic::atomic_f64_tests::test_compare_and_exchange_weak ... ok
[INFO] [stdout] test atomic::atomic_f64_tests::test_compare_and_set_weak ... ok
[INFO] [stdout] test atomic::atomic_f64_tests::test_compare_and_set_weak_failure_path ... ok
[INFO] [stdout] test atomic::atomic_f64_tests::test_debug_display ... ok
[INFO] [stdout] test atomic::atomic_f64_tests::test_debug_false ... ok
[INFO] [stdout] test atomic::atomic_f64_tests::test_concurrent_div ... ok
[INFO] [stdout] test atomic::atomic_f64_tests::test_div ... ok
[INFO] [stdout] test atomic::atomic_f64_tests::test_concurrent_get_and_update_contention ... ok
[INFO] [stdout] test atomic::atomic_f64_tests::test_div_by_zero ... ok
[INFO] [stdout] test atomic::atomic_f64_tests::test_div_one ... ok
[INFO] [stdout] test atomic::atomic_f64_tests::test_compare_and_set_weak_in_loop ... ok
[INFO] [stdout] test atomic::atomic_f64_tests::test_default ... ok
[INFO] [stdout] test atomic::atomic_f64_tests::test_display ... ok
[INFO] [stdout] test atomic::atomic_f64_tests::test_from ... ok
[INFO] [stdout] test atomic::atomic_f64_tests::test_concurrent_div_extreme_contention ... ok
[INFO] [stdout] test atomic::atomic_f64_tests::test_get_and_update_identity ... ok
[INFO] [stdout] test atomic::atomic_f64_tests::test_get_set ... ok
[INFO] [stdout] test atomic::atomic_f64_tests::test_high_precision ... ok
[INFO] [stdout] test atomic::atomic_f64_tests::test_infinity ... ok
[INFO] [stdout] test atomic::atomic_f64_tests::test_concurrent_sub_high_contention ... ok
[INFO] [stdout] test atomic::atomic_f64_tests::test_mul_negative ... ok
[INFO] [stdout] test atomic::atomic_f64_tests::test_atomic_number_concurrent_operations ... ok
[INFO] [stdout] test atomic::atomic_f64_tests::test_get_and_update ... ok
[INFO] [stdout] test atomic::atomic_f64_tests::test_inner ... ok
[INFO] [stdout] test atomic::atomic_f64_tests::test_inner_cas ... ok
[INFO] [stdout] test atomic::atomic_f64_tests::test_mul ... ok
[INFO] [stdout] test atomic::atomic_f64_tests::test_concurrent_sub ... ok
[INFO] [stdout] test atomic::atomic_f64_tests::test_concurrent_mul ... ok
[INFO] [stdout] test atomic::atomic_f64_tests::test_mul_one ... ok
[INFO] [stdout] test atomic::atomic_f64_tests::test_new ... ok
[INFO] [stdout] test atomic::atomic_f64_tests::test_sub_negative ... ok
[INFO] [stdout] test atomic::atomic_f64_tests::test_sub_zero ... ok
[INFO] [stdout] test atomic::atomic_f64_tests::test_concurrent_mul_and_div ... ok
[INFO] [stdout] test atomic::atomic_f64_tests::test_swap ... ok
[INFO] [stdout] test atomic::atomic_f64_tests::test_trait_atomic ... ok
[INFO] [stdout] test atomic::atomic_f64_tests::test_concurrent_add ... ok
[INFO] [stdout] test atomic::atomic_f64_tests::test_concurrent_mul_extreme_contention ... ok
[INFO] [stdout] test atomic::atomic_f64_tests::test_nan ... ok
[INFO] [stdout] test atomic::atomic_f64_tests::test_negative_values ... ok
[INFO] [stdout] test atomic::atomic_f64_tests::test_sub ... ok
[INFO] [stdout] test atomic::atomic_f64_tests::test_trait_atomic_compare_exchange_weak ... ok
[INFO] [stdout] test atomic::atomic_f64_tests::test_trait_atomic_compare_set_weak ... ok
[INFO] [stdout] test atomic::atomic_f64_tests::test_trait_atomic_comprehensive ... ok
[INFO] [stdout] test atomic::atomic_f64_tests::test_concurrent_sub_extreme_contention ... ok
[INFO] [stdout] test atomic::atomic_f64_tests::test_concurrent_add_high_contention ... ok
[INFO] [stdout] test atomic::atomic_f64_tests::test_concurrent_get_and_update_extreme_contention ... ok
[INFO] [stdout] test atomic::atomic_f64_tests::test_trait_atomic_fetch_update ... ok
[INFO] [stdout] test atomic::atomic_i128_tests::atomic_i128_tests::test_compare_and_exchange_weak_success ... ok
[INFO] [stdout] test atomic::atomic_i128_tests::atomic_i128_tests::test_compare_and_exchange_success_path ... ok
[INFO] [stdout] test atomic::atomic_f64_tests::test_zero ... ok
[INFO] [stdout] test atomic::atomic_i128_tests::atomic_i128_tests::test_bit_not_twice ... ok
[INFO] [stdout] test atomic::atomic_i128_tests::atomic_i128_tests::test_compare_exchange_weak_with_zero ... ok
[INFO] [stdout] test atomic::atomic_i128_tests::atomic_i128_tests::test_compare_exchange_weak_multiple_attempts ... ok
[INFO] [stdout] test atomic::atomic_i128_tests::atomic_i128_tests::test_bitwise_combinations ... ok
[INFO] [stdout] test atomic::atomic_i128_tests::atomic_i128_tests::test_compare_and_exchange_weak_failure_path ... ok
[INFO] [stdout] test atomic::atomic_i128_tests::atomic_i128_tests::test_compare_and_exchange ... ok
[INFO] [stdout] test atomic::atomic_i128_tests::atomic_i128_tests::test_compare_set_weak_with_zero ... ok
[INFO] [stdout] test atomic::atomic_i128_tests::atomic_i128_tests::test_accumulate_and_get ... ok
[INFO] [stdout] test atomic::atomic_i128_tests::atomic_i128_tests::test_compare_and_set_weak_success ... ok
[INFO] [stdout] test atomic::atomic_i128_tests::atomic_i128_tests::test_compare_and_exchange_failure_path ... ok
[INFO] [stdout] test atomic::atomic_i128_tests::atomic_i128_tests::test_concurrent_fetch_div ... ok
[INFO] [stdout] test atomic::atomic_i128_tests::atomic_i128_tests::test_concurrent_get_and_accumulate_high_contention ... ok
[INFO] [stdout] test atomic::atomic_i128_tests::atomic_i128_tests::test_compare_set_weak_multiple_attempts ... ok
[INFO] [stdout] test atomic::atomic_i128_tests::atomic_i128_tests::test_compare_and_exchange_weak_success_path ... ok
[INFO] [stdout] test atomic::atomic_i128_tests::atomic_i128_tests::test_compare_and_set_failure ... ok
[INFO] [stdout] test atomic::atomic_i128_tests::atomic_i128_tests::test_compare_and_set_failure_path ... ok
[INFO] [stdout] test atomic::atomic_i128_tests::atomic_i128_tests::test_compare_and_set_success ... ok
[INFO] [stdout] test atomic::atomic_i128_tests::atomic_i128_tests::test_concurrent_get_and_increment ... ok
[INFO] [stdout] test atomic::atomic_i128_tests::atomic_i128_tests::test_compare_and_set_weak_failure_path ... ok
[INFO] [stdout] test atomic::atomic_i128_tests::atomic_i128_tests::test_concurrent_get_and_decrement ... ok
[INFO] [stdout] test atomic::atomic_i128_tests::atomic_i128_tests::test_concurrent_get_and_add ... ok
[INFO] [stdout] test atomic::atomic_i128_tests::atomic_i128_tests::test_concurrent_fetch_mul ... ok
[INFO] [stdout] test atomic::atomic_i128_tests::atomic_i128_tests::test_debug_display ... ok
[INFO] [stdout] test atomic::atomic_i128_tests::atomic_i128_tests::test_default ... ok
[INFO] [stdout] test atomic::atomic_i128_tests::atomic_i128_tests::test_fetch_add_with_ordering ... ok
[INFO] [stdout] test atomic::atomic_i128_tests::atomic_i128_tests::test_fetch_add_wraps_at_max ... ok
[INFO] [stdout] test atomic::atomic_i128_tests::atomic_i128_tests::test_fetch_div_by_zero - should panic ... ok
[INFO] [stdout] test atomic::atomic_i128_tests::atomic_i128_tests::test_fetch_mul ... ok
[INFO] [stdout] test atomic::atomic_i128_tests::atomic_i128_tests::test_fetch_div ... ok
[INFO] [stdout] test atomic::atomic_i128_tests::atomic_i128_tests::test_fetch_mul_zero ... ok
[INFO] [stdout] test atomic::atomic_i128_tests::atomic_i128_tests::test_fetch_sub_with_ordering ... ok
[INFO] [stdout] test atomic::atomic_i128_tests::atomic_i128_tests::test_fetch_sub_wraps_at_min ... ok
[INFO] [stdout] test atomic::atomic_i128_tests::atomic_i128_tests::test_from ... ok
[INFO] [stdout] test atomic::atomic_i128_tests::atomic_i128_tests::test_get_and_accumulate ... ok
[INFO] [stdout] test atomic::atomic_i128_tests::atomic_i128_tests::test_fetch_div_one ... ok
[INFO] [stdout] test atomic::atomic_i128_tests::atomic_i128_tests::test_get_and_add ... ok
[INFO] [stdout] test atomic::atomic_i128_tests::atomic_i128_tests::test_get_and_accumulate_divide ... ok
[INFO] [stdout] test atomic::atomic_i128_tests::atomic_i128_tests::test_get_and_accumulate_multiply ... ok
[INFO] [stdout] test atomic::atomic_i128_tests::atomic_i128_tests::test_fetch_inc_wraps_at_max ... ok
[INFO] [stdout] test atomic::atomic_i128_tests::atomic_i128_tests::test_fetch_inc_with_ordering ... ok
[INFO] [stdout] test atomic::atomic_i128_tests::atomic_i128_tests::test_get_and_bit_not ... ok
[INFO] [stdout] test atomic::atomic_i128_tests::atomic_i128_tests::test_fetch_mul_one ... ok
[INFO] [stdout] test atomic::atomic_i128_tests::atomic_i128_tests::test_get_and_bit_and ... ok
[INFO] [stdout] test atomic::atomic_i128_tests::atomic_i128_tests::test_fetch_mul_wraps ... ok
[INFO] [stdout] test atomic::atomic_i128_tests::atomic_i128_tests::test_fetch_dec_with_ordering ... ok
[INFO] [stdout] test atomic::atomic_i128_tests::atomic_i128_tests::test_fetch_dec_wraps_at_min ... ok
[INFO] [stdout] test atomic::atomic_i128_tests::atomic_i128_tests::test_concurrent_increment ... ok
[INFO] [stdout] test atomic::atomic_i128_tests::atomic_i128_tests::test_concurrent_get_and_update_high_contention ... ok
[INFO] [stdout] test atomic::atomic_i128_tests::atomic_i128_tests::test_get_and_bit_or ... ok
[INFO] [stdout] test atomic::atomic_i128_tests::atomic_i128_tests::test_get_and_bit_xor ... ok
[INFO] [stdout] test atomic::atomic_i128_tests::atomic_i128_tests::test_get_and_decrement ... ok
[INFO] [stdout] test atomic::atomic_i128_tests::atomic_i128_tests::test_get_and_max ... ok
[INFO] [stdout] test atomic::atomic_i128_tests::atomic_i128_tests::test_inner_compare_exchange_success ... ok
[INFO] [stdout] test atomic::atomic_i128_tests::atomic_i128_tests::test_get_set ... ok
[INFO] [stdout] test atomic::atomic_i128_tests::atomic_i128_tests::test_get_and_increment ... ok
[INFO] [stdout] test atomic::atomic_i128_tests::atomic_i128_tests::test_inner_compare_exchange_weak_failure ... ok
[INFO] [stdout] test atomic::atomic_i128_tests::atomic_i128_tests::test_get_and_update_complex ... ok
[INFO] [stdout] test atomic::atomic_i128_tests::atomic_i128_tests::test_inner_fetch_max_min ... ok
[INFO] [stdout] test atomic::atomic_i128_tests::atomic_i128_tests::test_inner_fetch_operations_all ... ok
[INFO] [stdout] test atomic::atomic_i128_tests::atomic_i128_tests::test_min_with_larger_value ... ok
[INFO] [stdout] test atomic::atomic_i128_tests::atomic_i128_tests::test_new ... ok
[INFO] [stdout] test atomic::atomic_i128_tests::atomic_i128_tests::test_inner_operations ... ok
[INFO] [stdout] test atomic::atomic_i128_tests::atomic_i128_tests::test_max_with_smaller_value ... ok
[INFO] [stdout] test atomic::atomic_i128_tests::atomic_i128_tests::test_concurrent_compare_exchange_weak ... ok
[INFO] [stdout] test atomic::atomic_i128_tests::atomic_i128_tests::test_numeric_operations ... ok
[INFO] [stdout] test atomic::atomic_i128_tests::atomic_i128_tests::test_trait_atomic_integer_fetch_sub ... ok
[INFO] [stdout] test atomic::atomic_i128_tests::atomic_i128_tests::test_swap ... ok
[INFO] [stdout] test atomic::atomic_i128_tests::atomic_i128_tests::test_concurrent_cas ... ok
[INFO] [stdout] test atomic::atomic_i128_tests::atomic_i128_tests::test_wrapping_decrement_from_one ... ok
[INFO] [stdout] test atomic::atomic_i128_tests::atomic_i128_tests::test_update_and_get ... ok
[INFO] [stdout] test atomic::atomic_i16_tests::atomic_i16_tests::test_bit_not_twice ... ok
[INFO] [stdout] test atomic::atomic_i128_tests::atomic_i128_tests::test_trait_fetch_update ... ok
[INFO] [stdout] test atomic::atomic_i128_tests::atomic_i128_tests::test_try_update_and_get_success_and_reject ... ok
[INFO] [stdout] test atomic::atomic_i16_tests::atomic_i16_tests::test_compare_and_exchange_failure_path ... ok
[INFO] [stdout] test atomic::atomic_i128_tests::atomic_i128_tests::test_get_and_update ... ok
[INFO] [stdout] test atomic::atomic_i128_tests::atomic_i128_tests::test_try_update_success_and_reject ... ok
[INFO] [stdout] test atomic::atomic_i128_tests::atomic_i128_tests::test_trait_atomic ... ok
[INFO] [stdout] test atomic::atomic_i16_tests::atomic_i16_tests::test_compare_and_exchange_weak_success ... ok
[INFO] [stdout] test atomic::atomic_i16_tests::atomic_i16_tests::test_compare_and_exchange_weak_success_path ... ok
[INFO] [stdout] test atomic::atomic_i16_tests::atomic_i16_tests::test_compare_and_exchange ... ok
[INFO] [stdout] test atomic::atomic_i16_tests::atomic_i16_tests::test_accumulate_and_get ... ok
[INFO] [stdout] test atomic::atomic_i128_tests::atomic_i128_tests::test_trait_atomic_compare_set_weak ... ok
[INFO] [stdout] test atomic::atomic_i128_tests::atomic_i128_tests::test_inner_compare_exchange_weak_success ... ok
[INFO] [stdout] test atomic::atomic_i16_tests::atomic_i16_tests::test_compare_and_exchange_weak_failure_path ... ok
[INFO] [stdout] test atomic::atomic_i128_tests::atomic_i128_tests::test_trait_atomic_compare_exchange_weak ... ok
[INFO] [stdout] test atomic::atomic_i16_tests::atomic_i16_tests::test_bitwise_combinations ... ok
[INFO] [stdout] test atomic::atomic_i16_tests::atomic_i16_tests::test_compare_and_set_success ... ok
[INFO] [stdout] test atomic::atomic_i128_tests::atomic_i128_tests::test_get_and_min ... ok
[INFO] [stdout] test atomic::atomic_i128_tests::atomic_i128_tests::test_get_and_sub ... ok
[INFO] [stdout] test atomic::atomic_i128_tests::atomic_i128_tests::test_inner_compare_exchange_failure ... ok
[INFO] [stdout] test atomic::atomic_i16_tests::atomic_i16_tests::test_compare_and_exchange_success_path ... ok
[INFO] [stdout] test atomic::atomic_i128_tests::atomic_i128_tests::test_trait_atomic_integer_fetch_mul ... ok
[INFO] [stdout] test atomic::atomic_i128_tests::atomic_i128_tests::test_trait_atomic_integer_fetch_div ... ok
[INFO] [stdout] test atomic::atomic_i16_tests::atomic_i16_tests::test_compare_and_set_failure_path ... ok
[INFO] [stdout] test atomic::atomic_i16_tests::atomic_i16_tests::test_compare_and_set_weak_success ... ok
[INFO] [stdout] test atomic::atomic_i16_tests::atomic_i16_tests::test_compare_and_set_failure ... ok
[INFO] [stdout] test atomic::atomic_i16_tests::atomic_i16_tests::test_compare_and_set_weak_failure_path ... ok
[INFO] [stdout] test atomic::atomic_i16_tests::atomic_i16_tests::test_compare_set_weak_multiple_attempts ... ok
[INFO] [stdout] test atomic::atomic_i16_tests::atomic_i16_tests::test_fetch_add_with_ordering ... ok
[INFO] [stdout] test atomic::atomic_i16_tests::atomic_i16_tests::test_concurrent_get_and_increment ... ok
[INFO] [stdout] test atomic::atomic_i16_tests::atomic_i16_tests::test_debug_display ... ok
[INFO] [stdout] test atomic::atomic_i16_tests::atomic_i16_tests::test_default ... ok
[INFO] [stdout] test atomic::atomic_i16_tests::atomic_i16_tests::test_fetch_dec_wraps_at_min ... ok
[INFO] [stdout] test atomic::atomic_i16_tests::atomic_i16_tests::test_fetch_div ... ok
[INFO] [stdout] test atomic::atomic_i16_tests::atomic_i16_tests::test_fetch_add_wraps_at_max ... ok
[INFO] [stdout] test atomic::atomic_i16_tests::atomic_i16_tests::test_fetch_dec_with_ordering ... ok
[INFO] [stdout] test atomic::atomic_i16_tests::atomic_i16_tests::test_compare_exchange_weak_multiple_attempts ... ok
[INFO] [stdout] test atomic::atomic_i16_tests::atomic_i16_tests::test_fetch_div_by_zero - should panic ... ok
[INFO] [stdout] test atomic::atomic_i16_tests::atomic_i16_tests::test_fetch_div_one ... ok
[INFO] [stdout] test atomic::atomic_i16_tests::atomic_i16_tests::test_fetch_inc_wraps_at_max ... ok
[INFO] [stdout] test atomic::atomic_i16_tests::atomic_i16_tests::test_compare_exchange_weak_with_zero ... ok
[INFO] [stdout] test atomic::atomic_i16_tests::atomic_i16_tests::test_fetch_mul ... ok
[INFO] [stdout] test atomic::atomic_i16_tests::atomic_i16_tests::test_compare_set_weak_with_zero ... ok
[INFO] [stdout] test atomic::atomic_i16_tests::atomic_i16_tests::test_fetch_sub_wraps_at_min ... ok
[INFO] [stdout] test atomic::atomic_i16_tests::atomic_i16_tests::test_from ... ok
[INFO] [stdout] test atomic::atomic_i16_tests::atomic_i16_tests::test_fetch_mul_zero ... ok
[INFO] [stdout] test atomic::atomic_i16_tests::atomic_i16_tests::test_fetch_sub_with_ordering ... ok
[INFO] [stdout] test atomic::atomic_i16_tests::atomic_i16_tests::test_get_and_accumulate ... ok
[INFO] [stdout] test atomic::atomic_i16_tests::atomic_i16_tests::test_fetch_mul_wraps ... ok
[INFO] [stdout] test atomic::atomic_i16_tests::atomic_i16_tests::test_get_and_accumulate_divide ... ok
[INFO] [stdout] test atomic::atomic_i16_tests::atomic_i16_tests::test_get_and_accumulate_multiply ... ok
[INFO] [stdout] test atomic::atomic_i16_tests::atomic_i16_tests::test_get_and_add ... ok
[INFO] [stdout] test atomic::atomic_i16_tests::atomic_i16_tests::test_concurrent_compare_exchange_weak ... ok
[INFO] [stdout] test atomic::atomic_i16_tests::atomic_i16_tests::test_concurrent_cas ... ok
[INFO] [stdout] test atomic::atomic_i16_tests::atomic_i16_tests::test_concurrent_fetch_mul ... ok
[INFO] [stdout] test atomic::atomic_i16_tests::atomic_i16_tests::test_concurrent_get_and_decrement ... ok
[INFO] [stdout] test atomic::atomic_i16_tests::atomic_i16_tests::test_fetch_mul_one ... ok
[INFO] [stdout] test atomic::atomic_i16_tests::atomic_i16_tests::test_get_and_bit_and ... ok
[INFO] [stdout] test atomic::atomic_i16_tests::atomic_i16_tests::test_concurrent_get_and_add ... ok
[INFO] [stdout] test atomic::atomic_i16_tests::atomic_i16_tests::test_concurrent_increment ... ok
[INFO] [stdout] test atomic::atomic_i16_tests::atomic_i16_tests::test_get_and_bit_or ... ok
[INFO] [stdout] test atomic::atomic_i16_tests::atomic_i16_tests::test_concurrent_get_and_update_high_contention ... ok
[INFO] [stdout] test atomic::atomic_i16_tests::atomic_i16_tests::test_get_and_decrement ... ok
[INFO] [stdout] test atomic::atomic_i16_tests::atomic_i16_tests::test_get_and_max ... ok
[INFO] [stdout] test atomic::atomic_i16_tests::atomic_i16_tests::test_get_and_increment ... ok
[INFO] [stdout] test atomic::atomic_i16_tests::atomic_i16_tests::test_get_and_min ... ok
[INFO] [stdout] test atomic::atomic_i16_tests::atomic_i16_tests::test_get_and_update_complex ... ok
[INFO] [stdout] test atomic::atomic_i16_tests::atomic_i16_tests::test_get_set ... ok
[INFO] [stdout] test atomic::atomic_i16_tests::atomic_i16_tests::test_inner_compare_exchange_success ... ok
[INFO] [stdout] test atomic::atomic_i16_tests::atomic_i16_tests::test_inner_compare_exchange_weak_failure ... ok
[INFO] [stdout] test atomic::atomic_i16_tests::atomic_i16_tests::test_concurrent_get_and_accumulate_high_contention ... ok
[INFO] [stdout] test atomic::atomic_i16_tests::atomic_i16_tests::test_min_with_larger_value ... ok
[INFO] [stdout] test atomic::atomic_i16_tests::atomic_i16_tests::test_inner_compare_exchange_weak_success ... ok
[INFO] [stdout] test atomic::atomic_i16_tests::atomic_i16_tests::test_get_and_bit_xor ... ok
[INFO] [stdout] test atomic::atomic_i16_tests::atomic_i16_tests::test_inner_fetch_max_min ... ok
[INFO] [stdout] test atomic::atomic_i16_tests::atomic_i16_tests::test_get_and_update ... ok
[INFO] [stdout] test atomic::atomic_i16_tests::atomic_i16_tests::test_inner_fetch_operations_all ... ok
[INFO] [stdout] test atomic::atomic_i16_tests::atomic_i16_tests::test_inner_compare_exchange_failure ... ok
[INFO] [stdout] test atomic::atomic_i16_tests::atomic_i16_tests::test_inner_operations ... ok
[INFO] [stdout] test atomic::atomic_i16_tests::atomic_i16_tests::test_get_and_sub ... ok
[INFO] [stdout] test atomic::atomic_i16_tests::atomic_i16_tests::test_concurrent_fetch_div ... ok
[INFO] [stdout] test atomic::atomic_i16_tests::atomic_i16_tests::test_fetch_inc_with_ordering ... ok
[INFO] [stdout] test atomic::atomic_i16_tests::atomic_i16_tests::test_trait_atomic_integer_fetch_mul ... ok
[INFO] [stdout] test atomic::atomic_i16_tests::atomic_i16_tests::test_update_and_get ... ok
[INFO] [stdout] test atomic::atomic_i16_tests::atomic_i16_tests::test_max_with_smaller_value ... ok
[INFO] [stdout] test atomic::atomic_i16_tests::atomic_i16_tests::test_wrapping_decrement_from_one ... ok
[INFO] [stdout] test atomic::atomic_i32_tests::atomic_i32_tests::test_accumulate_and_get ... ok
[INFO] [stdout] test atomic::atomic_i32_tests::atomic_i32_tests::test_bit_not_twice ... ok
[INFO] [stdout] test atomic::atomic_i32_tests::atomic_i32_tests::test_bitwise_combinations ... ok
[INFO] [stdout] test atomic::atomic_i32_tests::atomic_i32_tests::test_compare_and_exchange_failure_path ... ok
[INFO] [stdout] test atomic::atomic_i16_tests::atomic_i16_tests::test_new ... ok
[INFO] [stdout] test atomic::atomic_i32_tests::atomic_i32_tests::test_compare_and_exchange ... ok
[INFO] [stdout] test atomic::atomic_i32_tests::atomic_i32_tests::test_compare_and_exchange_weak_success_path ... ok
[INFO] [stdout] test atomic::atomic_i32_tests::atomic_i32_tests::test_compare_and_set_failure ... ok
[INFO] [stdout] test atomic::atomic_i16_tests::atomic_i16_tests::test_swap ... ok
[INFO] [stdout] test atomic::atomic_i16_tests::atomic_i16_tests::test_numeric_operations ... ok
[INFO] [stdout] test atomic::atomic_i16_tests::atomic_i16_tests::test_trait_fetch_update ... ok
[INFO] [stdout] test atomic::atomic_i16_tests::atomic_i16_tests::test_get_and_bit_not ... ok
[INFO] [stdout] test atomic::atomic_i16_tests::atomic_i16_tests::test_trait_atomic ... ok
[INFO] [stdout] test atomic::atomic_i16_tests::atomic_i16_tests::test_try_update_success_and_reject ... ok
[INFO] [stdout] test atomic::atomic_i16_tests::atomic_i16_tests::test_trait_atomic_compare_exchange_weak ... ok
[INFO] [stdout] test atomic::atomic_i16_tests::atomic_i16_tests::test_trait_atomic_compare_set_weak ... ok
[INFO] [stdout] test atomic::atomic_i16_tests::atomic_i16_tests::test_trait_atomic_integer_fetch_div ... ok
[INFO] [stdout] test atomic::atomic_i32_tests::atomic_i32_tests::test_compare_and_set_failure_path ... ok
[INFO] [stdout] test atomic::atomic_i32_tests::atomic_i32_tests::test_compare_and_set_weak_failure_path ... ok
[INFO] [stdout] test atomic::atomic_i32_tests::atomic_i32_tests::test_compare_and_set_success ... ok
[INFO] [stdout] test atomic::atomic_i32_tests::atomic_i32_tests::test_compare_and_set_weak_success ... ok
[INFO] [stdout] test atomic::atomic_i32_tests::atomic_i32_tests::test_compare_set_weak_multiple_attempts ... ok
[INFO] [stdout] test atomic::atomic_i32_tests::atomic_i32_tests::test_compare_exchange_weak_multiple_attempts ... ok
[INFO] [stdout] test atomic::atomic_i16_tests::atomic_i16_tests::test_try_update_and_get_success_and_reject ... ok
[INFO] [stdout] test atomic::atomic_i32_tests::atomic_i32_tests::test_compare_and_exchange_success_path ... ok
[INFO] [stdout] test atomic::atomic_i32_tests::atomic_i32_tests::test_concurrent_fetch_div ... ok
[INFO] [stdout] test atomic::atomic_i32_tests::atomic_i32_tests::test_compare_and_exchange_weak_failure_path ... ok
[INFO] [stdout] test atomic::atomic_i16_tests::atomic_i16_tests::test_trait_atomic_integer_fetch_sub ... ok
[INFO] [stdout] test atomic::atomic_i32_tests::atomic_i32_tests::test_compare_and_exchange_weak_success ... ok
[INFO] [stdout] test atomic::atomic_i32_tests::atomic_i32_tests::test_compare_exchange_weak_with_zero ... ok
[INFO] [stdout] test atomic::atomic_i32_tests::atomic_i32_tests::test_compare_set_weak_with_zero ... ok
[INFO] [stdout] test atomic::atomic_i32_tests::atomic_i32_tests::test_fetch_div ... ok
[INFO] [stdout] test atomic::atomic_i32_tests::atomic_i32_tests::test_default ... ok
[INFO] [stdout] test atomic::atomic_i32_tests::atomic_i32_tests::test_fetch_add_wraps_at_max ... ok
[INFO] [stdout] test atomic::atomic_i32_tests::atomic_i32_tests::test_fetch_dec_wraps_at_min ... ok
[INFO] [stdout] test atomic::atomic_i32_tests::atomic_i32_tests::test_fetch_div_by_zero - should panic ... ok
[INFO] [stdout] test atomic::atomic_i32_tests::atomic_i32_tests::test_concurrent_cas ... ok
[INFO] [stdout] test atomic::atomic_i32_tests::atomic_i32_tests::test_debug_display ... ok
[INFO] [stdout] test atomic::atomic_i32_tests::atomic_i32_tests::test_fetch_add_with_ordering ... ok
[INFO] [stdout] test atomic::atomic_i32_tests::atomic_i32_tests::test_fetch_dec_with_ordering ... ok
[INFO] [stdout] test atomic::atomic_i32_tests::atomic_i32_tests::test_concurrent_compare_exchange_weak ... ok
[INFO] [stdout] test atomic::atomic_i32_tests::atomic_i32_tests::test_concurrent_get_and_accumulate_high_contention ... ok
[INFO] [stdout] test atomic::atomic_i32_tests::atomic_i32_tests::test_fetch_div_one ... ok
[INFO] [stdout] test atomic::atomic_i32_tests::atomic_i32_tests::test_fetch_mul ... ok
[INFO] [stdout] test atomic::atomic_i32_tests::atomic_i32_tests::test_concurrent_get_and_increment ... ok
[INFO] [stdout] test atomic::atomic_i32_tests::atomic_i32_tests::test_fetch_mul_one ... ok
[INFO] [stdout] test atomic::atomic_i32_tests::atomic_i32_tests::test_fetch_mul_wraps ... ok
[INFO] [stdout] test atomic::atomic_i32_tests::atomic_i32_tests::test_get_and_accumulate ... ok
[INFO] [stdout] test atomic::atomic_i32_tests::atomic_i32_tests::test_fetch_mul_zero ... ok
[INFO] [stdout] test atomic::atomic_i32_tests::atomic_i32_tests::test_get_and_accumulate_divide ... ok
[INFO] [stdout] test atomic::atomic_i32_tests::atomic_i32_tests::test_fetch_sub_with_ordering ... ok
[INFO] [stdout] test atomic::atomic_i32_tests::atomic_i32_tests::test_get_and_accumulate_multiply ... ok
[INFO] [stdout] test atomic::atomic_i32_tests::atomic_i32_tests::test_get_and_add ... ok
[INFO] [stdout] test atomic::atomic_i32_tests::atomic_i32_tests::test_get_and_bit_and ... ok
[INFO] [stdout] test atomic::atomic_i32_tests::atomic_i32_tests::test_get_and_decrement ... ok
[INFO] [stdout] test atomic::atomic_i32_tests::atomic_i32_tests::test_get_and_increment ... ok
[INFO] [stdout] test atomic::atomic_i32_tests::atomic_i32_tests::test_get_and_max ... ok
[INFO] [stdout] test atomic::atomic_i32_tests::atomic_i32_tests::test_get_and_min ... ok
[INFO] [stdout] test atomic::atomic_i32_tests::atomic_i32_tests::test_get_and_bit_not ... ok
[INFO] [stdout] test atomic::atomic_i32_tests::atomic_i32_tests::test_get_and_sub ... ok
[INFO] [stdout] test atomic::atomic_i32_tests::atomic_i32_tests::test_fetch_inc_with_ordering ... ok
[INFO] [stdout] test atomic::atomic_i32_tests::atomic_i32_tests::test_get_and_bit_or ... ok
[INFO] [stdout] test atomic::atomic_i32_tests::atomic_i32_tests::test_get_and_bit_xor ... ok
[INFO] [stdout] test atomic::atomic_i32_tests::atomic_i32_tests::test_get_set ... ok
[INFO] [stdout] test atomic::atomic_i32_tests::atomic_i32_tests::test_get_and_update ... ok
[INFO] [stdout] test atomic::atomic_i32_tests::atomic_i32_tests::test_get_and_update_complex ... ok
[INFO] [stdout] test atomic::atomic_i32_tests::atomic_i32_tests::test_inner_compare_exchange_success ... ok
[INFO] [stdout] test atomic::atomic_i32_tests::atomic_i32_tests::test_inner_compare_exchange_failure ... ok
[INFO] [stdout] test atomic::atomic_i32_tests::atomic_i32_tests::test_fetch_inc_wraps_at_max ... ok
[INFO] [stdout] test atomic::atomic_i32_tests::atomic_i32_tests::test_inner_compare_exchange_weak_failure ... ok
[INFO] [stdout] test atomic::atomic_i32_tests::atomic_i32_tests::test_concurrent_increment ... ok
[INFO] [stdout] test atomic::atomic_i32_tests::atomic_i32_tests::test_inner_fetch_max_min ... ok
[INFO] [stdout] test atomic::atomic_i32_tests::atomic_i32_tests::test_concurrent_get_and_update_high_contention ... ok
[INFO] [stdout] test atomic::atomic_i32_tests::atomic_i32_tests::test_swap ... ok
[INFO] [stdout] test atomic::atomic_i32_tests::atomic_i32_tests::test_trait_atomic ... ok
[INFO] [stdout] test atomic::atomic_i32_tests::atomic_i32_tests::test_trait_atomic_compare_exchange_weak ... ok
[INFO] [stdout] test atomic::atomic_i32_tests::atomic_i32_tests::test_trait_atomic_compare_set_weak ... ok
[INFO] [stdout] test atomic::atomic_i32_tests::atomic_i32_tests::test_trait_atomic_integer_fetch_mul ... ok
[INFO] [stdout] test atomic::atomic_i32_tests::atomic_i32_tests::test_trait_atomic_integer_fetch_sub ... ok
[INFO] [stdout] test atomic::atomic_i32_tests::atomic_i32_tests::test_trait_fetch_update ... ok
[INFO] [stdout] test atomic::atomic_i32_tests::atomic_i32_tests::test_new ... ok
[INFO] [stdout] test atomic::atomic_i32_tests::atomic_i32_tests::test_try_update_and_get_success_and_reject ... ok
[INFO] [stdout] test atomic::atomic_i32_tests::atomic_i32_tests::test_try_update_success_and_reject ... ok
[INFO] [stdout] test atomic::atomic_i32_tests::atomic_i32_tests::test_numeric_operations ... ok
[INFO] [stdout] test atomic::atomic_i32_tests::atomic_i32_tests::test_concurrent_fetch_mul ... ok
[INFO] [stdout] test atomic::atomic_i32_tests::atomic_i32_tests::test_wrapping_decrement_from_one ... ok
[INFO] [stdout] test atomic::atomic_i32_tests::atomic_i32_tests::test_min_with_larger_value ... ok
[INFO] [stdout] test atomic::atomic_i64_tests::atomic_i64_tests::test_compare_and_exchange_failure_path ... ok
[INFO] [stdout] test atomic::atomic_i64_tests::atomic_i64_tests::test_compare_and_exchange ... ok
[INFO] [stdout] test atomic::atomic_i64_tests::atomic_i64_tests::test_compare_and_exchange_success_path ... ok
[INFO] [stdout] test atomic::atomic_i32_tests::atomic_i32_tests::test_inner_fetch_operations_all ... ok
[INFO] [stdout] test atomic::atomic_i32_tests::atomic_i32_tests::test_inner_operations ... ok
[INFO] [stdout] test atomic::atomic_i64_tests::atomic_i64_tests::test_accumulate_and_get ... ok
[INFO] [stdout] test atomic::atomic_i32_tests::atomic_i32_tests::test_max_with_smaller_value ... ok
[INFO] [stdout] test atomic::atomic_i64_tests::atomic_i64_tests::test_bit_not_twice ... ok
[INFO] [stdout] test atomic::atomic_i32_tests::atomic_i32_tests::test_trait_atomic_integer_fetch_div ... ok
[INFO] [stdout] test atomic::atomic_i64_tests::atomic_i64_tests::test_bitwise_combinations ... ok
[INFO] [stdout] test atomic::atomic_i32_tests::atomic_i32_tests::test_concurrent_get_and_add ... ok
[INFO] [stdout] test atomic::atomic_i32_tests::atomic_i32_tests::test_fetch_sub_wraps_at_min ... ok
[INFO] [stdout] test atomic::atomic_i64_tests::atomic_i64_tests::test_compare_and_set_failure ... ok
[INFO] [stdout] test atomic::atomic_i64_tests::atomic_i64_tests::test_compare_and_set_weak_failure_path ... ok
[INFO] [stdout] test atomic::atomic_i64_tests::atomic_i64_tests::test_compare_set_weak_multiple_attempts ... ok
[INFO] [stdout] test atomic::atomic_i64_tests::atomic_i64_tests::test_compare_exchange_weak_with_zero ... ok
[INFO] [stdout] test atomic::atomic_i32_tests::atomic_i32_tests::test_from ... ok
[INFO] [stdout] test atomic::atomic_i32_tests::atomic_i32_tests::test_inner_compare_exchange_weak_success ... ok
[INFO] [stdout] test atomic::atomic_i32_tests::atomic_i32_tests::test_update_and_get ... ok
[INFO] [stdout] test atomic::atomic_i64_tests::atomic_i64_tests::test_compare_and_set_success ... ok
[INFO] [stdout] test atomic::atomic_i64_tests::atomic_i64_tests::test_compare_and_set_weak_success ... ok
[INFO] [stdout] test atomic::atomic_i64_tests::atomic_i64_tests::test_compare_and_exchange_weak_success_path ... ok
[INFO] [stdout] test atomic::atomic_i32_tests::atomic_i32_tests::test_concurrent_get_and_decrement ... ok
[INFO] [stdout] test atomic::atomic_i64_tests::atomic_i64_tests::test_compare_set_weak_with_zero ... ok
[INFO] [stdout] test atomic::atomic_i64_tests::atomic_i64_tests::test_compare_and_set_failure_path ... ok
[INFO] [stdout] test atomic::atomic_i64_tests::atomic_i64_tests::test_compare_exchange_weak_multiple_attempts ... ok
[INFO] [stdout] test atomic::atomic_i64_tests::atomic_i64_tests::test_compare_and_exchange_weak_failure_path ... ok
[INFO] [stdout] test atomic::atomic_i64_tests::atomic_i64_tests::test_compare_and_exchange_weak_success ... ok
[INFO] [stdout] test atomic::atomic_i64_tests::atomic_i64_tests::test_fetch_add_wraps_at_max ... ok
[INFO] [stdout] test atomic::atomic_i64_tests::atomic_i64_tests::test_default ... ok
[INFO] [stdout] test atomic::atomic_i64_tests::atomic_i64_tests::test_concurrent_compare_exchange_weak ... ok
[INFO] [stdout] test atomic::atomic_i64_tests::atomic_i64_tests::test_fetch_add_with_ordering ... ok
[INFO] [stdout] test atomic::atomic_i64_tests::atomic_i64_tests::test_concurrent_fetch_mul ... ok
[INFO] [stdout] test atomic::atomic_i64_tests::atomic_i64_tests::test_fetch_inc_with_ordering ... ok
[INFO] [stdout] test atomic::atomic_i64_tests::atomic_i64_tests::test_fetch_div_one ... ok
[INFO] [stdout] test atomic::atomic_i64_tests::atomic_i64_tests::test_fetch_div_by_zero - should panic ... ok
[INFO] [stdout] test atomic::atomic_i64_tests::atomic_i64_tests::test_debug_display ... ok
[INFO] [stdout] test atomic::atomic_i64_tests::atomic_i64_tests::test_fetch_mul ... ok
[INFO] [stdout] test atomic::atomic_i64_tests::atomic_i64_tests::test_fetch_mul_zero ... ok
[INFO] [stdout] test atomic::atomic_i64_tests::atomic_i64_tests::test_fetch_mul_one ... ok
[INFO] [stdout] test atomic::atomic_i64_tests::atomic_i64_tests::test_concurrent_get_and_increment ... ok
[INFO] [stdout] test atomic::atomic_i64_tests::atomic_i64_tests::test_fetch_mul_wraps ... ok
[INFO] [stdout] test atomic::atomic_i64_tests::atomic_i64_tests::test_fetch_dec_with_ordering ... ok
[INFO] [stdout] test atomic::atomic_i64_tests::atomic_i64_tests::test_fetch_dec_wraps_at_min ... ok
[INFO] [stdout] test atomic::atomic_i64_tests::atomic_i64_tests::test_concurrent_fetch_div ... ok
[INFO] [stdout] test atomic::atomic_i64_tests::atomic_i64_tests::test_get_and_accumulate ... ok
[INFO] [stdout] test atomic::atomic_i64_tests::atomic_i64_tests::test_get_and_accumulate_divide ... ok
[INFO] [stdout] test atomic::atomic_i64_tests::atomic_i64_tests::test_fetch_div ... ok
[INFO] [stdout] test atomic::atomic_i64_tests::atomic_i64_tests::test_fetch_sub_with_ordering ... ok
[INFO] [stdout] test atomic::atomic_i64_tests::atomic_i64_tests::test_fetch_inc_wraps_at_max ... ok
[INFO] [stdout] test atomic::atomic_i64_tests::atomic_i64_tests::test_fetch_sub_wraps_at_min ... ok
[INFO] [stdout] test atomic::atomic_i64_tests::atomic_i64_tests::test_from ... ok
[INFO] [stdout] test atomic::atomic_i64_tests::atomic_i64_tests::test_get_and_accumulate_multiply ... ok
[INFO] [stdout] test atomic::atomic_i64_tests::atomic_i64_tests::test_get_and_add ... ok
[INFO] [stdout] test atomic::atomic_i64_tests::atomic_i64_tests::test_get_and_bit_and ... ok
[INFO] [stdout] test atomic::atomic_i64_tests::atomic_i64_tests::test_get_and_bit_not ... ok
[INFO] [stdout] test atomic::atomic_i64_tests::atomic_i64_tests::test_get_and_bit_or ... ok
[INFO] [stdout] test atomic::atomic_i64_tests::atomic_i64_tests::test_concurrent_cas ... ok
[INFO] [stdout] test atomic::atomic_i64_tests::atomic_i64_tests::test_get_and_bit_xor ... ok
[INFO] [stdout] test atomic::atomic_i64_tests::atomic_i64_tests::test_get_set ... ok
[INFO] [stdout] test atomic::atomic_i64_tests::atomic_i64_tests::test_get_and_increment ... ok
[INFO] [stdout] test atomic::atomic_i64_tests::atomic_i64_tests::test_get_and_min ... ok
[INFO] [stdout] test atomic::atomic_i64_tests::atomic_i64_tests::test_get_and_sub ... ok
[INFO] [stdout] test atomic::atomic_i64_tests::atomic_i64_tests::test_inner_compare_exchange_success ... ok
[INFO] [stdout] test atomic::atomic_i64_tests::atomic_i64_tests::test_get_and_update_complex ... ok
[INFO] [stdout] test atomic::atomic_i64_tests::atomic_i64_tests::test_get_and_decrement ... ok
[INFO] [stdout] test atomic::atomic_i64_tests::atomic_i64_tests::test_get_and_max ... ok
[INFO] [stdout] test atomic::atomic_i64_tests::atomic_i64_tests::test_concurrent_get_and_accumulate_high_contention ... ok
[INFO] [stdout] test atomic::atomic_i64_tests::atomic_i64_tests::test_inner_compare_exchange_failure ... ok
[INFO] [stdout] test atomic::atomic_i64_tests::atomic_i64_tests::test_get_and_update ... ok
[INFO] [stdout] test atomic::atomic_i64_tests::atomic_i64_tests::test_concurrent_get_and_update_high_contention ... ok
[INFO] [stdout] test atomic::atomic_i64_tests::atomic_i64_tests::test_inner_compare_exchange_weak_success ... ok
[INFO] [stdout] test atomic::atomic_i64_tests::atomic_i64_tests::test_inner_compare_exchange_weak_failure ... ok
[INFO] [stdout] test atomic::atomic_i64_tests::atomic_i64_tests::test_inner_operations ... ok
[INFO] [stdout] test atomic::atomic_i64_tests::atomic_i64_tests::test_max_with_smaller_value ... ok
[INFO] [stdout] test atomic::atomic_i64_tests::atomic_i64_tests::test_new ... ok
[INFO] [stdout] test atomic::atomic_i64_tests::atomic_i64_tests::test_numeric_operations ... ok
[INFO] [stdout] test atomic::atomic_i64_tests::atomic_i64_tests::test_trait_atomic_integer_fetch_div ... ok
[INFO] [stdout] test atomic::atomic_i64_tests::atomic_i64_tests::test_concurrent_get_and_add ... ok
[INFO] [stdout] test atomic::atomic_i64_tests::atomic_i64_tests::test_concurrent_get_and_decrement ... ok
[INFO] [stdout] test atomic::atomic_i64_tests::atomic_i64_tests::test_concurrent_increment ... ok
[INFO] [stdout] test atomic::atomic_i64_tests::atomic_i64_tests::test_wrapping_decrement_from_one ... ok
[INFO] [stdout] test atomic::atomic_i8_tests::atomic_i8_tests::test_bitwise_combinations ... ok
[INFO] [stdout] test atomic::atomic_i8_tests::atomic_i8_tests::test_compare_and_exchange ... ok
[INFO] [stdout] test atomic::atomic_i64_tests::atomic_i64_tests::test_inner_fetch_max_min ... ok
[INFO] [stdout] test atomic::atomic_i64_tests::atomic_i64_tests::test_try_update_and_get_success_and_reject ... ok
[INFO] [stdout] test atomic::atomic_i64_tests::atomic_i64_tests::test_inner_fetch_operations_all ... ok
[INFO] [stdout] test atomic::atomic_i64_tests::atomic_i64_tests::test_trait_atomic_integer_fetch_sub ... ok
[INFO] [stdout] test atomic::atomic_i64_tests::atomic_i64_tests::test_min_with_larger_value ... ok
[INFO] [stdout] test atomic::atomic_i64_tests::atomic_i64_tests::test_trait_fetch_update ... ok
[INFO] [stdout] test atomic::atomic_i64_tests::atomic_i64_tests::test_update_and_get ... ok
[INFO] [stdout] test atomic::atomic_i8_tests::atomic_i8_tests::test_accumulate_and_get ... ok
[INFO] [stdout] test atomic::atomic_i8_tests::atomic_i8_tests::test_compare_and_set_failure_path ... ok
[INFO] [stdout] test atomic::atomic_i8_tests::atomic_i8_tests::test_compare_and_exchange_failure_path ... ok
[INFO] [stdout] test atomic::atomic_i8_tests::atomic_i8_tests::test_compare_and_exchange_success_path ... ok
[INFO] [stdout] test atomic::atomic_i8_tests::atomic_i8_tests::test_compare_and_exchange_weak_success_path ... ok
[INFO] [stdout] test atomic::atomic_i8_tests::atomic_i8_tests::test_compare_and_set_success ... ok
[INFO] [stdout] test atomic::atomic_i64_tests::atomic_i64_tests::test_swap ... ok
[INFO] [stdout] test atomic::atomic_i8_tests::atomic_i8_tests::test_compare_exchange_weak_multiple_attempts ... ok
[INFO] [stdout] test atomic::atomic_i64_tests::atomic_i64_tests::test_trait_atomic ... ok
[INFO] [stdout] test atomic::atomic_i8_tests::atomic_i8_tests::test_compare_exchange_weak_with_zero ... ok
[INFO] [stdout] test atomic::atomic_i8_tests::atomic_i8_tests::test_compare_set_weak_multiple_attempts ... ok
[INFO] [stdout] test atomic::atomic_i8_tests::atomic_i8_tests::test_compare_set_weak_with_zero ... ok
[INFO] [stdout] test atomic::atomic_i64_tests::atomic_i64_tests::test_trait_atomic_compare_exchange_weak ... ok
[INFO] [stdout] test atomic::atomic_i64_tests::atomic_i64_tests::test_trait_atomic_compare_set_weak ... ok
[INFO] [stdout] test atomic::atomic_i64_tests::atomic_i64_tests::test_trait_atomic_integer_fetch_mul ... ok
[INFO] [stdout] test atomic::atomic_i64_tests::atomic_i64_tests::test_try_update_success_and_reject ... ok
[INFO] [stdout] test atomic::atomic_i8_tests::atomic_i8_tests::test_bit_not_twice ... ok
[INFO] [stdout] test atomic::atomic_i8_tests::atomic_i8_tests::test_compare_and_set_weak_success ... ok
[INFO] [stdout] test atomic::atomic_i8_tests::atomic_i8_tests::test_compare_and_exchange_weak_success ... ok
[INFO] [stdout] test atomic::atomic_i8_tests::atomic_i8_tests::test_compare_and_set_failure ... ok
[INFO] [stdout] test atomic::atomic_i8_tests::atomic_i8_tests::test_compare_and_set_weak_failure_path ... ok
[INFO] [stdout] test atomic::atomic_i8_tests::atomic_i8_tests::test_debug_display ... ok
[INFO] [stdout] test atomic::atomic_i8_tests::atomic_i8_tests::test_concurrent_compare_exchange_weak ... ok
[INFO] [stdout] test atomic::atomic_i8_tests::atomic_i8_tests::test_concurrent_fetch_mul ... ok
[INFO] [stdout] test atomic::atomic_i8_tests::atomic_i8_tests::test_default ... ok
[INFO] [stdout] test atomic::atomic_i8_tests::atomic_i8_tests::test_concurrent_cas ... ok
[INFO] [stdout] test atomic::atomic_i8_tests::atomic_i8_tests::test_fetch_add_with_ordering ... ok
[INFO] [stdout] test atomic::atomic_i8_tests::atomic_i8_tests::test_fetch_dec_with_ordering ... ok
[INFO] [stdout] test atomic::atomic_i8_tests::atomic_i8_tests::test_fetch_add_wraps_at_max ... ok
[INFO] [stdout] test atomic::atomic_i8_tests::atomic_i8_tests::test_concurrent_get_and_add ... ok
[INFO] [stdout] test atomic::atomic_i8_tests::atomic_i8_tests::test_concurrent_increment ... ok
[INFO] [stdout] test atomic::atomic_i8_tests::atomic_i8_tests::test_fetch_div_by_zero - should panic ... ok
[INFO] [stdout] test atomic::atomic_i8_tests::atomic_i8_tests::test_compare_and_exchange_weak_failure_path ... ok
[INFO] [stdout] test atomic::atomic_i8_tests::atomic_i8_tests::test_fetch_div_one ... ok
[INFO] [stdout] test atomic::atomic_i8_tests::atomic_i8_tests::test_concurrent_get_and_decrement ... ok
[INFO] [stdout] test atomic::atomic_i8_tests::atomic_i8_tests::test_fetch_div ... ok
[INFO] [stdout] test atomic::atomic_i8_tests::atomic_i8_tests::test_fetch_dec_wraps_at_min ... ok
[INFO] [stdout] test atomic::atomic_i8_tests::atomic_i8_tests::test_fetch_inc_with_ordering ... ok
[INFO] [stdout] test atomic::atomic_i8_tests::atomic_i8_tests::test_concurrent_fetch_div ... ok
[INFO] [stdout] test atomic::atomic_i8_tests::atomic_i8_tests::test_fetch_mul_one ... ok
[INFO] [stdout] test atomic::atomic_i8_tests::atomic_i8_tests::test_fetch_inc_wraps_at_max ... ok
[INFO] [stdout] test atomic::atomic_i8_tests::atomic_i8_tests::test_fetch_sub_with_ordering ... ok
[INFO] [stdout] test atomic::atomic_i8_tests::atomic_i8_tests::test_fetch_sub_wraps_at_min ... ok
[INFO] [stdout] test atomic::atomic_i8_tests::atomic_i8_tests::test_fetch_mul ... ok
[INFO] [stdout] test atomic::atomic_i8_tests::atomic_i8_tests::test_fetch_mul_zero ... ok
[INFO] [stdout] test atomic::atomic_i8_tests::atomic_i8_tests::test_concurrent_get_and_accumulate_high_contention ... ok
[INFO] [stdout] test atomic::atomic_i8_tests::atomic_i8_tests::test_get_and_bit_not ... ok
[INFO] [stdout] test atomic::atomic_i8_tests::atomic_i8_tests::test_get_and_bit_and ... ok
[INFO] [stdout] test atomic::atomic_i8_tests::atomic_i8_tests::test_get_and_accumulate ... ok
[INFO] [stdout] test atomic::atomic_i8_tests::atomic_i8_tests::test_get_and_add ... ok
[INFO] [stdout] test atomic::atomic_i8_tests::atomic_i8_tests::test_fetch_mul_wraps ... ok
[INFO] [stdout] test atomic::atomic_i8_tests::atomic_i8_tests::test_get_and_bit_or ... ok
[INFO] [stdout] test atomic::atomic_i8_tests::atomic_i8_tests::test_get_and_accumulate_divide ... ok
[INFO] [stdout] test atomic::atomic_i8_tests::atomic_i8_tests::test_get_and_bit_xor ... ok
[INFO] [stdout] test atomic::atomic_i8_tests::atomic_i8_tests::test_get_and_sub ... ok
[INFO] [stdout] test atomic::atomic_i8_tests::atomic_i8_tests::test_get_and_max ... ok
[INFO] [stdout] test atomic::atomic_i8_tests::atomic_i8_tests::test_get_and_min ... ok
[INFO] [stdout] test atomic::atomic_i8_tests::atomic_i8_tests::test_get_and_update_complex ... ok
[INFO] [stdout] test atomic::atomic_i8_tests::atomic_i8_tests::test_inner_compare_exchange_failure ... ok
[INFO] [stdout] test atomic::atomic_i8_tests::atomic_i8_tests::test_inner_compare_exchange_success ... ok
[INFO] [stdout] test atomic::atomic_i8_tests::atomic_i8_tests::test_get_set ... ok
[INFO] [stdout] test atomic::atomic_i8_tests::atomic_i8_tests::test_get_and_update ... ok
[INFO] [stdout] test atomic::atomic_i8_tests::atomic_i8_tests::test_inner_fetch_operations_all ... ok
[INFO] [stdout] test atomic::atomic_i8_tests::atomic_i8_tests::test_concurrent_get_and_update_high_contention ... ok
[INFO] [stdout] test atomic::atomic_i8_tests::atomic_i8_tests::test_inner_compare_exchange_weak_failure ... ok
[INFO] [stdout] test atomic::atomic_i8_tests::atomic_i8_tests::test_get_and_decrement ... ok
[INFO] [stdout] test atomic::atomic_i8_tests::atomic_i8_tests::test_concurrent_get_and_increment ... ok
[INFO] [stdout] test atomic::atomic_i8_tests::atomic_i8_tests::test_from ... ok
[INFO] [stdout] test atomic::atomic_i8_tests::atomic_i8_tests::test_get_and_increment ... ok
[INFO] [stdout] test atomic::atomic_i8_tests::atomic_i8_tests::test_get_and_accumulate_multiply ... ok
[INFO] [stdout] test atomic::atomic_i8_tests::atomic_i8_tests::test_inner_compare_exchange_weak_success ... ok
[INFO] [stdout] test atomic::atomic_i8_tests::atomic_i8_tests::test_trait_atomic_compare_exchange_weak ... ok
[INFO] [stdout] test atomic::atomic_i8_tests::atomic_i8_tests::test_inner_operations ... ok
[INFO] [stdout] test atomic::atomic_i8_tests::atomic_i8_tests::test_trait_atomic_integer_fetch_mul ... ok
[INFO] [stdout] test atomic::atomic_i8_tests::atomic_i8_tests::test_trait_atomic_integer_fetch_sub ... ok
[INFO] [stdout] test atomic::atomic_i8_tests::atomic_i8_tests::test_trait_atomic_compare_set_weak ... ok
[INFO] [stdout] test atomic::atomic_i8_tests::atomic_i8_tests::test_max_with_smaller_value ... ok
[INFO] [stdout] test atomic::atomic_i8_tests::atomic_i8_tests::test_trait_fetch_update ... ok
[INFO] [stdout] test atomic::atomic_i8_tests::atomic_i8_tests::test_new ... ok
[INFO] [stdout] test atomic::atomic_i8_tests::atomic_i8_tests::test_numeric_operations ... ok
[INFO] [stdout] test atomic::atomic_i8_tests::atomic_i8_tests::test_swap ... ok
[INFO] [stdout] test atomic::atomic_i8_tests::atomic_i8_tests::test_min_with_larger_value ... ok
[INFO] [stdout] test atomic::atomic_i8_tests::atomic_i8_tests::test_try_update_success_and_reject ... ok
[INFO] [stdout] test atomic::atomic_i8_tests::atomic_i8_tests::test_inner_fetch_max_min ... ok
[INFO] [stdout] test atomic::atomic_i8_tests::atomic_i8_tests::test_trait_atomic ... ok
[INFO] [stdout] test atomic::atomic_i8_tests::atomic_i8_tests::test_trait_atomic_integer_fetch_div ... ok
[INFO] [stdout] test atomic::atomic_i8_tests::atomic_i8_tests::test_try_update_and_get_success_and_reject ... ok
[INFO] [stdout] test atomic::atomic_i8_tests::atomic_i8_tests::test_wrapping_decrement_from_one ... ok
[INFO] [stdout] test atomic::atomic_integer_value_tests::test_atomic_integer_value_accumulate_and_bitwise ... ok
[INFO] [stdout] test atomic::atomic_isize_tests::atomic_isize_tests::test_bitwise_combinations ... ok
[INFO] [stdout] test atomic::atomic_isize_tests::atomic_isize_tests::test_compare_and_exchange ... ok
[INFO] [stdout] test atomic::atomic_isize_tests::atomic_isize_tests::test_compare_and_exchange_failure_path ... ok
[INFO] [stdout] test atomic::atomic_isize_tests::atomic_isize_tests::test_compare_and_exchange_weak_success ... ok
[INFO] [stdout] test atomic::atomic_isize_tests::atomic_isize_tests::test_compare_and_set_failure_path ... ok
[INFO] [stdout] test atomic::atomic_isize_tests::atomic_isize_tests::test_compare_set_weak_multiple_attempts ... ok
[INFO] [stdout] test atomic::atomic_integer_value_tests::test_atomic_integer_value_usize_operations ... ok
[INFO] [stdout] test atomic::atomic_isize_tests::atomic_isize_tests::test_compare_and_set_weak_success ... ok
[INFO] [stdout] test atomic::atomic_isize_tests::atomic_isize_tests::test_compare_exchange_weak_multiple_attempts ... ok
[INFO] [stdout] test atomic::atomic_isize_tests::atomic_isize_tests::test_compare_exchange_weak_with_zero ... ok
[INFO] [stdout] test atomic::atomic_i8_tests::atomic_i8_tests::test_update_and_get ... ok
[INFO] [stdout] test atomic::atomic_isize_tests::atomic_isize_tests::test_accumulate_and_get ... ok
[INFO] [stdout] test atomic::atomic_isize_tests::atomic_isize_tests::test_compare_and_exchange_success_path ... ok
[INFO] [stdout] test atomic::atomic_isize_tests::atomic_isize_tests::test_compare_and_set_success ... ok
[INFO] [stdout] test atomic::atomic_isize_tests::atomic_isize_tests::test_bit_not_twice ... ok
[INFO] [stdout] test atomic::atomic_isize_tests::atomic_isize_tests::test_compare_set_weak_with_zero ... ok
[INFO] [stdout] test atomic::atomic_integer_value_tests::test_atomic_integer_value_i8_operations ... ok
[INFO] [stdout] test atomic::atomic_integer_value_tests::test_atomic_integer_value_u16_min_max ... ok
[INFO] [stdout] test atomic::atomic_isize_tests::atomic_isize_tests::test_debug_display ... ok
[INFO] [stdout] test atomic::atomic_isize_tests::atomic_isize_tests::test_compare_and_set_failure ... ok
[INFO] [stdout] test atomic::atomic_isize_tests::atomic_isize_tests::test_concurrent_increment ... ok
[INFO] [stdout] test atomic::atomic_isize_tests::atomic_isize_tests::test_fetch_add_with_ordering ... ok
[INFO] [stdout] test atomic::atomic_isize_tests::atomic_isize_tests::test_default ... ok
[INFO] [stdout] test atomic::atomic_isize_tests::atomic_isize_tests::test_fetch_add_wraps_at_max ... ok
[INFO] [stdout] test atomic::atomic_isize_tests::atomic_isize_tests::test_fetch_dec_wraps_at_min ... ok
[INFO] [stdout] test atomic::atomic_isize_tests::atomic_isize_tests::test_compare_and_exchange_weak_failure_path ... ok
[INFO] [stdout] test atomic::atomic_isize_tests::atomic_isize_tests::test_fetch_div ... ok
[INFO] [stdout] test atomic::atomic_isize_tests::atomic_isize_tests::test_fetch_div_by_zero - should panic ... ok
[INFO] [stdout] test atomic::atomic_isize_tests::atomic_isize_tests::test_fetch_inc_with_ordering ... ok
[INFO] [stdout] test atomic::atomic_isize_tests::atomic_isize_tests::test_fetch_div_one ... ok
[INFO] [stdout] test atomic::atomic_isize_tests::atomic_isize_tests::test_fetch_inc_wraps_at_max ... ok
[INFO] [stdout] test atomic::atomic_isize_tests::atomic_isize_tests::test_fetch_mul ... ok
[INFO] [stdout] test atomic::atomic_isize_tests::atomic_isize_tests::test_fetch_mul_one ... ok
[INFO] [stdout] test atomic::atomic_isize_tests::atomic_isize_tests::test_fetch_mul_wraps ... ok
[INFO] [stdout] test atomic::atomic_isize_tests::atomic_isize_tests::test_fetch_mul_zero ... ok
[INFO] [stdout] test atomic::atomic_isize_tests::atomic_isize_tests::test_compare_and_exchange_weak_success_path ... ok
[INFO] [stdout] test atomic::atomic_isize_tests::atomic_isize_tests::test_fetch_sub_with_ordering ... ok
[INFO] [stdout] test atomic::atomic_isize_tests::atomic_isize_tests::test_fetch_sub_wraps_at_min ... ok
[INFO] [stdout] test atomic::atomic_isize_tests::atomic_isize_tests::test_from ... ok
[INFO] [stdout] test atomic::atomic_isize_tests::atomic_isize_tests::test_get_and_accumulate ... ok
[INFO] [stdout] test atomic::atomic_isize_tests::atomic_isize_tests::test_get_and_accumulate_divide ... ok
[INFO] [stdout] test atomic::atomic_isize_tests::atomic_isize_tests::test_get_and_accumulate_multiply ... ok
[INFO] [stdout] test atomic::atomic_isize_tests::atomic_isize_tests::test_compare_and_set_weak_failure_path ... ok
[INFO] [stdout] test atomic::atomic_isize_tests::atomic_isize_tests::test_get_and_add ... ok
[INFO] [stdout] test atomic::atomic_isize_tests::atomic_isize_tests::test_get_and_bit_and ... ok
[INFO] [stdout] test atomic::atomic_isize_tests::atomic_isize_tests::test_get_and_bit_not ... ok
[INFO] [stdout] test atomic::atomic_isize_tests::atomic_isize_tests::test_get_and_bit_or ... ok
[INFO] [stdout] test atomic::atomic_isize_tests::atomic_isize_tests::test_concurrent_get_and_decrement ... ok
[INFO] [stdout] test atomic::atomic_isize_tests::atomic_isize_tests::test_get_and_bit_xor ... ok
[INFO] [stdout] test atomic::atomic_isize_tests::atomic_isize_tests::test_get_and_decrement ... ok
[INFO] [stdout] test atomic::atomic_isize_tests::atomic_isize_tests::test_get_and_increment ... ok
[INFO] [stdout] test atomic::atomic_isize_tests::atomic_isize_tests::test_get_and_max ... ok
[INFO] [stdout] test atomic::atomic_isize_tests::atomic_isize_tests::test_get_and_min ... ok
[INFO] [stdout] test atomic::atomic_isize_tests::atomic_isize_tests::test_get_and_sub ... ok
[INFO] [stdout] test atomic::atomic_isize_tests::atomic_isize_tests::test_get_and_update ... ok
[INFO] [stdout] test atomic::atomic_isize_tests::atomic_isize_tests::test_concurrent_get_and_update_high_contention ... ok
[INFO] [stdout] test atomic::atomic_isize_tests::atomic_isize_tests::test_concurrent_compare_exchange_weak ... ok
[INFO] [stdout] test atomic::atomic_isize_tests::atomic_isize_tests::test_get_and_update_complex ... ok
[INFO] [stdout] test atomic::atomic_isize_tests::atomic_isize_tests::test_get_set ... ok
[INFO] [stdout] test atomic::atomic_isize_tests::atomic_isize_tests::test_inner_compare_exchange_failure ... ok
[INFO] [stdout] test atomic::atomic_isize_tests::atomic_isize_tests::test_inner_compare_exchange_success ... ok
[INFO] [stdout] test atomic::atomic_isize_tests::atomic_isize_tests::test_inner_compare_exchange_weak_failure ... ok
[INFO] [stdout] test atomic::atomic_isize_tests::atomic_isize_tests::test_swap ... ok
[INFO] [stdout] test atomic::atomic_isize_tests::atomic_isize_tests::test_trait_atomic ... ok
[INFO] [stdout] test atomic::atomic_isize_tests::atomic_isize_tests::test_concurrent_cas ... ok
[INFO] [stdout] test atomic::atomic_isize_tests::atomic_isize_tests::test_trait_atomic_compare_exchange_weak ... ok
[INFO] [stdout] test atomic::atomic_isize_tests::atomic_isize_tests::test_trait_atomic_compare_set_weak ... ok
[INFO] [stdout] test atomic::atomic_isize_tests::atomic_isize_tests::test_fetch_dec_with_ordering ... ok
[INFO] [stdout] test atomic::atomic_isize_tests::atomic_isize_tests::test_inner_operations ... ok
[INFO] [stdout] test atomic::atomic_isize_tests::atomic_isize_tests::test_max_with_smaller_value ... ok
[INFO] [stdout] test atomic::atomic_isize_tests::atomic_isize_tests::test_inner_compare_exchange_weak_success ... ok
[INFO] [stdout] test atomic::atomic_isize_tests::atomic_isize_tests::test_min_with_larger_value ... ok
[INFO] [stdout] test atomic::atomic_isize_tests::atomic_isize_tests::test_inner_fetch_max_min ... ok
[INFO] [stdout] test atomic::atomic_isize_tests::atomic_isize_tests::test_new ... ok
[INFO] [stdout] test atomic::atomic_isize_tests::atomic_isize_tests::test_concurrent_get_and_add ... ok
[INFO] [stdout] test atomic::atomic_isize_tests::atomic_isize_tests::test_numeric_operations ... ok
[INFO] [stdout] test atomic::atomic_isize_tests::atomic_isize_tests::test_trait_fetch_update ... ok
[INFO] [stdout] test atomic::atomic_isize_tests::atomic_isize_tests::test_try_update_and_get_success_and_reject ... ok
[INFO] [stdout] test atomic::atomic_isize_tests::atomic_isize_tests::test_try_update_success_and_reject ... ok
[INFO] [stdout] test atomic::atomic_isize_tests::atomic_isize_tests::test_trait_atomic_integer_fetch_sub ... ok
[INFO] [stdout] test atomic::atomic_isize_tests::atomic_isize_tests::test_update_and_get ... ok
[INFO] [stdout] test atomic::atomic_isize_tests::atomic_isize_tests::test_wrapping_decrement_from_one ... ok
[INFO] [stdout] test atomic::atomic_number_ops_tests::test_atomic_number_ops_combine_with_common_ops ... ok
[INFO] [stdout] test atomic::atomic_isize_tests::atomic_isize_tests::test_trait_atomic_integer_fetch_div ... ok
[INFO] [stdout] test atomic::atomic_ops_tests::test_atomic_ops_bool ... ok
[INFO] [stdout] test atomic::atomic_number_ops_tests::test_atomic_number_ops_fetch_add_and_sub ... ok
[INFO] [stdout] test atomic::atomic_isize_tests::atomic_isize_tests::test_concurrent_fetch_mul ... ok
[INFO] [stdout] test atomic::atomic_isize_tests::atomic_isize_tests::test_inner_fetch_operations_all ... ok
[INFO] [stdout] test atomic::atomic_isize_tests::atomic_isize_tests::test_concurrent_get_and_increment ... ok
[INFO] [stdout] test atomic::atomic_isize_tests::atomic_isize_tests::test_concurrent_fetch_div ... ok
[INFO] [stdout] test atomic::atomic_isize_tests::atomic_isize_tests::test_concurrent_get_and_accumulate_high_contention ... ok
[INFO] [stdout] test atomic::atomic_ops_tests::test_atomic_ops_float ... ok
[INFO] [stdout] test atomic::atomic_ops_tests::test_atomic_ops_integer ... ok
[INFO] [stdout] test atomic::atomic_ref_tests::test_compare_and_exchange_success_path ... ok
[INFO] [stdout] test atomic::atomic_ref_tests::test_compare_and_exchange_with_struct ... ok
[INFO] [stdout] test atomic::atomic_ref_tests::test_compare_and_set_failure ... ok
[INFO] [stdout] test atomic::atomic_ref_tests::test_compare_and_set_failure_path ... ok
[INFO] [stdout] test atomic::atomic_ref_tests::test_compare_set_success_no_arc_leak ... ok
[INFO] [stdout] test atomic::atomic_ref_tests::test_compare_and_set_success ... ok
[INFO] [stdout] test atomic::atomic_isize_tests::atomic_isize_tests::test_trait_atomic_integer_fetch_mul ... ok
[INFO] [stdout] test atomic::atomic_ops_tests::test_atomic_ops_ref ... ok
[INFO] [stdout] test atomic::atomic_ref_tests::test_compare_and_set_in_loop ... ok
[INFO] [stdout] test atomic::atomic_ref_tests::test_compare_and_set_same_value ... ok
[INFO] [stdout] test atomic::atomic_ref_tests::test_compare_and_set_with_struct_success ... ok
[INFO] [stdout] test atomic::atomic_ref_tests::test_arc_reference_counting ... ok
[INFO] [stdout] test atomic::atomic_ref_tests::test_compare_and_exchange_failure_path ... ok
[INFO] [stdout] test atomic::atomic_ref_tests::test_compare_and_set_with_struct_failure ... ok
[INFO] [stdout] test atomic::atomic_ref_tests::test_compare_and_exchange ... ok
[INFO] [stdout] test atomic::atomic_ref_tests::test_concurrent_swap ... ok
[INFO] [stdout] test atomic::atomic_ref_tests::test_concurrent_cas ... ok
[INFO] [stdout] test atomic::atomic_ref_tests::test_compare_and_exchange_same_value ... ok
[INFO] [stdout] test atomic::atomic_ref_tests::test_display_simple ... ok
[INFO] [stdout] test atomic::atomic_ref_tests::test_fork_creates_independent_container ... ok
[INFO] [stdout] test atomic::atomic_ref_tests::test_debug_display ... ok
[INFO] [stdout] test atomic::atomic_ref_tests::test_debug_simple ... ok
[INFO] [stdout] test atomic::atomic_ref_tests::test_from_value ... ok
[INFO] [stdout] test atomic::atomic_ref_tests::test_direct_compare_and_exchange_failure ... ok
[INFO] [stdout] test atomic::atomic_ref_tests::test_concurrent_updates ... ok
[INFO] [stdout] test atomic::atomic_ref_tests::test_direct_compare_and_exchange_in_loop ... ok
[INFO] [stdout] test atomic::atomic_ref_tests::test_concurrent_get ... ok
[INFO] [stdout] test atomic::atomic_ref_tests::test_direct_compare_and_exchange_with_simple_type ... ok
[INFO] [stdout] test atomic::atomic_ref_tests::test_direct_compare_and_exchange_success ... ok
[INFO] [stdout] test atomic::atomic_ref_tests::test_concurrent_get_and_update_high_contention ... ok
[INFO] [stdout] test atomic::atomic_ref_tests::test_get_and_update ... ok
[INFO] [stdout] test atomic::atomic_ref_tests::test_get_set ... ok
[INFO] [stdout] test atomic::atomic_ref_tests::test_inner ... ok
[INFO] [stdout] test atomic::atomic_ref_tests::test_inner_compare_exchange ... ok
[INFO] [stdout] test atomic::atomic_ref_tests::test_inner_compare_exchange_failure ... ok
[INFO] [stdout] test atomic::atomic_ref_tests::test_load_guard_snapshot ... ok
[INFO] [stdout] test atomic::atomic_ref_tests::test_new ... ok
[INFO] [stdout] test atomic::atomic_ref_tests::test_new_with_primitive ... ok
[INFO] [stdout] test atomic::atomic_ref_tests::test_new_with_string ... ok
[INFO] [stdout] test atomic::atomic_ref_tests::test_try_update_and_get_success_and_reject ... ok
[INFO] [stdout] test atomic::atomic_ref_tests::test_swap ... ok
[INFO] [stdout] test atomic::atomic_ref_tests::test_try_update_retry_path ... ok
[INFO] [stdout] test atomic::atomic_ref_tests::test_swap_same_value ... ok
[INFO] [stdout] test atomic::atomic_ref_tests::test_trait_atomic ... ok
[INFO] [stdout] test atomic::atomic_ref_tests::test_trait_atomic_compare_exchange ... ok
[INFO] [stdout] test atomic::atomic_ref_tests::test_trait_atomic_compare_exchange_failure ... ok
[INFO] [stdout] test atomic::atomic_ref_tests::test_trait_atomic_compare_set ... ok
[INFO] [stdout] test atomic::atomic_ref_tests::test_trait_atomic_comprehensive ... ok
[INFO] [stdout] test atomic::atomic_ref_tests::test_trait_atomic_fetch_update ... ok
[INFO] [stdout] test atomic::atomic_ref_tests::test_trait_atomic_update_and_get ... ok
[INFO] [stdout] test atomic::atomic_ref_tests::test_try_update_and_get_retry_path ... ok
[INFO] [stdout] test atomic::atomic_ref_tests::test_try_update_success_and_reject ... ok
[INFO] [stdout] test atomic::atomic_ref_tests::test_update_and_get ... ok
[INFO] [stdout] test atomic::atomic_ref_tests::test_fork_independence ... ok
[INFO] [stdout] test atomic::atomic_ref_tests::test_update_and_get_retry_path ... ok
[INFO] [stdout] test atomic::atomic_ref_tests::test_update_closures_accept_fn_mut ... ok
[INFO] [stdout] test atomic::atomic_ref_tests::test_update_with_closure ... ok
[INFO] [stdout] test atomic::atomic_signed_count_tests::test_add_negative_delta_returns_new_value ... ok
[INFO] [stdout] test atomic::atomic_signed_count_tests::test_add_overflow_panics - should panic ... ok
[INFO] [stdout] test atomic::atomic_signed_count_tests::test_add_positive_delta_returns_new_value ... ok
[INFO] [stdout] test atomic::atomic_signed_count_tests::test_add_underflow_panics - should panic ... ok
[INFO] [stdout] test atomic::atomic_signed_count_tests::test_debug ... ok
[INFO] [stdout] test atomic::atomic_signed_count_tests::test_dec_returns_new_value ... ok
[INFO] [stdout] test atomic::atomic_signed_count_tests::test_default ... ok
[INFO] [stdout] test atomic::atomic_signed_count_tests::test_new_is_const ... ok
[INFO] [stdout] test atomic::atomic_signed_count_tests::test_display ... ok
[INFO] [stdout] test atomic::atomic_signed_count_tests::test_new_get ... ok
[INFO] [stdout] test atomic::atomic_signed_count_tests::test_from ... ok
[INFO] [stdout] test atomic::atomic_signed_count_tests::test_sign_checks ... ok
[INFO] [stdout] test atomic::atomic_signed_count_tests::test_inc_returns_new_value ... ok
[INFO] [stdout] test atomic::atomic_signed_count_tests::test_sub_positive_delta_returns_new_value ... ok
[INFO] [stdout] test atomic::atomic_signed_count_tests::test_zero ... ok
[INFO] [stdout] test atomic::atomic_signed_count_tests::test_sub_underflow_panics - should panic ... ok
[INFO] [stdout] test atomic::atomic_signed_count_tests::test_try_add_overflow_keeps_value ... ok
[INFO] [stdout] test atomic::atomic_signed_count_tests::test_try_sub_underflow_keeps_value ... ok
[INFO] [stdout] test atomic::atomic_signed_count_tests::test_sub_negative_delta_returns_new_value ... ok
[INFO] [stdout] test atomic::atomic_signed_count_tests::test_try_sub_success ... ok
[INFO] [stdout] test atomic::atomic_signed_count_tests::test_concurrent_add_and_sub ... ok
[INFO] [stdout] test atomic::atomic_signed_count_tests::test_sub_overflow_panics - should panic ... ok
[INFO] [stdout] test atomic::atomic_signed_count_tests::test_try_add_success ... ok
[INFO] [stdout] test atomic::atomic_signed_count_tests::test_try_add_underflow_keeps_value ... ok
[INFO] [stdout] test atomic::atomic_signed_count_tests::test_try_sub_overflow_keeps_value ... ok
[INFO] [stdout] test atomic::atomic_signed_count_tests::test_concurrent_add ... ok
[INFO] [stdout] test atomic::atomic_signed_wrap_tests::test_i128_fetch_div_min_by_negative_one_wraps ... ok
[INFO] [stdout] test atomic::atomic_signed_wrap_tests::test_i16_fetch_div_min_by_negative_one_wraps ... ok
[INFO] [stdout] test atomic::atomic_signed_wrap_tests::test_i32_fetch_div_min_by_negative_one_wraps ... ok
[INFO] [stdout] test atomic::atomic_signed_wrap_tests::test_i8_fetch_div_min_by_negative_one_wraps ... ok
[INFO] [stdout] test atomic::atomic_tests::test_f64_compare_exchange_uses_raw_bits ... ok
[INFO] [stdout] test atomic::atomic_signed_wrap_tests::test_isize_fetch_div_min_by_negative_one_wraps ... ok
[INFO] [stdout] test atomic::atomic_tests::test_inner_backends ... ok
[INFO] [stdout] test atomic::atomic_tests::test_default_from_debug_display_impls ... ok
[INFO] [stdout] test atomic::atomic_tests::test_f32_compare_exchange_uses_raw_bits ... ok
[INFO] [stdout] test atomic::atomic_tests::test_fetch_update_retry_paths ... ok
[INFO] [stdout] test atomic::atomic_tests::test_update_and_get_retry_paths ... ok
[INFO] [stdout] test atomic::atomic_tests::test_update_closures_accept_fn_mut ... ok
[INFO] [stdout] test atomic::atomic_u128_tests::atomic_u128_tests::test_accumulate_and_get ... ok
[INFO] [stdout] test atomic::atomic_u128_tests::atomic_u128_tests::test_bit_not_twice ... ok
[INFO] [stdout] test atomic::atomic_u128_tests::atomic_u128_tests::test_compare_and_exchange_success_path ... ok
[INFO] [stdout] test atomic::atomic_u128_tests::atomic_u128_tests::test_bitwise_combinations ... ok
[INFO] [stdout] test atomic::atomic_u128_tests::atomic_u128_tests::test_compare_and_exchange ... ok
[INFO] [stdout] test atomic::atomic_u128_tests::atomic_u128_tests::test_compare_and_exchange_failure_path ... ok
[INFO] [stdout] test atomic::atomic_u128_tests::atomic_u128_tests::test_compare_and_exchange_weak_success ... ok
[INFO] [stdout] test atomic::atomic_u128_tests::atomic_u128_tests::test_compare_and_set_failure_path ... ok
[INFO] [stdout] test atomic::atomic_u128_tests::atomic_u128_tests::test_compare_and_set_success ... ok
[INFO] [stdout] test atomic::atomic_u128_tests::atomic_u128_tests::test_compare_and_set_weak_failure_path ... ok
[INFO] [stdout] test atomic::atomic_u128_tests::atomic_u128_tests::test_compare_and_set_weak_success ... ok
[INFO] [stdout] test atomic::atomic_u128_tests::atomic_u128_tests::test_compare_exchange_weak_multiple_attempts ... ok
[INFO] [stdout] test atomic::atomic_tests::test_try_update_and_get_retry_paths ... ok
[INFO] [stdout] test atomic::atomic_signed_count_tests::test_zero_is_const ... ok
[INFO] [stdout] test atomic::atomic_signed_wrap_tests::test_i64_fetch_div_min_by_negative_one_wraps ... ok
[INFO] [stdout] test atomic::atomic_u128_tests::atomic_u128_tests::test_compare_and_set_failure ... ok
[INFO] [stdout] test atomic::atomic_tests::test_try_update_retry_paths ... ok
[INFO] [stdout] test atomic::atomic_u128_tests::atomic_u128_tests::test_compare_exchange_weak_with_zero ... ok
[INFO] [stdout] test atomic::atomic_tests::test_try_update_success_and_reject_paths ... ok
[INFO] [stdout] test atomic::atomic_u128_tests::atomic_u128_tests::test_debug_display ... ok
[INFO] [stdout] test atomic::atomic_tests::test_try_update_and_get_success_and_reject_paths ... ok
[INFO] [stdout] test atomic::atomic_u128_tests::atomic_u128_tests::test_compare_set_weak_with_zero ... ok
[INFO] [stdout] test atomic::atomic_u128_tests::atomic_u128_tests::test_compare_and_exchange_weak_failure_path ... ok
[INFO] [stdout] test atomic::atomic_u128_tests::atomic_u128_tests::test_compare_and_exchange_weak_success_path ... ok
[INFO] [stdout] test atomic::atomic_u128_tests::atomic_u128_tests::test_fetch_add_wraps_at_max ... ok
[INFO] [stdout] test atomic::atomic_u128_tests::atomic_u128_tests::test_fetch_dec_with_ordering ... ok
[INFO] [stdout] test atomic::atomic_u128_tests::atomic_u128_tests::test_fetch_add_with_ordering ... ok
[INFO] [stdout] test atomic::atomic_u128_tests::atomic_u128_tests::test_fetch_dec_wraps_at_min ... ok
[INFO] [stdout] test atomic::atomic_u128_tests::atomic_u128_tests::test_concurrent_fetch_div ... ok
[INFO] [stdout] test atomic::atomic_u128_tests::atomic_u128_tests::test_fetch_div ... ok
[INFO] [stdout] test atomic::atomic_u128_tests::atomic_u128_tests::test_fetch_div_by_zero - should panic ... ok
[INFO] [stdout] test atomic::atomic_u128_tests::atomic_u128_tests::test_fetch_div_one ... ok
[INFO] [stdout] test atomic::atomic_u128_tests::atomic_u128_tests::test_fetch_inc_with_ordering ... ok
[INFO] [stdout] test atomic::atomic_u128_tests::atomic_u128_tests::test_fetch_inc_wraps_at_max ... ok
[INFO] [stdout] test atomic::atomic_u128_tests::atomic_u128_tests::test_fetch_mul ... ok
[INFO] [stdout] test atomic::atomic_u128_tests::atomic_u128_tests::test_fetch_mul_one ... ok
[INFO] [stdout] test atomic::atomic_u128_tests::atomic_u128_tests::test_fetch_mul_wraps ... ok
[INFO] [stdout] test atomic::atomic_u128_tests::atomic_u128_tests::test_fetch_mul_zero ... ok
[INFO] [stdout] test atomic::atomic_u128_tests::atomic_u128_tests::test_fetch_sub_with_ordering ... ok
[INFO] [stdout] test atomic::atomic_u128_tests::atomic_u128_tests::test_compare_set_weak_multiple_attempts ... ok
[INFO] [stdout] test atomic::atomic_u128_tests::atomic_u128_tests::test_fetch_sub_wraps_at_min ... ok
[INFO] [stdout] test atomic::atomic_u128_tests::atomic_u128_tests::test_from ... ok
[INFO] [stdout] test atomic::atomic_u128_tests::atomic_u128_tests::test_get_and_add ... ok
[INFO] [stdout] test atomic::atomic_u128_tests::atomic_u128_tests::test_get_and_accumulate_divide ... ok
[INFO] [stdout] test atomic::atomic_u128_tests::atomic_u128_tests::test_concurrent_cas ... ok
[INFO] [stdout] test atomic::atomic_u128_tests::atomic_u128_tests::test_get_and_bit_and ... ok
[INFO] [stdout] test atomic::atomic_u128_tests::atomic_u128_tests::test_get_and_bit_xor ... ok
[INFO] [stdout] test atomic::atomic_u128_tests::atomic_u128_tests::test_get_and_bit_not ... ok
[INFO] [stdout] test atomic::atomic_u128_tests::atomic_u128_tests::test_get_and_accumulate_multiply ... ok
[INFO] [stdout] test atomic::atomic_u128_tests::atomic_u128_tests::test_get_and_bit_or ... ok
[INFO] [stdout] test atomic::atomic_u128_tests::atomic_u128_tests::test_concurrent_increment ... ok
[INFO] [stdout] test atomic::atomic_u128_tests::atomic_u128_tests::test_get_and_increment ... ok
[INFO] [stdout] test atomic::atomic_u128_tests::atomic_u128_tests::test_get_and_min ... ok
[INFO] [stdout] test atomic::atomic_u128_tests::atomic_u128_tests::test_concurrent_compare_exchange_weak ... ok
[INFO] [stdout] test atomic::atomic_u128_tests::atomic_u128_tests::test_concurrent_get_and_add ... ok
[INFO] [stdout] test atomic::atomic_u128_tests::atomic_u128_tests::test_get_and_sub ... ok
[INFO] [stdout] test atomic::atomic_u128_tests::atomic_u128_tests::test_get_and_update ... ok
[INFO] [stdout] test atomic::atomic_u128_tests::atomic_u128_tests::test_default ... ok
[INFO] [stdout] test atomic::atomic_u128_tests::atomic_u128_tests::test_concurrent_fetch_mul ... ok
[INFO] [stdout] test atomic::atomic_u128_tests::atomic_u128_tests::test_get_and_accumulate ... ok
[INFO] [stdout] test atomic::atomic_u128_tests::atomic_u128_tests::test_get_and_decrement ... ok
[INFO] [stdout] test atomic::atomic_u128_tests::atomic_u128_tests::test_get_and_update_complex ... ok
[INFO] [stdout] test atomic::atomic_u128_tests::atomic_u128_tests::test_get_and_max ... ok
[INFO] [stdout] test atomic::atomic_u128_tests::atomic_u128_tests::test_concurrent_get_and_decrement ... ok
[INFO] [stdout] test atomic::atomic_u128_tests::atomic_u128_tests::test_inner_compare_exchange_failure ... ok
[INFO] [stdout] test atomic::atomic_u128_tests::atomic_u128_tests::test_get_set ... ok
[INFO] [stdout] test atomic::atomic_u128_tests::atomic_u128_tests::test_inner_operations ... ok
[INFO] [stdout] test atomic::atomic_u128_tests::atomic_u128_tests::test_inner_compare_exchange_weak_failure ... ok
[INFO] [stdout] test atomic::atomic_u128_tests::atomic_u128_tests::test_inner_compare_exchange_weak_success ... ok
[INFO] [stdout] test atomic::atomic_u128_tests::atomic_u128_tests::test_inner_fetch_max_min ... ok
[INFO] [stdout] test atomic::atomic_u128_tests::atomic_u128_tests::test_inner_fetch_operations_all ... ok
[INFO] [stdout] test atomic::atomic_u128_tests::atomic_u128_tests::test_concurrent_get_and_update_high_contention ... ok
[INFO] [stdout] test atomic::atomic_u128_tests::atomic_u128_tests::test_concurrent_get_and_increment ... ok
[INFO] [stdout] test atomic::atomic_u128_tests::atomic_u128_tests::test_concurrent_get_and_accumulate_high_contention ... ok
[INFO] [stdout] test atomic::atomic_u128_tests::atomic_u128_tests::test_new ... ok
[INFO] [stdout] test atomic::atomic_u128_tests::atomic_u128_tests::test_swap ... ok
[INFO] [stdout] test atomic::atomic_u128_tests::atomic_u128_tests::test_numeric_operations ... ok
[INFO] [stdout] test atomic::atomic_u128_tests::atomic_u128_tests::test_trait_atomic ... ok
[INFO] [stdout] test atomic::atomic_u128_tests::atomic_u128_tests::test_trait_atomic_compare_exchange_weak ... ok
[INFO] [stdout] test atomic::atomic_u128_tests::atomic_u128_tests::test_trait_atomic_compare_set_weak ... ok
[INFO] [stdout] test atomic::atomic_u128_tests::atomic_u128_tests::test_trait_atomic_integer_fetch_div ... ok
[INFO] [stdout] test atomic::atomic_u128_tests::atomic_u128_tests::test_trait_atomic_integer_fetch_mul ... ok
[INFO] [stdout] test atomic::atomic_u128_tests::atomic_u128_tests::test_try_update_and_get_success_and_reject ... ok
[INFO] [stdout] test atomic::atomic_u128_tests::atomic_u128_tests::test_try_update_success_and_reject ... ok
[INFO] [stdout] test atomic::atomic_u128_tests::atomic_u128_tests::test_update_and_get ... ok
[INFO] [stdout] test atomic::atomic_u16_tests::atomic_u16_tests::test_compare_and_exchange ... ok
[INFO] [stdout] test atomic::atomic_u16_tests::atomic_u16_tests::test_compare_and_exchange_failure_path ... ok
[INFO] [stdout] test atomic::atomic_u128_tests::atomic_u128_tests::test_max_with_smaller_value ... ok
[INFO] [stdout] test atomic::atomic_u16_tests::atomic_u16_tests::test_compare_and_exchange_weak_failure_path ... ok
[INFO] [stdout] test atomic::atomic_u128_tests::atomic_u128_tests::test_min_with_larger_value ... ok
[INFO] [stdout] test atomic::atomic_u16_tests::atomic_u16_tests::test_compare_and_exchange_weak_success ... ok
[INFO] [stdout] test atomic::atomic_u16_tests::atomic_u16_tests::test_compare_and_set_failure ... ok
[INFO] [stdout] test atomic::atomic_u16_tests::atomic_u16_tests::test_compare_and_set_weak_failure_path ... ok
[INFO] [stdout] test atomic::atomic_u128_tests::atomic_u128_tests::test_inner_compare_exchange_success ... ok
[INFO] [stdout] test atomic::atomic_u16_tests::atomic_u16_tests::test_compare_and_set_failure_path ... ok
[INFO] [stdout] test atomic::atomic_u128_tests::atomic_u128_tests::test_trait_fetch_update ... ok
[INFO] [stdout] test atomic::atomic_u16_tests::atomic_u16_tests::test_bit_not_twice ... ok
[INFO] [stdout] test atomic::atomic_u16_tests::atomic_u16_tests::test_compare_and_set_weak_success ... ok
[INFO] [stdout] test atomic::atomic_u16_tests::atomic_u16_tests::test_compare_exchange_weak_multiple_attempts ... ok
[INFO] [stdout] test atomic::atomic_u16_tests::atomic_u16_tests::test_compare_and_set_success ... ok
[INFO] [stdout] test atomic::atomic_u16_tests::atomic_u16_tests::test_bitwise_combinations ... ok
[INFO] [stdout] test atomic::atomic_u16_tests::atomic_u16_tests::test_compare_exchange_weak_with_zero ... ok
[INFO] [stdout] test atomic::atomic_u16_tests::atomic_u16_tests::test_compare_and_exchange_success_path ... ok
[INFO] [stdout] test atomic::atomic_u16_tests::atomic_u16_tests::test_compare_set_weak_multiple_attempts ... ok
[INFO] [stdout] test atomic::atomic_u128_tests::atomic_u128_tests::test_trait_atomic_integer_fetch_sub ... ok
[INFO] [stdout] test atomic::atomic_u16_tests::atomic_u16_tests::test_compare_set_weak_with_zero ... ok
[INFO] [stdout] test atomic::atomic_u16_tests::atomic_u16_tests::test_compare_and_exchange_weak_success_path ... ok
[INFO] [stdout] test atomic::atomic_u16_tests::atomic_u16_tests::test_concurrent_fetch_div ... ok
[INFO] [stdout] test atomic::atomic_u16_tests::atomic_u16_tests::test_accumulate_and_get ... ok
[INFO] [stdout] test atomic::atomic_u128_tests::atomic_u128_tests::test_wrapping_decrement_from_one ... ok
[INFO] [stdout] test atomic::atomic_u16_tests::atomic_u16_tests::test_fetch_add_with_ordering ... ok
[INFO] [stdout] test atomic::atomic_u16_tests::atomic_u16_tests::test_concurrent_compare_exchange_weak ... ok
[INFO] [stdout] test atomic::atomic_u16_tests::atomic_u16_tests::test_fetch_add_wraps_at_max ... ok
[INFO] [stdout] test atomic::atomic_u16_tests::atomic_u16_tests::test_fetch_dec_with_ordering ... ok
[INFO] [stdout] test atomic::atomic_u16_tests::atomic_u16_tests::test_fetch_div_by_zero - should panic ... ok
[INFO] [stdout] test atomic::atomic_u16_tests::atomic_u16_tests::test_fetch_dec_wraps_at_min ... ok
[INFO] [stdout] test atomic::atomic_u16_tests::atomic_u16_tests::test_fetch_div_one ... ok
[INFO] [stdout] test atomic::atomic_u16_tests::atomic_u16_tests::test_fetch_div ... ok
[INFO] [stdout] test atomic::atomic_u16_tests::atomic_u16_tests::test_default ... ok
[INFO] [stdout] test atomic::atomic_u16_tests::atomic_u16_tests::test_fetch_inc_with_ordering ... ok
[INFO] [stdout] test atomic::atomic_u16_tests::atomic_u16_tests::test_concurrent_get_and_add ... ok
[INFO] [stdout] test atomic::atomic_u16_tests::atomic_u16_tests::test_concurrent_get_and_increment ... ok
[INFO] [stdout] test atomic::atomic_u16_tests::atomic_u16_tests::test_concurrent_get_and_accumulate_high_contention ... ok
[INFO] [stdout] test atomic::atomic_u16_tests::atomic_u16_tests::test_concurrent_cas ... ok
[INFO] [stdout] test atomic::atomic_u16_tests::atomic_u16_tests::test_fetch_inc_wraps_at_max ... ok
[INFO] [stdout] test atomic::atomic_u16_tests::atomic_u16_tests::test_debug_display ... ok
[INFO] [stdout] test atomic::atomic_u16_tests::atomic_u16_tests::test_concurrent_increment ... ok
[INFO] [stdout] test atomic::atomic_u16_tests::atomic_u16_tests::test_concurrent_fetch_mul ... ok
[INFO] [stdout] test atomic::atomic_u16_tests::atomic_u16_tests::test_fetch_mul_wraps ... ok
[INFO] [stdout] test atomic::atomic_u16_tests::atomic_u16_tests::test_fetch_sub_wraps_at_min ... ok
[INFO] [stdout] test atomic::atomic_u16_tests::atomic_u16_tests::test_fetch_mul ... ok
[INFO] [stdout] test atomic::atomic_u16_tests::atomic_u16_tests::test_fetch_mul_one ... ok
[INFO] [stdout] test atomic::atomic_u16_tests::atomic_u16_tests::test_fetch_sub_with_ordering ... ok
[INFO] [stdout] test atomic::atomic_u16_tests::atomic_u16_tests::test_get_and_accumulate ... ok
[INFO] [stdout] test atomic::atomic_u16_tests::atomic_u16_tests::test_get_and_sub ... ok
[INFO] [stdout] test atomic::atomic_u16_tests::atomic_u16_tests::test_get_and_bit_and ... ok
[INFO] [stdout] test atomic::atomic_u16_tests::atomic_u16_tests::test_get_and_bit_not ... ok
[INFO] [stdout] test atomic::atomic_u16_tests::atomic_u16_tests::test_get_and_accumulate_multiply ... ok
[INFO] [stdout] test atomic::atomic_u16_tests::atomic_u16_tests::test_get_and_add ... ok
[INFO] [stdout] test atomic::atomic_u16_tests::atomic_u16_tests::test_get_and_bit_or ... ok
[INFO] [stdout] test atomic::atomic_u16_tests::atomic_u16_tests::test_get_and_bit_xor ... ok
[INFO] [stdout] test atomic::atomic_u16_tests::atomic_u16_tests::test_get_and_update ... ok
[INFO] [stdout] test atomic::atomic_u16_tests::atomic_u16_tests::test_get_and_min ... ok
[INFO] [stdout] test atomic::atomic_u16_tests::atomic_u16_tests::test_get_and_decrement ... ok
[INFO] [stdout] test atomic::atomic_u16_tests::atomic_u16_tests::test_fetch_mul_zero ... ok
[INFO] [stdout] test atomic::atomic_u16_tests::atomic_u16_tests::test_get_and_increment ... ok
[INFO] [stdout] test atomic::atomic_u16_tests::atomic_u16_tests::test_from ... ok
[INFO] [stdout] test atomic::atomic_u16_tests::atomic_u16_tests::test_get_and_max ... ok
[INFO] [stdout] test atomic::atomic_u16_tests::atomic_u16_tests::test_concurrent_get_and_update_high_contention ... ok
[INFO] [stdout] test atomic::atomic_u16_tests::atomic_u16_tests::test_inner_compare_exchange_weak_failure ... ok
[INFO] [stdout] test atomic::atomic_u16_tests::atomic_u16_tests::test_max_with_smaller_value ... ok
[INFO] [stdout] test atomic::atomic_u16_tests::atomic_u16_tests::test_trait_atomic ... ok
[INFO] [stdout] test atomic::atomic_u16_tests::atomic_u16_tests::test_trait_atomic_compare_exchange_weak ... ok
[INFO] [stdout] test atomic::atomic_u16_tests::atomic_u16_tests::test_trait_atomic_compare_set_weak ... ok
[INFO] [stdout] test atomic::atomic_u16_tests::atomic_u16_tests::test_trait_atomic_integer_fetch_mul ... ok
[INFO] [stdout] test atomic::atomic_u16_tests::atomic_u16_tests::test_trait_atomic_integer_fetch_sub ... ok
[INFO] [stdout] test atomic::atomic_u16_tests::atomic_u16_tests::test_trait_fetch_update ... ok
[INFO] [stdout] test atomic::atomic_u16_tests::atomic_u16_tests::test_inner_compare_exchange_failure ... ok
[INFO] [stdout] test atomic::atomic_u16_tests::atomic_u16_tests::test_numeric_operations ... ok
[INFO] [stdout] test atomic::atomic_u16_tests::atomic_u16_tests::test_inner_fetch_max_min ... ok
[INFO] [stdout] test atomic::atomic_u16_tests::atomic_u16_tests::test_try_update_and_get_success_and_reject ... ok
[INFO] [stdout] test atomic::atomic_u16_tests::atomic_u16_tests::test_new ... ok
[INFO] [stdout] test atomic::atomic_u16_tests::atomic_u16_tests::test_min_with_larger_value ... ok
[INFO] [stdout] test atomic::atomic_u16_tests::atomic_u16_tests::test_try_update_success_and_reject ... ok
[INFO] [stdout] test atomic::atomic_u16_tests::atomic_u16_tests::test_update_and_get ... ok
[INFO] [stdout] test atomic::atomic_u16_tests::atomic_u16_tests::test_get_and_update_complex ... ok
[INFO] [stdout] test atomic::atomic_u16_tests::atomic_u16_tests::test_inner_fetch_operations_all ... ok
[INFO] [stdout] test atomic::atomic_u16_tests::atomic_u16_tests::test_wrapping_decrement_from_one ... ok
[INFO] [stdout] test atomic::atomic_u16_tests::atomic_u16_tests::test_inner_operations ... ok
[INFO] [stdout] test atomic::atomic_u32_tests::atomic_u32_tests::test_bit_not_twice ... ok
[INFO] [stdout] test atomic::atomic_u16_tests::atomic_u16_tests::test_get_set ... ok
[INFO] [stdout] test atomic::atomic_u32_tests::atomic_u32_tests::test_compare_and_exchange ... ok
[INFO] [stdout] test atomic::atomic_u32_tests::atomic_u32_tests::test_bitwise_combinations ... ok
[INFO] [stdout] test atomic::atomic_u16_tests::atomic_u16_tests::test_inner_compare_exchange_weak_success ... ok
[INFO] [stdout] test atomic::atomic_u16_tests::atomic_u16_tests::test_swap ... ok
[INFO] [stdout] test atomic::atomic_u16_tests::atomic_u16_tests::test_concurrent_get_and_decrement ... ok
[INFO] [stdout] test atomic::atomic_u32_tests::atomic_u32_tests::test_compare_and_exchange_success_path ... ok
[INFO] [stdout] test atomic::atomic_u32_tests::atomic_u32_tests::test_accumulate_and_get ... ok
[INFO] [stdout] test atomic::atomic_u32_tests::atomic_u32_tests::test_compare_and_exchange_weak_failure_path ... ok
[INFO] [stdout] test atomic::atomic_u32_tests::atomic_u32_tests::test_compare_and_exchange_failure_path ... ok
[INFO] [stdout] test atomic::atomic_u32_tests::atomic_u32_tests::test_compare_and_exchange_weak_success_path ... ok
[INFO] [stdout] test atomic::atomic_u32_tests::atomic_u32_tests::test_compare_and_set_failure ... ok
[INFO] [stdout] test atomic::atomic_u32_tests::atomic_u32_tests::test_compare_and_exchange_weak_success ... ok
[INFO] [stdout] test atomic::atomic_u32_tests::atomic_u32_tests::test_compare_and_set_failure_path ... ok
[INFO] [stdout] test atomic::atomic_u32_tests::atomic_u32_tests::test_compare_exchange_weak_with_zero ... ok
[INFO] [stdout] test atomic::atomic_u32_tests::atomic_u32_tests::test_compare_set_weak_multiple_attempts ... ok
[INFO] [stdout] test atomic::atomic_u16_tests::atomic_u16_tests::test_inner_compare_exchange_success ... ok
[INFO] [stdout] test atomic::atomic_u16_tests::atomic_u16_tests::test_trait_atomic_integer_fetch_div ... ok
[INFO] [stdout] test atomic::atomic_u32_tests::atomic_u32_tests::test_compare_and_set_success ... ok
[INFO] [stdout] test atomic::atomic_u32_tests::atomic_u32_tests::test_compare_and_set_weak_failure_path ... ok
[INFO] [stdout] test atomic::atomic_u32_tests::atomic_u32_tests::test_compare_and_set_weak_success ... ok
[INFO] [stdout] test atomic::atomic_u32_tests::atomic_u32_tests::test_compare_exchange_weak_multiple_attempts ... ok
[INFO] [stdout] test atomic::atomic_u32_tests::atomic_u32_tests::test_fetch_add_wraps_at_max ... ok
[INFO] [stdout] test atomic::atomic_u32_tests::atomic_u32_tests::test_fetch_add_with_ordering ... ok
[INFO] [stdout] test atomic::atomic_u32_tests::atomic_u32_tests::test_fetch_dec_with_ordering ... ok
[INFO] [stdout] test atomic::atomic_u32_tests::atomic_u32_tests::test_fetch_dec_wraps_at_min ... ok
[INFO] [stdout] test atomic::atomic_u32_tests::atomic_u32_tests::test_debug_display ... ok
[INFO] [stdout] test atomic::atomic_u32_tests::atomic_u32_tests::test_fetch_div_by_zero - should panic ... ok
[INFO] [stdout] test atomic::atomic_u32_tests::atomic_u32_tests::test_compare_set_weak_with_zero ... ok
[INFO] [stdout] test atomic::atomic_u32_tests::atomic_u32_tests::test_concurrent_get_and_increment ... ok
[INFO] [stdout] test atomic::atomic_u32_tests::atomic_u32_tests::test_concurrent_compare_exchange_weak ... ok
[INFO] [stdout] test atomic::atomic_u32_tests::atomic_u32_tests::test_concurrent_get_and_decrement ... ok
[INFO] [stdout] test atomic::atomic_u32_tests::atomic_u32_tests::test_default ... ok
[INFO] [stdout] test atomic::atomic_u32_tests::atomic_u32_tests::test_concurrent_fetch_div ... ok
[INFO] [stdout] test atomic::atomic_u32_tests::atomic_u32_tests::test_fetch_div_one ... ok
[INFO] [stdout] test atomic::atomic_u32_tests::atomic_u32_tests::test_fetch_div ... ok
[INFO] [stdout] test atomic::atomic_u32_tests::atomic_u32_tests::test_fetch_inc_with_ordering ... ok
[INFO] [stdout] test atomic::atomic_u32_tests::atomic_u32_tests::test_fetch_mul_one ... ok
[INFO] [stdout] test atomic::atomic_u32_tests::atomic_u32_tests::test_fetch_mul ... ok
[INFO] [stdout] test atomic::atomic_u32_tests::atomic_u32_tests::test_fetch_inc_wraps_at_max ... ok
[INFO] [stdout] test atomic::atomic_u32_tests::atomic_u32_tests::test_get_and_accumulate ... ok
[INFO] [stdout] test atomic::atomic_u32_tests::atomic_u32_tests::test_get_and_accumulate_divide ... ok
[INFO] [stdout] test atomic::atomic_u32_tests::atomic_u32_tests::test_fetch_mul_wraps ... ok
[INFO] [stdout] test atomic::atomic_u32_tests::atomic_u32_tests::test_from ... ok
[INFO] [stdout] test atomic::atomic_u32_tests::atomic_u32_tests::test_fetch_sub_with_ordering ... ok
[INFO] [stdout] test atomic::atomic_u32_tests::atomic_u32_tests::test_concurrent_get_and_accumulate_high_contention ... ok
[INFO] [stdout] test atomic::atomic_u32_tests::atomic_u32_tests::test_fetch_mul_zero ... ok
[INFO] [stdout] test atomic::atomic_u32_tests::atomic_u32_tests::test_fetch_sub_wraps_at_min ... ok
[INFO] [stdout] test atomic::atomic_u32_tests::atomic_u32_tests::test_concurrent_increment ... ok
[INFO] [stdout] test atomic::atomic_u32_tests::atomic_u32_tests::test_concurrent_get_and_add ... ok
[INFO] [stdout] test atomic::atomic_u32_tests::atomic_u32_tests::test_get_and_bit_not ... ok
[INFO] [stdout] test atomic::atomic_u32_tests::atomic_u32_tests::test_concurrent_cas ... ok
[INFO] [stdout] test atomic::atomic_u32_tests::atomic_u32_tests::test_concurrent_get_and_update_high_contention ... ok
[INFO] [stdout] test atomic::atomic_u32_tests::atomic_u32_tests::test_get_and_decrement ... ok
[INFO] [stdout] test atomic::atomic_u32_tests::atomic_u32_tests::test_get_and_accumulate_multiply ... ok
[INFO] [stdout] test atomic::atomic_u16_tests::atomic_u16_tests::test_get_and_accumulate_divide ... ok
[INFO] [stdout] test atomic::atomic_u32_tests::atomic_u32_tests::test_get_and_bit_or ... ok
[INFO] [stdout] test atomic::atomic_u32_tests::atomic_u32_tests::test_concurrent_fetch_mul ... ok
[INFO] [stdout] test atomic::atomic_u32_tests::atomic_u32_tests::test_get_and_increment ... ok
[INFO] [stdout] test atomic::atomic_u32_tests::atomic_u32_tests::test_get_and_update_complex ... ok
[INFO] [stdout] test atomic::atomic_u32_tests::atomic_u32_tests::test_get_set ... ok
[INFO] [stdout] test atomic::atomic_u32_tests::atomic_u32_tests::test_inner_compare_exchange_failure ... ok
[INFO] [stdout] test atomic::atomic_u32_tests::atomic_u32_tests::test_get_and_max ... ok
[INFO] [stdout] test atomic::atomic_u32_tests::atomic_u32_tests::test_get_and_min ... ok
[INFO] [stdout] test atomic::atomic_u32_tests::atomic_u32_tests::test_get_and_sub ... ok
[INFO] [stdout] test atomic::atomic_u32_tests::atomic_u32_tests::test_get_and_update ... ok
[INFO] [stdout] test atomic::atomic_u32_tests::atomic_u32_tests::test_inner_compare_exchange_success ... ok
[INFO] [stdout] test atomic::atomic_u32_tests::atomic_u32_tests::test_inner_compare_exchange_weak_failure ... ok
[INFO] [stdout] test atomic::atomic_u32_tests::atomic_u32_tests::test_get_and_add ... ok
[INFO] [stdout] test atomic::atomic_u32_tests::atomic_u32_tests::test_get_and_bit_xor ... ok
[INFO] [stdout] test atomic::atomic_u32_tests::atomic_u32_tests::test_get_and_bit_and ... ok
[INFO] [stdout] test atomic::atomic_u32_tests::atomic_u32_tests::test_inner_fetch_operations_all ... ok
[INFO] [stdout] test atomic::atomic_u32_tests::atomic_u32_tests::test_inner_operations ... ok
[INFO] [stdout] test atomic::atomic_u32_tests::atomic_u32_tests::test_max_with_smaller_value ... ok
[INFO] [stdout] test atomic::atomic_u32_tests::atomic_u32_tests::test_numeric_operations ... ok
[INFO] [stdout] test atomic::atomic_u32_tests::atomic_u32_tests::test_trait_atomic ... ok
[INFO] [stdout] test atomic::atomic_u32_tests::atomic_u32_tests::test_trait_atomic_compare_exchange_weak ... ok
[INFO] [stdout] test atomic::atomic_u32_tests::atomic_u32_tests::test_trait_atomic_compare_set_weak ... ok
[INFO] [stdout] test atomic::atomic_u32_tests::atomic_u32_tests::test_trait_atomic_integer_fetch_div ... ok
[INFO] [stdout] test atomic::atomic_u32_tests::atomic_u32_tests::test_trait_atomic_integer_fetch_mul ... ok
[INFO] [stdout] test atomic::atomic_u32_tests::atomic_u32_tests::test_trait_fetch_update ... ok
[INFO] [stdout] test atomic::atomic_u32_tests::atomic_u32_tests::test_try_update_success_and_reject ... ok
[INFO] [stdout] test atomic::atomic_u32_tests::atomic_u32_tests::test_update_and_get ... ok
[INFO] [stdout] test atomic::atomic_u64_tests::atomic_u64_tests::test_accumulate_and_get ... ok
[INFO] [stdout] test atomic::atomic_u64_tests::atomic_u64_tests::test_bit_not_twice ... ok
[INFO] [stdout] test atomic::atomic_u32_tests::atomic_u32_tests::test_try_update_and_get_success_and_reject ... ok
[INFO] [stdout] test atomic::atomic_u64_tests::atomic_u64_tests::test_bitwise_combinations ... ok
[INFO] [stdout] test atomic::atomic_u64_tests::atomic_u64_tests::test_compare_and_set_failure_path ... ok
[INFO] [stdout] test atomic::atomic_u32_tests::atomic_u32_tests::test_min_with_larger_value ... ok
[INFO] [stdout] test atomic::atomic_u64_tests::atomic_u64_tests::test_compare_and_set_failure ... ok
[INFO] [stdout] test atomic::atomic_u64_tests::atomic_u64_tests::test_compare_and_exchange ... ok
[INFO] [stdout] test atomic::atomic_u64_tests::atomic_u64_tests::test_compare_and_set_success ... ok
[INFO] [stdout] test atomic::atomic_u32_tests::atomic_u32_tests::test_wrapping_decrement_from_one ... ok
[INFO] [stdout] test atomic::atomic_u64_tests::atomic_u64_tests::test_compare_and_set_weak_success ... ok
[INFO] [stdout] test atomic::atomic_u64_tests::atomic_u64_tests::test_compare_exchange_weak_multiple_attempts ... ok
[INFO] [stdout] test atomic::atomic_u64_tests::atomic_u64_tests::test_compare_exchange_weak_with_zero ... ok
[INFO] [stdout] test atomic::atomic_u64_tests::atomic_u64_tests::test_compare_set_weak_multiple_attempts ... ok
[INFO] [stdout] test atomic::atomic_u64_tests::atomic_u64_tests::test_compare_set_weak_with_zero ... ok
[INFO] [stdout] test atomic::atomic_u64_tests::atomic_u64_tests::test_compare_and_set_weak_failure_path ... ok
[INFO] [stdout] test atomic::atomic_u32_tests::atomic_u32_tests::test_inner_compare_exchange_weak_success ... ok
[INFO] [stdout] test atomic::atomic_u32_tests::atomic_u32_tests::test_new ... ok
[INFO] [stdout] test atomic::atomic_u32_tests::atomic_u32_tests::test_swap ... ok
[INFO] [stdout] test atomic::atomic_u64_tests::atomic_u64_tests::test_compare_and_exchange_success_path ... ok
[INFO] [stdout] test atomic::atomic_u64_tests::atomic_u64_tests::test_compare_and_exchange_failure_path ... ok
[INFO] [stdout] test atomic::atomic_u64_tests::atomic_u64_tests::test_compare_and_exchange_weak_success ... ok
[INFO] [stdout] test atomic::atomic_u64_tests::atomic_u64_tests::test_compare_and_exchange_weak_success_path ... ok
[INFO] [stdout] test atomic::atomic_u64_tests::atomic_u64_tests::test_fetch_add_with_ordering ... ok
[INFO] [stdout] test atomic::atomic_u64_tests::atomic_u64_tests::test_fetch_add_wraps_at_max ... ok
[INFO] [stdout] test atomic::atomic_u64_tests::atomic_u64_tests::test_concurrent_fetch_div ... ok
[INFO] [stdout] test atomic::atomic_u64_tests::atomic_u64_tests::test_compare_and_exchange_weak_failure_path ... ok
[INFO] [stdout] test atomic::atomic_u64_tests::atomic_u64_tests::test_fetch_dec_with_ordering ... ok
[INFO] [stdout] test atomic::atomic_u64_tests::atomic_u64_tests::test_fetch_dec_wraps_at_min ... ok
[INFO] [stdout] test atomic::atomic_u64_tests::atomic_u64_tests::test_debug_display ... ok
[INFO] [stdout] test atomic::atomic_u64_tests::atomic_u64_tests::test_concurrent_compare_exchange_weak ... ok
[INFO] [stdout] test atomic::atomic_u64_tests::atomic_u64_tests::test_fetch_div_one ... ok
[INFO] [stdout] test atomic::atomic_u64_tests::atomic_u64_tests::test_fetch_inc_wraps_at_max ... ok
[INFO] [stdout] test atomic::atomic_u64_tests::atomic_u64_tests::test_fetch_mul ... ok
[INFO] [stdout] test atomic::atomic_u64_tests::atomic_u64_tests::test_fetch_inc_with_ordering ... ok
[INFO] [stdout] test atomic::atomic_u64_tests::atomic_u64_tests::test_fetch_mul_one ... ok
[INFO] [stdout] test atomic::atomic_u32_tests::atomic_u32_tests::test_trait_atomic_integer_fetch_sub ... ok
[INFO] [stdout] test atomic::atomic_u64_tests::atomic_u64_tests::test_fetch_mul_zero ... ok
[INFO] [stdout] test atomic::atomic_u64_tests::atomic_u64_tests::test_fetch_div ... ok
[INFO] [stdout] test atomic::atomic_u64_tests::atomic_u64_tests::test_fetch_div_by_zero - should panic ... ok
[INFO] [stdout] test atomic::atomic_u64_tests::atomic_u64_tests::test_fetch_sub_with_ordering ... ok
[INFO] [stdout] test atomic::atomic_u64_tests::atomic_u64_tests::test_get_and_accumulate ... ok
[INFO] [stdout] test atomic::atomic_u64_tests::atomic_u64_tests::test_fetch_sub_wraps_at_min ... ok
[INFO] [stdout] test atomic::atomic_u64_tests::atomic_u64_tests::test_from ... ok
[INFO] [stdout] test atomic::atomic_u64_tests::atomic_u64_tests::test_get_and_accumulate_divide ... ok
[INFO] [stdout] test atomic::atomic_u64_tests::atomic_u64_tests::test_get_and_accumulate_multiply ... ok
[INFO] [stdout] test atomic::atomic_u64_tests::atomic_u64_tests::test_fetch_mul_wraps ... ok
[INFO] [stdout] test atomic::atomic_u64_tests::atomic_u64_tests::test_concurrent_get_and_add ... ok
[INFO] [stdout] test atomic::atomic_u64_tests::atomic_u64_tests::test_default ... ok
[INFO] [stdout] test atomic::atomic_u32_tests::atomic_u32_tests::test_inner_fetch_max_min ... ok
[INFO] [stdout] test atomic::atomic_u64_tests::atomic_u64_tests::test_get_and_add ... ok
[INFO] [stdout] test atomic::atomic_u64_tests::atomic_u64_tests::test_get_and_bit_or ... ok
[INFO] [stdout] test atomic::atomic_u64_tests::atomic_u64_tests::test_get_and_bit_xor ... ok
[INFO] [stdout] test atomic::atomic_u64_tests::atomic_u64_tests::test_get_and_decrement ... ok
[INFO] [stdout] test atomic::atomic_u64_tests::atomic_u64_tests::test_concurrent_get_and_update_high_contention ... ok
[INFO] [stdout] test atomic::atomic_u64_tests::atomic_u64_tests::test_get_and_bit_and ... ok
[INFO] [stdout] test atomic::atomic_u64_tests::atomic_u64_tests::test_get_and_bit_not ... ok
[INFO] [stdout] test atomic::atomic_u64_tests::atomic_u64_tests::test_concurrent_increment ... ok
[INFO] [stdout] test atomic::atomic_u64_tests::atomic_u64_tests::test_concurrent_cas ... ok
[INFO] [stdout] test atomic::atomic_u64_tests::atomic_u64_tests::test_concurrent_get_and_accumulate_high_contention ... ok
[INFO] [stdout] test atomic::atomic_u64_tests::atomic_u64_tests::test_concurrent_get_and_increment ... ok
[INFO] [stdout] test atomic::atomic_u64_tests::atomic_u64_tests::test_concurrent_fetch_mul ... ok
[INFO] [stdout] test atomic::atomic_u64_tests::atomic_u64_tests::test_concurrent_get_and_decrement ... ok
[INFO] [stdout] test atomic::atomic_u64_tests::atomic_u64_tests::test_get_and_increment ... ok
[INFO] [stdout] test atomic::atomic_u64_tests::atomic_u64_tests::test_get_and_update_complex ... ok
[INFO] [stdout] test atomic::atomic_u64_tests::atomic_u64_tests::test_inner_compare_exchange_weak_failure ... ok
[INFO] [stdout] test atomic::atomic_u64_tests::atomic_u64_tests::test_get_and_max ... ok
[INFO] [stdout] test atomic::atomic_u64_tests::atomic_u64_tests::test_get_and_min ... ok
[INFO] [stdout] test atomic::atomic_u64_tests::atomic_u64_tests::test_inner_fetch_operations_all ... ok
[INFO] [stdout] test atomic::atomic_u64_tests::atomic_u64_tests::test_get_and_sub ... ok
[INFO] [stdout] test atomic::atomic_u64_tests::atomic_u64_tests::test_trait_atomic_integer_fetch_div ... ok
[INFO] [stdout] test atomic::atomic_u64_tests::atomic_u64_tests::test_inner_compare_exchange_failure ... ok
[INFO] [stdout] test atomic::atomic_u64_tests::atomic_u64_tests::test_trait_atomic ... ok
[INFO] [stdout] test atomic::atomic_u64_tests::atomic_u64_tests::test_inner_compare_exchange_success ... ok
[INFO] [stdout] test atomic::atomic_u64_tests::atomic_u64_tests::test_inner_operations ... ok
[INFO] [stdout] test atomic::atomic_u64_tests::atomic_u64_tests::test_trait_atomic_compare_exchange_weak ... ok
[INFO] [stdout] test atomic::atomic_u64_tests::atomic_u64_tests::test_get_and_update ... ok
[INFO] [stdout] test atomic::atomic_u64_tests::atomic_u64_tests::test_inner_compare_exchange_weak_success ... ok
[INFO] [stdout] test atomic::atomic_u64_tests::atomic_u64_tests::test_trait_atomic_compare_set_weak ... ok
[INFO] [stdout] test atomic::atomic_u64_tests::atomic_u64_tests::test_max_with_smaller_value ... ok
[INFO] [stdout] test atomic::atomic_u64_tests::atomic_u64_tests::test_trait_atomic_integer_fetch_mul ... ok
[INFO] [stdout] test atomic::atomic_u64_tests::atomic_u64_tests::test_new ... ok
[INFO] [stdout] test atomic::atomic_u64_tests::atomic_u64_tests::test_get_set ... ok
[INFO] [stdout] test atomic::atomic_u64_tests::atomic_u64_tests::test_try_update_and_get_success_and_reject ... ok
[INFO] [stdout] test atomic::atomic_u8_tests::atomic_u8_tests::test_compare_and_exchange_failure_path ... ok
[INFO] [stdout] test atomic::atomic_u64_tests::atomic_u64_tests::test_inner_fetch_max_min ... ok
[INFO] [stdout] test atomic::atomic_u64_tests::atomic_u64_tests::test_wrapping_decrement_from_one ... ok
[INFO] [stdout] test atomic::atomic_u64_tests::atomic_u64_tests::test_numeric_operations ... ok
[INFO] [stdout] test atomic::atomic_u64_tests::atomic_u64_tests::test_trait_fetch_update ... ok
[INFO] [stdout] test atomic::atomic_u64_tests::atomic_u64_tests::test_swap ... ok
[INFO] [stdout] test atomic::atomic_u64_tests::atomic_u64_tests::test_try_update_success_and_reject ... ok
[INFO] [stdout] test atomic::atomic_u64_tests::atomic_u64_tests::test_update_and_get ... ok
[INFO] [stdout] test atomic::atomic_u8_tests::atomic_u8_tests::test_accumulate_and_get ... ok
[INFO] [stdout] test atomic::atomic_u64_tests::atomic_u64_tests::test_min_with_larger_value ... ok
[INFO] [stdout] test atomic::atomic_u64_tests::atomic_u64_tests::test_trait_atomic_integer_fetch_sub ... ok
[INFO] [stdout] test atomic::atomic_u8_tests::atomic_u8_tests::test_bitwise_combinations ... ok
[INFO] [stdout] test atomic::atomic_u8_tests::atomic_u8_tests::test_bit_not_twice ... ok
[INFO] [stdout] test atomic::atomic_u8_tests::atomic_u8_tests::test_compare_and_exchange ... ok
[INFO] [stdout] test atomic::atomic_u8_tests::atomic_u8_tests::test_compare_exchange_weak_with_zero ... ok
[INFO] [stdout] test atomic::atomic_u8_tests::atomic_u8_tests::test_compare_exchange_weak_multiple_attempts ... ok
[INFO] [stdout] test atomic::atomic_u8_tests::atomic_u8_tests::test_compare_set_weak_multiple_attempts ... ok
[INFO] [stdout] test atomic::atomic_u8_tests::atomic_u8_tests::test_compare_and_set_weak_success ... ok
[INFO] [stdout] test atomic::atomic_u8_tests::atomic_u8_tests::test_compare_and_exchange_success_path ... ok
[INFO] [stdout] test atomic::atomic_u8_tests::atomic_u8_tests::test_compare_and_exchange_weak_failure_path ... ok
[INFO] [stdout] test atomic::atomic_u8_tests::atomic_u8_tests::test_compare_and_exchange_weak_success ... ok
[INFO] [stdout] test atomic::atomic_u8_tests::atomic_u8_tests::test_compare_and_exchange_weak_success_path ... ok
[INFO] [stdout] test atomic::atomic_u8_tests::atomic_u8_tests::test_compare_and_set_failure_path ... ok
[INFO] [stdout] test atomic::atomic_u8_tests::atomic_u8_tests::test_compare_and_set_success ... ok
[INFO] [stdout] test atomic::atomic_u8_tests::atomic_u8_tests::test_compare_and_set_weak_failure_path ... ok
[INFO] [stdout] test atomic::atomic_u8_tests::atomic_u8_tests::test_concurrent_cas ... ok
[INFO] [stdout] test atomic::atomic_u8_tests::atomic_u8_tests::test_compare_and_set_failure ... ok
[INFO] [stdout] test atomic::atomic_u8_tests::atomic_u8_tests::test_compare_set_weak_with_zero ... ok
[INFO] [stdout] test atomic::atomic_u8_tests::atomic_u8_tests::test_fetch_div ... ok
[INFO] [stdout] test atomic::atomic_u8_tests::atomic_u8_tests::test_fetch_dec_wraps_at_min ... ok
[INFO] [stdout] test atomic::atomic_u8_tests::atomic_u8_tests::test_default ... ok
[INFO] [stdout] test atomic::atomic_u8_tests::atomic_u8_tests::test_fetch_add_with_ordering ... ok
[INFO] [stdout] test atomic::atomic_u8_tests::atomic_u8_tests::test_fetch_div_by_zero - should panic ... ok
[INFO] [stdout] test atomic::atomic_u8_tests::atomic_u8_tests::test_fetch_dec_with_ordering ... ok
[INFO] [stdout] test atomic::atomic_u8_tests::atomic_u8_tests::test_fetch_div_one ... ok
[INFO] [stdout] test atomic::atomic_u8_tests::atomic_u8_tests::test_fetch_inc_with_ordering ... ok
[INFO] [stdout] test atomic::atomic_u8_tests::atomic_u8_tests::test_fetch_inc_wraps_at_max ... ok
[INFO] [stdout] test atomic::atomic_u8_tests::atomic_u8_tests::test_fetch_mul ... ok
[INFO] [stdout] test atomic::atomic_u8_tests::atomic_u8_tests::test_fetch_mul_one ... ok
[INFO] [stdout] test atomic::atomic_u8_tests::atomic_u8_tests::test_fetch_mul_zero ... ok
[INFO] [stdout] test atomic::atomic_u8_tests::atomic_u8_tests::test_fetch_sub_wraps_at_min ... ok
[INFO] [stdout] test atomic::atomic_u8_tests::atomic_u8_tests::test_concurrent_fetch_div ... ok
[INFO] [stdout] test atomic::atomic_u8_tests::atomic_u8_tests::test_fetch_mul_wraps ... ok
[INFO] [stdout] test atomic::atomic_u8_tests::atomic_u8_tests::test_fetch_sub_with_ordering ... ok
[INFO] [stdout] test atomic::atomic_u8_tests::atomic_u8_tests::test_debug_display ... ok
[INFO] [stdout] test atomic::atomic_u8_tests::atomic_u8_tests::test_get_and_accumulate_multiply ... ok
[INFO] [stdout] test atomic::atomic_u8_tests::atomic_u8_tests::test_get_and_add ... ok
[INFO] [stdout] test atomic::atomic_u8_tests::atomic_u8_tests::test_from ... ok
[INFO] [stdout] test atomic::atomic_u8_tests::atomic_u8_tests::test_get_and_bit_xor ... ok
[INFO] [stdout] test atomic::atomic_u8_tests::atomic_u8_tests::test_get_and_bit_not ... ok
[INFO] [stdout] test atomic::atomic_u8_tests::atomic_u8_tests::test_get_and_accumulate ... ok
[INFO] [stdout] test atomic::atomic_u8_tests::atomic_u8_tests::test_get_and_bit_or ... ok
[INFO] [stdout] test atomic::atomic_u8_tests::atomic_u8_tests::test_get_and_accumulate_divide ... ok
[INFO] [stdout] test atomic::atomic_u8_tests::atomic_u8_tests::test_get_and_bit_and ... ok
[INFO] [stdout] test atomic::atomic_u8_tests::atomic_u8_tests::test_concurrent_fetch_mul ... ok
[INFO] [stdout] test atomic::atomic_u8_tests::atomic_u8_tests::test_get_and_min ... ok
[INFO] [stdout] test atomic::atomic_u8_tests::atomic_u8_tests::test_get_and_update ... ok
[INFO] [stdout] test atomic::atomic_u8_tests::atomic_u8_tests::test_get_and_update_complex ... ok
[INFO] [stdout] test atomic::atomic_u8_tests::atomic_u8_tests::test_get_and_sub ... ok
[INFO] [stdout] test atomic::atomic_u8_tests::atomic_u8_tests::test_get_and_decrement ... ok
[INFO] [stdout] test atomic::atomic_u8_tests::atomic_u8_tests::test_get_and_increment ... ok
[INFO] [stdout] test atomic::atomic_u8_tests::atomic_u8_tests::test_get_and_max ... ok
[INFO] [stdout] test atomic::atomic_u8_tests::atomic_u8_tests::test_fetch_add_wraps_at_max ... ok
[INFO] [stdout] test atomic::atomic_u8_tests::atomic_u8_tests::test_concurrent_compare_exchange_weak ... ok
[INFO] [stdout] test atomic::atomic_u8_tests::atomic_u8_tests::test_concurrent_get_and_add ... ok
[INFO] [stdout] test atomic::atomic_u8_tests::atomic_u8_tests::test_inner_compare_exchange_failure ... ok
[INFO] [stdout] test atomic::atomic_u8_tests::atomic_u8_tests::test_get_set ... ok
[INFO] [stdout] test atomic::atomic_u8_tests::atomic_u8_tests::test_concurrent_get_and_increment ... ok
[INFO] [stdout] test atomic::atomic_u8_tests::atomic_u8_tests::test_concurrent_get_and_decrement ... ok
[INFO] [stdout] test atomic::atomic_u8_tests::atomic_u8_tests::test_inner_compare_exchange_success ... ok
[INFO] [stdout] test atomic::atomic_u8_tests::atomic_u8_tests::test_min_with_larger_value ... ok
[INFO] [stdout] test atomic::atomic_u8_tests::atomic_u8_tests::test_inner_fetch_max_min ... ok
[INFO] [stdout] test atomic::atomic_u8_tests::atomic_u8_tests::test_inner_compare_exchange_weak_failure ... ok
[INFO] [stdout] test atomic::atomic_u8_tests::atomic_u8_tests::test_inner_fetch_operations_all ... ok
[INFO] [stdout] test atomic::atomic_u8_tests::atomic_u8_tests::test_inner_compare_exchange_weak_success ... ok
[INFO] [stdout] test atomic::atomic_u8_tests::atomic_u8_tests::test_concurrent_get_and_update_high_contention ... ok
[INFO] [stdout] test atomic::atomic_u8_tests::atomic_u8_tests::test_inner_operations ... ok
[INFO] [stdout] test atomic::atomic_u8_tests::atomic_u8_tests::test_max_with_smaller_value ... ok
[INFO] [stdout] test atomic::atomic_u8_tests::atomic_u8_tests::test_concurrent_get_and_accumulate_high_contention ... ok
[INFO] [stdout] test atomic::atomic_u8_tests::atomic_u8_tests::test_concurrent_increment ... ok
[INFO] [stdout] test atomic::atomic_u8_tests::atomic_u8_tests::test_new ... ok
[INFO] [stdout] test atomic::atomic_u8_tests::atomic_u8_tests::test_numeric_operations ... ok
[INFO] [stdout] test atomic::atomic_u8_tests::atomic_u8_tests::test_swap ... ok
[INFO] [stdout] test atomic::atomic_usize_tests::atomic_usize_tests::test_compare_and_exchange_failure_path ... ok
[INFO] [stdout] test atomic::atomic_u8_tests::atomic_u8_tests::test_wrapping_decrement_from_one ... ok
[INFO] [stdout] test atomic::atomic_u8_tests::atomic_u8_tests::test_trait_atomic ... ok
[INFO] [stdout] test atomic::atomic_u8_tests::atomic_u8_tests::test_trait_atomic_compare_exchange_weak ... ok
[INFO] [stdout] test atomic::atomic_u8_tests::atomic_u8_tests::test_trait_fetch_update ... ok
[INFO] [stdout] test atomic::atomic_u8_tests::atomic_u8_tests::test_trait_atomic_compare_set_weak ... ok
[INFO] [stdout] test atomic::atomic_usize_tests::atomic_usize_tests::test_bit_not_twice ... ok
[INFO] [stdout] test atomic::atomic_u8_tests::atomic_u8_tests::test_try_update_and_get_success_and_reject ... ok
[INFO] [stdout] test atomic::atomic_usize_tests::atomic_usize_tests::test_bitwise_combinations ... ok
[INFO] [stdout] test atomic::atomic_u8_tests::atomic_u8_tests::test_update_and_get ... ok
[INFO] [stdout] test atomic::atomic_usize_tests::atomic_usize_tests::test_compare_and_exchange ... ok
[INFO] [stdout] test atomic::atomic_u8_tests::atomic_u8_tests::test_trait_atomic_integer_fetch_sub ... ok
[INFO] [stdout] test atomic::atomic_usize_tests::atomic_usize_tests::test_accumulate_and_get ... ok
[INFO] [stdout] test atomic::atomic_usize_tests::atomic_usize_tests::test_compare_and_exchange_weak_success ... ok
[INFO] [stdout] test atomic::atomic_usize_tests::atomic_usize_tests::test_compare_and_exchange_weak_success_path ... ok
[INFO] [stdout] test atomic::atomic_usize_tests::atomic_usize_tests::test_compare_and_set_failure ... ok
[INFO] [stdout] test atomic::atomic_usize_tests::atomic_usize_tests::test_compare_and_exchange_weak_failure_path ... ok
[INFO] [stdout] test atomic::atomic_usize_tests::atomic_usize_tests::test_compare_and_set_weak_success ... ok
[INFO] [stdout] test atomic::atomic_usize_tests::atomic_usize_tests::test_compare_set_weak_with_zero ... ok
[INFO] [stdout] test atomic::atomic_usize_tests::atomic_usize_tests::test_compare_exchange_weak_multiple_attempts ... ok
[INFO] [stdout] test atomic::atomic_usize_tests::atomic_usize_tests::test_compare_exchange_weak_with_zero ... ok
[INFO] [stdout] test atomic::atomic_usize_tests::atomic_usize_tests::test_compare_set_weak_multiple_attempts ... ok
[INFO] [stdout] test atomic::atomic_usize_tests::atomic_usize_tests::test_compare_and_set_failure_path ... ok
[INFO] [stdout] test atomic::atomic_usize_tests::atomic_usize_tests::test_compare_and_set_success ... ok
[INFO] [stdout] test atomic::atomic_usize_tests::atomic_usize_tests::test_compare_and_set_weak_failure_path ... ok
[INFO] [stdout] test atomic::atomic_u8_tests::atomic_u8_tests::test_trait_atomic_integer_fetch_div ... ok
[INFO] [stdout] test atomic::atomic_usize_tests::atomic_usize_tests::test_compare_and_exchange_success_path ... ok
[INFO] [stdout] test atomic::atomic_usize_tests::atomic_usize_tests::test_debug_display ... ok
[INFO] [stdout] test atomic::atomic_usize_tests::atomic_usize_tests::test_default ... ok
[INFO] [stdout] test atomic::atomic_usize_tests::atomic_usize_tests::test_concurrent_fetch_mul ... ok
[INFO] [stdout] test atomic::atomic_usize_tests::atomic_usize_tests::test_fetch_add_with_ordering ... ok
[INFO] [stdout] test atomic::atomic_usize_tests::atomic_usize_tests::test_fetch_dec_with_ordering ... ok
[INFO] [stdout] test atomic::atomic_usize_tests::atomic_usize_tests::test_fetch_add_wraps_at_max ... ok
[INFO] [stdout] test atomic::atomic_usize_tests::atomic_usize_tests::test_fetch_dec_wraps_at_min ... ok
[INFO] [stdout] test atomic::atomic_usize_tests::atomic_usize_tests::test_concurrent_cas ... ok
[INFO] [stdout] test atomic::atomic_usize_tests::atomic_usize_tests::test_fetch_div_one ... ok
[INFO] [stdout] test atomic::atomic_usize_tests::atomic_usize_tests::test_fetch_mul ... ok
[INFO] [stdout] test atomic::atomic_usize_tests::atomic_usize_tests::test_fetch_inc_wraps_at_max ... ok
[INFO] [stdout] test atomic::atomic_usize_tests::atomic_usize_tests::test_fetch_mul_one ... ok
[INFO] [stdout] test atomic::atomic_usize_tests::atomic_usize_tests::test_fetch_div_by_zero - should panic ... ok
[INFO] [stdout] test atomic::atomic_usize_tests::atomic_usize_tests::test_fetch_inc_with_ordering ... ok
[INFO] [stdout] test atomic::atomic_usize_tests::atomic_usize_tests::test_fetch_mul_zero ... ok
[INFO] [stdout] test atomic::atomic_usize_tests::atomic_usize_tests::test_concurrent_compare_exchange_weak ... ok
[INFO] [stdout] test atomic::atomic_u8_tests::atomic_u8_tests::test_trait_atomic_integer_fetch_mul ... ok
[INFO] [stdout] test atomic::atomic_usize_tests::atomic_usize_tests::test_get_and_accumulate ... ok
[INFO] [stdout] test atomic::atomic_usize_tests::atomic_usize_tests::test_from ... ok
[INFO] [stdout] test atomic::atomic_usize_tests::atomic_usize_tests::test_concurrent_fetch_div ... ok
[INFO] [stdout] test atomic::atomic_usize_tests::atomic_usize_tests::test_get_and_add ... ok
[INFO] [stdout] test atomic::atomic_usize_tests::atomic_usize_tests::test_fetch_mul_wraps ... ok
[INFO] [stdout] test atomic::atomic_usize_tests::atomic_usize_tests::test_get_and_bit_and ... ok
[INFO] [stdout] test atomic::atomic_usize_tests::atomic_usize_tests::test_get_and_bit_not ... ok
[INFO] [stdout] test atomic::atomic_usize_tests::atomic_usize_tests::test_get_and_bit_or ... ok
[INFO] [stdout] test atomic::atomic_usize_tests::atomic_usize_tests::test_fetch_sub_with_ordering ... ok
[INFO] [stdout] test atomic::atomic_usize_tests::atomic_usize_tests::test_get_and_bit_xor ... ok
[INFO] [stdout] test atomic::atomic_usize_tests::atomic_usize_tests::test_fetch_sub_wraps_at_min ... ok
[INFO] [stdout] test atomic::atomic_usize_tests::atomic_usize_tests::test_get_and_sub ... ok
[INFO] [stdout] test atomic::atomic_usize_tests::atomic_usize_tests::test_get_and_decrement ... ok
[INFO] [stdout] test atomic::atomic_u8_tests::atomic_u8_tests::test_try_update_success_and_reject ... ok
[INFO] [stdout] test atomic::atomic_usize_tests::atomic_usize_tests::test_get_and_update_complex ... ok
[INFO] [stdout] test atomic::atomic_usize_tests::atomic_usize_tests::test_get_set ... ok
[INFO] [stdout] test atomic::atomic_usize_tests::atomic_usize_tests::test_inner_compare_exchange_failure ... ok
[INFO] [stdout] test atomic::atomic_usize_tests::atomic_usize_tests::test_inner_compare_exchange_success ... ok
[INFO] [stdout] test atomic::atomic_usize_tests::atomic_usize_tests::test_inner_compare_exchange_weak_failure ... ok
[INFO] [stdout] test atomic::atomic_usize_tests::atomic_usize_tests::test_inner_compare_exchange_weak_success ... ok
[INFO] [stdout] test atomic::atomic_usize_tests::atomic_usize_tests::test_fetch_div ... ok
[INFO] [stdout] test atomic::atomic_usize_tests::atomic_usize_tests::test_get_and_min ... ok
[INFO] [stdout] test atomic::atomic_usize_tests::atomic_usize_tests::test_inner_fetch_operations_all ... ok
[INFO] [stdout] test atomic::atomic_usize_tests::atomic_usize_tests::test_inner_fetch_max_min ... ok
[INFO] [stdout] test atomic::atomic_usize_tests::atomic_usize_tests::test_max_with_smaller_value ... ok
[INFO] [stdout] test atomic::atomic_usize_tests::atomic_usize_tests::test_get_and_accumulate_divide ... ok
[INFO] [stdout] test atomic::atomic_usize_tests::atomic_usize_tests::test_get_and_update ... ok
[INFO] [stdout] test atomic::atomic_usize_tests::atomic_usize_tests::test_inner_operations ... ok
[INFO] [stdout] test atomic::atomic_usize_tests::atomic_usize_tests::test_get_and_accumulate_multiply ... ok
[INFO] [stdout] test atomic::atomic_usize_tests::atomic_usize_tests::test_min_with_larger_value ... ok
[INFO] [stdout] test atomic::atomic_usize_tests::atomic_usize_tests::test_new ... ok
[INFO] [stdout] test atomic::atomic_usize_tests::atomic_usize_tests::test_numeric_operations ... ok
[INFO] [stdout] test atomic::atomic_usize_tests::atomic_usize_tests::test_concurrent_increment ... ok
[INFO] [stdout] test atomic::atomic_usize_tests::atomic_usize_tests::test_trait_fetch_update ... ok
[INFO] [stdout] test atomic::atomic_usize_tests::atomic_usize_tests::test_concurrent_get_and_decrement ... ok
[INFO] [stdout] test atomic::atomic_usize_tests::atomic_usize_tests::test_get_and_max ... ok
[INFO] [stdout] test atomic::atomic_usize_tests::atomic_usize_tests::test_concurrent_get_and_accumulate_high_contention ... ok
[INFO] [stdout] test atomic::atomic_usize_tests::atomic_usize_tests::test_concurrent_get_and_increment ... ok
[INFO] [stdout] test atomic::atomic_usize_tests::atomic_usize_tests::test_get_and_increment ... ok
[INFO] [stdout] test atomic::atomic_usize_tests::atomic_usize_tests::test_swap ... ok
[INFO] [stdout] test atomic::atomic_usize_tests::atomic_usize_tests::test_try_update_and_get_success_and_reject ... ok
[INFO] [stdout] test atomic::atomic_usize_tests::atomic_usize_tests::test_trait_atomic ... ok
[INFO] [stdout] test atomic::atomic_usize_tests::atomic_usize_tests::test_trait_atomic_compare_exchange_weak ... ok
[INFO] [stdout] test atomic::atomic_usize_tests::atomic_usize_tests::test_trait_atomic_compare_set_weak ... ok
[INFO] [stdout] test atomic::atomic_usize_tests::atomic_usize_tests::test_trait_atomic_integer_fetch_div ... ok
[INFO] [stdout] test atomic::atomic_usize_tests::atomic_usize_tests::test_trait_atomic_integer_fetch_mul ... ok
[INFO] [stdout] test atomic::atomic_usize_tests::atomic_usize_tests::test_trait_atomic_integer_fetch_sub ... ok
[INFO] [stdout] test atomic::atomic_usize_tests::atomic_usize_tests::test_try_update_success_and_reject ... ok
[INFO] [stdout] test atomic::atomic_usize_tests::atomic_usize_tests::test_concurrent_get_and_add ... ok
[INFO] [stdout] test atomic::atomic_usize_tests::atomic_usize_tests::test_concurrent_get_and_update_high_contention ... ok
[INFO] [stdout] test atomic::atomic_value_tests::test_atomic_value_debug_display_traits ... ok
[INFO] [stdout] test atomic::atomic_usize_tests::atomic_usize_tests::test_update_and_get ... ok
[INFO] [stdout] test atomic::atomic_value_tests::test_atomic_value_from_trait ... ok
[INFO] [stdout] test atomic::atomic_usize_tests::atomic_usize_tests::test_wrapping_decrement_from_one ... ok
[INFO] [stdout] test atomic::atomic_value_tests::test_atomic_value_default_trait ... ok
[INFO] [stdout] test atomic::concurrent_tests::test_concurrent_min ... ok
[INFO] [stdout] test atomic::macros::impl_atomic_integer_value_tests::test_impl_atomic_integer_value_generated_methods ... ok
[INFO] [stdout] test atomic::concurrent_tests::test_memory_ordering_visibility ... ok
[INFO] [stdout] test atomic::concurrent_tests::test_concurrent_bitwise ... ok
[INFO] [stdout] test atomic::concurrent_tests::test_concurrent_flag ... ok
[INFO] [stdout] test atomic::concurrent_tests::test_barrier_sync ... ok
[INFO] [stdout] test atomic::concurrent_tests::test_concurrent_increment ... ok
[INFO] [stdout] test atomic::concurrent_tests::test_concurrent_accumulate ... ok
[INFO] [stdout] test atomic::concurrent_tests::test_concurrent_cas ... ok
[INFO] [stdout] test atomic::concurrent_tests::test_spinlock_pattern ... ok
[INFO] [stdout] test atomic::macros::impl_atomic_number_tests::test_impl_atomic_number_generated_methods ... ok
[INFO] [stdout] test atomic::macros::impl_atomic_number_tests::test_impl_atomic_number_generated_ordered_methods ... ok
[INFO] [stdout] test atomic::macros::impl_atomic_value_tests::test_impl_atomic_value_generated_methods ... ok
[INFO] [stdout] test atomic::sealed_tests::test_sealed_atomic_types_are_send_and_sync ... ok
[INFO] [stdout] test markdown_tests::readme_examples_tests::test_readme_rust_examples_compile ... FAILED
[INFO] [stdout] test atomic::concurrent_tests::test_concurrent_swap ... ok
[INFO] [stdout] test atomic::concurrent_tests::test_concurrent_max ... ok
[INFO] [stdout] test markdown_tests::readme_examples_tests::test_markdown_doctest_output_dir_is_process_scoped ... ok
[INFO] [stdout] test atomic::concurrent_tests::test_concurrent_ref_update ... ok
[INFO] [stdout] test atomic::traits_tests::test_common_and_numeric_traits_work_together ... ok
[INFO] [stdout] test atomic::concurrent_tests::test_concurrent_decrement ... ok
[INFO] [stdout] test markdown_tests::readme_examples_tests::test_build_markdown_doctest_manifest_escapes_windows_dependency_path ... ok
[INFO] [stdout] test atomic::concurrent_tests::test_concurrent_float_add ... ok
[INFO] [stdout] test atomic::concurrent_tests::test_concurrent_toggle ... ok
[INFO] [stderr] error: test failed, to rerun pass `--test mod`
[INFO] [stdout] test atomic::concurrent_tests::test_producer_consumer ... ok
[INFO] [stdout] 
[INFO] [stdout] failures:
[INFO] [stdout] 
[INFO] [stdout] ---- markdown_tests::readme_examples_tests::test_readme_rust_examples_compile stdout ----
[INFO] [stdout] 
[INFO] [stdout] thread 'markdown_tests::readme_examples_tests::test_readme_rust_examples_compile' (4464) panicked at tests/markdown_tests/readme_examples_tests.rs:53:30:
[INFO] [stdout] failed to create markdown doctest directory: Os { code: 30, kind: ReadOnlyFilesystem, message: "Read-only file system" }
[INFO] [stdout] stack backtrace:
[INFO] [stdout]    0:     0x5801ff03dfd7 - <<std[617be2ca0a6fd877]::sys::backtrace::BacktraceLock>::print::DisplayBacktrace as core[a373ad73a504971]::fmt::Display>::fmt
[INFO] [stdout]    1:     0x5801ff022e8a - core[a373ad73a504971]::fmt::write
[INFO] [stdout]    2:     0x5801ff03d58b - <alloc[2e1b2a31b91974c5]::vec::Vec<u8> as core[a373ad73a504971]::io::write::Write>::write_fmt
[INFO] [stdout]    3:     0x5801ff03d06f - std[617be2ca0a6fd877]::panicking::default_hook::{closure#0}
[INFO] [stdout]    4:     0x5801ff03cc9a - std[617be2ca0a6fd877]::panicking::default_hook
[INFO] [stdout]    5:     0x5801ff03c7d5 - std[617be2ca0a6fd877]::panicking::panic_with_hook
[INFO] [stdout]    6:     0x5801ff063781 - std[617be2ca0a6fd877]::panicking::panic_handler::{closure#0}
[INFO] [stdout]    7:     0x5801ff063739 - std[617be2ca0a6fd877]::sys::backtrace::__rust_end_short_backtrace::<std[617be2ca0a6fd877]::panicking::panic_handler::{closure#0}, !>
[INFO] [stdout]    8:     0x5801ff063c3c - __rustc[ea4f61d10b84890b]::rust_begin_unwind
[INFO] [stdout]    9:     0x5801ff022d1b - core[a373ad73a504971]::panicking::panic_fmt
[INFO] [stdout]   10:     0x5801ff026511 - core[a373ad73a504971]::result::unwrap_failed
[INFO] [stdout]   11:     0x5801fef65e73 - <mod[acbe644bed74b12f]::markdown_tests::readme_examples_tests::test_readme_rust_examples_compile::{closure#0} as core[a373ad73a504971]::ops::function::FnOnce<()>>::call_once
[INFO] [stdout]   12:     0x5801ff07d8bb - test[aada8e7e76ba119b]::__rust_begin_short_backtrace::<core[a373ad73a504971]::result::Result<(), alloc[2e1b2a31b91974c5]::string::String>, fn() -> core[a373ad73a504971]::result::Result<(), alloc[2e1b2a31b91974c5]::string::String>>
[INFO] [stdout]   13:     0x5801ff079370 - test[aada8e7e76ba119b]::run_test::{closure#0}
[INFO] [stdout]   14:     0x5801ff078a9c - std[617be2ca0a6fd877]::sys::backtrace::__rust_begin_short_backtrace::<test[aada8e7e76ba119b]::run_test::{closure#1}, ()>
[INFO] [stdout]   15:     0x5801ff0987ac - <std[617be2ca0a6fd877]::thread::lifecycle::spawn_unchecked<test[aada8e7e76ba119b]::run_test::{closure#1}, ()>::{closure#1} as core[a373ad73a504971]::ops::function::FnOnce<()>>::call_once::{shim:vtable#0}
[INFO] [stdout]   16:     0x5801ff0656b4 - <std[617be2ca0a6fd877]::sys::thread::unix::Thread>::new::thread_start
[INFO] [stdout]   17:     0x75b01f38cdfa - <unknown>
[INFO] [stdout]   18:     0x75b01f4203d4 - clone
[INFO] [stdout]   19:                0x0 - <unknown>
[INFO] [stdout] 
[INFO] [stdout] 
[INFO] [stdout] failures:
[INFO] [stdout]     markdown_tests::readme_examples_tests::test_readme_rust_examples_compile
[INFO] [stdout] 
[INFO] [stdout] test result: FAILED. 1382 passed; 1 failed; 0 ignored; 0 measured; 0 filtered out; finished in 0.46s
[INFO] [stdout] 
[INFO] running `Command { std: "docker" "inspect" "7099f96a7608faba87f5edf9e6dc45b6691443a3f9f1327c5bd72751573c7506", kill_on_drop: false }`
[INFO] running `Command { std: "docker" "rm" "-f" "7099f96a7608faba87f5edf9e6dc45b6691443a3f9f1327c5bd72751573c7506", kill_on_drop: false }`
[INFO] [stdout] 7099f96a7608faba87f5edf9e6dc45b6691443a3f9f1327c5bd72751573c7506
