[INFO] fetching crate quantum-pulse 0.1.13...
[INFO] testing quantum-pulse-0.1.13 against 1.100.0-beta.1+cargoflags=--release for beta-release-1.100-2
[INFO] extracting crate quantum-pulse 0.1.13 into /workspace/builds/worker-2-tc2/source
[INFO] started tweaking crates.io crate quantum-pulse 0.1.13
[INFO] removed 0 missing examples
[INFO] removed 0 missing tests
[INFO] finished tweaking crates.io crate quantum-pulse 0.1.13
[INFO] tweaked toml for crates.io crate quantum-pulse 0.1.13 written to /workspace/builds/worker-2-tc2/source/Cargo.toml
[INFO] validating manifest of crates.io crate quantum-pulse 0.1.13 on toolchain 1.100.0-beta.1
[INFO] running `Command { std: CARGO_HOME="/workspace/cargo-home" RUSTUP_HOME="/workspace/rustup-home" "/workspace/cargo-home/bin/cargo" "+1.100.0-beta.1" "metadata" "--manifest-path" "Cargo.toml" "--no-deps", kill_on_drop: false }`
[INFO] crate crates.io crate quantum-pulse 0.1.13 already has a lockfile, it will not be regenerated
[INFO] running `Command { std: CARGO_HOME="/workspace/cargo-home" RUSTUP_HOME="/workspace/rustup-home" "/workspace/cargo-home/bin/cargo" "+1.100.0-beta.1" "fetch" "--manifest-path" "Cargo.toml", kill_on_drop: false }`
[INFO] [stderr] warning: `package.homepage` is redundant with `package.repository`
[INFO] [stderr]   --> Cargo.toml:71:12
[INFO] [stderr]    |
[INFO] [stderr] 71 | homepage = "https://github.com/aovestdipaperino/quantum-pulse"
[INFO] [stderr]    |            ^^^^^^^^^^^^^^^^^^^^^^^^^^^^^^^^^^^^^^^^^^^^^^^^^^^
[INFO] [stderr] ...
[INFO] [stderr] 77 | repository = "https://github.com/aovestdipaperino/quantum-pulse"
[INFO] [stderr]    |              ---------------------------------------------------
[INFO] [stderr]    |
[INFO] [stderr]    = note: `cargo::redundant_homepage` is set to `warn` by default
[INFO] [stderr] help: consider removing `package.homepage`
[INFO] [stderr] warning: `quantum-pulse` (manifest) generated 1 warning
[INFO] running `Command { std: "docker" "create" "-v" "/var/lib/crater-agent-workspace/builds/worker-2-tc2/source:/opt/rustwide/workdir:ro,Z" "-v" "/var/lib/crater-agent-workspace/builds/worker-2-tc2/target:/opt/rustwide/target:rw,Z" "-v" "/var/lib/crater-agent-workspace/cargo-home:/opt/rustwide/cargo-home:ro,Z" "-v" "/var/lib/crater-agent-workspace/rustup-home:/opt/rustwide/rustup-home:ro,Z" "-m" "1610612736" "--network" "none" "ghcr.io/rust-lang/crates-build-env/linux@sha256:77db811e55d90add9212f6832c23229e3de5f1c1f9905e8cb07319ea15df73ac" "sleep" "infinity", kill_on_drop: false }`
[INFO] [stdout] cd64cc164c5b59aa7142e8dff121747139d5bf9a0130347182751d4a4e4064c8
[INFO] running `Command { std: "docker" "start" "cd64cc164c5b59aa7142e8dff121747139d5bf9a0130347182751d4a4e4064c8", kill_on_drop: false }`
[INFO] running `Command { std: "docker" "inspect" "cd64cc164c5b59aa7142e8dff121747139d5bf9a0130347182751d4a4e4064c8", kill_on_drop: false }`
[INFO] running `Command { std: "docker" "exec" "-e" "SOURCE_DIR=/opt/rustwide/workdir" "-e" "CARGO_HOME=/opt/rustwide/cargo-home" "-e" "RUSTUP_HOME=/opt/rustwide/rustup-home" "-e" "CARGO_TARGET_DIR=/opt/rustwide/target" "-w" "/opt/rustwide/workdir" "--user" "0:0" "cd64cc164c5b59aa7142e8dff121747139d5bf9a0130347182751d4a4e4064c8" "/opt/rustwide/cargo-home/bin/cargo" "+1.100.0-beta.1" "metadata" "--no-deps" "--format-version=1", kill_on_drop: false }`
[INFO] running `Command { std: "docker" "inspect" "cd64cc164c5b59aa7142e8dff121747139d5bf9a0130347182751d4a4e4064c8", kill_on_drop: false }`
[INFO] running `Command { std: "docker" "exec" "-e" "SOURCE_DIR=/opt/rustwide/workdir" "-e" "CARGO_HOME=/opt/rustwide/cargo-home" "-e" "RUSTUP_HOME=/opt/rustwide/rustup-home" "-e" "CARGO_TARGET_DIR=/opt/rustwide/target" "-e" "CARGO_INCREMENTAL=0" "-e" "RUST_BACKTRACE=full" "-e" "RUSTFLAGS=--cap-lints=warn" "-e" "RUSTDOCFLAGS=--cap-lints=warn" "-w" "/opt/rustwide/workdir" "--user" "0:0" "cd64cc164c5b59aa7142e8dff121747139d5bf9a0130347182751d4a4e4064c8" "/opt/rustwide/cargo-home/bin/cargo" "+1.100.0-beta.1" "build" "--frozen" "--message-format=json" "--release", kill_on_drop: false }`
[INFO] [stderr] warning: `package.homepage` is redundant with `package.repository`
[INFO] [stderr]   --> Cargo.toml:71:12
[INFO] [stderr]    |
[INFO] [stderr] 71 | homepage = "https://github.com/aovestdipaperino/quantum-pulse"
[INFO] [stderr]    |            ^^^^^^^^^^^^^^^^^^^^^^^^^^^^^^^^^^^^^^^^^^^^^^^^^^^
[INFO] [stderr] ...
[INFO] [stderr] 77 | repository = "https://github.com/aovestdipaperino/quantum-pulse"
[INFO] [stderr]    |              ---------------------------------------------------
[INFO] [stderr]    |
[INFO] [stderr]    = note: `cargo::redundant_homepage` is set to `warn` by default
[INFO] [stderr] help: consider removing `package.homepage`
[INFO] [stderr] warning: `quantum-pulse` (manifest) generated 1 warning
[INFO] [stderr]    Compiling proc-macro2 v1.0.101
[INFO] [stderr]    Compiling quote v1.0.41
[INFO] [stderr]    Compiling unicode-ident v1.0.19
[INFO] [stderr]    Compiling syn v2.0.106
[INFO] [stderr]    Compiling quantum-pulse-macros v0.1.10
[INFO] [stderr]    Compiling quantum-pulse v0.1.13 (/opt/rustwide/workdir)
[INFO] [stderr]     Finished `release` profile [optimized] target(s) in 6.34s
[INFO] running `Command { std: "docker" "inspect" "cd64cc164c5b59aa7142e8dff121747139d5bf9a0130347182751d4a4e4064c8", kill_on_drop: false }`
[INFO] running `Command { std: "docker" "exec" "-e" "SOURCE_DIR=/opt/rustwide/workdir" "-e" "CARGO_HOME=/opt/rustwide/cargo-home" "-e" "RUSTUP_HOME=/opt/rustwide/rustup-home" "-e" "CARGO_TARGET_DIR=/opt/rustwide/target" "-e" "CARGO_INCREMENTAL=0" "-e" "RUST_BACKTRACE=full" "-e" "RUSTFLAGS=--cap-lints=warn" "-e" "RUSTDOCFLAGS=--cap-lints=warn" "-w" "/opt/rustwide/workdir" "--user" "0:0" "cd64cc164c5b59aa7142e8dff121747139d5bf9a0130347182751d4a4e4064c8" "/opt/rustwide/cargo-home/bin/cargo" "+1.100.0-beta.1" "test" "--frozen" "--no-run" "--message-format=json" "--release", kill_on_drop: false }`
[INFO] [stderr] warning: `package.homepage` is redundant with `package.repository`
[INFO] [stderr]   --> Cargo.toml:71:12
[INFO] [stderr]    |
[INFO] [stderr] 71 | homepage = "https://github.com/aovestdipaperino/quantum-pulse"
[INFO] [stderr]    |            ^^^^^^^^^^^^^^^^^^^^^^^^^^^^^^^^^^^^^^^^^^^^^^^^^^^
[INFO] [stderr] ...
[INFO] [stderr] 77 | repository = "https://github.com/aovestdipaperino/quantum-pulse"
[INFO] [stderr]    |              ---------------------------------------------------
[INFO] [stderr]    |
[INFO] [stderr]    = note: `cargo::redundant_homepage` is set to `warn` by default
[INFO] [stderr] help: consider removing `package.homepage`
[INFO] [stderr] warning: `quantum-pulse` (manifest) generated 1 warning
[INFO] [stderr]    Compiling libc v0.2.176
[INFO] [stderr]    Compiling cfg-if v1.0.3
[INFO] [stderr]    Compiling serde v1.0.228
[INFO] [stderr]    Compiling smallvec v1.15.1
[INFO] [stderr]    Compiling either v1.15.0
[INFO] [stderr]    Compiling regex-syntax v0.8.6
[INFO] [stderr]    Compiling serde_core v1.0.228
[INFO] [stderr]    Compiling serde_json v1.0.145
[INFO] [stderr]    Compiling anstyle v1.0.13
[INFO] [stderr]    Compiling clap_lex v0.7.5
[INFO] [stderr]    Compiling serde_derive v1.0.228
[INFO] [stderr]    Compiling tokio-macros v2.5.0
[INFO] [stderr]    Compiling rayon-core v1.13.0
[INFO] [stderr]    Compiling plotters v0.3.7
[INFO] [stderr]    Compiling half v2.6.0
[INFO] [stderr]    Compiling clap_builder v4.5.48
[INFO] [stderr]    Compiling itertools v0.10.5
[INFO] [stderr]    Compiling ciborium-ll v0.2.2
[INFO] [stderr]    Compiling rayon v1.11.0
[INFO] [stderr]    Compiling parking_lot_core v0.9.12
[INFO] [stderr]    Compiling mio v1.0.4
[INFO] [stderr]    Compiling signal-hook-registry v1.4.6
[INFO] [stderr]    Compiling socket2 v0.6.0
[INFO] [stderr]    Compiling is-terminal v0.4.16
[INFO] [stderr]    Compiling parking_lot v0.12.5
[INFO] [stderr]    Compiling criterion-plot v0.5.0
[INFO] [stderr]    Compiling tokio v1.47.1
[INFO] [stderr]    Compiling regex-automata v0.4.11
[INFO] [stderr]    Compiling clap v4.5.48
[INFO] [stderr]    Compiling ciborium v0.2.2
[INFO] [stderr]    Compiling tinytemplate v1.2.1
[INFO] [stderr]    Compiling regex v1.11.3
[INFO] [stderr]    Compiling criterion v0.5.1
[INFO] [stderr]    Compiling tokio-stream v0.1.17
[INFO] [stderr]    Compiling quantum-pulse v0.1.13 (/opt/rustwide/workdir)
[INFO] [stderr]     Finished `release` profile [optimized] target(s) in 53.77s
[INFO] running `Command { std: "docker" "inspect" "cd64cc164c5b59aa7142e8dff121747139d5bf9a0130347182751d4a4e4064c8", kill_on_drop: false }`
[INFO] running `Command { std: "docker" "exec" "-e" "SOURCE_DIR=/opt/rustwide/workdir" "-e" "CARGO_HOME=/opt/rustwide/cargo-home" "-e" "RUSTUP_HOME=/opt/rustwide/rustup-home" "-e" "CARGO_TARGET_DIR=/opt/rustwide/target" "-e" "CARGO_INCREMENTAL=0" "-e" "RUST_BACKTRACE=full" "-e" "RUSTFLAGS=--cap-lints=warn" "-e" "RUSTDOCFLAGS=--cap-lints=warn" "-w" "/opt/rustwide/workdir" "--user" "0:0" "cd64cc164c5b59aa7142e8dff121747139d5bf9a0130347182751d4a4e4064c8" "/opt/rustwide/cargo-home/bin/cargo" "+1.100.0-beta.1" "test" "--frozen" "--release", kill_on_drop: false }`
[INFO] [stderr] warning: `package.homepage` is redundant with `package.repository`
[INFO] [stderr]   --> Cargo.toml:71:12
[INFO] [stderr]    |
[INFO] [stderr] 71 | homepage = "https://github.com/aovestdipaperino/quantum-pulse"
[INFO] [stderr]    |            ^^^^^^^^^^^^^^^^^^^^^^^^^^^^^^^^^^^^^^^^^^^^^^^^^^^
[INFO] [stderr] ...
[INFO] [stderr] 77 | repository = "https://github.com/aovestdipaperino/quantum-pulse"
[INFO] [stderr]    |              ---------------------------------------------------
[INFO] [stderr]    |
[INFO] [stderr]    = note: `cargo::redundant_homepage` is set to `warn` by default
[INFO] [stderr] help: consider removing `package.homepage`
[INFO] [stderr] warning: `quantum-pulse` (manifest) generated 1 warning
[INFO] [stderr]     Finished `release` profile [optimized] target(s) in 0.12s
[INFO] [stderr]      Running unittests src/lib.rs (/opt/rustwide/target/release/build/quantum-pulse/3c6faa0f5e00a0e9/out/quantum_pulse-3c6faa0f5e00a0e9)
[INFO] [stdout] 
[INFO] [stdout] running 1 test
[INFO] [stdout] test tests::test_custom_category ... ok
[INFO] [stdout] 
[INFO] [stdout] test result: ok. 1 passed; 0 failed; 0 ignored; 0 measured; 0 filtered out; finished in 0.00s
[INFO] [stdout] 
[INFO] [stderr]      Running tests/macro_test.rs (/opt/rustwide/target/release/build/quantum-pulse/16e74a86131fe389/out/macro_test-16e74a86131fe389)
[INFO] [stdout] 
[INFO] [stdout] running 0 tests
[INFO] [stdout] 
[INFO] [stdout] test result: ok. 0 passed; 0 failed; 0 ignored; 0 measured; 0 filtered out; finished in 0.00s
[INFO] [stdout] 
[INFO] [stderr]      Running tests/pause_unpause_integration.rs (/opt/rustwide/target/release/build/quantum-pulse/b87b754fa429a623/out/pause_unpause_integration-b87b754fa429a623)
[INFO] [stdout] 
[INFO] [stdout] running 6 tests
[INFO] [stdout] test test_pause_state_isolation ... FAILED
[INFO] [stdout] test test_nested_pause_unpause ... FAILED
[INFO] [stdout] test test_clear_all_resets_pause_state ... FAILED
[INFO] [stdout] test test_pause_unpause_multiple_operations ... FAILED
[INFO] [stdout] test test_pause_unpause_in_loop ... FAILED
[INFO] [stdout] test test_pause_unpause_basic ... FAILED
[INFO] [stdout] 
[INFO] [stdout] failures:
[INFO] [stdout] 
[INFO] [stdout] ---- test_pause_state_isolation stdout ----
[INFO] [stdout] 
[INFO] [stdout] thread 'test_pause_state_isolation' (1300) panicked at tests/pause_unpause_integration.rs:344:14:
[INFO] [stdout] called `Option::unwrap()` on a `None` value
[INFO] [stdout] stack backtrace:
[INFO] [stdout]    0:     0x60791eef8f41 - <<std[617be2ca0a6fd877]::sys::backtrace::BacktraceLock>::print::DisplayBacktrace as core[a373ad73a504971]::fmt::Display>::fmt
[INFO] [stdout]    1:     0x60791ef0ce3a - core[a373ad73a504971]::fmt::write
[INFO] [stdout]    2:     0x60791eefd15c - <alloc[2e1b2a31b91974c5]::vec::Vec<u8> as core[a373ad73a504971]::io::write::Write>::write_fmt
[INFO] [stdout]    3:     0x60791eed52e6 - std[617be2ca0a6fd877]::panicking::default_hook::{closure#0}
[INFO] [stdout]    4:     0x60791eef1519 - std[617be2ca0a6fd877]::panicking::default_hook
[INFO] [stdout]    5:     0x60791ee8dbc0 - test[aada8e7e76ba119b]::test_main_inner::{closure#0}
[INFO] [stdout]    6:     0x60791eef16d2 - std[617be2ca0a6fd877]::panicking::panic_with_hook
[INFO] [stdout]    7:     0x60791eed53c4 - std[617be2ca0a6fd877]::panicking::panic_handler::{closure#0}
[INFO] [stdout]    8:     0x60791eece0a9 - std[617be2ca0a6fd877]::sys::backtrace::__rust_end_short_backtrace::<std[617be2ca0a6fd877]::panicking::panic_handler::{closure#0}, !>
[INFO] [stdout]    9:     0x60791eed5f9d - __rustc[ea4f61d10b84890b]::rust_begin_unwind
[INFO] [stdout]   10:     0x60791ef0d56c - core[a373ad73a504971]::panicking::panic_fmt
[INFO] [stdout]   11:     0x60791ef0d532 - core[a373ad73a504971]::panicking::panic
[INFO] [stdout]   12:     0x60791ef0d2e9 - core[a373ad73a504971]::option::unwrap_failed
[INFO] [stdout]   13:     0x60791ee80f73 - <pause_unpause_integration[1cc156e3162643]::test_pause_state_isolation::{closure#0} as core[a373ad73a504971]::ops::function::FnOnce<()>>::call_once
[INFO] [stdout]   14:     0x60791ee8100b - test[aada8e7e76ba119b]::__rust_begin_short_backtrace::<core[a373ad73a504971]::result::Result<(), alloc[2e1b2a31b91974c5]::string::String>, fn() -> core[a373ad73a504971]::result::Result<(), alloc[2e1b2a31b91974c5]::string::String>>
[INFO] [stdout]   15:     0x60791ee8e1e5 - test[aada8e7e76ba119b]::run_test::{closure#0}
[INFO] [stdout]   16:     0x60791ee87ad4 - std[617be2ca0a6fd877]::sys::backtrace::__rust_begin_short_backtrace::<test[aada8e7e76ba119b]::run_test::{closure#1}, ()>
[INFO] [stdout]   17:     0x60791ee91272 - <std[617be2ca0a6fd877]::thread::lifecycle::spawn_unchecked<test[aada8e7e76ba119b]::run_test::{closure#1}, ()>::{closure#1} as core[a373ad73a504971]::ops::function::FnOnce<()>>::call_once::{shim:vtable#0}
[INFO] [stdout]   18:     0x60791eef879f - <std[617be2ca0a6fd877]::sys::thread::unix::Thread>::new::thread_start
[INFO] [stdout]   19:     0x7726e8d4adfa - <unknown>
[INFO] [stdout]   20:     0x7726e8dde3d4 - clone
[INFO] [stdout]   21:                0x0 - <unknown>
[INFO] [stdout] 
[INFO] [stdout] ---- test_nested_pause_unpause stdout ----
[INFO] [stdout] 
[INFO] [stdout] thread 'test_nested_pause_unpause' (1299) panicked at tests/pause_unpause_integration.rs:248:14:
[INFO] [stdout] called `Option::unwrap()` on a `None` value
[INFO] [stdout] stack backtrace:
[INFO] [stdout]    0:     0x60791eef8f41 - <<std[617be2ca0a6fd877]::sys::backtrace::BacktraceLock>::print::DisplayBacktrace as core[a373ad73a504971]::fmt::Display>::fmt
[INFO] [stdout]    1:     0x60791ef0ce3a - core[a373ad73a504971]::fmt::write
[INFO] [stdout]    2:     0x60791eefd15c - <alloc[2e1b2a31b91974c5]::vec::Vec<u8> as core[a373ad73a504971]::io::write::Write>::write_fmt
[INFO] [stdout]    3:     0x60791eed52e6 - std[617be2ca0a6fd877]::panicking::default_hook::{closure#0}
[INFO] [stdout]    4:     0x60791eef1519 - std[617be2ca0a6fd877]::panicking::default_hook
[INFO] [stdout]    5:     0x60791ee8dbc0 - test[aada8e7e76ba119b]::test_main_inner::{closure#0}
[INFO] [stdout]    6:     0x60791eef16d2 - std[617be2ca0a6fd877]::panicking::panic_with_hook
[INFO] [stdout]    7:     0x60791eed53c4 - std[617be2ca0a6fd877]::panicking::panic_handler::{closure#0}
[INFO] [stdout]    8:     0x60791eece0a9 - std[617be2ca0a6fd877]::sys::backtrace::__rust_end_short_backtrace::<std[617be2ca0a6fd877]::panicking::panic_handler::{closure#0}, !>
[INFO] [stdout]    9:     0x60791eed5f9d - __rustc[ea4f61d10b84890b]::rust_begin_unwind
[INFO] [stdout]   10:     0x60791ef0d56c - core[a373ad73a504971]::panicking::panic_fmt
[INFO] [stdout]   11:     0x60791ef0d532 - core[a373ad73a504971]::panicking::panic
[INFO] [stdout]   12:     0x60791ef0d2e9 - core[a373ad73a504971]::option::unwrap_failed
[INFO] [stdout]   13:     0x60791ee80e8b - pause_unpause_integration[1cc156e3162643]::test_nested_pause_unpause
[INFO] [stdout]   14:     0x60791ee80f5e - <pause_unpause_integration[1cc156e3162643]::test_nested_pause_unpause::{closure#0} as core[a373ad73a504971]::ops::function::FnOnce<()>>::call_once
[INFO] [stdout]   15:     0x60791ee8100b - test[aada8e7e76ba119b]::__rust_begin_short_backtrace::<core[a373ad73a504971]::result::Result<(), alloc[2e1b2a31b91974c5]::string::String>, fn() -> core[a373ad73a504971]::result::Result<(), alloc[2e1b2a31b91974c5]::string::String>>
[INFO] [stdout]   16:     0x60791ee8e1e5 - test[aada8e7e76ba119b]::run_test::{closure#0}
[INFO] [stdout]   17:     0x60791ee87ad4 - std[617be2ca0a6fd877]::sys::backtrace::__rust_begin_short_backtrace::<test[aada8e7e76ba119b]::run_test::{closure#1}, ()>
[INFO] [stdout]   18:     0x60791ee91272 - <std[617be2ca0a6fd877]::thread::lifecycle::spawn_unchecked<test[aada8e7e76ba119b]::run_test::{closure#1}, ()>::{closure#1} as core[a373ad73a504971]::ops::function::FnOnce<()>>::call_once::{shim:vtable#0}
[INFO] [stdout]   19:     0x60791eef879f - <std[617be2ca0a6fd877]::sys::thread::unix::Thread>::new::thread_start
[INFO] [stdout]   20:     0x7726e8d4adfa - <unknown>
[INFO] [stdout]   21:     0x7726e8dde3d4 - clone
[INFO] [stdout]   22:                0x0 - <unknown>
[INFO] [stdout] 
[INFO] [stdout] ---- test_clear_all_resets_pause_state stdout ----
[INFO] [stdout] 
[INFO] [stdout] thread 'test_clear_all_resets_pause_state' (1298) panicked at tests/pause_unpause_integration.rs:299:5:
[INFO] [stdout] assertion failed: ProfileCollector::is_paused()
[INFO] [stdout] stack backtrace:
[INFO] [stdout]    0:     0x60791eef8f41 - <<std[617be2ca0a6fd877]::sys::backtrace::BacktraceLock>::print::DisplayBacktrace as core[a373ad73a504971]::fmt::Display>::fmt
[INFO] [stdout]    1:     0x60791ef0ce3a - core[a373ad73a504971]::fmt::write
[INFO] [stdout]    2:     0x60791eefd15c - <alloc[2e1b2a31b91974c5]::vec::Vec<u8> as core[a373ad73a504971]::io::write::Write>::write_fmt
[INFO] [stdout]    3:     0x60791eed52e6 - std[617be2ca0a6fd877]::panicking::default_hook::{closure#0}
[INFO] [stdout]    4:     0x60791eef1519 - std[617be2ca0a6fd877]::panicking::default_hook
[INFO] [stdout]    5:     0x60791ee8dbc0 - test[aada8e7e76ba119b]::test_main_inner::{closure#0}
[INFO] [stdout]    6:     0x60791eef16d2 - std[617be2ca0a6fd877]::panicking::panic_with_hook
[INFO] [stdout]    7:     0x60791eed53c4 - std[617be2ca0a6fd877]::panicking::panic_handler::{closure#0}
[INFO] [stdout]    8:     0x60791eece0a9 - std[617be2ca0a6fd877]::sys::backtrace::__rust_end_short_backtrace::<std[617be2ca0a6fd877]::panicking::panic_handler::{closure#0}, !>
[INFO] [stdout]    9:     0x60791eed5f9d - __rustc[ea4f61d10b84890b]::rust_begin_unwind
[INFO] [stdout]   10:     0x60791ef0d56c - core[a373ad73a504971]::panicking::panic_fmt
[INFO] [stdout]   11:     0x60791ef0d532 - core[a373ad73a504971]::panicking::panic
[INFO] [stdout]   12:     0x60791ee80f9a - <pause_unpause_integration[1cc156e3162643]::test_clear_all_resets_pause_state::{closure#0} as core[a373ad73a504971]::ops::function::FnOnce<()>>::call_once
[INFO] [stdout]   13:     0x60791ee8100b - test[aada8e7e76ba119b]::__rust_begin_short_backtrace::<core[a373ad73a504971]::result::Result<(), alloc[2e1b2a31b91974c5]::string::String>, fn() -> core[a373ad73a504971]::result::Result<(), alloc[2e1b2a31b91974c5]::string::String>>
[INFO] [stdout]   14:     0x60791ee8e1e5 - test[aada8e7e76ba119b]::run_test::{closure#0}
[INFO] [stdout]   15:     0x60791ee87ad4 - std[617be2ca0a6fd877]::sys::backtrace::__rust_begin_short_backtrace::<test[aada8e7e76ba119b]::run_test::{closure#1}, ()>
[INFO] [stdout]   16:     0x60791ee91272 - <std[617be2ca0a6fd877]::thread::lifecycle::spawn_unchecked<test[aada8e7e76ba119b]::run_test::{closure#1}, ()>::{closure#1} as core[a373ad73a504971]::ops::function::FnOnce<()>>::call_once::{shim:vtable#0}
[INFO] [stdout]   17:     0x60791eef879f - <std[617be2ca0a6fd877]::sys::thread::unix::Thread>::new::thread_start
[INFO] [stdout]   18:     0x7726e8d4adfa - <unknown>
[INFO] [stdout]   19:     0x7726e8dde3d4 - clone
[INFO] [stdout]   20:                0x0 - <unknown>
[INFO] [stdout] 
[INFO] [stdout] ---- test_pause_unpause_multiple_operations stdout ----
[INFO] [stdout] 
[INFO] [stdout] thread 'test_pause_unpause_multiple_operations' (1303) panicked at tests/pause_unpause_integration.rs:122:14:
[INFO] [stdout] called `Option::unwrap()` on a `None` value
[INFO] [stdout] stack backtrace:
[INFO] [stdout]    0:     0x60791eef8f41 - <<std[617be2ca0a6fd877]::sys::backtrace::BacktraceLock>::print::DisplayBacktrace as core[a373ad73a504971]::fmt::Display>::fmt
[INFO] [stdout]    1:     0x60791ef0ce3a - core[a373ad73a504971]::fmt::write
[INFO] [stdout]    2:     0x60791eefd15c - <alloc[2e1b2a31b91974c5]::vec::Vec<u8> as core[a373ad73a504971]::io::write::Write>::write_fmt
[INFO] [stdout]    3:     0x60791eed52e6 - std[617be2ca0a6fd877]::panicking::default_hook::{closure#0}
[INFO] [stdout]    4:     0x60791eef1519 - std[617be2ca0a6fd877]::panicking::default_hook
[INFO] [stdout]    5:     0x60791ee8dbc0 - test[aada8e7e76ba119b]::test_main_inner::{closure#0}
[INFO] [stdout]    6:     0x60791eef16d2 - std[617be2ca0a6fd877]::panicking::panic_with_hook
[INFO] [stdout]    7:     0x60791eed53c4 - std[617be2ca0a6fd877]::panicking::panic_handler::{closure#0}
[INFO] [stdout]    8:     0x60791eece0a9 - std[617be2ca0a6fd877]::sys::backtrace::__rust_end_short_backtrace::<std[617be2ca0a6fd877]::panicking::panic_handler::{closure#0}, !>
[INFO] [stdout]    9:     0x60791eed5f9d - __rustc[ea4f61d10b84890b]::rust_begin_unwind
[INFO] [stdout]   10:     0x60791ef0d56c - core[a373ad73a504971]::panicking::panic_fmt
[INFO] [stdout]   11:     0x60791ef0d532 - core[a373ad73a504971]::panicking::panic
[INFO] [stdout]   12:     0x60791ef0d2e9 - core[a373ad73a504971]::option::unwrap_failed
[INFO] [stdout]   13:     0x60791ee80f40 - pause_unpause_integration[1cc156e3162643]::test_pause_unpause_multiple_operations
[INFO] [stdout]   14:     0x60791ee80fa6 - <pause_unpause_integration[1cc156e3162643]::test_pause_unpause_multiple_operations::{closure#0} as core[a373ad73a504971]::ops::function::FnOnce<()>>::call_once
[INFO] [stdout]   15:     0x60791ee8100b - test[aada8e7e76ba119b]::__rust_begin_short_backtrace::<core[a373ad73a504971]::result::Result<(), alloc[2e1b2a31b91974c5]::string::String>, fn() -> core[a373ad73a504971]::result::Result<(), alloc[2e1b2a31b91974c5]::string::String>>
[INFO] [stdout]   16:     0x60791ee8e1e5 - test[aada8e7e76ba119b]::run_test::{closure#0}
[INFO] [stdout]   17:     0x60791ee87ad4 - std[617be2ca0a6fd877]::sys::backtrace::__rust_begin_short_backtrace::<test[aada8e7e76ba119b]::run_test::{closure#1}, ()>
[INFO] [stdout]   18:     0x60791ee91272 - <std[617be2ca0a6fd877]::thread::lifecycle::spawn_unchecked<test[aada8e7e76ba119b]::run_test::{closure#1}, ()>::{closure#1} as core[a373ad73a504971]::ops::function::FnOnce<()>>::call_once::{shim:vtable#0}
[INFO] [stdout]   19:     0x60791eef879f - <std[617be2ca0a6fd877]::sys::thread::unix::Thread>::new::thread_start
[INFO] [stdout]   20:     0x7726e8d4adfa - <unknown>
[INFO] [stdout]   21:     0x7726e8dde3d4 - clone
[INFO] [stdout]   22:                0x0 - <unknown>
[INFO] [stdout] 
[INFO] [stdout] ---- test_pause_unpause_in_loop stdout ----
[INFO] [stdout] 
[INFO] [stdout] thread 'test_pause_unpause_in_loop' (1302) panicked at tests/pause_unpause_integration.rs:230:5:
[INFO] [stdout] assertion failed: stats.is_some()
[INFO] [stdout] stack backtrace:
[INFO] [stdout]    0:     0x60791eef8f41 - <<std[617be2ca0a6fd877]::sys::backtrace::BacktraceLock>::print::DisplayBacktrace as core[a373ad73a504971]::fmt::Display>::fmt
[INFO] [stdout]    1:     0x60791ef0ce3a - core[a373ad73a504971]::fmt::write
[INFO] [stdout]    2:     0x60791eefd15c - <alloc[2e1b2a31b91974c5]::vec::Vec<u8> as core[a373ad73a504971]::io::write::Write>::write_fmt
[INFO] [stdout]    3:     0x60791eed52e6 - std[617be2ca0a6fd877]::panicking::default_hook::{closure#0}
[INFO] [stdout]    4:     0x60791eef1519 - std[617be2ca0a6fd877]::panicking::default_hook
[INFO] [stdout]    5:     0x60791ee8dbc0 - test[aada8e7e76ba119b]::test_main_inner::{closure#0}
[INFO] [stdout]    6:     0x60791eef16d2 - std[617be2ca0a6fd877]::panicking::panic_with_hook
[INFO] [stdout]    7:     0x60791eed53c4 - std[617be2ca0a6fd877]::panicking::panic_handler::{closure#0}
[INFO] [stdout]    8:     0x60791eece0a9 - std[617be2ca0a6fd877]::sys::backtrace::__rust_end_short_backtrace::<std[617be2ca0a6fd877]::panicking::panic_handler::{closure#0}, !>
[INFO] [stdout]    9:     0x60791eed5f9d - __rustc[ea4f61d10b84890b]::rust_begin_unwind
[INFO] [stdout]   10:     0x60791ef0d56c - core[a373ad73a504971]::panicking::panic_fmt
[INFO] [stdout]   11:     0x60791ef0d532 - core[a373ad73a504971]::panicking::panic
[INFO] [stdout]   12:     0x60791ee80f0b - pause_unpause_integration[1cc156e3162643]::test_pause_unpause_in_loop
[INFO] [stdout]   13:     0x60791ee80f7e - <pause_unpause_integration[1cc156e3162643]::test_pause_unpause_in_loop::{closure#0} as core[a373ad73a504971]::ops::function::FnOnce<()>>::call_once
[INFO] [stdout]   14:     0x60791ee8100b - test[aada8e7e76ba119b]::__rust_begin_short_backtrace::<core[a373ad73a504971]::result::Result<(), alloc[2e1b2a31b91974c5]::string::String>, fn() -> core[a373ad73a504971]::result::Result<(), alloc[2e1b2a31b91974c5]::string::String>>
[INFO] [stdout]   15:     0x60791ee8e1e5 - test[aada8e7e76ba119b]::run_test::{closure#0}
[INFO] [stdout]   16:     0x60791ee87ad4 - std[617be2ca0a6fd877]::sys::backtrace::__rust_begin_short_backtrace::<test[aada8e7e76ba119b]::run_test::{closure#1}, ()>
[INFO] [stdout]   17:     0x60791ee91272 - <std[617be2ca0a6fd877]::thread::lifecycle::spawn_unchecked<test[aada8e7e76ba119b]::run_test::{closure#1}, ()>::{closure#1} as core[a373ad73a504971]::ops::function::FnOnce<()>>::call_once::{shim:vtable#0}
[INFO] [stdout]   18:     0x60791eef879f - <std[617be2ca0a6fd877]::sys::thread::unix::Thread>::new::thread_start
[INFO] [stdout]   19:     0x7726e8d4adfa - <unknown>
[INFO] [stdout]   20:     0x7726e8dde3d4 - clone
[INFO] [stdout]   21:                0x0 - <unknown>
[INFO] [stdout] 
[INFO] [stdout] ---- test_pause_unpause_basic stdout ----
[INFO] [stdout] 
[INFO] [stdout] thread 'test_pause_unpause_basic' (1301) panicked at tests/pause_unpause_integration.rs:70:5:
[INFO] [stdout] assertion failed: stats_before.is_some()
[INFO] [stdout] stack backtrace:
[INFO] [stdout]    0:     0x60791eef8f41 - <<std[617be2ca0a6fd877]::sys::backtrace::BacktraceLock>::print::DisplayBacktrace as core[a373ad73a504971]::fmt::Display>::fmt
[INFO] [stdout]    1:     0x60791ef0ce3a - core[a373ad73a504971]::fmt::write
[INFO] [stdout]    2:     0x60791eefd15c - <alloc[2e1b2a31b91974c5]::vec::Vec<u8> as core[a373ad73a504971]::io::write::Write>::write_fmt
[INFO] [stdout]    3:     0x60791eed52e6 - std[617be2ca0a6fd877]::panicking::default_hook::{closure#0}
[INFO] [stdout]    4:     0x60791eef1519 - std[617be2ca0a6fd877]::panicking::default_hook
[INFO] [stdout]    5:     0x60791ee8dbc0 - test[aada8e7e76ba119b]::test_main_inner::{closure#0}
[INFO] [stdout]    6:     0x60791eef16d2 - std[617be2ca0a6fd877]::panicking::panic_with_hook
[INFO] [stdout]    7:     0x60791eed53c4 - std[617be2ca0a6fd877]::panicking::panic_handler::{closure#0}
[INFO] [stdout]    8:     0x60791eece0a9 - std[617be2ca0a6fd877]::sys::backtrace::__rust_end_short_backtrace::<std[617be2ca0a6fd877]::panicking::panic_handler::{closure#0}, !>
[INFO] [stdout]    9:     0x60791eed5f9d - __rustc[ea4f61d10b84890b]::rust_begin_unwind
[INFO] [stdout]   10:     0x60791ef0d56c - core[a373ad73a504971]::panicking::panic_fmt
[INFO] [stdout]   11:     0x60791ef0d532 - core[a373ad73a504971]::panicking::panic
[INFO] [stdout]   12:     0x60791ee80e67 - pause_unpause_integration[1cc156e3162643]::test_pause_unpause_basic
[INFO] [stdout]   13:     0x60791ee80f56 - <pause_unpause_integration[1cc156e3162643]::test_pause_unpause_basic::{closure#0} as core[a373ad73a504971]::ops::function::FnOnce<()>>::call_once
[INFO] [stdout]   14:     0x60791ee8100b - test[aada8e7e76ba119b]::__rust_begin_short_backtrace::<core[a373ad73a504971]::result::Result<(), alloc[2e1b2a31b91974c5]::string::String>, fn() -> core[a373ad73a504971]::result::Result<(), alloc[2e1b2a31b91974c5]::string::String>>
[INFO] [stdout]   15:     0x60791ee8e1e5 - test[aada8e7e76ba119b]::run_test::{closure#0}
[INFO] [stdout]   16:     0x60791ee87ad4 - std[617be2ca0a6fd877]::sys::backtrace::__rust_begin_short_backtrace::<test[aada8e7e76ba119b]::run_test::{closure#1}, ()>
[INFO] [stdout]   17:     0x60791ee91272 - <std[617be2ca0a6fd877]::thread::lifecycle::spawn_unchecked<test[aada8e7e76ba119b]::run_test::{closure#1}, ()>::{closure#1} as core[a373ad73a504971]::ops::function::FnOnce<()>>::call_once::{shim:vtable#0}
[INFO] [stdout]   18:     0x60791eef879f - <std[617be2ca0a6fd877]::sys::thread::unix::Thread>::new::thread_start
[INFO] [stdout]   19:     0x7726e8d4adfa - <unknown>
[INFO] [stdout]   20:     0x7726e8dde3d4 - clone
[INFO] [stdout]   21:                0x0 - <unknown>
[INFO] [stdout] 
[INFO] [stdout] 
[INFO] [stdout] failures:
[INFO] [stdout]     test_clear_all_resets_pause_state
[INFO] [stdout]     test_nested_pause_unpause
[INFO] [stdout]     test_pause_state_isolation
[INFO] [stdout]     test_pause_unpause_basic
[INFO] [stdout]     test_pause_unpause_in_loop
[INFO] [stdout]     test_pause_unpause_multiple_operations
[INFO] [stdout] 
[INFO] [stdout] test result: FAILED. 0 passed; 6 failed; 0 ignored; 0 measured; 0 filtered out; finished in 0.07s
[INFO] [stdout] 
[INFO] [stderr] error: test failed, to rerun pass `--test pause_unpause_integration`
[INFO] running `Command { std: "docker" "inspect" "cd64cc164c5b59aa7142e8dff121747139d5bf9a0130347182751d4a4e4064c8", kill_on_drop: false }`
[INFO] running `Command { std: "docker" "rm" "-f" "cd64cc164c5b59aa7142e8dff121747139d5bf9a0130347182751d4a4e4064c8", kill_on_drop: false }`
[INFO] [stdout] cd64cc164c5b59aa7142e8dff121747139d5bf9a0130347182751d4a4e4064c8
