[INFO] fetching crate quanttide-work 0.1.0-beta.6...
[INFO] testing quanttide-work-0.1.0-beta.6 against 1.99.0-beta.8+cargoflags=--release for beta-release-1.100-2
[INFO] extracting crate quanttide-work 0.1.0-beta.6 into /workspace/builds/worker-1-tc1/source
[INFO] started tweaking crates.io crate quanttide-work 0.1.0-beta.6
[INFO] removed 0 missing tests
[INFO] finished tweaking crates.io crate quanttide-work 0.1.0-beta.6
[INFO] tweaked toml for crates.io crate quanttide-work 0.1.0-beta.6 written to /workspace/builds/worker-1-tc1/source/Cargo.toml
[INFO] validating manifest of crates.io crate quanttide-work 0.1.0-beta.6 on toolchain 1.99.0-beta.8
[INFO] running `Command { std: CARGO_HOME="/workspace/cargo-home" RUSTUP_HOME="/workspace/rustup-home" "/workspace/cargo-home/bin/cargo" "+1.99.0-beta.8" "metadata" "--manifest-path" "Cargo.toml" "--no-deps", kill_on_drop: false }`
[INFO] crate crates.io crate quanttide-work 0.1.0-beta.6 already has a lockfile, it will not be regenerated
[INFO] running `Command { std: CARGO_HOME="/workspace/cargo-home" RUSTUP_HOME="/workspace/rustup-home" "/workspace/cargo-home/bin/cargo" "+1.99.0-beta.8" "fetch" "--manifest-path" "Cargo.toml", kill_on_drop: false }`
[INFO] [stderr]     Blocking waiting for file lock on package cache
[INFO] running `Command { std: "docker" "create" "-v" "/var/lib/crater-agent-workspace/builds/worker-1-tc1/source:/opt/rustwide/workdir:ro,Z" "-v" "/var/lib/crater-agent-workspace/builds/worker-1-tc1/target:/opt/rustwide/target:rw,Z" "-v" "/var/lib/crater-agent-workspace/cargo-home:/opt/rustwide/cargo-home:ro,Z" "-v" "/var/lib/crater-agent-workspace/rustup-home:/opt/rustwide/rustup-home:ro,Z" "-m" "1610612736" "--network" "none" "ghcr.io/rust-lang/crates-build-env/linux@sha256:77db811e55d90add9212f6832c23229e3de5f1c1f9905e8cb07319ea15df73ac" "sleep" "infinity", kill_on_drop: false }`
[INFO] [stdout] e2eb340ad76989cc572687abbf96c52dcc7ddcbc2ab09261a8ff4f93258e08e4
[INFO] running `Command { std: "docker" "start" "e2eb340ad76989cc572687abbf96c52dcc7ddcbc2ab09261a8ff4f93258e08e4", kill_on_drop: false }`
[INFO] running `Command { std: "docker" "inspect" "e2eb340ad76989cc572687abbf96c52dcc7ddcbc2ab09261a8ff4f93258e08e4", kill_on_drop: false }`
[INFO] running `Command { std: "docker" "exec" "-e" "SOURCE_DIR=/opt/rustwide/workdir" "-e" "CARGO_HOME=/opt/rustwide/cargo-home" "-e" "RUSTUP_HOME=/opt/rustwide/rustup-home" "-e" "CARGO_TARGET_DIR=/opt/rustwide/target" "-w" "/opt/rustwide/workdir" "--user" "0:0" "e2eb340ad76989cc572687abbf96c52dcc7ddcbc2ab09261a8ff4f93258e08e4" "/opt/rustwide/cargo-home/bin/cargo" "+1.99.0-beta.8" "metadata" "--no-deps" "--format-version=1", kill_on_drop: false }`
[INFO] running `Command { std: "docker" "inspect" "e2eb340ad76989cc572687abbf96c52dcc7ddcbc2ab09261a8ff4f93258e08e4", kill_on_drop: false }`
[INFO] running `Command { std: "docker" "exec" "-e" "SOURCE_DIR=/opt/rustwide/workdir" "-e" "CARGO_HOME=/opt/rustwide/cargo-home" "-e" "RUSTUP_HOME=/opt/rustwide/rustup-home" "-e" "CARGO_TARGET_DIR=/opt/rustwide/target" "-e" "CARGO_INCREMENTAL=0" "-e" "RUST_BACKTRACE=full" "-e" "RUSTFLAGS=--cap-lints=warn" "-e" "RUSTDOCFLAGS=--cap-lints=warn" "-w" "/opt/rustwide/workdir" "--user" "0:0" "e2eb340ad76989cc572687abbf96c52dcc7ddcbc2ab09261a8ff4f93258e08e4" "/opt/rustwide/cargo-home/bin/cargo" "+1.99.0-beta.8" "build" "--frozen" "--message-format=json" "--release", kill_on_drop: false }`
[INFO] [stderr]    Compiling serde v1.0.229
[INFO] [stderr]    Compiling indexmap v2.14.2
[INFO] [stderr]    Compiling serde_json v1.0.151
[INFO] [stderr]    Compiling serde_yaml v0.9.34+deprecated
[INFO] [stderr]    Compiling quanttide-work v0.1.0-beta.6 (/opt/rustwide/workdir)
[INFO] [stderr]     Finished `release` profile [optimized] target(s) in 12.94s
[INFO] running `Command { std: "docker" "inspect" "e2eb340ad76989cc572687abbf96c52dcc7ddcbc2ab09261a8ff4f93258e08e4", kill_on_drop: false }`
[INFO] running `Command { std: "docker" "exec" "-e" "SOURCE_DIR=/opt/rustwide/workdir" "-e" "CARGO_HOME=/opt/rustwide/cargo-home" "-e" "RUSTUP_HOME=/opt/rustwide/rustup-home" "-e" "CARGO_TARGET_DIR=/opt/rustwide/target" "-e" "CARGO_INCREMENTAL=0" "-e" "RUST_BACKTRACE=full" "-e" "RUSTFLAGS=--cap-lints=warn" "-e" "RUSTDOCFLAGS=--cap-lints=warn" "-w" "/opt/rustwide/workdir" "--user" "0:0" "e2eb340ad76989cc572687abbf96c52dcc7ddcbc2ab09261a8ff4f93258e08e4" "/opt/rustwide/cargo-home/bin/cargo" "+1.99.0-beta.8" "test" "--frozen" "--no-run" "--message-format=json" "--release", kill_on_drop: false }`
[INFO] [stderr]    Compiling quanttide-work v0.1.0-beta.6 (/opt/rustwide/workdir)
[INFO] [stderr]     Finished `release` profile [optimized] target(s) in 19.25s
[INFO] running `Command { std: "docker" "inspect" "e2eb340ad76989cc572687abbf96c52dcc7ddcbc2ab09261a8ff4f93258e08e4", kill_on_drop: false }`
[INFO] running `Command { std: "docker" "exec" "-e" "SOURCE_DIR=/opt/rustwide/workdir" "-e" "CARGO_HOME=/opt/rustwide/cargo-home" "-e" "RUSTUP_HOME=/opt/rustwide/rustup-home" "-e" "CARGO_TARGET_DIR=/opt/rustwide/target" "-e" "CARGO_INCREMENTAL=0" "-e" "RUST_BACKTRACE=full" "-e" "RUSTFLAGS=--cap-lints=warn" "-e" "RUSTDOCFLAGS=--cap-lints=warn" "-w" "/opt/rustwide/workdir" "--user" "0:0" "e2eb340ad76989cc572687abbf96c52dcc7ddcbc2ab09261a8ff4f93258e08e4" "/opt/rustwide/cargo-home/bin/cargo" "+1.99.0-beta.8" "test" "--frozen" "--release", kill_on_drop: false }`
[INFO] [stderr]     Finished `release` profile [optimized] target(s) in 0.07s
[INFO] [stderr]      Running unittests src/lib.rs (/opt/rustwide/target/release/deps/quanttide_work-1f25d07fecf88c43)
[INFO] [stdout] 
[INFO] [stdout] running 3 tests
[INFO] [stdout] test fields::tests::unknown_fields_names_the_odd_ones ... ok
[INFO] [stdout] test error::tests::message_prefixes_the_file_and_keeps_the_position ... ok
[INFO] [stdout] test fields::tests::text_of_trims_and_ignores_non_strings ... ok
[INFO] [stdout] 
[INFO] [stdout] test result: ok. 3 passed; 0 failed; 0 ignored; 0 measured; 0 filtered out; finished in 0.01s
[INFO] [stdout] 
[INFO] [stderr]      Running tests/artifact_tests.rs (/opt/rustwide/target/release/deps/artifact_tests-7d3229e6c62651a9)
[INFO] [stdout] 
[INFO] [stdout] running 3 tests
[INFO] [stdout] test named_carries_the_name_and_has_no_spec_yet ... ok
[INFO] [stdout] test of_carries_the_spec ... ok
[INFO] [stdout] test two_artifacts_are_the_same_when_the_name_and_the_spec_are ... ok
[INFO] [stdout] 
[INFO] [stdout] test result: ok. 3 passed; 0 failed; 0 ignored; 0 measured; 0 filtered out; finished in 0.01s
[INFO] [stdout] 
[INFO] [stderr]      Running tests/contract.rs (/opt/rustwide/target/release/deps/contract-5f9db38c46779de9)
[INFO] [stdout] 
[INFO] [stdout] running 1 test
[INFO] [stdout] test contract ... FAILED
[INFO] [stdout] 
[INFO] [stdout] failures:
[INFO] [stdout] 
[INFO] [stdout] ---- contract stdout ----
[INFO] [stdout] 
[INFO] [stdout] thread 'contract' (496) panicked at tests/contract.rs:20:10:
[INFO] [stdout] 找不到 contract 目录: Os { code: 2, kind: NotFound, message: "No such file or directory" }
[INFO] [stdout] stack backtrace:
[INFO] [stdout]    0:     0x59ee490225f1 - <<std[70759c8f55707aa4]::sys::backtrace::BacktraceLock>::print::DisplayBacktrace as core[df12db4294e9bfd3]::fmt::Display>::fmt
[INFO] [stdout]    1:     0x59ee490375aa - core[df12db4294e9bfd3]::fmt::write
[INFO] [stdout]    2:     0x59ee49026d5c - <alloc[2182bb758b4b3781]::vec::Vec<u8> as core[df12db4294e9bfd3]::io::write::Write>::write_fmt
[INFO] [stdout]    3:     0x59ee48ffe2e6 - std[70759c8f55707aa4]::panicking::default_hook::{closure#0}
[INFO] [stdout]    4:     0x59ee4901a7d9 - std[70759c8f55707aa4]::panicking::default_hook
[INFO] [stdout]    5:     0x59ee48f9dad0 - test[9d35eded1c95d3be]::test_main_inner::<test[9d35eded1c95d3be]::test_main_static::{closure#0}>::{closure#0}
[INFO] [stdout]    6:     0x59ee4901a992 - std[70759c8f55707aa4]::panicking::panic_with_hook
[INFO] [stdout]    7:     0x59ee48ffe392 - std[70759c8f55707aa4]::panicking::panic_handler::{closure#0}
[INFO] [stdout]    8:     0x59ee48ff6ee9 - std[70759c8f55707aa4]::sys::backtrace::__rust_end_short_backtrace::<std[70759c8f55707aa4]::panicking::panic_handler::{closure#0}, !>
[INFO] [stdout]    9:     0x59ee48ffef8d - __rustc[8fa7c3cbc660c2b3]::rust_begin_unwind
[INFO] [stdout]   10:     0x59ee49037cdc - core[df12db4294e9bfd3]::panicking::panic_fmt
[INFO] [stdout]   11:     0x59ee49037ab2 - core[df12db4294e9bfd3]::result::unwrap_failed
[INFO] [stdout]   12:     0x59ee48f8260d - contract[68fe43e6b2c163e3]::contract
[INFO] [stdout]   13:     0x59ee48f838c9 - <contract[68fe43e6b2c163e3]::contract::{closure#0} as core[df12db4294e9bfd3]::ops::function::FnOnce<()>>::call_once
[INFO] [stdout]   14:     0x59ee48f90dbb - test[9d35eded1c95d3be]::__rust_begin_short_backtrace::<core[df12db4294e9bfd3]::result::Result<(), alloc[2182bb758b4b3781]::string::String>, fn() -> core[df12db4294e9bfd3]::result::Result<(), alloc[2182bb758b4b3781]::string::String>>
[INFO] [stdout]   15:     0x59ee48f9e425 - test[9d35eded1c95d3be]::run_test::{closure#0}
[INFO] [stdout]   16:     0x59ee48f97ce4 - std[70759c8f55707aa4]::sys::backtrace::__rust_begin_short_backtrace::<test[9d35eded1c95d3be]::run_test::{closure#1}, ()>
[INFO] [stdout]   17:     0x59ee48fa1582 - <std[70759c8f55707aa4]::thread::lifecycle::spawn_unchecked<test[9d35eded1c95d3be]::run_test::{closure#1}, ()>::{closure#1} as core[df12db4294e9bfd3]::ops::function::FnOnce<()>>::call_once::{shim:vtable#0}
[INFO] [stdout]   18:     0x59ee49021b59 - <std[70759c8f55707aa4]::sys::thread::unix::Thread>::new::thread_start
[INFO] [stdout]   19:     0x71d741d6cdfa - <unknown>
[INFO] [stdout]   20:     0x71d741e003d4 - clone
[INFO] [stdout]   21:                0x0 - <unknown>
[INFO] [stdout] 
[INFO] [stdout] 
[INFO] [stdout] failures:
[INFO] [stdout]     contract
[INFO] [stdout] 
[INFO] [stdout] test result: FAILED. 0 passed; 1 failed; 0 ignored; 0 measured; 0 filtered out; finished in 0.00s
[INFO] [stdout] 
[INFO] [stderr] error: test failed, to rerun pass `--test contract`
[INFO] running `Command { std: "docker" "inspect" "e2eb340ad76989cc572687abbf96c52dcc7ddcbc2ab09261a8ff4f93258e08e4", kill_on_drop: false }`
[INFO] running `Command { std: "docker" "rm" "-f" "e2eb340ad76989cc572687abbf96c52dcc7ddcbc2ab09261a8ff4f93258e08e4", kill_on_drop: false }`
[INFO] [stdout] e2eb340ad76989cc572687abbf96c52dcc7ddcbc2ab09261a8ff4f93258e08e4
