[INFO] fetching crate quanttide-audit 0.1.0-alpha.1...
[INFO] testing quanttide-audit-0.1.0-alpha.1 against 1.100.0-beta.1+cargoflags=--release for beta-release-1.100-2
[INFO] extracting crate quanttide-audit 0.1.0-alpha.1 into /workspace/builds/worker-1-tc2/source
[INFO] started tweaking crates.io crate quanttide-audit 0.1.0-alpha.1
[INFO] removed 0 missing tests
[INFO] finished tweaking crates.io crate quanttide-audit 0.1.0-alpha.1
[INFO] tweaked toml for crates.io crate quanttide-audit 0.1.0-alpha.1 written to /workspace/builds/worker-1-tc2/source/Cargo.toml
[INFO] validating manifest of crates.io crate quanttide-audit 0.1.0-alpha.1 on toolchain 1.100.0-beta.1
[INFO] running `Command { std: CARGO_HOME="/workspace/cargo-home" RUSTUP_HOME="/workspace/rustup-home" "/workspace/cargo-home/bin/cargo" "+1.100.0-beta.1" "metadata" "--manifest-path" "Cargo.toml" "--no-deps", kill_on_drop: false }`
[INFO] crate crates.io crate quanttide-audit 0.1.0-alpha.1 already has a lockfile, it will not be regenerated
[INFO] running `Command { std: CARGO_HOME="/workspace/cargo-home" RUSTUP_HOME="/workspace/rustup-home" "/workspace/cargo-home/bin/cargo" "+1.100.0-beta.1" "fetch" "--manifest-path" "Cargo.toml", kill_on_drop: false }`
[INFO] running `Command { std: "docker" "create" "-v" "/var/lib/crater-agent-workspace/builds/worker-1-tc2/source:/opt/rustwide/workdir:ro,Z" "-v" "/var/lib/crater-agent-workspace/builds/worker-1-tc2/target:/opt/rustwide/target:rw,Z" "-v" "/var/lib/crater-agent-workspace/cargo-home:/opt/rustwide/cargo-home:ro,Z" "-v" "/var/lib/crater-agent-workspace/rustup-home:/opt/rustwide/rustup-home:ro,Z" "-m" "1610612736" "--network" "none" "ghcr.io/rust-lang/crates-build-env/linux@sha256:77db811e55d90add9212f6832c23229e3de5f1c1f9905e8cb07319ea15df73ac" "sleep" "infinity", kill_on_drop: false }`
[INFO] [stdout] 73639d81853d12028295057daa93b1b4af0d72e7f852a45eff667737f957a701
[INFO] running `Command { std: "docker" "start" "73639d81853d12028295057daa93b1b4af0d72e7f852a45eff667737f957a701", kill_on_drop: false }`
[INFO] running `Command { std: "docker" "inspect" "73639d81853d12028295057daa93b1b4af0d72e7f852a45eff667737f957a701", kill_on_drop: false }`
[INFO] running `Command { std: "docker" "exec" "-e" "SOURCE_DIR=/opt/rustwide/workdir" "-e" "CARGO_HOME=/opt/rustwide/cargo-home" "-e" "RUSTUP_HOME=/opt/rustwide/rustup-home" "-e" "CARGO_TARGET_DIR=/opt/rustwide/target" "-w" "/opt/rustwide/workdir" "--user" "0:0" "73639d81853d12028295057daa93b1b4af0d72e7f852a45eff667737f957a701" "/opt/rustwide/cargo-home/bin/cargo" "+1.100.0-beta.1" "metadata" "--no-deps" "--format-version=1", kill_on_drop: false }`
[INFO] running `Command { std: "docker" "inspect" "73639d81853d12028295057daa93b1b4af0d72e7f852a45eff667737f957a701", kill_on_drop: false }`
[INFO] running `Command { std: "docker" "exec" "-e" "SOURCE_DIR=/opt/rustwide/workdir" "-e" "CARGO_HOME=/opt/rustwide/cargo-home" "-e" "RUSTUP_HOME=/opt/rustwide/rustup-home" "-e" "CARGO_TARGET_DIR=/opt/rustwide/target" "-e" "CARGO_INCREMENTAL=0" "-e" "RUST_BACKTRACE=full" "-e" "RUSTFLAGS=--cap-lints=warn" "-e" "RUSTDOCFLAGS=--cap-lints=warn" "-w" "/opt/rustwide/workdir" "--user" "0:0" "73639d81853d12028295057daa93b1b4af0d72e7f852a45eff667737f957a701" "/opt/rustwide/cargo-home/bin/cargo" "+1.100.0-beta.1" "build" "--frozen" "--message-format=json" "--release", kill_on_drop: false }`
[INFO] [stderr]    Compiling proc-macro2 v1.0.107
[INFO] [stderr]    Compiling quote v1.0.47
[INFO] [stderr]    Compiling serde_core v1.0.229
[INFO] [stderr]    Compiling libc v0.2.189
[INFO] [stderr]    Compiling serde v1.0.229
[INFO] [stderr]    Compiling num-traits v0.2.19
[INFO] [stderr]    Compiling getrandom v0.4.3
[INFO] [stderr]    Compiling syn v3.0.5
[INFO] [stderr]    Compiling serde_derive v1.0.229
[INFO] [stderr]    Compiling uuid v1.26.1
[INFO] [stderr]    Compiling chrono v0.4.45
[INFO] [stderr]    Compiling quanttide-audit v0.1.0-alpha.1 (/opt/rustwide/workdir)
[INFO] [stderr]     Finished `release` profile [optimized] target(s) in 11.36s
[INFO] running `Command { std: "docker" "inspect" "73639d81853d12028295057daa93b1b4af0d72e7f852a45eff667737f957a701", kill_on_drop: false }`
[INFO] running `Command { std: "docker" "exec" "-e" "SOURCE_DIR=/opt/rustwide/workdir" "-e" "CARGO_HOME=/opt/rustwide/cargo-home" "-e" "RUSTUP_HOME=/opt/rustwide/rustup-home" "-e" "CARGO_TARGET_DIR=/opt/rustwide/target" "-e" "CARGO_INCREMENTAL=0" "-e" "RUST_BACKTRACE=full" "-e" "RUSTFLAGS=--cap-lints=warn" "-e" "RUSTDOCFLAGS=--cap-lints=warn" "-w" "/opt/rustwide/workdir" "--user" "0:0" "73639d81853d12028295057daa93b1b4af0d72e7f852a45eff667737f957a701" "/opt/rustwide/cargo-home/bin/cargo" "+1.100.0-beta.1" "test" "--frozen" "--no-run" "--message-format=json" "--release", kill_on_drop: false }`
[INFO] [stderr]    Compiling zmij v1.0.23
[INFO] [stderr]    Compiling itoa v1.0.18
[INFO] [stderr]    Compiling serde_json v1.0.151
[INFO] [stderr]    Compiling ryu v1.0.23
[INFO] [stderr]    Compiling memchr v2.8.3
[INFO] [stderr]    Compiling unsafe-libyaml v0.2.11
[INFO] [stderr]    Compiling indexmap v2.14.2
[INFO] [stderr]    Compiling serde_yaml v0.9.34+deprecated
[INFO] [stderr]    Compiling quanttide-audit v0.1.0-alpha.1 (/opt/rustwide/workdir)
[INFO] [stderr]     Finished `release` profile [optimized] target(s) in 11.56s
[INFO] running `Command { std: "docker" "inspect" "73639d81853d12028295057daa93b1b4af0d72e7f852a45eff667737f957a701", kill_on_drop: false }`
[INFO] running `Command { std: "docker" "exec" "-e" "SOURCE_DIR=/opt/rustwide/workdir" "-e" "CARGO_HOME=/opt/rustwide/cargo-home" "-e" "RUSTUP_HOME=/opt/rustwide/rustup-home" "-e" "CARGO_TARGET_DIR=/opt/rustwide/target" "-e" "CARGO_INCREMENTAL=0" "-e" "RUST_BACKTRACE=full" "-e" "RUSTFLAGS=--cap-lints=warn" "-e" "RUSTDOCFLAGS=--cap-lints=warn" "-w" "/opt/rustwide/workdir" "--user" "0:0" "73639d81853d12028295057daa93b1b4af0d72e7f852a45eff667737f957a701" "/opt/rustwide/cargo-home/bin/cargo" "+1.100.0-beta.1" "test" "--frozen" "--release", kill_on_drop: false }`
[INFO] [stderr]     Finished `release` profile [optimized] target(s) in 0.09s
[INFO] [stderr]      Running unittests src/lib.rs (/opt/rustwide/target/release/build/quanttide-audit/e8385a1c4279a0c9/out/quanttide_audit-e8385a1c4279a0c9)
[INFO] [stdout] 
[INFO] [stdout] running 0 tests
[INFO] [stdout] 
[INFO] [stdout] test result: ok. 0 passed; 0 failed; 0 ignored; 0 measured; 0 filtered out; finished in 0.00s
[INFO] [stdout] 
[INFO] [stderr]      Running tests/criteria.rs (/opt/rustwide/target/release/build/quanttide-audit/25c6c1f4b764a93e/out/criteria-25c6c1f4b764a93e)
[INFO] [stdout] 
[INFO] [stdout] running 3 tests
[INFO] [stdout] test construct ... ok
[INFO] [stdout] test yaml_roundtrip ... ok
[INFO] [stdout] test deserialize_gallery_format ... ok
[INFO] [stdout] 
[INFO] [stdout] test result: ok. 3 passed; 0 failed; 0 ignored; 0 measured; 0 filtered out; finished in 0.00s
[INFO] [stdout] 
[INFO] [stderr]      Running tests/evidence.rs (/opt/rustwide/target/release/build/quanttide-audit/b923bf5f37d9ece7/out/evidence-b923bf5f37d9ece7)
[INFO] [stdout] 
[INFO] [stdout] running 3 tests
[INFO] [stderr]      Running tests/finding.rs (/opt/rustwide/target/release/build/quanttide-audit/f11e3526ed4338de/out/finding-f11e3526ed4338de)
[INFO] [stdout] test construct ... ok
[INFO] [stderr]      Running tests/package.rs (/opt/rustwide/target/release/build/quanttide-audit/5be3a58983f4379f/out/package-5be3a58983f4379f)
[INFO] [stdout] test deserialize_gallery_format ... ok
[INFO] [stderr] error: test failed, to rerun pass `--test package`
[INFO] [stdout] test yaml_roundtrip ... ok
[INFO] [stdout] 
[INFO] [stdout] test result: ok. 3 passed; 0 failed; 0 ignored; 0 measured; 0 filtered out; finished in 0.00s
[INFO] [stdout] 
[INFO] [stdout] 
[INFO] [stdout] running 4 tests
[INFO] [stdout] test severity_serializes_as_lowercase_name ... ok
[INFO] [stdout] test evidence_and_description_are_optional ... ok
[INFO] [stdout] test construct ... ok
[INFO] [stdout] test yaml_roundtrip ... ok
[INFO] [stdout] 
[INFO] [stdout] test result: ok. 4 passed; 0 failed; 0 ignored; 0 measured; 0 filtered out; finished in 0.00s
[INFO] [stdout] 
[INFO] [stdout] 
[INFO] [stdout] running 2 tests
[INFO] [stdout] test version_matches_manifest ... FAILED
[INFO] [stdout] test domain_name ... ok
[INFO] [stdout] 
[INFO] [stdout] failures:
[INFO] [stdout] 
[INFO] [stdout] ---- version_matches_manifest stdout ----
[INFO] [stdout] 
[INFO] [stdout] thread 'version_matches_manifest' (870) panicked at tests/package.rs:14:5:
[INFO] [stdout] assertion `left == right` failed
[INFO] [stdout]   left: "0.1.0-alpha.1"
[INFO] [stdout]  right: "0.4"
[INFO] [stdout] stack backtrace:
[INFO] [stdout]    0:     0x61e669e3d7c1 - <<std[617be2ca0a6fd877]::sys::backtrace::BacktraceLock>::print::DisplayBacktrace as core[a373ad73a504971]::fmt::Display>::fmt
[INFO] [stdout]    1:     0x61e669e5172a - core[a373ad73a504971]::fmt::write
[INFO] [stdout]    2:     0x61e669e419dc - <alloc[2e1b2a31b91974c5]::vec::Vec<u8> as core[a373ad73a504971]::io::write::Write>::write_fmt
[INFO] [stdout]    3:     0x61e669e198c6 - std[617be2ca0a6fd877]::panicking::default_hook::{closure#0}
[INFO] [stdout]    4:     0x61e669e35af9 - std[617be2ca0a6fd877]::panicking::default_hook
[INFO] [stdout]    5:     0x61e669dd1c50 - test[aada8e7e76ba119b]::test_main_inner::{closure#0}
[INFO] [stdout]    6:     0x61e669e35cb2 - std[617be2ca0a6fd877]::panicking::panic_with_hook
[INFO] [stdout]    7:     0x61e669e19972 - std[617be2ca0a6fd877]::panicking::panic_handler::{closure#0}
[INFO] [stdout]    8:     0x61e669e124f9 - std[617be2ca0a6fd877]::sys::backtrace::__rust_end_short_backtrace::<std[617be2ca0a6fd877]::panicking::panic_handler::{closure#0}, !>
[INFO] [stdout]    9:     0x61e669e1a57d - __rustc[ea4f61d10b84890b]::rust_begin_unwind
[INFO] [stdout]   10:     0x61e669e51e5c - core[a373ad73a504971]::panicking::panic_fmt
[INFO] [stdout]   11:     0x61e669e51d73 - core[a373ad73a504971]::panicking::assert_failed_inner
[INFO] [stdout]   12:     0x61e669dc4c82 - core[a373ad73a504971]::panicking::assert_failed::<&str, &str>
[INFO] [stdout]   13:     0x61e669dc4fa9 - <package[53c3e94ca4dd68cb]::version_matches_manifest::{closure#0} as core[a373ad73a504971]::ops::function::FnOnce<()>>::call_once
[INFO] [stdout]   14:     0x61e669dc509b - test[aada8e7e76ba119b]::__rust_begin_short_backtrace::<core[a373ad73a504971]::result::Result<(), alloc[2e1b2a31b91974c5]::string::String>, fn() -> core[a373ad73a504971]::result::Result<(), alloc[2e1b2a31b91974c5]::string::String>>
[INFO] [stdout]   15:     0x61e669dd2275 - test[aada8e7e76ba119b]::run_test::{closure#0}
[INFO] [stdout]   16:     0x61e669dcbb64 - std[617be2ca0a6fd877]::sys::backtrace::__rust_begin_short_backtrace::<test[aada8e7e76ba119b]::run_test::{closure#1}, ()>
[INFO] [stdout]   17:     0x61e669dd5302 - <std[617be2ca0a6fd877]::thread::lifecycle::spawn_unchecked<test[aada8e7e76ba119b]::run_test::{closure#1}, ()>::{closure#1} as core[a373ad73a504971]::ops::function::FnOnce<()>>::call_once::{shim:vtable#0}
[INFO] [stdout]   18:     0x61e669e3ccbf - <std[617be2ca0a6fd877]::sys::thread::unix::Thread>::new::thread_start
[INFO] [stdout]   19:     0x7faf8dfacdfa - <unknown>
[INFO] [stdout]   20:     0x7faf8e0403d4 - clone
[INFO] [stdout]   21:                0x0 - <unknown>
[INFO] [stdout] 
[INFO] [stdout] 
[INFO] [stdout] failures:
[INFO] [stdout]     version_matches_manifest
[INFO] [stdout] 
[INFO] [stdout] test result: FAILED. 1 passed; 1 failed; 0 ignored; 0 measured; 0 filtered out; finished in 0.00s
[INFO] [stdout] 
[INFO] running `Command { std: "docker" "inspect" "73639d81853d12028295057daa93b1b4af0d72e7f852a45eff667737f957a701", kill_on_drop: false }`
[INFO] running `Command { std: "docker" "rm" "-f" "73639d81853d12028295057daa93b1b4af0d72e7f852a45eff667737f957a701", kill_on_drop: false }`
[INFO] [stdout] 73639d81853d12028295057daa93b1b4af0d72e7f852a45eff667737f957a701
