[INFO] fetching crate quandl-v3 1.2.0...
[INFO] testing quandl-v3-1.2.0 against 1.100.0-beta.1+cargoflags=--release for beta-release-1.100-2
[INFO] extracting crate quandl-v3 1.2.0 into /workspace/builds/worker-7-tc2/source
[INFO] started tweaking crates.io crate quandl-v3 1.2.0
[INFO] finished tweaking crates.io crate quandl-v3 1.2.0
[INFO] tweaked toml for crates.io crate quandl-v3 1.2.0 written to /workspace/builds/worker-7-tc2/source/Cargo.toml
[INFO] validating manifest of crates.io crate quandl-v3 1.2.0 on toolchain 1.100.0-beta.1
[INFO] running `Command { std: CARGO_HOME="/workspace/cargo-home" RUSTUP_HOME="/workspace/rustup-home" "/workspace/cargo-home/bin/cargo" "+1.100.0-beta.1" "metadata" "--manifest-path" "Cargo.toml" "--no-deps", kill_on_drop: false }`
[INFO] running `Command { std: CARGO_HOME="/workspace/cargo-home" RUSTUP_HOME="/workspace/rustup-home" "/workspace/cargo-home/bin/cargo" "+1.100.0-beta.1" "generate-lockfile" "--manifest-path" "Cargo.toml", kill_on_drop: false }`
[INFO] [stderr]     Updating crates.io index
[INFO] [stderr]      Locking 164 packages to highest compatible versions
[INFO] [stderr]       Adding lazy_static v0.2.11 (available: v1.5.1)
[INFO] [stderr]       Adding reqwest v0.10.10 (available: v0.13.5)
[INFO] [stderr]       Adding wasi v0.10.0+wasi-snapshot-preview1 (available: v0.10.2+wasi-snapshot-preview1)
[INFO] [stderr]       Adding zip v0.2.9 (available: v9.0.5)
[INFO] running `Command { std: CARGO_HOME="/workspace/cargo-home" RUSTUP_HOME="/workspace/rustup-home" "/workspace/cargo-home/bin/cargo" "+1.100.0-beta.1" "fetch" "--manifest-path" "Cargo.toml", kill_on_drop: false }`
[INFO] [stderr] warning: `package.homepage` is redundant with `package.repository`
[INFO] [stderr]   --> Cargo.toml:34:12
[INFO] [stderr]    |
[INFO] [stderr] 34 | homepage = "https://github.com/Proksima/quandl"
[INFO] [stderr]    |            ^^^^^^^^^^^^^^^^^^^^^^^^^^^^^^^^^^^^
[INFO] [stderr] ...
[INFO] [stderr] 39 | repository = "https://github.com/Proksima/quandl"
[INFO] [stderr]    |              ------------------------------------
[INFO] [stderr]    |
[INFO] [stderr]    = note: `cargo::redundant_homepage` is set to `warn` by default
[INFO] [stderr] help: consider removing `package.homepage`
[INFO] [stderr] warning: `quandl-v3` (manifest) generated 1 warning
[INFO] running `Command { std: "docker" "create" "-v" "/var/lib/crater-agent-workspace/builds/worker-7-tc2/source:/opt/rustwide/workdir:ro,Z" "-v" "/var/lib/crater-agent-workspace/builds/worker-7-tc2/target:/opt/rustwide/target:rw,Z" "-v" "/var/lib/crater-agent-workspace/cargo-home:/opt/rustwide/cargo-home:ro,Z" "-v" "/var/lib/crater-agent-workspace/rustup-home:/opt/rustwide/rustup-home:ro,Z" "-m" "1610612736" "--network" "none" "ghcr.io/rust-lang/crates-build-env/linux@sha256:77db811e55d90add9212f6832c23229e3de5f1c1f9905e8cb07319ea15df73ac" "sleep" "infinity", kill_on_drop: false }`
[INFO] [stdout] dfcf6198b022e93476580f2c17be9fd54705e57c99a75b6edd1ae25717ac3ad8
[INFO] running `Command { std: "docker" "start" "dfcf6198b022e93476580f2c17be9fd54705e57c99a75b6edd1ae25717ac3ad8", kill_on_drop: false }`
[INFO] running `Command { std: "docker" "inspect" "dfcf6198b022e93476580f2c17be9fd54705e57c99a75b6edd1ae25717ac3ad8", kill_on_drop: false }`
[INFO] running `Command { std: "docker" "exec" "-e" "SOURCE_DIR=/opt/rustwide/workdir" "-e" "CARGO_HOME=/opt/rustwide/cargo-home" "-e" "RUSTUP_HOME=/opt/rustwide/rustup-home" "-e" "CARGO_TARGET_DIR=/opt/rustwide/target" "-w" "/opt/rustwide/workdir" "--user" "0:0" "dfcf6198b022e93476580f2c17be9fd54705e57c99a75b6edd1ae25717ac3ad8" "/opt/rustwide/cargo-home/bin/cargo" "+1.100.0-beta.1" "metadata" "--no-deps" "--format-version=1", kill_on_drop: false }`
[INFO] running `Command { std: "docker" "inspect" "dfcf6198b022e93476580f2c17be9fd54705e57c99a75b6edd1ae25717ac3ad8", kill_on_drop: false }`
[INFO] running `Command { std: "docker" "exec" "-e" "SOURCE_DIR=/opt/rustwide/workdir" "-e" "CARGO_HOME=/opt/rustwide/cargo-home" "-e" "RUSTUP_HOME=/opt/rustwide/rustup-home" "-e" "CARGO_TARGET_DIR=/opt/rustwide/target" "-e" "CARGO_INCREMENTAL=0" "-e" "RUST_BACKTRACE=full" "-e" "RUSTFLAGS=--cap-lints=warn" "-e" "RUSTDOCFLAGS=--cap-lints=warn" "-w" "/opt/rustwide/workdir" "--user" "0:0" "dfcf6198b022e93476580f2c17be9fd54705e57c99a75b6edd1ae25717ac3ad8" "/opt/rustwide/cargo-home/bin/cargo" "+1.100.0-beta.1" "build" "--frozen" "--message-format=json" "--release", kill_on_drop: false }`
[INFO] [stderr] warning: `package.homepage` is redundant with `package.repository`
[INFO] [stderr]   --> Cargo.toml:34:12
[INFO] [stderr]    |
[INFO] [stderr] 34 | homepage = "https://github.com/Proksima/quandl"
[INFO] [stderr]    |            ^^^^^^^^^^^^^^^^^^^^^^^^^^^^^^^^^^^^
[INFO] [stderr] ...
[INFO] [stderr] 39 | repository = "https://github.com/Proksima/quandl"
[INFO] [stderr]    |              ------------------------------------
[INFO] [stderr]    |
[INFO] [stderr]    = note: `cargo::redundant_homepage` is set to `warn` by default
[INFO] [stderr] help: consider removing `package.homepage`
[INFO] [stderr] warning: `quandl-v3` (manifest) generated 1 warning
[INFO] [stderr]    Compiling proc-macro2 v1.0.107
[INFO] [stderr]    Compiling quote v1.0.47
[INFO] [stderr]    Compiling unicode-ident v1.0.27
[INFO] [stderr]    Compiling libc v0.2.191
[INFO] [stderr]    Compiling shlex v2.0.1
[INFO] [stderr]    Compiling find-msvc-tools v0.1.14
[INFO] [stderr]    Compiling pkg-config v0.3.34
[INFO] [stderr]    Compiling memchr v2.8.3
[INFO] [stderr]    Compiling cfg-if v1.0.5
[INFO] [stderr]    Compiling log v0.4.34
[INFO] [stderr]    Compiling futures-core v0.3.34
[INFO] [stderr]    Compiling itoa v1.0.18
[INFO] [stderr]    Compiling slab v0.4.12
[INFO] [stderr]    Compiling litemap v0.8.3
[INFO] [stderr]    Compiling writeable v0.6.4
[INFO] [stderr]    Compiling bytes v0.5.6
[INFO] [stderr]    Compiling lazy_static v1.5.1
[INFO] [stderr]    Compiling serde_core v1.0.229
[INFO] [stderr]    Compiling icu_properties_data v2.3.0
[INFO] [stderr]    Compiling pin-project-lite v0.1.12
[INFO] [stderr]    Compiling once_cell v1.21.4
[INFO] [stderr]    Compiling icu_normalizer_data v2.3.0
[INFO] [stderr]    Compiling indexmap v1.9.3
[INFO] [stderr]    Compiling rustversion v1.0.23
[INFO] [stderr]    Compiling cc v1.8.0
[INFO] [stderr]    Compiling bytes v1.12.1
[INFO] [stderr]    Compiling openssl v0.10.81
[INFO] [stderr]    Compiling futures-task v0.3.34
[INFO] [stderr]    Compiling futures-sink v0.3.34
[INFO] [stderr]    Compiling futures-io v0.3.34
[INFO] [stderr]    Compiling bitflags v2.13.2
[INFO] [stderr]    Compiling smallvec v1.16.3
[INFO] [stderr]    Compiling hashbrown v0.12.3
[INFO] [stderr]    Compiling percent-encoding v2.3.2
[INFO] [stderr]    Compiling tracing-core v0.1.36
[INFO] [stderr]    Compiling serde v1.0.229
[INFO] [stderr]    Compiling crc32fast v1.5.2
[INFO] [stderr]    Compiling try-lock v0.2.5
[INFO] [stderr]    Compiling unicase v2.10.0
[INFO] [stderr]    Compiling zmij v1.0.23
[INFO] [stderr]    Compiling mime_guess v2.0.5
[INFO] [stderr]    Compiling futures-util v0.3.34
[INFO] [stderr]    Compiling want v0.3.2
[INFO] [stderr]    Compiling form_urlencoded v1.2.2
[INFO] [stderr]    Compiling futures-channel v0.3.34
[INFO] [stderr]    Compiling http v0.2.12
[INFO] [stderr]    Compiling tower-service v0.3.3
[INFO] [stderr]    Compiling syn v3.0.9
[INFO] [stderr]    Compiling syn v2.0.119
[INFO] [stderr]    Compiling httpdate v0.3.2
[INFO] [stderr]    Compiling encoding_rs v0.8.42
[INFO] [stderr]    Compiling serde_json v1.0.154
[INFO] [stderr]    Compiling ryu v1.0.23
[INFO] [stderr]    Compiling adler2 v2.0.1
[INFO] [stderr]    Compiling tracing v0.1.44
[INFO] [stderr]    Compiling itoa v0.4.8
[INFO] [stderr]    Compiling simd-adler32 v0.3.10
[INFO] [stderr]    Compiling simdutf8 v0.1.5
[INFO] [stderr]    Compiling core_detect v1.0.0
[INFO] [stderr]    Compiling multiversion_no_op v1.0.0
[INFO] [stderr]    Compiling miniz_oxide v0.9.1
[INFO] [stderr]    Compiling mime v0.3.17
[INFO] [stderr]    Compiling csv-core v0.1.13
[INFO] [stderr]    Compiling podio v0.1.7
[INFO] [stderr]    Compiling ipnet v2.12.2
[INFO] [stderr]    Compiling net2 v0.2.39
[INFO] [stderr]    Compiling iovec v0.1.4
[INFO] [stderr]    Compiling num_cpus v1.17.0
[INFO] [stderr]    Compiling socket2 v0.3.19
[INFO] [stderr]    Compiling time v0.1.45
[INFO] [stderr]    Compiling mio v0.6.23
[INFO] [stderr]    Compiling openssl-sys v0.9.117
[INFO] [stderr]    Compiling bzip2-sys v0.1.13+1.0.8
[INFO] [stderr]    Compiling http-body v0.3.1
[INFO] [stderr]    Compiling bzip2 v0.3.3
[INFO] [stderr]    Compiling msdos_time v0.1.6
[INFO] [stderr]    Compiling flate2 v1.1.10
[INFO] [stderr]    Compiling base64 v0.13.1
[INFO] [stderr]    Compiling has v0.1.0
[INFO] [stderr]    Compiling lazy_static v0.2.11
[INFO] [stderr]    Compiling native-tls v0.2.18
[INFO] [stderr]    Compiling tokio v0.2.25
[INFO] [stderr]    Compiling zip v0.2.9
[INFO] [stderr]    Compiling csv v1.4.0
[INFO] [stderr]    Compiling pin-project-internal v1.1.13
[INFO] [stderr]    Compiling openssl-macros v0.1.1
[INFO] [stderr]    Compiling pin-project v1.1.13
[INFO] [stderr]    Compiling tracing-futures v0.2.5
[INFO] [stderr]    Compiling serde_urlencoded v0.7.1
[INFO] [stderr]    Compiling synstructure v0.14.0
[INFO] [stderr]    Compiling tokio-util v0.3.1
[INFO] [stderr]    Compiling h2 v0.2.7
[INFO] [stderr]    Compiling zerofrom-derive v0.1.8
[INFO] [stderr]    Compiling yoke-derive v0.8.4
[INFO] [stderr]    Compiling zerovec-derive v0.11.6
[INFO] [stderr]    Compiling displaydoc v0.2.7
[INFO] [stderr]    Compiling serde_derive v1.0.229
[INFO] [stderr]    Compiling zerofrom v0.1.8
[INFO] [stderr]    Compiling yoke v0.8.3
[INFO] [stderr]    Compiling zerotrie v0.2.5
[INFO] [stderr]    Compiling zerovec v0.11.8
[INFO] [stderr]    Compiling tinystr v0.8.4
[INFO] [stderr]    Compiling potential_utf v0.1.6
[INFO] [stderr]    Compiling icu_collections v2.3.0
[INFO] [stderr]    Compiling icu_locale_core v2.3.0
[INFO] [stderr]    Compiling tokio-tls v0.3.1
[INFO] [stderr]    Compiling icu_provider v2.3.1
[INFO] [stderr]    Compiling icu_properties v2.3.0
[INFO] [stderr]    Compiling icu_normalizer v2.3.0
[INFO] [stderr]    Compiling hyper v0.13.10
[INFO] [stderr]    Compiling idna_adapter v1.2.2
[INFO] [stderr]    Compiling idna v1.1.0
[INFO] [stderr]    Compiling url v2.5.8
[INFO] [stderr]    Compiling hyper-tls v0.4.3
[INFO] [stderr]    Compiling reqwest v0.10.10
[INFO] [stderr]    Compiling quandl-v3 v1.2.0 (/opt/rustwide/workdir)
[INFO] [stderr] warning: unused dependency `lazy_static`
[INFO] [stderr]  --> Cargo.toml:7:15
[INFO] [stderr]   |
[INFO] [stderr] 7 | [dependencies.lazy_static]
[INFO] [stderr]   |               ^^^^^^^^^^^^
[INFO] [stderr]   |
[INFO] [stderr]   = note: `cargo::unused_dependencies` is set to `warn` by default
[INFO] [stderr] help: consider removing the dependency on `lazy_static`
[INFO] [stderr] warning: `quandl-v3` (manifest) generated 1 warning
[INFO] [stderr]     Finished `release` profile [optimized] target(s) in 1m 11s
[INFO] running `Command { std: "docker" "inspect" "dfcf6198b022e93476580f2c17be9fd54705e57c99a75b6edd1ae25717ac3ad8", kill_on_drop: false }`
[INFO] running `Command { std: "docker" "exec" "-e" "SOURCE_DIR=/opt/rustwide/workdir" "-e" "CARGO_HOME=/opt/rustwide/cargo-home" "-e" "RUSTUP_HOME=/opt/rustwide/rustup-home" "-e" "CARGO_TARGET_DIR=/opt/rustwide/target" "-e" "CARGO_INCREMENTAL=0" "-e" "RUST_BACKTRACE=full" "-e" "RUSTFLAGS=--cap-lints=warn" "-e" "RUSTDOCFLAGS=--cap-lints=warn" "-w" "/opt/rustwide/workdir" "--user" "0:0" "dfcf6198b022e93476580f2c17be9fd54705e57c99a75b6edd1ae25717ac3ad8" "/opt/rustwide/cargo-home/bin/cargo" "+1.100.0-beta.1" "test" "--frozen" "--no-run" "--message-format=json" "--release", kill_on_drop: false }`
[INFO] [stderr] warning: `package.homepage` is redundant with `package.repository`
[INFO] [stderr]   --> Cargo.toml:34:12
[INFO] [stderr]    |
[INFO] [stderr] 34 | homepage = "https://github.com/Proksima/quandl"
[INFO] [stderr]    |            ^^^^^^^^^^^^^^^^^^^^^^^^^^^^^^^^^^^^
[INFO] [stderr] ...
[INFO] [stderr] 39 | repository = "https://github.com/Proksima/quandl"
[INFO] [stderr]    |              ------------------------------------
[INFO] [stderr]    |
[INFO] [stderr]    = note: `cargo::redundant_homepage` is set to `warn` by default
[INFO] [stderr] help: consider removing `package.homepage`
[INFO] [stderr] warning: `quandl-v3` (manifest) generated 1 warning
[INFO] [stderr]    Compiling quandl-v3 v1.2.0 (/opt/rustwide/workdir)
[INFO] [stderr] warning: unused dependency `lazy_static`
[INFO] [stderr]  --> Cargo.toml:7:15
[INFO] [stderr]   |
[INFO] [stderr] 7 | [dependencies.lazy_static]
[INFO] [stderr]   |               ^^^^^^^^^^^^
[INFO] [stderr]   |
[INFO] [stderr]   = note: `cargo::unused_dependencies` is set to `warn` by default
[INFO] [stderr] help: consider removing the dependency on `lazy_static`
[INFO] [stderr] warning: `quandl-v3` (manifest) generated 1 warning
[INFO] [stderr]     Finished `release` profile [optimized] target(s) in 3.96s
[INFO] running `Command { std: "docker" "inspect" "dfcf6198b022e93476580f2c17be9fd54705e57c99a75b6edd1ae25717ac3ad8", kill_on_drop: false }`
[INFO] running `Command { std: "docker" "exec" "-e" "SOURCE_DIR=/opt/rustwide/workdir" "-e" "CARGO_HOME=/opt/rustwide/cargo-home" "-e" "RUSTUP_HOME=/opt/rustwide/rustup-home" "-e" "CARGO_TARGET_DIR=/opt/rustwide/target" "-e" "CARGO_INCREMENTAL=0" "-e" "RUST_BACKTRACE=full" "-e" "RUSTFLAGS=--cap-lints=warn" "-e" "RUSTDOCFLAGS=--cap-lints=warn" "-w" "/opt/rustwide/workdir" "--user" "0:0" "dfcf6198b022e93476580f2c17be9fd54705e57c99a75b6edd1ae25717ac3ad8" "/opt/rustwide/cargo-home/bin/cargo" "+1.100.0-beta.1" "test" "--frozen" "--release", kill_on_drop: false }`
[INFO] [stderr] warning: `package.homepage` is redundant with `package.repository`
[INFO] [stderr]   --> Cargo.toml:34:12
[INFO] [stderr]    |
[INFO] [stderr] 34 | homepage = "https://github.com/Proksima/quandl"
[INFO] [stderr]    |            ^^^^^^^^^^^^^^^^^^^^^^^^^^^^^^^^^^^^
[INFO] [stderr] ...
[INFO] [stderr] 39 | repository = "https://github.com/Proksima/quandl"
[INFO] [stderr]    |              ------------------------------------
[INFO] [stderr]    |
[INFO] [stderr]    = note: `cargo::redundant_homepage` is set to `warn` by default
[INFO] [stderr] help: consider removing `package.homepage`
[INFO] [stderr] warning: `quandl-v3` (manifest) generated 1 warning
[INFO] [stderr] warning: unused dependency `lazy_static`
[INFO] [stderr]  --> Cargo.toml:7:15
[INFO] [stderr]   |
[INFO] [stderr] 7 | [dependencies.lazy_static]
[INFO] [stderr]   |               ^^^^^^^^^^^^
[INFO] [stderr]   |
[INFO] [stderr]   = note: `cargo::unused_dependencies` is set to `warn` by default
[INFO] [stderr] help: consider removing the dependency on `lazy_static`
[INFO] [stderr] warning: `quandl-v3` (manifest) generated 1 warning
[INFO] [stderr]     Finished `release` profile [optimized] target(s) in 0.15s
[INFO] [stderr]      Running unittests src/lib.rs (/opt/rustwide/target/release/build/quandl-v3/4b1c2ff986337efd/out/quandl_v3-4b1c2ff986337efd)
[INFO] [stdout] 
[INFO] [stdout] running 0 tests
[INFO] [stdout] 
[INFO] [stdout] test result: ok. 0 passed; 0 failed; 0 ignored; 0 measured; 0 filtered out; finished in 0.00s
[INFO] [stdout] 
[INFO] [stderr]      Running tests/lib.rs (/opt/rustwide/target/release/build/quandl-v3/a0c143cafd186264/out/lib-a0c143cafd186264)
[INFO] [stdout] 
[INFO] [stdout] running 7 tests
[INFO] [stdout] test code_list_query ... ok
[INFO] [stdout] test database_metadata_query ... FAILED
[INFO] [stdout] test dataset_metadata_query ... FAILED
[INFO] [stdout] test data_query ... FAILED
[INFO] [stdout] test dataset_search ... FAILED
[INFO] [stdout] test database_search ... FAILED
[INFO] [stdout] test batch_querying ... FAILED
[INFO] [stdout] 
[INFO] [stdout] failures:
[INFO] [stdout] 
[INFO] [stdout] ---- database_metadata_query stdout ----
[INFO] [stdout] https://www.quandl.com/api/v3/databases/WIKI.json?api_key=x3E2BsxsYR1V9iNuAw6m
[INFO] [stdout] Err(DownloadFailed("error sending request for url (https://www.quandl.com/api/v3/databases/WIKI.json?api_key=x3E2BsxsYR1V9iNuAw6m): error trying to connect: dns error: failed to lookup address information: Temporary failure in name resolution"))
[INFO] [stdout] 
[INFO] [stdout] thread 'database_metadata_query' (2317) panicked at tests/lib.rs:26:5:
[INFO] [stdout] assertion failed: metadata.is_ok()
[INFO] [stdout] stack backtrace:
[INFO] [stdout]    0:     0x587f868472c1 - <<std[617be2ca0a6fd877]::sys::backtrace::BacktraceLock>::print::DisplayBacktrace as core[a373ad73a504971]::fmt::Display>::fmt
[INFO] [stdout]    1:     0x587f8685dd8a - core[a373ad73a504971]::fmt::write
[INFO] [stdout]    2:     0x587f8684ba3c - <alloc[2e1b2a31b91974c5]::vec::Vec<u8> as core[a373ad73a504971]::io::write::Write>::write_fmt
[INFO] [stdout]    3:     0x587f868224b6 - std[617be2ca0a6fd877]::panicking::default_hook::{closure#0}
[INFO] [stdout]    4:     0x587f8683f099 - std[617be2ca0a6fd877]::panicking::default_hook
[INFO] [stdout]    5:     0x587f86671d40 - test[aada8e7e76ba119b]::test_main_inner::{closure#0}
[INFO] [stdout]    6:     0x587f8683f3c2 - std[617be2ca0a6fd877]::panicking::panic_with_hook
[INFO] [stdout]    7:     0x587f86822594 - std[617be2ca0a6fd877]::panicking::panic_handler::{closure#0}
[INFO] [stdout]    8:     0x587f8681b199 - std[617be2ca0a6fd877]::sys::backtrace::__rust_end_short_backtrace::<std[617be2ca0a6fd877]::panicking::panic_handler::{closure#0}, !>
[INFO] [stdout]    9:     0x587f8682335d - __rustc[ea4f61d10b84890b]::rust_begin_unwind
[INFO] [stdout]   10:     0x587f8685e4ec - core[a373ad73a504971]::panicking::panic_fmt
[INFO] [stdout]   11:     0x587f8685e4b2 - core[a373ad73a504971]::panicking::panic
[INFO] [stdout]   12:     0x587f8665a22f - <lib[c63ab15e9543bb3f]::database_metadata_query::{closure#0} as core[a373ad73a504971]::ops::function::FnOnce<()>>::call_once
[INFO] [stdout]   13:     0x587f8666518b - test[aada8e7e76ba119b]::__rust_begin_short_backtrace::<core[a373ad73a504971]::result::Result<(), alloc[2e1b2a31b91974c5]::string::String>, fn() -> core[a373ad73a504971]::result::Result<(), alloc[2e1b2a31b91974c5]::string::String>>
[INFO] [stdout]   14:     0x587f86672365 - test[aada8e7e76ba119b]::run_test::{closure#0}
[INFO] [stdout]   15:     0x587f8666bc54 - std[617be2ca0a6fd877]::sys::backtrace::__rust_begin_short_backtrace::<test[aada8e7e76ba119b]::run_test::{closure#1}, ()>
[INFO] [stdout]   16:     0x587f866753f2 - <std[617be2ca0a6fd877]::thread::lifecycle::spawn_unchecked<test[aada8e7e76ba119b]::run_test::{closure#1}, ()>::{closure#1} as core[a373ad73a504971]::ops::function::FnOnce<()>>::call_once::{shim:vtable#0}
[INFO] [stdout]   17:     0x587f8684676f - <std[617be2ca0a6fd877]::sys::thread::unix::Thread>::new::thread_start
[INFO] [stdout]   18:     0x73048fc86dfa - <unknown>
[INFO] [stdout]   19:     0x73048fd1a3d4 - clone
[INFO] [stdout]   20:                0x0 - <unknown>
[INFO] [stdout] 
[INFO] [stdout] ---- dataset_metadata_query stdout ----
[INFO] [stdout] https://www.quandl.com/api/v3/datasets/WIKI/AAPL/metadata.json?api_key=x3E2BsxsYR1V9iNuAw6m
[INFO] [stdout] Err(DownloadFailed("error sending request for url (https://www.quandl.com/api/v3/datasets/WIKI/AAPL/metadata.json?api_key=x3E2BsxsYR1V9iNuAw6m): error trying to connect: dns error: failed to lookup address information: Temporary failure in name resolution"))
[INFO] [stdout] 
[INFO] [stdout] thread 'dataset_metadata_query' (2319) panicked at tests/lib.rs:46:5:
[INFO] [stdout] assertion failed: metadata.is_ok()
[INFO] [stdout] stack backtrace:
[INFO] [stdout]    0:     0x587f868472c1 - <<std[617be2ca0a6fd877]::sys::backtrace::BacktraceLock>::print::DisplayBacktrace as core[a373ad73a504971]::fmt::Display>::fmt
[INFO] [stdout]    1:     0x587f8685dd8a - core[a373ad73a504971]::fmt::write
[INFO] [stdout]    2:     0x587f8684ba3c - <alloc[2e1b2a31b91974c5]::vec::Vec<u8> as core[a373ad73a504971]::io::write::Write>::write_fmt
[INFO] [stdout]    3:     0x587f868224b6 - std[617be2ca0a6fd877]::panicking::default_hook::{closure#0}
[INFO] [stdout]    4:     0x587f8683f099 - std[617be2ca0a6fd877]::panicking::default_hook
[INFO] [stdout]    5:     0x587f86671d40 - test[aada8e7e76ba119b]::test_main_inner::{closure#0}
[INFO] [stdout]    6:     0x587f8683f3c2 - std[617be2ca0a6fd877]::panicking::panic_with_hook
[INFO] [stdout]    7:     0x587f86822594 - std[617be2ca0a6fd877]::panicking::panic_handler::{closure#0}
[INFO] [stdout]    8:     0x587f8681b199 - std[617be2ca0a6fd877]::sys::backtrace::__rust_end_short_backtrace::<std[617be2ca0a6fd877]::panicking::panic_handler::{closure#0}, !>
[INFO] [stdout]    9:     0x587f8682335d - __rustc[ea4f61d10b84890b]::rust_begin_unwind
[INFO] [stdout]   10:     0x587f8685e4ec - core[a373ad73a504971]::panicking::panic_fmt
[INFO] [stdout]   11:     0x587f8685e4b2 - core[a373ad73a504971]::panicking::panic
[INFO] [stdout]   12:     0x587f86659f5d - <lib[c63ab15e9543bb3f]::dataset_metadata_query::{closure#0} as core[a373ad73a504971]::ops::function::FnOnce<()>>::call_once
[INFO] [stdout]   13:     0x587f8666518b - test[aada8e7e76ba119b]::__rust_begin_short_backtrace::<core[a373ad73a504971]::result::Result<(), alloc[2e1b2a31b91974c5]::string::String>, fn() -> core[a373ad73a504971]::result::Result<(), alloc[2e1b2a31b91974c5]::string::String>>
[INFO] [stdout]   14:     0x587f86672365 - test[aada8e7e76ba119b]::run_test::{closure#0}
[INFO] [stdout]   15:     0x587f8666bc54 - std[617be2ca0a6fd877]::sys::backtrace::__rust_begin_short_backtrace::<test[aada8e7e76ba119b]::run_test::{closure#1}, ()>
[INFO] [stdout]   16:     0x587f866753f2 - <std[617be2ca0a6fd877]::thread::lifecycle::spawn_unchecked<test[aada8e7e76ba119b]::run_test::{closure#1}, ()>::{closure#1} as core[a373ad73a504971]::ops::function::FnOnce<()>>::call_once::{shim:vtable#0}
[INFO] [stdout]   17:     0x587f8684676f - <std[617be2ca0a6fd877]::sys::thread::unix::Thread>::new::thread_start
[INFO] [stdout]   18:     0x73048fc86dfa - <unknown>
[INFO] [stdout]   19:     0x73048fd1a3d4 - clone
[INFO] [stdout]   20:                0x0 - <unknown>
[INFO] [stdout] 
[INFO] [stdout] ---- data_query stdout ----
[INFO] [stdout] https://www.quandl.com/api/v3/datasets/WIKI/AAPL/data.csv?exclude_column_names=true&api_key=x3E2BsxsYR1V9iNuAw6m&rows=20&order=asc&collapse=daily&transform=none&end_date=2016-02-10&start_date=2016-02-01&column_index=2
[INFO] [stdout] Err(DownloadFailed("error sending request for url (https://www.quandl.com/api/v3/datasets/WIKI/AAPL/data.csv?exclude_column_names=true&api_key=x3E2BsxsYR1V9iNuAw6m&rows=20&order=asc&collapse=daily&transform=none&end_date=2016-02-10&start_date=2016-02-01&column_index=2): error trying to connect: dns error: failed to lookup address information: Temporary failure in name resolution"))
[INFO] [stdout] 
[INFO] [stdout] thread 'data_query' (2316) panicked at tests/lib.rs:144:5:
[INFO] [stdout] assertion failed: data.is_ok()
[INFO] [stdout] stack backtrace:
[INFO] [stdout]    0:     0x587f868472c1 - <<std[617be2ca0a6fd877]::sys::backtrace::BacktraceLock>::print::DisplayBacktrace as core[a373ad73a504971]::fmt::Display>::fmt
[INFO] [stdout]    1:     0x587f8685dd8a - core[a373ad73a504971]::fmt::write
[INFO] [stdout]    2:     0x587f8684ba3c - <alloc[2e1b2a31b91974c5]::vec::Vec<u8> as core[a373ad73a504971]::io::write::Write>::write_fmt
[INFO] [stdout]    3:     0x587f868224b6 - std[617be2ca0a6fd877]::panicking::default_hook::{closure#0}
[INFO] [stdout]    4:     0x587f8683f099 - std[617be2ca0a6fd877]::panicking::default_hook
[INFO] [stdout]    5:     0x587f86671d40 - test[aada8e7e76ba119b]::test_main_inner::{closure#0}
[INFO] [stdout]    6:     0x587f8683f3c2 - std[617be2ca0a6fd877]::panicking::panic_with_hook
[INFO] [stdout]    7:     0x587f86822594 - std[617be2ca0a6fd877]::panicking::panic_handler::{closure#0}
[INFO] [stdout]    8:     0x587f8681b199 - std[617be2ca0a6fd877]::sys::backtrace::__rust_end_short_backtrace::<std[617be2ca0a6fd877]::panicking::panic_handler::{closure#0}, !>
[INFO] [stdout]    9:     0x587f8682335d - __rustc[ea4f61d10b84890b]::rust_begin_unwind
[INFO] [stdout]   10:     0x587f8685e4ec - core[a373ad73a504971]::panicking::panic_fmt
[INFO] [stdout]   11:     0x587f8685e4b2 - core[a373ad73a504971]::panicking::panic
[INFO] [stdout]   12:     0x587f86657ae5 - <lib[c63ab15e9543bb3f]::data_query::{closure#0} as core[a373ad73a504971]::ops::function::FnOnce<()>>::call_once
[INFO] [stdout]   13:     0x587f8666518b - test[aada8e7e76ba119b]::__rust_begin_short_backtrace::<core[a373ad73a504971]::result::Result<(), alloc[2e1b2a31b91974c5]::string::String>, fn() -> core[a373ad73a504971]::result::Result<(), alloc[2e1b2a31b91974c5]::string::String>>
[INFO] [stdout]   14:     0x587f86672365 - test[aada8e7e76ba119b]::run_test::{closure#0}
[INFO] [stdout]   15:     0x587f8666bc54 - std[617be2ca0a6fd877]::sys::backtrace::__rust_begin_short_backtrace::<test[aada8e7e76ba119b]::run_test::{closure#1}, ()>
[INFO] [stdout]   16:     0x587f866753f2 - <std[617be2ca0a6fd877]::thread::lifecycle::spawn_unchecked<test[aada8e7e76ba119b]::run_test::{closure#1}, ()>::{closure#1} as core[a373ad73a504971]::ops::function::FnOnce<()>>::call_once::{shim:vtable#0}
[INFO] [stdout]   17:     0x587f8684676f - <std[617be2ca0a6fd877]::sys::thread::unix::Thread>::new::thread_start
[INFO] [stdout]   18:     0x73048fc86dfa - <unknown>
[INFO] [stdout]   19:     0x73048fd1a3d4 - clone
[INFO] [stdout]   20:                0x0 - <unknown>
[INFO] [stdout] 
[INFO] [stdout] ---- dataset_search stdout ----
[INFO] [stdout] https://www.quandl.com/api/v3/datasets.json?api_key=x3E2BsxsYR1V9iNuAw6m&query=Oil+Recycling&per_page=1&page=1&database_code=WIKI
[INFO] [stdout] Err(DownloadFailed("error sending request for url (https://www.quandl.com/api/v3/datasets.json?api_key=x3E2BsxsYR1V9iNuAw6m&query=Oil+Recycling&per_page=1&page=1&database_code=WIKI): error trying to connect: dns error: failed to lookup address information: Temporary failure in name resolution"))
[INFO] [stdout] 
[INFO] [stdout] thread 'dataset_search' (2320) panicked at tests/lib.rs:94:5:
[INFO] [stdout] assertion failed: list.is_ok()
[INFO] [stdout] stack backtrace:
[INFO] [stdout]    0:     0x587f868472c1 - <<std[617be2ca0a6fd877]::sys::backtrace::BacktraceLock>::print::DisplayBacktrace as core[a373ad73a504971]::fmt::Display>::fmt
[INFO] [stdout]    1:     0x587f8685dd8a - core[a373ad73a504971]::fmt::write
[INFO] [stdout]    2:     0x587f8684ba3c - <alloc[2e1b2a31b91974c5]::vec::Vec<u8> as core[a373ad73a504971]::io::write::Write>::write_fmt
[INFO] [stdout]    3:     0x587f868224b6 - std[617be2ca0a6fd877]::panicking::default_hook::{closure#0}
[INFO] [stdout]    4:     0x587f8683f099 - std[617be2ca0a6fd877]::panicking::default_hook
[INFO] [stdout]    5:     0x587f86671d40 - test[aada8e7e76ba119b]::test_main_inner::{closure#0}
[INFO] [stdout]    6:     0x587f8683f3c2 - std[617be2ca0a6fd877]::panicking::panic_with_hook
[INFO] [stdout]    7:     0x587f86822594 - std[617be2ca0a6fd877]::panicking::panic_handler::{closure#0}
[INFO] [stdout]    8:     0x587f8681b199 - std[617be2ca0a6fd877]::sys::backtrace::__rust_end_short_backtrace::<std[617be2ca0a6fd877]::panicking::panic_handler::{closure#0}, !>
[INFO] [stdout]    9:     0x587f8682335d - __rustc[ea4f61d10b84890b]::rust_begin_unwind
[INFO] [stdout]   10:     0x587f8685e4ec - core[a373ad73a504971]::panicking::panic_fmt
[INFO] [stdout]   11:     0x587f8685e4b2 - core[a373ad73a504971]::panicking::panic
[INFO] [stdout]   12:     0x587f86659955 - <lib[c63ab15e9543bb3f]::dataset_search::{closure#0} as core[a373ad73a504971]::ops::function::FnOnce<()>>::call_once
[INFO] [stdout]   13:     0x587f8666518b - test[aada8e7e76ba119b]::__rust_begin_short_backtrace::<core[a373ad73a504971]::result::Result<(), alloc[2e1b2a31b91974c5]::string::String>, fn() -> core[a373ad73a504971]::result::Result<(), alloc[2e1b2a31b91974c5]::string::String>>
[INFO] [stdout]   14:     0x587f86672365 - test[aada8e7e76ba119b]::run_test::{closure#0}
[INFO] [stdout]   15:     0x587f8666bc54 - std[617be2ca0a6fd877]::sys::backtrace::__rust_begin_short_backtrace::<test[aada8e7e76ba119b]::run_test::{closure#1}, ()>
[INFO] [stdout]   16:     0x587f866753f2 - <std[617be2ca0a6fd877]::thread::lifecycle::spawn_unchecked<test[aada8e7e76ba119b]::run_test::{closure#1}, ()>::{closure#1} as core[a373ad73a504971]::ops::function::FnOnce<()>>::call_once::{shim:vtable#0}
[INFO] [stdout]   17:     0x587f8684676f - <std[617be2ca0a6fd877]::sys::thread::unix::Thread>::new::thread_start
[INFO] [stdout]   18:     0x73048fc86dfa - <unknown>
[INFO] [stdout]   19:     0x73048fd1a3d4 - clone
[INFO] [stdout]   20:                0x0 - <unknown>
[INFO] [stdout] 
[INFO] [stdout] ---- database_search stdout ----
[INFO] [stdout] https://www.quandl.com/api/v3/databases.json?api_key=x3E2BsxsYR1V9iNuAw6m&query=Oil+Recycling&per_page=1&page=1
[INFO] [stdout] Err(DownloadFailed("error sending request for url (https://www.quandl.com/api/v3/databases.json?api_key=x3E2BsxsYR1V9iNuAw6m&query=Oil+Recycling&per_page=1&page=1): error trying to connect: dns error: failed to lookup address information: Temporary failure in name resolution"))
[INFO] [stdout] 
[INFO] [stdout] thread 'database_search' (2318) panicked at tests/lib.rs:70:5:
[INFO] [stdout] assertion failed: list.is_ok()
[INFO] [stdout] stack backtrace:
[INFO] [stdout]    0:     0x587f868472c1 - <<std[617be2ca0a6fd877]::sys::backtrace::BacktraceLock>::print::DisplayBacktrace as core[a373ad73a504971]::fmt::Display>::fmt
[INFO] [stdout]    1:     0x587f8685dd8a - core[a373ad73a504971]::fmt::write
[INFO] [stdout]    2:     0x587f8684ba3c - <alloc[2e1b2a31b91974c5]::vec::Vec<u8> as core[a373ad73a504971]::io::write::Write>::write_fmt
[INFO] [stdout]    3:     0x587f868224b6 - std[617be2ca0a6fd877]::panicking::default_hook::{closure#0}
[INFO] [stdout]    4:     0x587f8683f099 - std[617be2ca0a6fd877]::panicking::default_hook
[INFO] [stdout]    5:     0x587f86671d40 - test[aada8e7e76ba119b]::test_main_inner::{closure#0}
[INFO] [stdout]    6:     0x587f8683f3c2 - std[617be2ca0a6fd877]::panicking::panic_with_hook
[INFO] [stdout]    7:     0x587f86822594 - std[617be2ca0a6fd877]::panicking::panic_handler::{closure#0}
[INFO] [stdout]    8:     0x587f8681b199 - std[617be2ca0a6fd877]::sys::backtrace::__rust_end_short_backtrace::<std[617be2ca0a6fd877]::panicking::panic_handler::{closure#0}, !>
[INFO] [stdout]    9:     0x587f8682335d - __rustc[ea4f61d10b84890b]::rust_begin_unwind
[INFO] [stdout]   10:     0x587f8685e4ec - core[a373ad73a504971]::panicking::panic_fmt
[INFO] [stdout]   11:     0x587f8685e4b2 - core[a373ad73a504971]::panicking::panic
[INFO] [stdout]   12:     0x587f86659cb5 - <lib[c63ab15e9543bb3f]::database_search::{closure#0} as core[a373ad73a504971]::ops::function::FnOnce<()>>::call_once
[INFO] [stdout]   13:     0x587f8666518b - test[aada8e7e76ba119b]::__rust_begin_short_backtrace::<core[a373ad73a504971]::result::Result<(), alloc[2e1b2a31b91974c5]::string::String>, fn() -> core[a373ad73a504971]::result::Result<(), alloc[2e1b2a31b91974c5]::string::String>>
[INFO] [stdout]   14:     0x587f86672365 - test[aada8e7e76ba119b]::run_test::{closure#0}
[INFO] [stdout]   15:     0x587f8666bc54 - std[617be2ca0a6fd877]::sys::backtrace::__rust_begin_short_backtrace::<test[aada8e7e76ba119b]::run_test::{closure#1}, ()>
[INFO] [stdout]   16:     0x587f866753f2 - <std[617be2ca0a6fd877]::thread::lifecycle::spawn_unchecked<test[aada8e7e76ba119b]::run_test::{closure#1}, ()>::{closure#1} as core[a373ad73a504971]::ops::function::FnOnce<()>>::call_once::{shim:vtable#0}
[INFO] [stdout]   17:     0x587f8684676f - <std[617be2ca0a6fd877]::sys::thread::unix::Thread>::new::thread_start
[INFO] [stdout]   18:     0x73048fc86dfa - <unknown>
[INFO] [stdout]   19:     0x73048fd1a3d4 - clone
[INFO] [stdout]   20:                0x0 - <unknown>
[INFO] [stdout] 
[INFO] [stdout] ---- batch_querying stdout ----
[INFO] [stdout] https://www.quandl.com/api/v3/databases/WIKI.json?api_key=x3E2BsxsYR1V9iNuAw6m
[INFO] [stdout] https://www.quandl.com/api/v3/databases/FRED.json?api_key=x3E2BsxsYR1V9iNuAw6m
[INFO] [stdout] https://www.quandl.com/api/v3/databases/JODI.json?api_key=x3E2BsxsYR1V9iNuAw6m
[INFO] [stdout] https://www.quandl.com/api/v3/databases/EIA.json?api_key=x3E2BsxsYR1V9iNuAw6m
[INFO] [stdout] [Err(DownloadFailed("error sending request for url (https://www.quandl.com/api/v3/databases/WIKI.json?api_key=x3E2BsxsYR1V9iNuAw6m): error trying to connect: dns error: failed to lookup address information: Temporary failure in name resolution")), Err(DownloadFailed("error sending request for url (https://www.quandl.com/api/v3/databases/FRED.json?api_key=x3E2BsxsYR1V9iNuAw6m): error trying to connect: dns error: failed to lookup address information: Temporary failure in name resolution")), Err(DownloadFailed("error sending request for url (https://www.quandl.com/api/v3/databases/JODI.json?api_key=x3E2BsxsYR1V9iNuAw6m): error trying to connect: dns error: failed to lookup address information: Temporary failure in name resolution")), Err(DownloadFailed("error sending request for url (https://www.quandl.com/api/v3/databases/EIA.json?api_key=x3E2BsxsYR1V9iNuAw6m): error trying to connect: dns error: failed to lookup address information: Temporary failure in name resolution"))]
[INFO] [stdout] 
[INFO] [stdout] thread 'batch_querying' (2314) panicked at tests/lib.rs:209:9:
[INFO] [stdout] assertion failed: result.is_ok()
[INFO] [stdout] stack backtrace:
[INFO] [stdout]    0:     0x587f868472c1 - <<std[617be2ca0a6fd877]::sys::backtrace::BacktraceLock>::print::DisplayBacktrace as core[a373ad73a504971]::fmt::Display>::fmt
[INFO] [stdout]    1:     0x587f8685dd8a - core[a373ad73a504971]::fmt::write
[INFO] [stdout]    2:     0x587f8684ba3c - <alloc[2e1b2a31b91974c5]::vec::Vec<u8> as core[a373ad73a504971]::io::write::Write>::write_fmt
[INFO] [stdout]    3:     0x587f868224b6 - std[617be2ca0a6fd877]::panicking::default_hook::{closure#0}
[INFO] [stdout]    4:     0x587f8683f099 - std[617be2ca0a6fd877]::panicking::default_hook
[INFO] [stdout]    5:     0x587f86671d40 - test[aada8e7e76ba119b]::test_main_inner::{closure#0}
[INFO] [stdout]    6:     0x587f8683f3c2 - std[617be2ca0a6fd877]::panicking::panic_with_hook
[INFO] [stdout]    7:     0x587f86822594 - std[617be2ca0a6fd877]::panicking::panic_handler::{closure#0}
[INFO] [stdout]    8:     0x587f8681b199 - std[617be2ca0a6fd877]::sys::backtrace::__rust_end_short_backtrace::<std[617be2ca0a6fd877]::panicking::panic_handler::{closure#0}, !>
[INFO] [stdout]    9:     0x587f8682335d - __rustc[ea4f61d10b84890b]::rust_begin_unwind
[INFO] [stdout]   10:     0x587f8685e4ec - core[a373ad73a504971]::panicking::panic_fmt
[INFO] [stdout]   11:     0x587f8685e4b2 - core[a373ad73a504971]::panicking::panic
[INFO] [stdout]   12:     0x587f86658fb6 - <lib[c63ab15e9543bb3f]::batch_querying::{closure#0} as core[a373ad73a504971]::ops::function::FnOnce<()>>::call_once
[INFO] [stdout]   13:     0x587f8666518b - test[aada8e7e76ba119b]::__rust_begin_short_backtrace::<core[a373ad73a504971]::result::Result<(), alloc[2e1b2a31b91974c5]::string::String>, fn() -> core[a373ad73a504971]::result::Result<(), alloc[2e1b2a31b91974c5]::string::String>>
[INFO] [stdout]   14:     0x587f86672365 - test[aada8e7e76ba119b]::run_test::{closure#0}
[INFO] [stdout]   15:     0x587f8666bc54 - std[617be2ca0a6fd877]::sys::backtrace::__rust_begin_short_backtrace::<test[aada8e7e76ba119b]::run_test::{closure#1}, ()>
[INFO] [stdout]   16:     0x587f866753f2 - <std[617be2ca0a6fd877]::thread::lifecycle::spawn_unchecked<test[aada8e7e76ba119b]::run_test::{closure#1}, ()>::{closure#1} as core[a373ad73a504971]::ops::function::FnOnce<()>>::call_once::{shim:vtable#0}
[INFO] [stdout]   17:     0x587f8684676f - <std[617be2ca0a6fd877]::sys::thread::unix::Thread>::new::thread_start
[INFO] [stdout]   18:     0x73048fc86dfa - <unknown>
[INFO] [stdout]   19:     0x73048fd1a3d4 - clone
[INFO] [stdout]   20:                0x0 - <unknown>
[INFO] [stdout] 
[INFO] [stdout] 
[INFO] [stdout] failures:
[INFO] [stdout]     batch_querying
[INFO] [stdout]     data_query
[INFO] [stdout]     database_metadata_query
[INFO] [stdout]     database_search
[INFO] [stdout]     dataset_metadata_query
[INFO] [stdout]     dataset_search
[INFO] [stdout] 
[INFO] [stdout] test result: FAILED. 1 passed; 6 failed; 0 ignored; 0 measured; 0 filtered out; finished in 0.25s
[INFO] [stdout] 
[INFO] [stderr] error: test failed, to rerun pass `--test lib`
[INFO] running `Command { std: "docker" "inspect" "dfcf6198b022e93476580f2c17be9fd54705e57c99a75b6edd1ae25717ac3ad8", kill_on_drop: false }`
[INFO] running `Command { std: "docker" "rm" "-f" "dfcf6198b022e93476580f2c17be9fd54705e57c99a75b6edd1ae25717ac3ad8", kill_on_drop: false }`
[INFO] [stdout] dfcf6198b022e93476580f2c17be9fd54705e57c99a75b6edd1ae25717ac3ad8
