[INFO] fetching crate qualinvest_core 0.1.5...
[INFO] testing qualinvest_core-0.1.5 against 1.100.0-beta.1+cargoflags=--release for beta-release-1.100-2
[INFO] extracting crate qualinvest_core 0.1.5 into /workspace/builds/worker-7-tc2/source
[INFO] started tweaking crates.io crate qualinvest_core 0.1.5
[INFO] finished tweaking crates.io crate qualinvest_core 0.1.5
[INFO] tweaked toml for crates.io crate qualinvest_core 0.1.5 written to /workspace/builds/worker-7-tc2/source/Cargo.toml
[INFO] validating manifest of crates.io crate qualinvest_core 0.1.5 on toolchain 1.100.0-beta.1
[INFO] running `Command { std: CARGO_HOME="/workspace/cargo-home" RUSTUP_HOME="/workspace/rustup-home" "/workspace/cargo-home/bin/cargo" "+1.100.0-beta.1" "metadata" "--manifest-path" "Cargo.toml" "--no-deps", kill_on_drop: false }`
[INFO] running `Command { std: CARGO_HOME="/workspace/cargo-home" RUSTUP_HOME="/workspace/rustup-home" "/workspace/cargo-home/bin/cargo" "+1.100.0-beta.1" "generate-lockfile" "--manifest-path" "Cargo.toml", kill_on_drop: false }`
[INFO] [stderr]     Updating crates.io index
[INFO] [stderr]      Locking 370 packages to highest compatible versions
[INFO] [stderr]       Adding finql v0.7.7 (available: v0.14.0)
[INFO] [stderr]       Adding postgres v0.17.5 (available: v0.19.14)
[INFO] [stderr]       Adding ring v0.16.20 (available: v0.17.14)
[INFO] [stderr]       Adding rusqlite v0.23.1 (available: v0.40.2)
[INFO] [stderr]       Adding tokio-postgres v0.5.5 (available: v0.7.18)
[INFO] [stderr]       Adding wasi v0.10.0+wasi-snapshot-preview1 (available: v0.10.2+wasi-snapshot-preview1)
[INFO] running `Command { std: CARGO_HOME="/workspace/cargo-home" RUSTUP_HOME="/workspace/rustup-home" "/workspace/cargo-home/bin/cargo" "+1.100.0-beta.1" "fetch" "--manifest-path" "Cargo.toml", kill_on_drop: false }`
[INFO] running `Command { std: "docker" "create" "-v" "/var/lib/crater-agent-workspace/builds/worker-7-tc2/source:/opt/rustwide/workdir:ro,Z" "-v" "/var/lib/crater-agent-workspace/builds/worker-7-tc2/target:/opt/rustwide/target:rw,Z" "-v" "/var/lib/crater-agent-workspace/cargo-home:/opt/rustwide/cargo-home:ro,Z" "-v" "/var/lib/crater-agent-workspace/rustup-home:/opt/rustwide/rustup-home:ro,Z" "-m" "1610612736" "--network" "none" "ghcr.io/rust-lang/crates-build-env/linux@sha256:77db811e55d90add9212f6832c23229e3de5f1c1f9905e8cb07319ea15df73ac" "sleep" "infinity", kill_on_drop: false }`
[INFO] [stdout] 0527122217e332012f51354d489eee5b42d3806b7693677cc1773ea44e984b0a
[INFO] running `Command { std: "docker" "start" "0527122217e332012f51354d489eee5b42d3806b7693677cc1773ea44e984b0a", kill_on_drop: false }`
[INFO] running `Command { std: "docker" "inspect" "0527122217e332012f51354d489eee5b42d3806b7693677cc1773ea44e984b0a", kill_on_drop: false }`
[INFO] running `Command { std: "docker" "exec" "-e" "SOURCE_DIR=/opt/rustwide/workdir" "-e" "CARGO_HOME=/opt/rustwide/cargo-home" "-e" "RUSTUP_HOME=/opt/rustwide/rustup-home" "-e" "CARGO_TARGET_DIR=/opt/rustwide/target" "-w" "/opt/rustwide/workdir" "--user" "0:0" "0527122217e332012f51354d489eee5b42d3806b7693677cc1773ea44e984b0a" "/opt/rustwide/cargo-home/bin/cargo" "+1.100.0-beta.1" "metadata" "--no-deps" "--format-version=1", kill_on_drop: false }`
[INFO] running `Command { std: "docker" "inspect" "0527122217e332012f51354d489eee5b42d3806b7693677cc1773ea44e984b0a", kill_on_drop: false }`
[INFO] running `Command { std: "docker" "exec" "-e" "SOURCE_DIR=/opt/rustwide/workdir" "-e" "CARGO_HOME=/opt/rustwide/cargo-home" "-e" "RUSTUP_HOME=/opt/rustwide/rustup-home" "-e" "CARGO_TARGET_DIR=/opt/rustwide/target" "-e" "CARGO_INCREMENTAL=0" "-e" "RUST_BACKTRACE=full" "-e" "RUSTFLAGS=--cap-lints=warn" "-e" "RUSTDOCFLAGS=--cap-lints=warn" "-w" "/opt/rustwide/workdir" "--user" "0:0" "0527122217e332012f51354d489eee5b42d3806b7693677cc1773ea44e984b0a" "/opt/rustwide/cargo-home/bin/cargo" "+1.100.0-beta.1" "build" "--frozen" "--message-format=json" "--release", kill_on_drop: false }`
[INFO] [stderr]    Compiling libc v0.2.191
[INFO] [stderr]    Compiling serde_core v1.0.229
[INFO] [stderr]    Compiling serde v1.0.229
[INFO] [stderr]    Compiling syn v3.0.9
[INFO] [stderr]    Compiling rand_core v0.4.3
[INFO] [stderr]    Compiling stable_deref_trait v1.2.1
[INFO] [stderr]    Compiling syn v2.0.119
[INFO] [stderr]    Compiling syn v1.0.109
[INFO] [stderr]    Compiling rand_chacha v0.1.1
[INFO] [stderr]    Compiling rand_core v0.3.2
[INFO] [stderr]    Compiling rand_pcg v0.1.2
[INFO] [stderr]    Compiling num-traits v0.2.19
[INFO] [stderr]    Compiling rand_isaac v0.1.1
[INFO] [stderr]    Compiling rand_xorshift v0.1.1
[INFO] [stderr]    Compiling rand_hc v0.1.0
[INFO] [stderr]    Compiling rand_jitter v0.1.4
[INFO] [stderr]    Compiling rand v0.6.5
[INFO] [stderr]    Compiling siphasher v0.2.3
[INFO] [stderr]    Compiling phf_shared v0.7.24
[INFO] [stderr]    Compiling bytes v0.5.6
[INFO] [stderr]    Compiling generic-array v0.14.9
[INFO] [stderr]    Compiling getrandom v0.1.16
[INFO] [stderr]    Compiling iovec v0.1.4
[INFO] [stderr]    Compiling num_cpus v1.17.0
[INFO] [stderr]    Compiling net2 v0.2.39
[INFO] [stderr]    Compiling bytes v0.4.12
[INFO] [stderr]    Compiling rand_os v0.1.3
[INFO] [stderr]    Compiling mio v0.6.23
[INFO] [stderr]    Compiling openssl-sys v0.9.117
[INFO] [stderr]    Compiling tokio-io v0.1.13
[INFO] [stderr]    Compiling phf_generator v0.7.24
[INFO] [stderr]    Compiling phf_codegen v0.7.24
[INFO] [stderr]    Compiling mio-uds v0.6.8
[INFO] [stderr]    Compiling parking_lot_core v0.6.3
[INFO] [stderr]    Compiling pin-project-lite v0.1.12
[INFO] [stderr]    Compiling zerocopy v0.8.63
[INFO] [stderr]    Compiling tokio v0.2.25
[INFO] [stderr]    Compiling parking_lot v0.9.0
[INFO] [stderr]    Compiling time v0.1.45
[INFO] [stderr]    Compiling string_cache_shared v0.3.0
[INFO] [stderr]    Compiling tokio-reactor v0.1.12
[INFO] [stderr]    Compiling string_cache_codegen v0.4.4
[INFO] [stderr]    Compiling serde_json v1.0.154
[INFO] [stderr]    Compiling rand_core v0.5.1
[INFO] [stderr]    Compiling http v0.1.21
[INFO] [stderr]    Compiling synstructure v0.14.0
[INFO] [stderr]    Compiling openssl-macros v0.1.1
[INFO] [stderr]    Compiling openssl v0.10.81
[INFO] [stderr]    Compiling synstructure v0.12.6
[INFO] [stderr]    Compiling serde_derive v1.0.229
[INFO] [stderr]    Compiling zerofrom-derive v0.1.8
[INFO] [stderr]    Compiling yoke-derive v0.8.4
[INFO] [stderr]    Compiling zerofrom v0.1.8
[INFO] [stderr]    Compiling zerovec-derive v0.11.6
[INFO] [stderr]    Compiling yoke v0.8.3
[INFO] [stderr]    Compiling displaydoc v0.2.7
[INFO] [stderr]    Compiling futures-macro v0.3.34
[INFO] [stderr]    Compiling tokio-util v0.3.1
[INFO] [stderr]    Compiling zerotrie v0.2.5
[INFO] [stderr]    Compiling zerovec v0.11.8
[INFO] [stderr]    Compiling tokio-threadpool v0.1.18
[INFO] [stderr]    Compiling futures-util v0.3.34
[INFO] [stderr]    Compiling pin-project-internal v1.1.13
[INFO] [stderr]    Compiling tinystr v0.8.4
[INFO] [stderr]    Compiling icu_locale_core v2.3.0
[INFO] [stderr]    Compiling potential_utf v0.1.6
[INFO] [stderr]    Compiling icu_collections v2.3.0
[INFO] [stderr]    Compiling native-tls v0.2.18
[INFO] [stderr]    Compiling chrono v0.4.45
[INFO] [stderr]    Compiling ppv-lite86 v0.2.21
[INFO] [stderr]    Compiling tokio-tcp v0.1.4
[INFO] [stderr]    Compiling icu_provider v2.3.1
[INFO] [stderr]    Compiling tokio-buf v0.1.1
[INFO] [stderr]    Compiling string v0.2.1
[INFO] [stderr]    Compiling http v0.2.12
[INFO] [stderr]    Compiling backtrace v0.3.76
[INFO] [stderr]    Compiling icu_normalizer v2.3.0
[INFO] [stderr]    Compiling icu_properties v2.3.0
[INFO] [stderr]    Compiling tokio v0.1.22
[INFO] [stderr]    Compiling h2 v0.1.26
[INFO] [stderr]    Compiling http-body v0.1.0
[INFO] [stderr]    Compiling tracing v0.1.44
[INFO] [stderr]    Compiling rand_chacha v0.2.2
[INFO] [stderr]    Compiling idna_adapter v1.2.2
[INFO] [stderr]    Compiling idna v1.1.0
[INFO] [stderr]    Compiling pin-project v1.1.13
[INFO] [stderr]    Compiling failure_derive v0.1.8
[INFO] [stderr]    Compiling digest v0.9.0
[INFO] [stderr]    Compiling futures-cpupool v0.1.8
[INFO] [stderr]    Compiling slog v2.8.2
[INFO] [stderr]    Compiling memchr v2.8.3
[INFO] [stderr]    Compiling crypto-mac v0.9.1
[INFO] [stderr]    Compiling url v2.5.8
[INFO] [stderr]    Compiling publicsuffix v1.5.6
[INFO] [stderr]    Compiling hyper v0.12.36
[INFO] [stderr]    Compiling failure v0.1.8
[INFO] [stderr]    Compiling tracing-futures v0.2.5
[INFO] [stderr]    Compiling rand v0.7.3
[INFO] [stderr]    Compiling erased-serde v0.3.31
[INFO] [stderr]    Compiling cookie v0.12.0
[INFO] [stderr]    Compiling phf v0.7.24
[INFO] [stderr]    Compiling string_cache v0.7.5
[INFO] [stderr]    Compiling block-buffer v0.9.0
[INFO] [stderr]    Compiling num-integer v0.1.47
[INFO] [stderr]    Compiling num-bigint v0.2.6
[INFO] [stderr]    Compiling unicode-properties v0.1.4
[INFO] [stderr]    Compiling mac v0.1.1
[INFO] [stderr]    Compiling fallible-iterator v0.2.0
[INFO] [stderr]    Compiling precomputed-hash v0.1.1
[INFO] [stderr]    Compiling proc-macro-hack v0.5.20+deprecated
[INFO] [stderr]    Compiling sha2 v0.9.9
[INFO] [stderr]    Compiling serde_urlencoded v0.5.5
[INFO] [stderr]    Compiling time-macros v0.2.32
[INFO] [stderr]    Compiling stringprep v0.1.5
[INFO] [stderr]    Compiling futf v0.1.5
[INFO] [stderr]    Compiling cookie_store v0.7.0
[INFO] [stderr]    Compiling hyper-tls v0.3.2
[INFO] [stderr]    Compiling h2 v0.2.7
[INFO] [stderr]    Compiling markup5ever v0.9.0
[INFO] [stderr]    Compiling uuid v0.7.4
[INFO] [stderr]    Compiling hmac v0.9.0
[INFO] [stderr]    Compiling http-body v0.3.1
[INFO] [stderr]    Compiling cssparser v0.25.9
[INFO] [stderr]    Compiling socket2 v0.3.19
[INFO] [stderr]    Compiling want v0.3.2
[INFO] [stderr]    Compiling instant v0.1.13
[INFO] [stderr]    Compiling num-rational v0.2.4
[INFO] [stderr]    Compiling num-complex v0.2.4
[INFO] [stderr]    Compiling md5 v0.7.0
[INFO] [stderr]    Compiling siphasher v0.3.11
[INFO] [stderr]    Compiling powerfmt v0.2.1
[INFO] [stderr]    Compiling httpdate v0.3.2
[INFO] [stderr]    Compiling deranged v0.5.9
[INFO] [stderr]    Compiling procedural-masquerade v0.1.7
[INFO] [stderr]    Compiling dtoa v1.0.11
[INFO] [stderr]    Compiling cssparser-macros v0.3.6
[INFO] [stderr]    Compiling dtoa-short v0.3.5
[INFO] [stderr]    Compiling phf_shared v0.8.0
[INFO] [stderr]    Compiling tendril v0.4.3
[INFO] [stderr]    Compiling postgres-protocol v0.5.3
[INFO] [stderr]    Compiling parking_lot_core v0.8.6
[INFO] [stderr]    Compiling reqwest v0.9.24
[INFO] [stderr]    Compiling futures-executor v0.3.34
[INFO] [stderr]    Compiling tokio-tls v0.3.1
[INFO] [stderr]    Compiling time v0.3.55
[INFO] [stderr]    Compiling html5ever v0.24.1
[INFO] [stderr]    Compiling selectors v0.21.0
[INFO] [stderr]    Compiling libsqlite3-sys v0.18.0
[INFO] [stderr]    Compiling thread_local v1.1.10
[INFO] [stderr]    Compiling slog-async v2.8.0
[INFO] [stderr]    Compiling nodrop v0.1.14
[INFO] [stderr]    Compiling servo_arc v0.1.1
[INFO] [stderr]    Compiling parking_lot v0.11.2
[INFO] [stderr]    Compiling paste-impl v0.1.18
[INFO] [stderr]    Compiling futures v0.3.34
[INFO] [stderr]    Compiling hyper v0.13.10
[INFO] [stderr]    Compiling postgres-types v0.1.3
[INFO] [stderr]    Compiling phf v0.8.0
[INFO] [stderr]    Compiling serde_urlencoded v0.7.1
[INFO] [stderr]    Compiling num-iter v0.1.46
[INFO] [stderr]    Compiling async-trait v0.1.92
[INFO] [stderr]    Compiling thiserror-impl v1.0.69
[INFO] [stderr]    Compiling is-terminal v0.4.17
[INFO] [stderr]    Compiling fxhash v0.2.1
[INFO] [stderr]    Compiling take_mut v0.2.2
[INFO] [stderr]    Compiling thin-slice v0.1.1
[INFO] [stderr]    Compiling term v1.2.1
[INFO] [stderr]    Compiling linked-hash-map v0.5.6
[INFO] [stderr]    Compiling getopts v0.2.24
[INFO] [stderr]    Compiling tokio-postgres v0.5.5
[INFO] [stderr]    Compiling slog-term v2.9.2
[INFO] [stderr]    Compiling thiserror v1.0.69
[INFO] [stderr]    Compiling lru-cache v0.1.2
[INFO] [stderr]    Compiling num v0.2.1
[INFO] [stderr]    Compiling slog-json v2.6.1
[INFO] [stderr]    Compiling paste v0.1.18
[INFO] [stderr]    Compiling bincode v1.3.3
[INFO] [stderr]    Compiling rand_xorshift v0.2.0
[INFO] [stderr]    Compiling approx v0.3.2
[INFO] [stderr]    Compiling ring v0.16.20
[INFO] [stderr]    Compiling csv-core v0.1.13
[INFO] [stderr]    Compiling ego-tree v0.6.3
[INFO] [stderr]    Compiling rusqlite v0.23.1
[INFO] [stderr]    Compiling scraper v0.11.0
[INFO] [stderr]    Compiling csv v1.4.0
[INFO] [stderr]    Compiling argmin v0.3.1
[INFO] [stderr]    Compiling hyper-tls v0.4.3
[INFO] [stderr]    Compiling reqwest v0.10.10
[INFO] [stderr]    Compiling postgres v0.17.5
[INFO] [stderr]    Compiling alpha_vantage v0.4.0
[INFO] [stderr]    Compiling gurufocus_api v0.3.2
[INFO] [stderr]    Compiling yahoo_finance_api v0.2.3
[INFO] [stderr]    Compiling eodhistoricaldata_api v0.2.0
[INFO] [stderr]    Compiling text_io v0.1.13
[INFO] [stderr]    Compiling computus v1.1.0
[INFO] [stderr]    Compiling data-encoding v2.11.1
[INFO] [stderr]    Compiling finql v0.7.7
[INFO] [stderr]    Compiling qualinvest_core v0.1.5 (/opt/rustwide/workdir)
[INFO] [stdout] warning: use of deprecated method `chrono::TimeZone::ymd`: use `with_ymd_and_hms()` instead
[INFO] [stdout]    --> src/read_pdf/mod.rs:264:10
[INFO] [stdout]     |
[INFO] [stdout] 264 |         .ymd(tri.valuta.year(), tri.valuta.month(), tri.valuta.day())
[INFO] [stdout]     |          ^^^
[INFO] [stdout]     |
[INFO] [stdout]     = note: `#[warn(deprecated)]` on by default
[INFO] [stdout] 
[INFO] [stdout] 
[INFO] [stdout] warning: use of deprecated method `chrono::Date::<Tz>::and_hms_milli`: Use and_hms_milli_opt() instead
[INFO] [stdout]    --> src/read_pdf/mod.rs:265:10
[INFO] [stdout]     |
[INFO] [stdout] 265 |         .and_hms_milli(18, 0, 0, 0);
[INFO] [stdout]     |          ^^^^^^^^^^^^^
[INFO] [stdout] 
[INFO] [stdout] 
[INFO] [stdout] warning: use of deprecated method `chrono::TimeZone::ymd`: use `with_ymd_and_hms()` instead
[INFO] [stdout]    --> src/read_pdf/mod.rs:315:10
[INFO] [stdout]     |
[INFO] [stdout] 315 |         .ymd(tri.valuta.year(), tri.valuta.month(), tri.valuta.day())
[INFO] [stdout]     |          ^^^
[INFO] [stdout] 
[INFO] [stdout] 
[INFO] [stdout] warning: use of deprecated method `chrono::Date::<Tz>::and_hms_milli`: Use and_hms_milli_opt() instead
[INFO] [stdout]    --> src/read_pdf/mod.rs:316:10
[INFO] [stdout]     |
[INFO] [stdout] 316 |         .and_hms_milli(18, 0, 0, 0);
[INFO] [stdout]     |          ^^^^^^^^^^^^^
[INFO] [stdout] 
[INFO] [stdout] 
[INFO] [stdout] warning: variable does not need to be mutable
[INFO] [stdout]    --> src/position/mod.rs:124:18
[INFO] [stdout]     |
[INFO] [stdout] 124 |         for (id, mut pos) in &mut self.assets {
[INFO] [stdout]     |                  ----^^^
[INFO] [stdout]     |                  |
[INFO] [stdout]     |                  help: remove this `mut`
[INFO] [stdout]     |
[INFO] [stdout]     = note: `#[warn(unused_mut)]` (part of `#[warn(unused)]`) on by default
[INFO] [stdout] 
[INFO] [stdout] 
[INFO] [stderr]     Finished `release` profile [optimized] target(s) in 5m 25s
[INFO] [stderr] warning: the following packages contain code that will be rejected by a future version of Rust: argmin v0.3.1, html5ever v0.24.1
[INFO] [stderr] note: to see what the problems were, use the option `--future-incompat-report`, or run `cargo report future-incompatibilities --id 6`
[INFO] running `Command { std: "docker" "inspect" "0527122217e332012f51354d489eee5b42d3806b7693677cc1773ea44e984b0a", kill_on_drop: false }`
[INFO] running `Command { std: "docker" "exec" "-e" "SOURCE_DIR=/opt/rustwide/workdir" "-e" "CARGO_HOME=/opt/rustwide/cargo-home" "-e" "RUSTUP_HOME=/opt/rustwide/rustup-home" "-e" "CARGO_TARGET_DIR=/opt/rustwide/target" "-e" "CARGO_INCREMENTAL=0" "-e" "RUST_BACKTRACE=full" "-e" "RUSTFLAGS=--cap-lints=warn" "-e" "RUSTDOCFLAGS=--cap-lints=warn" "-w" "/opt/rustwide/workdir" "--user" "0:0" "0527122217e332012f51354d489eee5b42d3806b7693677cc1773ea44e984b0a" "/opt/rustwide/cargo-home/bin/cargo" "+1.100.0-beta.1" "test" "--frozen" "--no-run" "--message-format=json" "--release", kill_on_drop: false }`
[INFO] [stdout] warning: use of deprecated method `chrono::TimeZone::ymd`: use `with_ymd_and_hms()` instead
[INFO] [stdout]    --> src/read_pdf/mod.rs:264:10
[INFO] [stdout]     |
[INFO] [stdout] 264 |         .ymd(tri.valuta.year(), tri.valuta.month(), tri.valuta.day())
[INFO] [stdout]     |          ^^^
[INFO] [stdout]     |
[INFO] [stdout]     = note: `#[warn(deprecated)]` on by default
[INFO] [stdout] 
[INFO] [stdout] 
[INFO] [stdout] warning: use of deprecated method `chrono::Date::<Tz>::and_hms_milli`: Use and_hms_milli_opt() instead
[INFO] [stdout]    --> src/read_pdf/mod.rs:265:10
[INFO] [stdout]     |
[INFO] [stdout] 265 |         .and_hms_milli(18, 0, 0, 0);
[INFO] [stdout]     |          ^^^^^^^^^^^^^
[INFO] [stdout] 
[INFO] [stdout] 
[INFO] [stdout] warning: use of deprecated method `chrono::TimeZone::ymd`: use `with_ymd_and_hms()` instead
[INFO] [stdout]    --> src/read_pdf/mod.rs:315:10
[INFO] [stdout]     |
[INFO] [stdout] 315 |         .ymd(tri.valuta.year(), tri.valuta.month(), tri.valuta.day())
[INFO] [stdout]     |          ^^^
[INFO] [stdout] 
[INFO] [stdout] 
[INFO] [stdout] warning: use of deprecated method `chrono::Date::<Tz>::and_hms_milli`: Use and_hms_milli_opt() instead
[INFO] [stdout]    --> src/read_pdf/mod.rs:316:10
[INFO] [stdout]     |
[INFO] [stdout] 316 |         .and_hms_milli(18, 0, 0, 0);
[INFO] [stdout]     |          ^^^^^^^^^^^^^
[INFO] [stdout] 
[INFO] [stdout] 
[INFO] [stderr]    Compiling qualinvest_core v0.1.5 (/opt/rustwide/workdir)
[INFO] [stdout] warning: variable does not need to be mutable
[INFO] [stdout]    --> src/position/mod.rs:124:18
[INFO] [stdout]     |
[INFO] [stdout] 124 |         for (id, mut pos) in &mut self.assets {
[INFO] [stdout]     |                  ----^^^
[INFO] [stdout]     |                  |
[INFO] [stdout]     |                  help: remove this `mut`
[INFO] [stdout]     |
[INFO] [stdout]     = note: `#[warn(unused_mut)]` (part of `#[warn(unused)]`) on by default
[INFO] [stdout] 
[INFO] [stdout] 
[INFO] [stdout] warning: use of deprecated associated function `chrono::NaiveDate::from_ymd`: use `from_ymd_opt()` instead
[INFO] [stdout]    --> src/position/mod.rs:335:34
[INFO] [stdout]     |
[INFO] [stdout] 335 |                 date: NaiveDate::from_ymd(2020, 1, 1),
[INFO] [stdout]     |                                  ^^^^^^^^
[INFO] [stdout]     |
[INFO] [stdout]     = note: `#[warn(deprecated)]` on by default
[INFO] [stdout] 
[INFO] [stdout] 
[INFO] [stdout] warning: use of deprecated associated function `chrono::NaiveDate::from_ymd`: use `from_ymd_opt()` instead
[INFO] [stdout]    --> src/position/mod.rs:354:34
[INFO] [stdout]     |
[INFO] [stdout] 354 |                 date: NaiveDate::from_ymd(2020, 1, 2),
[INFO] [stdout]     |                                  ^^^^^^^^
[INFO] [stdout] 
[INFO] [stdout] 
[INFO] [stdout] warning: use of deprecated associated function `chrono::NaiveDate::from_ymd`: use `from_ymd_opt()` instead
[INFO] [stdout]    --> src/position/mod.rs:368:34
[INFO] [stdout]     |
[INFO] [stdout] 368 |                 date: NaiveDate::from_ymd(2020, 1, 2),
[INFO] [stdout]     |                                  ^^^^^^^^
[INFO] [stdout] 
[INFO] [stdout] 
[INFO] [stdout] warning: use of deprecated associated function `chrono::NaiveDate::from_ymd`: use `from_ymd_opt()` instead
[INFO] [stdout]    --> src/position/mod.rs:392:34
[INFO] [stdout]     |
[INFO] [stdout] 392 |                 date: NaiveDate::from_ymd(2020, 1, 31),
[INFO] [stdout]     |                                  ^^^^^^^^
[INFO] [stdout] 
[INFO] [stdout] 
[INFO] [stdout] warning: use of deprecated associated function `chrono::NaiveDate::from_ymd`: use `from_ymd_opt()` instead
[INFO] [stdout]    --> src/position/mod.rs:406:34
[INFO] [stdout]     |
[INFO] [stdout] 406 |                 date: NaiveDate::from_ymd(2020, 1, 31),
[INFO] [stdout]     |                                  ^^^^^^^^
[INFO] [stdout] 
[INFO] [stdout] 
[INFO] [stdout] warning: use of deprecated associated function `chrono::NaiveDate::from_ymd`: use `from_ymd_opt()` instead
[INFO] [stdout]    --> src/position/mod.rs:420:34
[INFO] [stdout]     |
[INFO] [stdout] 420 |                 date: NaiveDate::from_ymd(2020, 1, 31),
[INFO] [stdout]     |                                  ^^^^^^^^
[INFO] [stdout] 
[INFO] [stdout] 
[INFO] [stdout] warning: use of deprecated associated function `chrono::NaiveDate::from_ymd`: use `from_ymd_opt()` instead
[INFO] [stdout]    --> src/position/mod.rs:449:34
[INFO] [stdout]     |
[INFO] [stdout] 449 |                 date: NaiveDate::from_ymd(2020, 2, 15),
[INFO] [stdout]     |                                  ^^^^^^^^
[INFO] [stdout] 
[INFO] [stdout] 
[INFO] [stdout] warning: use of deprecated associated function `chrono::NaiveDate::from_ymd`: use `from_ymd_opt()` instead
[INFO] [stdout]    --> src/position/mod.rs:463:34
[INFO] [stdout]     |
[INFO] [stdout] 463 |                 date: NaiveDate::from_ymd(2020, 2, 25),
[INFO] [stdout]     |                                  ^^^^^^^^
[INFO] [stdout] 
[INFO] [stdout] 
[INFO] [stdout] warning: use of deprecated associated function `chrono::NaiveDate::from_ymd`: use `from_ymd_opt()` instead
[INFO] [stdout]    --> src/position/mod.rs:477:34
[INFO] [stdout]     |
[INFO] [stdout] 477 |                 date: NaiveDate::from_ymd(2020, 2, 26),
[INFO] [stdout]     |                                  ^^^^^^^^
[INFO] [stdout] 
[INFO] [stdout] 
[INFO] [stdout] warning: use of deprecated associated function `chrono::NaiveDate::from_ymd`: use `from_ymd_opt()` instead
[INFO] [stdout]    --> src/position/mod.rs:489:34
[INFO] [stdout]     |
[INFO] [stdout] 489 |                 date: NaiveDate::from_ymd(2020, 2, 27),
[INFO] [stdout]     |                                  ^^^^^^^^
[INFO] [stdout] 
[INFO] [stdout] 
[INFO] [stdout] warning: use of deprecated associated function `chrono::NaiveDate::from_ymd`: use `from_ymd_opt()` instead
[INFO] [stdout]    --> src/position/mod.rs:501:34
[INFO] [stdout]     |
[INFO] [stdout] 501 |                 date: NaiveDate::from_ymd(2020, 2, 28),
[INFO] [stdout]     |                                  ^^^^^^^^
[INFO] [stdout] 
[INFO] [stdout] 
[INFO] [stdout] warning: use of deprecated method `chrono::TimeZone::ymd`: use `with_ymd_and_hms()` instead
[INFO] [stdout]    --> src/read_pdf/mod.rs:264:10
[INFO] [stdout]     |
[INFO] [stdout] 264 |         .ymd(tri.valuta.year(), tri.valuta.month(), tri.valuta.day())
[INFO] [stdout]     |          ^^^
[INFO] [stdout] 
[INFO] [stdout] 
[INFO] [stdout] warning: use of deprecated method `chrono::Date::<Tz>::and_hms_milli`: Use and_hms_milli_opt() instead
[INFO] [stdout]    --> src/read_pdf/mod.rs:265:10
[INFO] [stdout]     |
[INFO] [stdout] 265 |         .and_hms_milli(18, 0, 0, 0);
[INFO] [stdout]     |          ^^^^^^^^^^^^^
[INFO] [stdout] 
[INFO] [stdout] 
[INFO] [stdout] warning: use of deprecated method `chrono::TimeZone::ymd`: use `with_ymd_and_hms()` instead
[INFO] [stdout]    --> src/read_pdf/mod.rs:315:10
[INFO] [stdout]     |
[INFO] [stdout] 315 |         .ymd(tri.valuta.year(), tri.valuta.month(), tri.valuta.day())
[INFO] [stdout]     |          ^^^
[INFO] [stdout] 
[INFO] [stdout] 
[INFO] [stdout] warning: use of deprecated method `chrono::Date::<Tz>::and_hms_milli`: Use and_hms_milli_opt() instead
[INFO] [stdout]    --> src/read_pdf/mod.rs:316:10
[INFO] [stdout]     |
[INFO] [stdout] 316 |         .and_hms_milli(18, 0, 0, 0);
[INFO] [stdout]     |          ^^^^^^^^^^^^^
[INFO] [stdout] 
[INFO] [stdout] 
[INFO] [stdout] warning: variable does not need to be mutable
[INFO] [stdout]    --> src/position/mod.rs:124:18
[INFO] [stdout]     |
[INFO] [stdout] 124 |         for (id, mut pos) in &mut self.assets {
[INFO] [stdout]     |                  ----^^^
[INFO] [stdout]     |                  |
[INFO] [stdout]     |                  help: remove this `mut`
[INFO] [stdout]     |
[INFO] [stdout]     = note: `#[warn(unused_mut)]` (part of `#[warn(unused)]`) on by default
[INFO] [stdout] 
[INFO] [stdout] 
[INFO] [stderr]     Finished `release` profile [optimized] target(s) in 3.68s
[INFO] [stderr] warning: the following packages contain code that will be rejected by a future version of Rust: argmin v0.3.1, html5ever v0.24.1
[INFO] [stderr] note: to see what the problems were, use the option `--future-incompat-report`, or run `cargo report future-incompatibilities --id 6`
[INFO] running `Command { std: "docker" "inspect" "0527122217e332012f51354d489eee5b42d3806b7693677cc1773ea44e984b0a", kill_on_drop: false }`
[INFO] running `Command { std: "docker" "exec" "-e" "SOURCE_DIR=/opt/rustwide/workdir" "-e" "CARGO_HOME=/opt/rustwide/cargo-home" "-e" "RUSTUP_HOME=/opt/rustwide/rustup-home" "-e" "CARGO_TARGET_DIR=/opt/rustwide/target" "-e" "CARGO_INCREMENTAL=0" "-e" "RUST_BACKTRACE=full" "-e" "RUSTFLAGS=--cap-lints=warn" "-e" "RUSTDOCFLAGS=--cap-lints=warn" "-w" "/opt/rustwide/workdir" "--user" "0:0" "0527122217e332012f51354d489eee5b42d3806b7693677cc1773ea44e984b0a" "/opt/rustwide/cargo-home/bin/cargo" "+1.100.0-beta.1" "test" "--frozen" "--release", kill_on_drop: false }`
[INFO] [stderr] warning: use of deprecated method `chrono::TimeZone::ymd`: use `with_ymd_and_hms()` instead
[INFO] [stderr]    --> src/read_pdf/mod.rs:264:10
[INFO] [stderr]     |
[INFO] [stderr] 264 |         .ymd(tri.valuta.year(), tri.valuta.month(), tri.valuta.day())
[INFO] [stderr]     |          ^^^
[INFO] [stderr]     |
[INFO] [stderr]     = note: `#[warn(deprecated)]` on by default
[INFO] [stderr] 
[INFO] [stderr] warning: use of deprecated method `chrono::Date::<Tz>::and_hms_milli`: Use and_hms_milli_opt() instead
[INFO] [stderr]    --> src/read_pdf/mod.rs:265:10
[INFO] [stderr]     |
[INFO] [stderr] 265 |         .and_hms_milli(18, 0, 0, 0);
[INFO] [stderr]     |          ^^^^^^^^^^^^^
[INFO] [stderr] 
[INFO] [stderr] warning: use of deprecated method `chrono::TimeZone::ymd`: use `with_ymd_and_hms()` instead
[INFO] [stderr]    --> src/read_pdf/mod.rs:315:10
[INFO] [stderr]     |
[INFO] [stderr] 315 |         .ymd(tri.valuta.year(), tri.valuta.month(), tri.valuta.day())
[INFO] [stderr]     |          ^^^
[INFO] [stderr] 
[INFO] [stderr] warning: use of deprecated method `chrono::Date::<Tz>::and_hms_milli`: Use and_hms_milli_opt() instead
[INFO] [stderr]    --> src/read_pdf/mod.rs:316:10
[INFO] [stderr]     |
[INFO] [stderr] 316 |         .and_hms_milli(18, 0, 0, 0);
[INFO] [stderr]     |          ^^^^^^^^^^^^^
[INFO] [stderr] 
[INFO] [stderr] warning: variable does not need to be mutable
[INFO] [stderr]    --> src/position/mod.rs:124:18
[INFO] [stderr]     |
[INFO] [stderr] 124 |         for (id, mut pos) in &mut self.assets {
[INFO] [stderr]     |                  ----^^^
[INFO] [stderr]     |                  |
[INFO] [stderr]     |                  help: remove this `mut`
[INFO] [stderr]     |
[INFO] [stderr]     = note: `#[warn(unused_mut)]` (part of `#[warn(unused)]`) on by default
[INFO] [stderr] 
[INFO] [stderr] warning: use of deprecated associated function `chrono::NaiveDate::from_ymd`: use `from_ymd_opt()` instead
[INFO] [stderr]    --> src/position/mod.rs:335:34
[INFO] [stderr]     |
[INFO] [stderr] 335 |                 date: NaiveDate::from_ymd(2020, 1, 1),
[INFO] [stderr]     |                                  ^^^^^^^^
[INFO] [stderr]     |
[INFO] [stderr]     = note: `#[warn(deprecated)]` on by default
[INFO] [stderr] 
[INFO] [stderr] warning: use of deprecated associated function `chrono::NaiveDate::from_ymd`: use `from_ymd_opt()` instead
[INFO] [stderr]    --> src/position/mod.rs:354:34
[INFO] [stderr]     |
[INFO] [stderr] 354 |                 date: NaiveDate::from_ymd(2020, 1, 2),
[INFO] [stderr]     |                                  ^^^^^^^^
[INFO] [stderr] 
[INFO] [stderr] warning: use of deprecated associated function `chrono::NaiveDate::from_ymd`: use `from_ymd_opt()` instead
[INFO] [stderr]    --> src/position/mod.rs:368:34
[INFO] [stderr]     |
[INFO] [stderr] 368 |                 date: NaiveDate::from_ymd(2020, 1, 2),
[INFO] [stderr]     |                                  ^^^^^^^^
[INFO] [stderr] 
[INFO] [stderr] warning: use of deprecated associated function `chrono::NaiveDate::from_ymd`: use `from_ymd_opt()` instead
[INFO] [stderr]    --> src/position/mod.rs:392:34
[INFO] [stderr]     |
[INFO] [stderr] 392 |                 date: NaiveDate::from_ymd(2020, 1, 31),
[INFO] [stderr]     |                                  ^^^^^^^^
[INFO] [stderr] 
[INFO] [stderr] warning: use of deprecated associated function `chrono::NaiveDate::from_ymd`: use `from_ymd_opt()` instead
[INFO] [stderr]    --> src/position/mod.rs:406:34
[INFO] [stderr]     |
[INFO] [stderr] 406 |                 date: NaiveDate::from_ymd(2020, 1, 31),
[INFO] [stderr]     |                                  ^^^^^^^^
[INFO] [stderr] 
[INFO] [stderr] warning: use of deprecated associated function `chrono::NaiveDate::from_ymd`: use `from_ymd_opt()` instead
[INFO] [stderr]    --> src/position/mod.rs:420:34
[INFO] [stderr]     |
[INFO] [stderr] 420 |                 date: NaiveDate::from_ymd(2020, 1, 31),
[INFO] [stderr]     |                                  ^^^^^^^^
[INFO] [stderr] 
[INFO] [stderr] warning: use of deprecated associated function `chrono::NaiveDate::from_ymd`: use `from_ymd_opt()` instead
[INFO] [stderr]    --> src/position/mod.rs:449:34
[INFO] [stderr]     |
[INFO] [stderr] 449 |                 date: NaiveDate::from_ymd(2020, 2, 15),
[INFO] [stderr]     |                                  ^^^^^^^^
[INFO] [stderr] 
[INFO] [stderr] warning: use of deprecated associated function `chrono::NaiveDate::from_ymd`: use `from_ymd_opt()` instead
[INFO] [stderr]    --> src/position/mod.rs:463:34
[INFO] [stderr]     |
[INFO] [stderr] 463 |                 date: NaiveDate::from_ymd(2020, 2, 25),
[INFO] [stderr]     |                                  ^^^^^^^^
[INFO] [stderr] 
[INFO] [stderr] warning: use of deprecated associated function `chrono::NaiveDate::from_ymd`: use `from_ymd_opt()` instead
[INFO] [stderr]    --> src/position/mod.rs:477:34
[INFO] [stderr]     |
[INFO] [stderr] 477 |                 date: NaiveDate::from_ymd(2020, 2, 26),
[INFO] [stderr]     |                                  ^^^^^^^^
[INFO] [stderr] 
[INFO] [stderr] warning: use of deprecated associated function `chrono::NaiveDate::from_ymd`: use `from_ymd_opt()` instead
[INFO] [stderr]    --> src/position/mod.rs:489:34
[INFO] [stderr]     |
[INFO] [stderr] 489 |                 date: NaiveDate::from_ymd(2020, 2, 27),
[INFO] [stderr]     |                                  ^^^^^^^^
[INFO] [stderr] 
[INFO] [stderr] warning: use of deprecated associated function `chrono::NaiveDate::from_ymd`: use `from_ymd_opt()` instead
[INFO] [stderr]    --> src/position/mod.rs:501:34
[INFO] [stderr]     |
[INFO] [stderr] 501 |                 date: NaiveDate::from_ymd(2020, 2, 28),
[INFO] [stderr]     |                                  ^^^^^^^^
[INFO] [stderr] 
[INFO] [stderr] warning: use of deprecated method `chrono::TimeZone::ymd`: use `with_ymd_and_hms()` instead
[INFO] [stderr]    --> src/read_pdf/mod.rs:264:10
[INFO] [stderr]     |
[INFO] [stderr] 264 |         .ymd(tri.valuta.year(), tri.valuta.month(), tri.valuta.day())
[INFO] [stderr]     |          ^^^
[INFO] [stderr] 
[INFO] [stderr] warning: `qualinvest_core` (lib) generated 5 warnings (run `cargo fix --lib -p qualinvest_core` to apply 1 suggestion)
[INFO] [stderr] warning: `qualinvest_core` (lib test) generated 16 warnings (4 duplicates)
[INFO] [stderr]     Finished `release` profile [optimized] target(s) in 0.43s
[INFO] [stderr] warning: the following packages contain code that will be rejected by a future version of Rust: argmin v0.3.1, html5ever v0.24.1
[INFO] [stderr] note: to see what the problems were, use the option `--future-incompat-report`, or run `cargo report future-incompatibilities --id 6`
[INFO] [stderr]      Running unittests src/lib.rs (/opt/rustwide/target/release/build/qualinvest_core/f40e8375450a4506/out/qualinvest_core-f40e8375450a4506)
[INFO] [stdout] 
[INFO] [stdout] running 3 tests
[INFO] [stdout] test position::tests::test_portfolio_position ... ok
[INFO] [stdout] test read_pdf::pdf_store::tests::test_hash ... FAILED
[INFO] [stdout] test position::tests::test_add_quote_to_position ... FAILED
[INFO] [stdout] 
[INFO] [stdout] failures:
[INFO] [stdout] 
[INFO] [stdout] ---- read_pdf::pdf_store::tests::test_hash stdout ----
[INFO] [stdout] 
[INFO] [stdout] thread 'read_pdf::pdf_store::tests::test_hash' (3734) panicked at src/read_pdf/pdf_store.rs:49:38:
[INFO] [stdout] called `Result::unwrap()` on an `Err` value: IoError(Os { code: 2, kind: NotFound, message: "No such file or directory" })
[INFO] [stdout] stack backtrace:
[INFO] [stdout]    0:     0x5cd7cf945081 - <<std[617be2ca0a6fd877]::sys::backtrace::BacktraceLock>::print::DisplayBacktrace as core[a373ad73a504971]::fmt::Display>::fmt
[INFO] [stdout]    1:     0x5cd7cf95993a - core[a373ad73a504971]::fmt::write
[INFO] [stdout]    2:     0x5cd7cf94934c - <alloc[2e1b2a31b91974c5]::vec::Vec<u8> as core[a373ad73a504971]::io::write::Write>::write_fmt
[INFO] [stdout]    3:     0x5cd7cf920a06 - std[617be2ca0a6fd877]::panicking::default_hook::{closure#0}
[INFO] [stdout]    4:     0x5cd7cf93ce89 - std[617be2ca0a6fd877]::panicking::default_hook
[INFO] [stdout]    5:     0x5cd7cf8b26e0 - test[aada8e7e76ba119b]::test_main_inner::{closure#0}
[INFO] [stdout]    6:     0x5cd7cf93d042 - std[617be2ca0a6fd877]::panicking::panic_with_hook
[INFO] [stdout]    7:     0x5cd7cf920ab2 - std[617be2ca0a6fd877]::panicking::panic_handler::{closure#0}
[INFO] [stdout]    8:     0x5cd7cf919609 - std[617be2ca0a6fd877]::sys::backtrace::__rust_end_short_backtrace::<std[617be2ca0a6fd877]::panicking::panic_handler::{closure#0}, !>
[INFO] [stdout]    9:     0x5cd7cf9216bd - __rustc[ea4f61d10b84890b]::rust_begin_unwind
[INFO] [stdout]   10:     0x5cd7cf95a06c - core[a373ad73a504971]::panicking::panic_fmt
[INFO] [stdout]   11:     0x5cd7cf959e42 - core[a373ad73a504971]::result::unwrap_failed
[INFO] [stdout]   12:     0x5cd7cf8a5a2a - <qualinvest_core[3459a07ff1450251]::read_pdf::pdf_store::tests::test_hash::{closure#0} as core[a373ad73a504971]::ops::function::FnOnce<()>>::call_once
[INFO] [stdout]   13:     0x5cd7cf8a5b2b - test[aada8e7e76ba119b]::__rust_begin_short_backtrace::<core[a373ad73a504971]::result::Result<(), alloc[2e1b2a31b91974c5]::string::String>, fn() -> core[a373ad73a504971]::result::Result<(), alloc[2e1b2a31b91974c5]::string::String>>
[INFO] [stdout]   14:     0x5cd7cf8b2d05 - test[aada8e7e76ba119b]::run_test::{closure#0}
[INFO] [stdout]   15:     0x5cd7cf8ac5f4 - std[617be2ca0a6fd877]::sys::backtrace::__rust_begin_short_backtrace::<test[aada8e7e76ba119b]::run_test::{closure#1}, ()>
[INFO] [stdout]   16:     0x5cd7cf8b5d92 - <std[617be2ca0a6fd877]::thread::lifecycle::spawn_unchecked<test[aada8e7e76ba119b]::run_test::{closure#1}, ()>::{closure#1} as core[a373ad73a504971]::ops::function::FnOnce<()>>::call_once::{shim:vtable#0}
[INFO] [stdout]   17:     0x5cd7cf94426f - <std[617be2ca0a6fd877]::sys::thread::unix::Thread>::new::thread_start
[INFO] [stdout]   18:     0x74db9797bdfa - <unknown>
[INFO] [stdout]   19:     0x74db97a0f3d4 - clone
[INFO] [stdout]   20:                0x0 - <unknown>
[INFO] [stdout] 
[INFO] [stdout] ---- position::tests::test_add_quote_to_position stdout ----
[INFO] [stdout] 
[INFO] [stdout] thread 'position::tests::test_add_quote_to_position' (3732) panicked at src/position/mod.rs:613:9:
[INFO] [stdout] assertion `left == right` failed
[INFO] [stdout]   left: "2019-12-30 10:00:00"
[INFO] [stdout]  right: "2019-12-30 09:00:00"
[INFO] [stdout] stack backtrace:
[INFO] [stdout]    0:     0x5cd7cf945081 - <<std[617be2ca0a6fd877]::sys::backtrace::BacktraceLock>::print::DisplayBacktrace as core[a373ad73a504971]::fmt::Display>::fmt
[INFO] [stdout]    1:     0x5cd7cf95993a - core[a373ad73a504971]::fmt::write
[INFO] [stdout]    2:     0x5cd7cf94934c - <alloc[2e1b2a31b91974c5]::vec::Vec<u8> as core[a373ad73a504971]::io::write::Write>::write_fmt
[INFO] [stdout]    3:     0x5cd7cf920a06 - std[617be2ca0a6fd877]::panicking::default_hook::{closure#0}
[INFO] [stdout]    4:     0x5cd7cf93ce89 - std[617be2ca0a6fd877]::panicking::default_hook
[INFO] [stdout]    5:     0x5cd7cf8b26e0 - test[aada8e7e76ba119b]::test_main_inner::{closure#0}
[INFO] [stdout]    6:     0x5cd7cf93d042 - std[617be2ca0a6fd877]::panicking::panic_with_hook
[INFO] [stdout]    7:     0x5cd7cf920ab2 - std[617be2ca0a6fd877]::panicking::panic_handler::{closure#0}
[INFO] [stdout]    8:     0x5cd7cf919609 - std[617be2ca0a6fd877]::sys::backtrace::__rust_end_short_backtrace::<std[617be2ca0a6fd877]::panicking::panic_handler::{closure#0}, !>
[INFO] [stdout]    9:     0x5cd7cf9216bd - __rustc[ea4f61d10b84890b]::rust_begin_unwind
[INFO] [stdout]   10:     0x5cd7cf95a06c - core[a373ad73a504971]::panicking::panic_fmt
[INFO] [stdout]   11:     0x5cd7cf959f83 - core[a373ad73a504971]::panicking::assert_failed_inner
[INFO] [stdout]   12:     0x5cd7cf8a4652 - core[a373ad73a504971]::panicking::assert_failed::<alloc[2e1b2a31b91974c5]::string::String, &str>
[INFO] [stdout]   13:     0x5cd7cf8a2890 - <qualinvest_core[3459a07ff1450251]::position::tests::test_add_quote_to_position::{closure#0} as core[a373ad73a504971]::ops::function::FnOnce<()>>::call_once
[INFO] [stdout]   14:     0x5cd7cf8a5b2b - test[aada8e7e76ba119b]::__rust_begin_short_backtrace::<core[a373ad73a504971]::result::Result<(), alloc[2e1b2a31b91974c5]::string::String>, fn() -> core[a373ad73a504971]::result::Result<(), alloc[2e1b2a31b91974c5]::string::String>>
[INFO] [stdout]   15:     0x5cd7cf8b2d05 - test[aada8e7e76ba119b]::run_test::{closure#0}
[INFO] [stdout]   16:     0x5cd7cf8ac5f4 - std[617be2ca0a6fd877]::sys::backtrace::__rust_begin_short_backtrace::<test[aada8e7e76ba119b]::run_test::{closure#1}, ()>
[INFO] [stdout]   17:     0x5cd7cf8b5d92 - <std[617be2ca0a6fd877]::thread::lifecycle::spawn_unchecked<test[aada8e7e76ba119b]::run_test::{closure#1}, ()>::{closure#1} as core[a373ad73a504971]::ops::function::FnOnce<()>>::call_once::{shim:vtable#0}
[INFO] [stdout]   18:     0x5cd7cf94426f - <std[617be2ca0a6fd877]::sys::thread::unix::Thread>::new::thread_start
[INFO] [stdout]   19:     0x74db9797bdfa - <unknown>
[INFO] [stdout]   20:     0x74db97a0f3d4 - clone
[INFO] [stdout]   21:                0x0 - <unknown>
[INFO] [stdout] 
[INFO] [stdout] 
[INFO] [stdout] failures:
[INFO] [stdout]     position::tests::test_add_quote_to_position
[INFO] [stdout]     read_pdf::pdf_store::tests::test_hash
[INFO] [stdout] 
[INFO] [stdout] test result: FAILED. 1 passed; 2 failed; 0 ignored; 0 measured; 0 filtered out; finished in 0.02s
[INFO] [stdout] 
[INFO] [stderr] error: test failed, to rerun pass `--lib`
[INFO] running `Command { std: "docker" "inspect" "0527122217e332012f51354d489eee5b42d3806b7693677cc1773ea44e984b0a", kill_on_drop: false }`
[INFO] running `Command { std: "docker" "rm" "-f" "0527122217e332012f51354d489eee5b42d3806b7693677cc1773ea44e984b0a", kill_on_drop: false }`
[INFO] [stdout] 0527122217e332012f51354d489eee5b42d3806b7693677cc1773ea44e984b0a
