[INFO] fetching crate quake 0.5.0...
[INFO] testing quake-0.5.0 against 1.99.0-beta.8+cargoflags=--release for beta-release-1.100-2
[INFO] extracting crate quake 0.5.0 into /workspace/builds/worker-0-tc1/source
[INFO] removed /workspace/builds/worker-0-tc1/source/rust-toolchain.toml
[INFO] started tweaking crates.io crate quake 0.5.0
[INFO] finished tweaking crates.io crate quake 0.5.0
[INFO] tweaked toml for crates.io crate quake 0.5.0 written to /workspace/builds/worker-0-tc1/source/Cargo.toml
[INFO] validating manifest of crates.io crate quake 0.5.0 on toolchain 1.99.0-beta.8
[INFO] running `Command { std: CARGO_HOME="/workspace/cargo-home" RUSTUP_HOME="/workspace/rustup-home" "/workspace/cargo-home/bin/cargo" "+1.99.0-beta.8" "metadata" "--manifest-path" "Cargo.toml" "--no-deps", kill_on_drop: false }`
[INFO] crate crates.io crate quake 0.5.0 already has a lockfile, it will not be regenerated
[INFO] running `Command { std: CARGO_HOME="/workspace/cargo-home" RUSTUP_HOME="/workspace/rustup-home" "/workspace/cargo-home/bin/cargo" "+1.99.0-beta.8" "fetch" "--manifest-path" "Cargo.toml", kill_on_drop: false }`
[INFO] [stderr]     Updating crates.io index
[INFO] [stderr]  Downloading crates ...
[INFO] [stderr]   Downloaded proc-macro2 v1.0.33
[INFO] [stderr]   Downloaded tracing-serde v0.1.2
[INFO] [stderr]   Downloaded safemem v0.3.3
[INFO] [stderr]   Downloaded crc32fast v1.3.0
[INFO] [stderr]   Downloaded pkg-config v0.3.23
[INFO] [stderr]   Downloaded line-wrap v0.1.1
[INFO] [stderr]   Downloaded tokio-macros v1.6.0
[INFO] [stderr]   Downloaded futures-core v0.3.18
[INFO] [stderr]   Downloaded ubyte v0.10.1
[INFO] [stderr]   Downloaded wasm-bindgen-macro v0.2.78
[INFO] [stderr]   Downloaded wasm-bindgen-shared v0.2.78
[INFO] [stderr]   Downloaded const_fn v0.4.8
[INFO] [stderr]   Downloaded futures-task v0.3.18
[INFO] [stderr]   Downloaded futures-macro v0.3.18
[INFO] [stderr]   Downloaded tracing-log v0.1.2
[INFO] [stderr]   Downloaded thread_local v1.1.3
[INFO] [stderr]   Downloaded smallvec v1.7.0
[INFO] [stderr]   Downloaded rocket-multipart-form-data v0.10.0
[INFO] [stderr]   Downloaded futures-sink v0.3.18
[INFO] [stderr]   Downloaded tokio-stream v0.1.8
[INFO] [stderr]   Downloaded wasm-bindgen-macro-support v0.2.78
[INFO] [stderr]   Downloaded wasm-bindgen-backend v0.2.78
[INFO] [stderr]   Downloaded uncased v0.9.6
[INFO] [stderr]   Downloaded ref-cast v1.0.6
[INFO] [stderr]   Downloaded ref-cast-impl v1.0.6
[INFO] [stderr]   Downloaded pear_codegen v0.2.3
[INFO] [stderr]   Downloaded futures-io v0.3.18
[INFO] [stderr]   Downloaded devise v0.3.1
[INFO] [stderr]   Downloaded spin v0.9.2
[INFO] [stderr]   Downloaded atomic v0.5.1
[INFO] [stderr]   Downloaded binascii v0.1.4
[INFO] [stderr]   Downloaded async-stream v0.3.2
[INFO] [stderr]   Downloaded security-framework-sys v2.4.2
[INFO] [stderr]   Downloaded quake_tui v0.5.0
[INFO] [stderr]   Downloaded signal-hook-mio v0.2.1
[INFO] [stderr]   Downloaded crossterm_winapi v0.8.0
[INFO] [stderr]   Downloaded pulldown-cmark-to-cmark v7.1.1
[INFO] [stderr]   Downloaded pest_derive v2.1.0
[INFO] [stderr]   Downloaded pest_generator v2.1.3
[INFO] [stderr]   Downloaded sha-1 v0.8.2
[INFO] [stderr]   Downloaded quake_processor v0.4.0
[INFO] [stderr]   Downloaded flate2 v1.0.22
[INFO] [stderr]   Downloaded bzip2 v0.4.3
[INFO] [stderr]   Downloaded tracing-attributes v0.1.18
[INFO] [stderr]   Downloaded ryu v1.0.6
[INFO] [stderr]   Downloaded plist v1.3.1
[INFO] [stderr]   Downloaded serde_yaml v0.8.21
[INFO] [stderr]   Downloaded state v0.5.2
[INFO] [stderr]   Downloaded generator v0.7.0
[INFO] [stderr]   Downloaded stable-pattern v0.1.0
[INFO] [stderr]   Downloaded pear v0.2.3
[INFO] [stderr]   Downloaded proc-macro2-diagnostics v0.9.1
[INFO] [stderr]   Downloaded inlinable_string v0.1.14
[INFO] [stderr]   Downloaded lock_api v0.4.5
[INFO] [stderr]   Downloaded futures-channel v0.3.18
[INFO] [stderr]   Downloaded devise_core v0.3.1
[INFO] [stderr]   Downloaded devise_codegen v0.3.1
[INFO] [stderr]   Downloaded multer v2.0.1
[INFO] [stderr]   Downloaded twoway v0.2.2
[INFO] [stderr]   Downloaded unchecked-index v0.2.2
[INFO] [stderr]   Downloaded futures-executor v0.3.18
[INFO] [stderr]   Downloaded async-stream-impl v0.3.2
[INFO] [stderr]   Downloaded httparse v1.5.1
[INFO] [stderr]   Downloaded wasm-bindgen-futures v0.4.28
[INFO] [stderr]   Downloaded core-foundation v0.9.2
[INFO] [stderr]   Downloaded pest_meta v2.1.3
[INFO] [stderr]   Downloaded quake_core v0.5.0
[INFO] [stderr]   Downloaded tracing-core v0.1.21
[INFO] [stderr]   Downloaded time v0.3.5
[INFO] [stderr]   Downloaded fancy-regex v0.7.1
[INFO] [stderr]   Downloaded tokio-util v0.6.9
[INFO] [stderr]   Downloaded bumpalo v3.8.0
[INFO] [stderr]   Downloaded loom v0.5.4
[INFO] [stderr]   Downloaded rocket_http v0.5.0-rc.1
[INFO] [stderr]   Downloaded socket2 v0.4.2
[INFO] [stderr]   Downloaded cookie v0.15.1
[INFO] [stderr]   Downloaded futures v0.3.18
[INFO] [stderr]   Downloaded figment v0.10.6
[INFO] [stderr]   Downloaded security-framework v2.4.2
[INFO] [stderr]   Downloaded openssl-sys v0.9.71
[INFO] [stderr]   Downloaded syn v1.0.82
[INFO] [stderr]   Downloaded tracing v0.1.29
[INFO] [stderr]   Downloaded serde_json v1.0.72
[INFO] [stderr]   Downloaded http v0.2.5
[INFO] [stderr]   Downloaded rocket_codegen v0.5.0-rc.1
[INFO] [stderr]   Downloaded js-sys v0.3.55
[INFO] [stderr]   Downloaded crossterm v0.20.0
[INFO] [stderr]   Downloaded signal-hook v0.3.11
[INFO] [stderr]   Downloaded pdf-extract v0.6.3
[INFO] [stderr]   Downloaded type1-encoding-parser v0.1.0
[INFO] [stderr]   Downloaded postscript v0.11.1
[INFO] [stderr]   Downloaded tracing-subscriber v0.3.3
[INFO] [stderr]   Downloaded futures-util v0.3.18
[INFO] [stderr]   Downloaded reqwest v0.11.7
[INFO] [stderr]   Downloaded tui v0.16.0
[INFO] [stderr]   Downloaded pulldown-cmark v0.8.0
[INFO] [stderr]   Downloaded crossterm v0.22.1
[INFO] [stderr]   Downloaded lopdf v0.26.0
[INFO] [stderr]   Downloaded wasm-bindgen v0.2.78
[INFO] [stderr]   Downloaded hyper v0.14.15
[INFO] [stderr]   Downloaded h2 v0.3.7
[INFO] [stderr]   Downloaded rocket v0.5.0-rc.1
[INFO] [stderr]   Downloaded lzw v0.10.0
[INFO] [stderr]   Downloaded adobe-cmap-parser v0.3.3
[INFO] [stderr]   Downloaded kqueue v1.0.4
[INFO] [stderr]   Downloaded kqueue-sys v1.0.3
[INFO] [stderr]   Downloaded fsevent-sys v4.0.0
[INFO] [stderr]   Downloaded typenum v1.14.0
[INFO] [stderr]   Downloaded notify v5.0.0-pre.13
[INFO] [stderr]   Downloaded pom v3.2.0
[INFO] [stderr]   Downloaded libc v0.2.109
[INFO] [stderr]   Downloaded tokio v1.14.0
[INFO] [stderr]   Downloaded syntect v4.6.0
[INFO] [stderr]   Downloaded web-sys v0.3.55
[INFO] [stderr]   Downloaded config v0.11.0
[INFO] [stderr]   Downloaded fastrand v1.5.0
[INFO] [stderr]   Downloaded encoding_rs v0.8.29
[INFO] [stderr]   Downloaded filetime v0.2.15
[INFO] [stderr]   Downloaded grep-searcher v0.1.8
[INFO] [stderr]   Downloaded grep-matcher v0.1.5
[INFO] [stderr]   Downloaded bytecount v0.6.2
[INFO] [stderr]   Downloaded grep-regex v0.1.9
[INFO] [stderr]   Downloaded serde-hjson v0.9.1
[INFO] [stderr]   Downloaded rust-ini v0.13.0
[INFO] [stderr]   Downloaded strum_macros v0.21.1
[INFO] [stderr]   Downloaded clap_derive v3.0.0-beta.5
[INFO] [stderr]   Downloaded gloo-timers v0.2.2
[INFO] [stderr]   Downloaded serde v0.8.23
[INFO] [stderr]   Downloaded comfy-table v4.1.1
[INFO] [stderr]   Downloaded strum v0.21.0
[INFO] [stderr]   Downloaded os_str_bytes v4.2.0
[INFO] [stderr]   Downloaded event-listener v2.5.1
[INFO] [stderr]   Downloaded async-task v4.0.3
[INFO] [stderr]   Downloaded textwrap v0.14.2
[INFO] [stderr]   Downloaded clap v3.0.0-beta.5
[INFO] running `Command { std: "docker" "create" "-v" "/var/lib/crater-agent-workspace/builds/worker-0-tc1/source:/opt/rustwide/workdir:ro,Z" "-v" "/var/lib/crater-agent-workspace/builds/worker-0-tc1/target:/opt/rustwide/target:rw,Z" "-v" "/var/lib/crater-agent-workspace/cargo-home:/opt/rustwide/cargo-home:ro,Z" "-v" "/var/lib/crater-agent-workspace/rustup-home:/opt/rustwide/rustup-home:ro,Z" "-m" "1610612736" "--network" "none" "ghcr.io/rust-lang/crates-build-env/linux@sha256:77db811e55d90add9212f6832c23229e3de5f1c1f9905e8cb07319ea15df73ac" "sleep" "infinity", kill_on_drop: false }`
[INFO] [stdout] 361343d4e2c42eb871498aa82fa04153fd7cd80e67e25f196afbce0824baa294
[INFO] running `Command { std: "docker" "start" "361343d4e2c42eb871498aa82fa04153fd7cd80e67e25f196afbce0824baa294", kill_on_drop: false }`
[INFO] running `Command { std: "docker" "inspect" "361343d4e2c42eb871498aa82fa04153fd7cd80e67e25f196afbce0824baa294", kill_on_drop: false }`
[INFO] running `Command { std: "docker" "exec" "-e" "SOURCE_DIR=/opt/rustwide/workdir" "-e" "CARGO_HOME=/opt/rustwide/cargo-home" "-e" "RUSTUP_HOME=/opt/rustwide/rustup-home" "-e" "CARGO_TARGET_DIR=/opt/rustwide/target" "-w" "/opt/rustwide/workdir" "--user" "0:0" "361343d4e2c42eb871498aa82fa04153fd7cd80e67e25f196afbce0824baa294" "/opt/rustwide/cargo-home/bin/cargo" "+1.99.0-beta.8" "metadata" "--no-deps" "--format-version=1", kill_on_drop: false }`
[INFO] running `Command { std: "docker" "inspect" "361343d4e2c42eb871498aa82fa04153fd7cd80e67e25f196afbce0824baa294", kill_on_drop: false }`
[INFO] running `Command { std: "docker" "exec" "-e" "SOURCE_DIR=/opt/rustwide/workdir" "-e" "CARGO_HOME=/opt/rustwide/cargo-home" "-e" "RUSTUP_HOME=/opt/rustwide/rustup-home" "-e" "CARGO_TARGET_DIR=/opt/rustwide/target" "-e" "CARGO_INCREMENTAL=0" "-e" "RUST_BACKTRACE=full" "-e" "RUSTFLAGS=--cap-lints=warn" "-e" "RUSTDOCFLAGS=--cap-lints=warn" "-w" "/opt/rustwide/workdir" "--user" "0:0" "361343d4e2c42eb871498aa82fa04153fd7cd80e67e25f196afbce0824baa294" "/opt/rustwide/cargo-home/bin/cargo" "+1.99.0-beta.8" "build" "--frozen" "--message-format=json" "--release", kill_on_drop: false }`
[INFO] [stderr]    Compiling proc-macro2 v1.0.33
[INFO] [stderr]    Compiling unicode-xid v0.2.2
[INFO] [stderr]    Compiling syn v1.0.82
[INFO] [stderr]    Compiling version_check v0.9.3
[INFO] [stderr]    Compiling libc v0.2.109
[INFO] [stderr]    Compiling memchr v2.4.1
[INFO] [stderr]    Compiling log v0.4.14
[INFO] [stderr]    Compiling serde v1.0.130
[INFO] [stderr]    Compiling serde_derive v1.0.130
[INFO] [stderr]    Compiling futures-core v0.3.18
[INFO] [stderr]    Compiling pin-project-lite v0.2.7
[INFO] [stderr]    Compiling itoa v0.4.8
[INFO] [stderr]    Compiling once_cell v1.8.0
[INFO] [stderr]    Compiling indexmap v1.7.0
[INFO] [stderr]    Compiling tokio v1.14.0
[INFO] [stderr]    Compiling futures-task v0.3.18
[INFO] [stderr]    Compiling futures-channel v0.3.18
[INFO] [stderr]    Compiling futures-util v0.3.18
[INFO] [stderr]    Compiling futures-io v0.3.18
[INFO] [stderr]    Compiling proc-macro-hack v0.5.19
[INFO] [stderr]    Compiling parking_lot_core v0.8.5
[INFO] [stderr]    Compiling slab v0.4.5
[INFO] [stderr]    Compiling ryu v1.0.6
[INFO] [stderr]    Compiling cc v1.0.72
[INFO] [stderr]    Compiling pkg-config v0.3.23
[INFO] [stderr]    Compiling hashbrown v0.11.2
[INFO] [stderr]    Compiling yansi v0.5.0
[INFO] [stderr]    Compiling num-traits v0.2.14
[INFO] [stderr]    Compiling const_fn v0.4.8
[INFO] [stderr]    Compiling regex-syntax v0.6.25
[INFO] [stderr]    Compiling httparse v1.5.1
[INFO] [stderr]    Compiling bytes v1.1.0
[INFO] [stderr]    Compiling value-bag v1.0.0-alpha.8
[INFO] [stderr]    Compiling standback v0.2.17
[INFO] [stderr]    Compiling proc-macro2-diagnostics v0.9.1
[INFO] [stderr]    Compiling time v0.2.27
[INFO] [stderr]    Compiling futures-sink v0.3.18
[INFO] [stderr]    Compiling linked-hash-map v0.5.3
[INFO] [stderr]    Compiling tracing-core v0.1.21
[INFO] [stderr]    Compiling quote v1.0.10
[INFO] [stderr]    Compiling smallvec v1.7.0
[INFO] [stderr]    Compiling uncased v0.9.6
[INFO] [stderr]    Compiling instant v0.1.12
[INFO] [stderr]    Compiling signal-hook-registry v1.4.0
[INFO] [stderr]    Compiling num_cpus v1.13.0
[INFO] [stderr]    Compiling serde_json v1.0.72
[INFO] [stderr]    Compiling lock_api v0.4.5
[INFO] [stderr]    Compiling aho-corasick v0.7.18
[INFO] [stderr]    Compiling socket2 v0.4.2
[INFO] [stderr]    Compiling http v0.2.5
[INFO] [stderr]    Compiling cookie v0.15.1
[INFO] [stderr]    Compiling num-integer v0.1.44
[INFO] [stderr]    Compiling encoding_index_tests v0.1.4
[INFO] [stderr]    Compiling dtoa v0.4.8
[INFO] [stderr]    Compiling ref-cast v1.0.6
[INFO] [stderr]    Compiling openssl-sys v0.9.71
[INFO] [stderr]    Compiling parking_lot v0.11.2
[INFO] [stderr]    Compiling time v0.1.43
[INFO] [stderr]    Compiling yaml-rust v0.4.5
[INFO] [stderr]    Compiling miniz_oxide v0.4.4
[INFO] [stderr]    Compiling percent-encoding v2.1.0
[INFO] [stderr]    Compiling encoding_rs v0.8.29
[INFO] [stderr]    Compiling crc32fast v1.3.0
[INFO] [stderr]    Compiling signal-hook v0.3.11
[INFO] [stderr]    Compiling unicase v2.6.0
[INFO] [stderr]    Compiling adler v1.0.2
[INFO] [stderr]    Compiling cache-padded v1.1.1
[INFO] [stderr]    Compiling tinyvec_macros v0.1.0
[INFO] [stderr]    Compiling tinyvec v1.5.1
[INFO] [stderr]    Compiling chrono v0.4.19
[INFO] [stderr]    Compiling concurrent-queue v1.2.2
[INFO] [stderr]    Compiling http-body v0.4.4
[INFO] [stderr]    Compiling regex-automata v0.1.10
[INFO] [stderr]    Compiling regex v1.5.4
[INFO] [stderr]    Compiling getrandom v0.2.3
[INFO] [stderr]    Compiling fastrand v1.5.0
[INFO] [stderr]    Compiling ucd-trie v0.1.3
[INFO] [stderr]    Compiling waker-fn v1.1.0
[INFO] [stderr]    Compiling openssl v0.10.38
[INFO] [stderr]    Compiling httpdate v1.0.2
[INFO] [stderr]    Compiling event-listener v2.5.1
[INFO] [stderr]    Compiling tower-service v0.3.1
[INFO] [stderr]    Compiling try-lock v0.2.3
[INFO] [stderr]    Compiling parking v2.0.0
[INFO] [stderr]    Compiling scopeguard v1.1.0
[INFO] [stderr]    Compiling futures-lite v1.12.0
[INFO] [stderr]    Compiling unicode-normalization v0.1.19
[INFO] [stderr]    Compiling pest v2.1.3
[INFO] [stderr]    Compiling rand_core v0.6.3
[INFO] [stderr]    Compiling flate2 v1.0.22
[INFO] [stderr]    Compiling proc-macro-error-attr v1.0.4
[INFO] [stderr]    Compiling mime v0.3.16
[INFO] [stderr]    Compiling pulldown-cmark v0.8.0
[INFO] [stderr]    Compiling ppv-lite86 v0.2.15
[INFO] [stderr]    Compiling inlinable_string v0.1.14
[INFO] [stderr]    Compiling matches v0.1.9
[INFO] [stderr]    Compiling native-tls v0.2.8
[INFO] [stderr]    Compiling crossbeam-utils v0.8.5
[INFO] [stderr]    Compiling maplit v1.0.2
[INFO] [stderr]    Compiling unicode-segmentation v1.8.0
[INFO] [stderr]    Compiling pest_meta v2.1.3
[INFO] [stderr]    Compiling walkdir v2.3.2
[INFO] [stderr]    Compiling rand_chacha v0.3.1
[INFO] [stderr]    Compiling devise_core v0.3.1
[INFO] [stderr]    Compiling bzip2-sys v0.1.11+1.0.8
[INFO] [stderr]    Compiling heck v0.3.3
[INFO] [stderr]    Compiling getopts v0.2.21
[INFO] [stderr]    Compiling encoding-index-simpchinese v1.20141219.5
[INFO] [stderr]    Compiling encoding-index-tradchinese v1.20141219.5
[INFO] [stderr]    Compiling encoding-index-korean v1.20141219.5
[INFO] [stderr]    Compiling encoding-index-singlebyte v1.20141219.5
[INFO] [stderr]    Compiling encoding-index-japanese v1.20141219.5
[INFO] [stderr]    Compiling stable-pattern v0.1.0
[INFO] [stderr]    Compiling figment v0.10.6
[INFO] [stderr]    Compiling multer v2.0.1
[INFO] [stderr]    Compiling proc-macro-error v1.0.4
[INFO] [stderr]    Compiling atomic v0.5.1
[INFO] [stderr]    Compiling pom v1.1.0
[INFO] [stderr]    Compiling openssl-probe v0.1.4
[INFO] [stderr]    Compiling state v0.5.2
[INFO] [stderr]    Compiling async-trait v0.1.51
[INFO] [stderr]    Compiling unchecked-index v0.2.2
[INFO] [stderr]    Compiling lexical-core v0.7.6
[INFO] [stderr]    Compiling async-task v4.0.3
[INFO] [stderr]    Compiling either v1.6.1
[INFO] [stderr]    Compiling twoway v0.2.2
[INFO] [stderr]    Compiling pest_generator v2.1.3
[INFO] [stderr]    Compiling encoding v0.2.33
[INFO] [stderr]    Compiling rand v0.8.4
[INFO] [stderr]    Compiling form_urlencoded v1.0.1
[INFO] [stderr]    Compiling async-channel v1.6.1
[INFO] [stderr]    Compiling csv-core v0.1.10
[INFO] [stderr]    Compiling atty v0.2.14
[INFO] [stderr]    Compiling rocket v0.5.0-rc.1
[INFO] [stderr]    Compiling nom v5.1.2
[INFO] [stderr]    Compiling crossbeam-utils v0.7.2
[INFO] [stderr]    Compiling maybe-uninit v2.0.0
[INFO] [stderr]    Compiling base64 v0.13.0
[INFO] [stderr]    Compiling pom v3.2.0
[INFO] [stderr]    Compiling atomic-waker v1.0.0
[INFO] [stderr]    Compiling ctor v0.1.21
[INFO] [stderr]    Compiling tokio-macros v1.6.0
[INFO] [stderr]    Compiling futures-macro v0.3.18
[INFO] [stderr]    Compiling time-macros-impl v0.1.2
[INFO] [stderr]    Compiling tracing-attributes v0.1.18
[INFO] [stderr]    Compiling pear_codegen v0.2.3
[INFO] [stderr]    Compiling time-macros v0.1.1
[INFO] [stderr]    Compiling ref-cast-impl v1.0.6
[INFO] [stderr]    Compiling mio v0.7.14
[INFO] [stderr]    Compiling want v0.3.0
[INFO] [stderr]    Compiling pear v0.2.3
[INFO] [stderr]    Compiling tracing v0.1.29
[INFO] [stderr]    Compiling signal-hook-mio v0.2.1
[INFO] [stderr]    Compiling devise_codegen v0.3.1
[INFO] [stderr]    Compiling crossterm v0.20.0
[INFO] [stderr]    Compiling devise v0.3.1
[INFO] [stderr]    Compiling polling v2.2.0
[INFO] [stderr]    Compiling async-stream-impl v0.3.2
[INFO] [stderr]    Compiling lzw v0.10.0
[INFO] [stderr]    Compiling spin v0.9.2
[INFO] [stderr]    Compiling remove_dir_all v0.5.3
[INFO] [stderr]    Compiling unicode-bidi v0.3.7
[INFO] [stderr]    Compiling safemem v0.3.3
[INFO] [stderr]    Compiling arrayvec v0.5.2
[INFO] [stderr]    Compiling glob v0.3.0
[INFO] [stderr]    Compiling bit-vec v0.6.3
[INFO] [stderr]    Compiling lopdf v0.26.0
[INFO] [stderr]    Compiling async-stream v0.3.2
[INFO] [stderr]    Compiling line-wrap v0.1.1
[INFO] [stderr]    Compiling bit-set v0.5.2
[INFO] [stderr]    Compiling idna v0.2.3
[INFO] [stderr]    Compiling tempfile v3.2.0
[INFO] [stderr]    Compiling async-io v1.6.0
[INFO] [stderr]    Compiling pulldown-cmark-to-cmark v7.1.1
[INFO] [stderr]    Compiling blocking v1.1.0
[INFO] [stderr]    Compiling thiserror-impl v1.0.30
[INFO] [stderr]    Compiling pest_derive v2.1.0
[INFO] [stderr]    Compiling async-executor v1.4.1
[INFO] [stderr]    Compiling adobe-cmap-parser v0.3.3
[INFO] [stderr]    Compiling type1-encoding-parser v0.1.0
[INFO] [stderr]    Compiling futures-executor v0.3.18
[INFO] [stderr]    Compiling async-mutex v1.4.0
[INFO] [stderr]    Compiling num-traits v0.1.43
[INFO] [stderr]    Compiling euclid v0.20.14
[INFO] [stderr]    Compiling futures v0.3.18
[INFO] [stderr]    Compiling grep-matcher v0.1.5
[INFO] [stderr]    Compiling time v0.3.5
[INFO] [stderr]    Compiling inotify-sys v0.1.5
[INFO] [stderr]    Compiling thread_local v1.1.3
[INFO] [stderr]    Compiling binascii v0.1.4
[INFO] [stderr]    Compiling postscript v0.11.1
[INFO] [stderr]    Compiling xml-rs v0.8.4
[INFO] [stderr]    Compiling serde v0.8.23
[INFO] [stderr]    Compiling json v0.12.4
[INFO] [stderr]    Compiling cassowary v0.3.0
[INFO] [stderr]    Compiling tokio-util v0.6.9
[INFO] [stderr]    Compiling tokio-stream v0.1.8
[INFO] [stderr]    Compiling tokio-native-tls v0.3.0
[INFO] [stderr]    Compiling tui v0.16.0
[INFO] [stderr]    Compiling pdf-extract v0.6.3
[INFO] [stderr]    Compiling thiserror v1.0.30
[INFO] [stderr]    Compiling inotify v0.9.6
[INFO] [stderr]    Compiling bstr v0.2.17
[INFO] [stderr]    Compiling toml v0.5.8
[INFO] [stderr]    Compiling ubyte v0.10.1
[INFO] [stderr]    Compiling h2 v0.3.7
[INFO] [stderr]    Compiling serde_yaml v0.8.21
[INFO] [stderr]    Compiling plist v1.3.1
[INFO] [stderr]    Compiling serde-hjson v0.9.1
[INFO] [stderr]    Compiling bincode v1.3.3
[INFO] [stderr]    Compiling csv v1.1.6
[INFO] [stderr]    Compiling serde_urlencoded v0.7.0
[INFO] [stderr]    Compiling tracing-serde v0.1.2
[INFO] [stderr]    Compiling async-global-executor v2.0.2
[INFO] [stderr]    Compiling quake_core v0.5.0
[INFO] [stderr]    Compiling clap_derive v3.0.0-beta.5
[INFO] [stderr]    Compiling bzip2 v0.4.3
[INFO] [stderr]    Compiling url v2.2.2
[INFO] [stderr]    Compiling fancy-regex v0.7.1
[INFO] [stderr]    Compiling crossterm v0.22.1
[INFO] [stderr]    Compiling kv-log-macro v1.0.7
[INFO] [stderr]    Compiling tracing-log v0.1.2
[INFO] [stderr]    Compiling crossbeam-channel v0.5.1
[INFO] [stderr]    Compiling strum_macros v0.21.1
[INFO] [stderr]    Compiling matchers v0.0.1
[INFO] [stderr]    Compiling encoding_rs_io v0.1.7
[INFO] [stderr]    Compiling async-lock v2.4.0
[INFO] [stderr]    Compiling hyper v0.14.15
[INFO] [stderr]    Compiling textwrap v0.14.2
[INFO] [stderr]    Compiling os_str_bytes v4.2.0
[INFO] [stderr]    Compiling memmap2 v0.3.1
[INFO] [stderr]    Compiling filetime v0.2.15
[INFO] [stderr]    Compiling sharded-slab v0.1.4
[INFO] [stderr]    Compiling byteorder v1.4.3
[INFO] [stderr]    Compiling lazycell v1.3.0
[INFO] [stderr]    Compiling ansi_term v0.12.1
[INFO] [stderr]    Compiling rust-ini v0.13.0
[INFO] [stderr]    Compiling strum v0.21.0
[INFO] [stderr]    Compiling bytecount v0.6.2
[INFO] [stderr]    Compiling ipnet v2.3.1
[INFO] [stderr]    Compiling termcolor v1.1.2
[INFO] [stderr]    Compiling tracing-subscriber v0.2.25
[INFO] [stderr]    Compiling grep-searcher v0.1.8
[INFO] [stderr]    Compiling comfy-table v4.1.1
[INFO] [stderr]    Compiling config v0.11.0
[INFO] [stderr]    Compiling zip v0.5.13
[INFO] [stderr]    Compiling clap v3.0.0-beta.5
[INFO] [stderr]    Compiling syntect v4.6.0
[INFO] [stderr]    Compiling notify v5.0.0-pre.13
[INFO] [stderr]    Compiling async-std v1.10.0
[INFO] [stderr]    Compiling quake_tui v0.5.0
[INFO] [stderr]    Compiling crossbeam-channel v0.4.4
[INFO] [stderr]    Compiling grep-regex v0.1.9
[INFO] [stderr]    Compiling quake_processor v0.4.0
[INFO] [stderr]    Compiling rocket_http v0.5.0-rc.1
[INFO] [stderr]    Compiling rocket_codegen v0.5.0-rc.1
[INFO] [stderr]    Compiling hyper-tls v0.5.0
[INFO] [stderr]    Compiling reqwest v0.11.7
[INFO] [stderr]    Compiling rocket-multipart-form-data v0.10.0
[INFO] [stderr]    Compiling quake v0.5.0 (/opt/rustwide/workdir)
[INFO] [stdout] warning: unused import: `parse_query`
[INFO] [stdout]   --> src/server/action_api.rs:13:8
[INFO] [stdout]    |
[INFO] [stdout] 13 | pub fn parse_query(input: String) -> String {
[INFO] [stdout]    |        ^^^^^^^^^^^
[INFO] [stdout]    |
[INFO] [stdout]    = note: `#[warn(unused_imports)]` (part of `#[warn(unused)]`) on by default
[INFO] [stdout] 
[INFO] [stdout] 
[INFO] [stdout] warning: unused import: `suggest`
[INFO] [stdout]   --> src/server/action_api.rs:27:14
[INFO] [stdout]    |
[INFO] [stdout] 27 | pub async fn suggest(config: &State<QuakeConfig>) -> Json<ActionSuggest> {
[INFO] [stdout]    |              ^^^^^^^
[INFO] [stdout] 
[INFO] [stdout] 
[INFO] [stdout] warning: unused import: `get_entry_defines`
[INFO] [stdout]   --> src/server/entry_api.rs:21:21
[INFO] [stdout]    |
[INFO] [stdout] 21 | pub(crate) async fn get_entry_defines(conf: &State<QuakeConfig>) -> String {
[INFO] [stdout]    |                     ^^^^^^^^^^^^^^^^^
[INFO] [stdout] 
[INFO] [stdout] 
[INFO] [stdout] warning: unused import: `create_entry`
[INFO] [stdout]   --> src/server/entry_api.rs:34:21
[INFO] [stdout]    |
[INFO] [stdout] 34 | pub(crate) async fn create_entry(
[INFO] [stdout]    |                     ^^^^^^^^^^^^
[INFO] [stdout] 
[INFO] [stdout] 
[INFO] [stdout] warning: unused import: `get_entry`
[INFO] [stdout]   --> src/server/entry_api.rs:49:21
[INFO] [stdout]    |
[INFO] [stdout] 49 | pub(crate) async fn get_entry(
[INFO] [stdout]    |                     ^^^^^^^^^
[INFO] [stdout] 
[INFO] [stdout] 
[INFO] [stdout] warning: unused import: `update_entry`
[INFO] [stdout]   --> src/server/entry_api.rs:85:21
[INFO] [stdout]    |
[INFO] [stdout] 85 | pub(crate) async fn update_entry(
[INFO] [stdout]    |                     ^^^^^^^^^^^^
[INFO] [stdout] 
[INFO] [stdout] 
[INFO] [stdout] warning: unused import: `dashboard_layout`
[INFO] [stdout]   --> src/server/layout_api.rs:14:8
[INFO] [stdout]    |
[INFO] [stdout] 14 | pub fn dashboard_layout(
[INFO] [stdout]    |        ^^^^^^^^^^^^^^^^
[INFO] [stdout] 
[INFO] [stdout] 
[INFO] [stdout] warning: unused import: `lookup_file`
[INFO] [stdout]   --> src/server/processor_api.rs:20:21
[INFO] [stdout]    |
[INFO] [stdout] 20 | pub(crate) async fn lookup_file(
[INFO] [stdout]    |                     ^^^^^^^^^^^
[INFO] [stdout] 
[INFO] [stdout] 
[INFO] [stdout] warning: unused import: `upload`
[INFO] [stdout]   --> src/server/processor_api.rs:41:14
[INFO] [stdout]    |
[INFO] [stdout] 41 | pub async fn upload(
[INFO] [stdout]    |              ^^^^^^
[INFO] [stdout] 
[INFO] [stdout] 
[INFO] [stdout] warning: unused import: `image_file`
[INFO] [stdout]    --> src/server/processor_api.rs:103:14
[INFO] [stdout]     |
[INFO] [stdout] 103 | pub async fn image_file(
[INFO] [stdout]     |              ^^^^^^^^^^
[INFO] [stdout] 
[INFO] [stdout] 
[INFO] [stdout] warning: unused import: `reference_by_type`
[INFO] [stdout]   --> src/server/reference_api.rs:16:21
[INFO] [stdout]    |
[INFO] [stdout] 16 | pub(crate) async fn reference_by_type(
[INFO] [stdout]    |                     ^^^^^^^^^^^^^^^^^
[INFO] [stdout] 
[INFO] [stdout] 
[INFO] [stdout] warning: unused import: `translate`
[INFO] [stdout]   --> src/server/transflow_api.rs:32:21
[INFO] [stdout]    |
[INFO] [stdout] 32 | pub(crate) async fn translate(
[INFO] [stdout]    |                     ^^^^^^^^^
[INFO] [stdout] 
[INFO] [stdout] 
[INFO] [stdout] warning: unused import: `transflow_gen_code`
[INFO] [stdout]   --> src/server/transflow_api.rs:74:21
[INFO] [stdout]    |
[INFO] [stdout] 74 | pub(crate) async fn transflow_gen_code(
[INFO] [stdout]    |                     ^^^^^^^^^^^^^^^^^^
[INFO] [stdout] 
[INFO] [stdout] 
[INFO] [stdout] warning: unused import: `load_custom_transfuncs`
[INFO] [stdout]   --> src/server/transflow_api.rs:90:21
[INFO] [stdout]    |
[INFO] [stdout] 90 | pub(crate) async fn load_custom_transfuncs(config: &State<QuakeConfig>) -> Option<NamedFile> {
[INFO] [stdout]    |                     ^^^^^^^^^^^^^^^^^^^^^^
[INFO] [stdout] 
[INFO] [stdout] 
[INFO] [stdout] warning: struct `EntryResponse` is never constructed
[INFO] [stdout]   --> src/server/entry_api.rs:29:8
[INFO] [stdout]    |
[INFO] [stdout] 29 | struct EntryResponse {
[INFO] [stdout]    |        ^^^^^^^^^^^^^
[INFO] [stdout]    |
[INFO] [stdout]    = note: `#[warn(dead_code)]` (part of `#[warn(unused)]`) on by default
[INFO] [stdout] 
[INFO] [stdout] 
[INFO] [stderr]     Finished `release` profile [optimized] target(s) in 4m 01s
[INFO] [stderr] warning: the following packages contain code that will be rejected by a future version of Rust: nom v5.1.2, ubyte v0.10.1
[INFO] [stderr] note: to see what the problems were, use the option `--future-incompat-report`, or run `cargo report future-incompatibilities --id 1`
[INFO] running `Command { std: "docker" "inspect" "361343d4e2c42eb871498aa82fa04153fd7cd80e67e25f196afbce0824baa294", kill_on_drop: false }`
[INFO] running `Command { std: "docker" "exec" "-e" "SOURCE_DIR=/opt/rustwide/workdir" "-e" "CARGO_HOME=/opt/rustwide/cargo-home" "-e" "RUSTUP_HOME=/opt/rustwide/rustup-home" "-e" "CARGO_TARGET_DIR=/opt/rustwide/target" "-e" "CARGO_INCREMENTAL=0" "-e" "RUST_BACKTRACE=full" "-e" "RUSTFLAGS=--cap-lints=warn" "-e" "RUSTDOCFLAGS=--cap-lints=warn" "-w" "/opt/rustwide/workdir" "--user" "0:0" "361343d4e2c42eb871498aa82fa04153fd7cd80e67e25f196afbce0824baa294" "/opt/rustwide/cargo-home/bin/cargo" "+1.99.0-beta.8" "test" "--frozen" "--no-run" "--message-format=json" "--release", kill_on_drop: false }`
[INFO] [stderr]    Compiling quake v0.5.0 (/opt/rustwide/workdir)
[INFO] [stdout] warning: unused import: `parse_query`
[INFO] [stdout]   --> src/server/action_api.rs:13:8
[INFO] [stdout]    |
[INFO] [stdout] 13 | pub fn parse_query(input: String) -> String {
[INFO] [stdout]    |        ^^^^^^^^^^^
[INFO] [stdout]    |
[INFO] [stdout]    = note: `#[warn(unused_imports)]` (part of `#[warn(unused)]`) on by default
[INFO] [stdout] 
[INFO] [stdout] 
[INFO] [stdout] warning: unused import: `suggest`
[INFO] [stdout]   --> src/server/action_api.rs:27:14
[INFO] [stdout]    |
[INFO] [stdout] 27 | pub async fn suggest(config: &State<QuakeConfig>) -> Json<ActionSuggest> {
[INFO] [stdout]    |              ^^^^^^^
[INFO] [stdout] 
[INFO] [stdout] 
[INFO] [stdout] warning: unused import: `get_entry_defines`
[INFO] [stdout]   --> src/server/entry_api.rs:21:21
[INFO] [stdout]    |
[INFO] [stdout] 21 | pub(crate) async fn get_entry_defines(conf: &State<QuakeConfig>) -> String {
[INFO] [stdout]    |                     ^^^^^^^^^^^^^^^^^
[INFO] [stdout] 
[INFO] [stdout] 
[INFO] [stdout] warning: unused import: `create_entry`
[INFO] [stdout]   --> src/server/entry_api.rs:34:21
[INFO] [stdout]    |
[INFO] [stdout] 34 | pub(crate) async fn create_entry(
[INFO] [stdout]    |                     ^^^^^^^^^^^^
[INFO] [stdout] 
[INFO] [stdout] 
[INFO] [stdout] warning: unused import: `get_entry`
[INFO] [stdout]   --> src/server/entry_api.rs:49:21
[INFO] [stdout]    |
[INFO] [stdout] 49 | pub(crate) async fn get_entry(
[INFO] [stdout]    |                     ^^^^^^^^^
[INFO] [stdout] 
[INFO] [stdout] 
[INFO] [stdout] warning: unused import: `update_entry`
[INFO] [stdout]   --> src/server/entry_api.rs:85:21
[INFO] [stdout]    |
[INFO] [stdout] 85 | pub(crate) async fn update_entry(
[INFO] [stdout]    |                     ^^^^^^^^^^^^
[INFO] [stdout] 
[INFO] [stdout] 
[INFO] [stdout] warning: unused import: `dashboard_layout`
[INFO] [stdout]   --> src/server/layout_api.rs:14:8
[INFO] [stdout]    |
[INFO] [stdout] 14 | pub fn dashboard_layout(
[INFO] [stdout]    |        ^^^^^^^^^^^^^^^^
[INFO] [stdout] 
[INFO] [stdout] 
[INFO] [stdout] warning: unused import: `lookup_file`
[INFO] [stdout]   --> src/server/processor_api.rs:20:21
[INFO] [stdout]    |
[INFO] [stdout] 20 | pub(crate) async fn lookup_file(
[INFO] [stdout]    |                     ^^^^^^^^^^^
[INFO] [stdout] 
[INFO] [stdout] 
[INFO] [stdout] warning: unused import: `upload`
[INFO] [stdout]   --> src/server/processor_api.rs:41:14
[INFO] [stdout]    |
[INFO] [stdout] 41 | pub async fn upload(
[INFO] [stdout]    |              ^^^^^^
[INFO] [stdout] 
[INFO] [stdout] 
[INFO] [stdout] warning: unused import: `image_file`
[INFO] [stdout]    --> src/server/processor_api.rs:103:14
[INFO] [stdout]     |
[INFO] [stdout] 103 | pub async fn image_file(
[INFO] [stdout]     |              ^^^^^^^^^^
[INFO] [stdout] 
[INFO] [stdout] 
[INFO] [stdout] warning: unused import: `reference_by_type`
[INFO] [stdout]   --> src/server/reference_api.rs:16:21
[INFO] [stdout]    |
[INFO] [stdout] 16 | pub(crate) async fn reference_by_type(
[INFO] [stdout]    |                     ^^^^^^^^^^^^^^^^^
[INFO] [stdout] 
[INFO] [stdout] 
[INFO] [stdout] warning: unused import: `translate`
[INFO] [stdout]   --> src/server/transflow_api.rs:32:21
[INFO] [stdout]    |
[INFO] [stdout] 32 | pub(crate) async fn translate(
[INFO] [stdout]    |                     ^^^^^^^^^
[INFO] [stdout] 
[INFO] [stdout] 
[INFO] [stdout] warning: unused import: `transflow_gen_code`
[INFO] [stdout]   --> src/server/transflow_api.rs:74:21
[INFO] [stdout]    |
[INFO] [stdout] 74 | pub(crate) async fn transflow_gen_code(
[INFO] [stdout]    |                     ^^^^^^^^^^^^^^^^^^
[INFO] [stdout] 
[INFO] [stdout] 
[INFO] [stdout] warning: unused import: `load_custom_transfuncs`
[INFO] [stdout]   --> src/server/transflow_api.rs:90:21
[INFO] [stdout]    |
[INFO] [stdout] 90 | pub(crate) async fn load_custom_transfuncs(config: &State<QuakeConfig>) -> Option<NamedFile> {
[INFO] [stdout]    |                     ^^^^^^^^^^^^^^^^^^^^^^
[INFO] [stdout] 
[INFO] [stdout] 
[INFO] [stdout] warning: struct `EntryResponse` is never constructed
[INFO] [stdout]   --> src/server/entry_api.rs:29:8
[INFO] [stdout]    |
[INFO] [stdout] 29 | struct EntryResponse {
[INFO] [stdout]    |        ^^^^^^^^^^^^^
[INFO] [stdout]    |
[INFO] [stdout]    = note: `#[warn(dead_code)]` (part of `#[warn(unused)]`) on by default
[INFO] [stdout] 
[INFO] [stdout] 
[INFO] [stderr]     Finished `release` profile [optimized] target(s) in 18.62s
[INFO] [stderr] warning: the following packages contain code that will be rejected by a future version of Rust: nom v5.1.2, ubyte v0.10.1
[INFO] [stderr] note: to see what the problems were, use the option `--future-incompat-report`, or run `cargo report future-incompatibilities --id 1`
[INFO] running `Command { std: "docker" "inspect" "361343d4e2c42eb871498aa82fa04153fd7cd80e67e25f196afbce0824baa294", kill_on_drop: false }`
[INFO] running `Command { std: "docker" "exec" "-e" "SOURCE_DIR=/opt/rustwide/workdir" "-e" "CARGO_HOME=/opt/rustwide/cargo-home" "-e" "RUSTUP_HOME=/opt/rustwide/rustup-home" "-e" "CARGO_TARGET_DIR=/opt/rustwide/target" "-e" "CARGO_INCREMENTAL=0" "-e" "RUST_BACKTRACE=full" "-e" "RUSTFLAGS=--cap-lints=warn" "-e" "RUSTDOCFLAGS=--cap-lints=warn" "-w" "/opt/rustwide/workdir" "--user" "0:0" "361343d4e2c42eb871498aa82fa04153fd7cd80e67e25f196afbce0824baa294" "/opt/rustwide/cargo-home/bin/cargo" "+1.99.0-beta.8" "test" "--frozen" "--release", kill_on_drop: false }`
[INFO] [stderr] warning: unused import: `parse_query`
[INFO] [stderr]   --> src/server/action_api.rs:13:8
[INFO] [stderr]    |
[INFO] [stderr] 13 | pub fn parse_query(input: String) -> String {
[INFO] [stderr]    |        ^^^^^^^^^^^
[INFO] [stderr]    |
[INFO] [stderr]    = note: `#[warn(unused_imports)]` (part of `#[warn(unused)]`) on by default
[INFO] [stderr] 
[INFO] [stderr] warning: unused import: `suggest`
[INFO] [stderr]   --> src/server/action_api.rs:27:14
[INFO] [stderr]    |
[INFO] [stderr] 27 | pub async fn suggest(config: &State<QuakeConfig>) -> Json<ActionSuggest> {
[INFO] [stderr]    |              ^^^^^^^
[INFO] [stderr] 
[INFO] [stderr] warning: unused import: `get_entry_defines`
[INFO] [stderr]   --> src/server/entry_api.rs:21:21
[INFO] [stderr]    |
[INFO] [stderr] 21 | pub(crate) async fn get_entry_defines(conf: &State<QuakeConfig>) -> String {
[INFO] [stderr]    |                     ^^^^^^^^^^^^^^^^^
[INFO] [stderr] 
[INFO] [stderr] warning: unused import: `create_entry`
[INFO] [stderr]   --> src/server/entry_api.rs:34:21
[INFO] [stderr]    |
[INFO] [stderr] 34 | pub(crate) async fn create_entry(
[INFO] [stderr]    |                     ^^^^^^^^^^^^
[INFO] [stderr] 
[INFO] [stderr] warning: unused import: `get_entry`
[INFO] [stderr]   --> src/server/entry_api.rs:49:21
[INFO] [stderr]    |
[INFO] [stderr] 49 | pub(crate) async fn get_entry(
[INFO] [stderr]    |                     ^^^^^^^^^
[INFO] [stderr] 
[INFO] [stderr] warning: unused import: `update_entry`
[INFO] [stderr]   --> src/server/entry_api.rs:85:21
[INFO] [stderr]    |
[INFO] [stderr] 85 | pub(crate) async fn update_entry(
[INFO] [stderr]    |                     ^^^^^^^^^^^^
[INFO] [stderr] 
[INFO] [stderr] warning: unused import: `dashboard_layout`
[INFO] [stderr]   --> src/server/layout_api.rs:14:8
[INFO] [stderr]    |
[INFO] [stderr] 14 | pub fn dashboard_layout(
[INFO] [stderr]    |        ^^^^^^^^^^^^^^^^
[INFO] [stderr] 
[INFO] [stderr] warning: unused import: `lookup_file`
[INFO] [stderr]   --> src/server/processor_api.rs:20:21
[INFO] [stderr]    |
[INFO] [stderr] 20 | pub(crate) async fn lookup_file(
[INFO] [stderr]    |                     ^^^^^^^^^^^
[INFO] [stderr] 
[INFO] [stderr] warning: unused import: `upload`
[INFO] [stderr]   --> src/server/processor_api.rs:41:14
[INFO] [stderr]    |
[INFO] [stderr] 41 | pub async fn upload(
[INFO] [stderr]    |              ^^^^^^
[INFO] [stderr] 
[INFO] [stderr] warning: unused import: `image_file`
[INFO] [stderr]    --> src/server/processor_api.rs:103:14
[INFO] [stderr]     |
[INFO] [stderr] 103 | pub async fn image_file(
[INFO] [stderr]     |              ^^^^^^^^^^
[INFO] [stderr] 
[INFO] [stderr] warning: unused import: `reference_by_type`
[INFO] [stderr]   --> src/server/reference_api.rs:16:21
[INFO] [stderr]    |
[INFO] [stderr] 16 | pub(crate) async fn reference_by_type(
[INFO] [stderr]    |                     ^^^^^^^^^^^^^^^^^
[INFO] [stderr] 
[INFO] [stderr] warning: unused import: `translate`
[INFO] [stderr]   --> src/server/transflow_api.rs:32:21
[INFO] [stderr]    |
[INFO] [stderr] 32 | pub(crate) async fn translate(
[INFO] [stderr]    |                     ^^^^^^^^^
[INFO] [stderr] 
[INFO] [stderr] warning: unused import: `transflow_gen_code`
[INFO] [stderr]   --> src/server/transflow_api.rs:74:21
[INFO] [stderr]    |
[INFO] [stderr] 74 | pub(crate) async fn transflow_gen_code(
[INFO] [stderr]    |                     ^^^^^^^^^^^^^^^^^^
[INFO] [stderr] 
[INFO] [stderr] warning: unused import: `load_custom_transfuncs`
[INFO] [stderr]   --> src/server/transflow_api.rs:90:21
[INFO] [stderr]    |
[INFO] [stderr] 90 | pub(crate) async fn load_custom_transfuncs(config: &State<QuakeConfig>) -> Option<NamedFile> {
[INFO] [stderr]    |                     ^^^^^^^^^^^^^^^^^^^^^^
[INFO] [stderr] 
[INFO] [stderr] warning: struct `EntryResponse` is never constructed
[INFO] [stderr]   --> src/server/entry_api.rs:29:8
[INFO] [stderr]    |
[INFO] [stderr] 29 | struct EntryResponse {
[INFO] [stderr]    |        ^^^^^^^^^^^^^
[INFO] [stderr]    |
[INFO] [stderr]    = note: `#[warn(dead_code)]` (part of `#[warn(unused)]`) on by default
[INFO] [stderr] 
[INFO] [stderr] warning: `quake` (bin "quake" test) generated 15 warnings
[INFO] [stderr]     Finished `release` profile [optimized] target(s) in 0.34s
[INFO] [stderr] warning: the following packages contain code that will be rejected by a future version of Rust: nom v5.1.2, ubyte v0.10.1
[INFO] [stderr] note: to see what the problems were, use the option `--future-incompat-report`, or run `cargo report future-incompatibilities --id 1`
[INFO] [stderr]      Running unittests src/main.rs (/opt/rustwide/target/release/deps/quake-43c3c88f4edc0633)
[INFO] [stdout] 
[INFO] [stdout] running 27 tests
[INFO] [stdout] test cli::entry_action::tests::test_generate_content_for_processors ... ignored
[INFO] [stdout] test helper::exec_wrapper::meili_exec::tests::test_feed_settings ... ignored
[INFO] [stdout] test helper::watcher_rule::tests::match_index_file_with_rule ... ok
[INFO] [stdout] test server::action_api::test::suggest_should_works ... ok
[INFO] [stdout] test server::action_api::test::todo_show_should_return_json ... ok
[INFO] [stdout] test tests::placeholder ... ignored
[INFO] [stdout] test tests::should_download_webapp_dist ... ignored, need tokio runtime
[INFO] [stdout] test tests::sync_todo ... ignored
[INFO] [stdout] test usecases::generate_usecases::tests::return_absolute_when_file_exists ... ignored
[INFO] [stdout] test server::transflow_api::test::transflow_translate_map_script ... ok
[INFO] [stdout] test usecases::generate_usecases::tests::test_grep_regex ... ok
[INFO] [stdout] test server::transflow_api::test::transflow_script ... ok
[INFO] [stdout] test server::helper::csv_to_json::tests::json_to_csv ... ok
[INFO] [stdout] test tests::should_throw_not_exist_cmds ... ok
[INFO] [stdout] test server::layout_api::test::dashboard_layout ... ok
[INFO] [stdout] test pagedump::tests::should_dump_entries_define ... FAILED
[INFO] [stdout] test cli::quake_action::tests::throw_editor_empty ... ok
[INFO] [stdout] test helper::search_config::tests::search_config_for_search ... ok
[INFO] [stdout] test server::entry_api::test::crud_for_entry ... FAILED
[INFO] [stdout] test usecases::processor_usecases::tests::return_absolute_when_file_exists ... ok
[INFO] [stdout] test usecases::reference_usecases::tests::should_generate_links ... FAILED
[INFO] [stdout] test server::transflow_api::test::transflow_translate_script ... ok
[INFO] [stdout] test tests::should_create_test_entry ... FAILED
[INFO] [stdout] test server::reference_api::test::reference ... ok
[INFO] [stdout] test server::test::hello_world ... ok
[INFO] [stdout] test server::test::get_todo_entry ... ok
[INFO] [stdout] test server::processor_api::test::reference ... ok
[INFO] [stdout] 
[INFO] [stdout] failures:
[INFO] [stdout] 
[INFO] [stdout] ---- pagedump::tests::should_dump_entries_define stdout ----
[INFO] [stdout] 
[INFO] [stdout] thread 'pagedump::tests::should_dump_entries_define' (6247) panicked at src/pagedump.rs:26:35:
[INFO] [stdout] called `Result::unwrap()` on an `Err` value: Os { code: 30, kind: ReadOnlyFilesystem, message: "Read-only file system" }
[INFO] [stdout] stack backtrace:
[INFO] [stdout]    0:     0x5a27d12394e1 - <<std[70759c8f55707aa4]::sys::backtrace::BacktraceLock>::print::DisplayBacktrace as core[df12db4294e9bfd3]::fmt::Display>::fmt
[INFO] [stdout]    1:     0x5a27d125300a - core[df12db4294e9bfd3]::fmt::write
[INFO] [stdout]    2:     0x5a27d123e90c - <alloc[2182bb758b4b3781]::vec::Vec<u8> as core[df12db4294e9bfd3]::io::write::Write>::write_fmt
[INFO] [stdout]    3:     0x5a27d1210b06 - std[70759c8f55707aa4]::panicking::default_hook::{closure#0}
[INFO] [stdout]    4:     0x5a27d122eed9 - std[70759c8f55707aa4]::panicking::default_hook
[INFO] [stdout]    5:     0x5a27d0dab7a0 - test[9d35eded1c95d3be]::test_main_inner::<test[9d35eded1c95d3be]::test_main_static::{closure#0}>::{closure#0}
[INFO] [stdout]    6:     0x5a27d122f202 - std[70759c8f55707aa4]::panicking::panic_with_hook
[INFO] [stdout]    7:     0x5a27d1210bb2 - std[70759c8f55707aa4]::panicking::panic_handler::{closure#0}
[INFO] [stdout]    8:     0x5a27d1209379 - std[70759c8f55707aa4]::sys::backtrace::__rust_end_short_backtrace::<std[70759c8f55707aa4]::panicking::panic_handler::{closure#0}, !>
[INFO] [stdout]    9:     0x5a27d1211afd - __rustc[8fa7c3cbc660c2b3]::rust_begin_unwind
[INFO] [stdout]   10:     0x5a27d12537ec - core[df12db4294e9bfd3]::panicking::panic_fmt
[INFO] [stdout]   11:     0x5a27d12535c2 - core[df12db4294e9bfd3]::result::unwrap_failed
[INFO] [stdout]   12:     0x5a27d0c2cb68 - quake[9170184fba522f3b]::pagedump::page_dump
[INFO] [stdout]   13:     0x5a27d0c2e8e6 - quake[9170184fba522f3b]::pagedump::tests::should_dump_entries_define
[INFO] [stdout]   14:     0x5a27d0c54159 - <quake[9170184fba522f3b]::pagedump::tests::should_dump_entries_define::{closure#0} as core[df12db4294e9bfd3]::ops::function::FnOnce<()>>::call_once
[INFO] [stdout]   15:     0x5a27d0d9ea8b - test[9d35eded1c95d3be]::__rust_begin_short_backtrace::<core[df12db4294e9bfd3]::result::Result<(), alloc[2182bb758b4b3781]::string::String>, fn() -> core[df12db4294e9bfd3]::result::Result<(), alloc[2182bb758b4b3781]::string::String>>
[INFO] [stdout]   16:     0x5a27d0dac0f5 - test[9d35eded1c95d3be]::run_test::{closure#0}
[INFO] [stdout]   17:     0x5a27d0da59b4 - std[70759c8f55707aa4]::sys::backtrace::__rust_begin_short_backtrace::<test[9d35eded1c95d3be]::run_test::{closure#1}, ()>
[INFO] [stdout]   18:     0x5a27d0daf252 - <std[70759c8f55707aa4]::thread::lifecycle::spawn_unchecked<test[9d35eded1c95d3be]::run_test::{closure#1}, ()>::{closure#1} as core[df12db4294e9bfd3]::ops::function::FnOnce<()>>::call_once::{shim:vtable#0}
[INFO] [stdout]   19:     0x5a27d1237fb9 - <std[70759c8f55707aa4]::sys::thread::unix::Thread>::new::thread_start
[INFO] [stdout]   20:     0x7013fdfa6dfa - <unknown>
[INFO] [stdout]   21:     0x7013fe03a3d4 - clone
[INFO] [stdout]   22:                0x0 - <unknown>
[INFO] [stdout] 
[INFO] [stdout] ---- server::entry_api::test::crud_for_entry stdout ----
[INFO] [stdout] Configured for web.
[INFO] [stdout]    >> address: 127.0.0.1
[INFO] [stdout]    >> port: 9999
[INFO] [stdout]    >> workers: 16
[INFO] [stdout]    >> ident: Rocket
[INFO] [stdout]    >> keep-alive: 5s
[INFO] [stdout]    >> limits: bytes = 8KiB, data-form = 2MiB, file = 1MiB, form = 32KiB, json = 1MiB, msgpack = 1MiB, string = 8KiB
[INFO] [stdout]    >> tls: disabled
[INFO] [stdout]    >> temp dir: /tmp
[INFO] [stdout]    >> log level: critical
[INFO] [stdout]    >> cli colors: true
[INFO] [stdout]    >> shutdown: ctrlc = true, force = true, signals = [SIGTERM], grace = 2s, mercy = 3s
[INFO] [stdout] Routes:
[INFO] [stdout]    >> (FileServer: quake_webapp/) GET /<path..> [10]
[INFO] [stdout]    >> (get_entry_defines) GET /entry/defines
[INFO] [stdout]    >> (create_entry) POST /entry/<entry_type>?<text>
[INFO] [stdout]    >> (get_entry) GET /entry/<entry_type>/<id>
[INFO] [stdout]    >> (update_entry) POST /entry/<entry_type>/<id>
[INFO] [stdout]    >> (parse_query) GET /action/query?<input>
[INFO] [stdout]    >> (suggest) GET /action/suggest
[INFO] [stdout]    >> (dashboard_layout) GET /layout/dashboard
[INFO] [stdout]    >> (reference_by_type) GET /reference/<entry_type>
[INFO] [stdout]    >> (lookup_file) GET /processor/<entry_type>?<file_prop>
[INFO] [stdout]    >> (translate) POST /transflow/translate/<name>
[INFO] [stdout]    >> (transflow_gen_code) GET /transflow/script/gen_code.js
[INFO] [stdout]    >> (upload) POST /processor/<entry_type>/upload
[INFO] [stdout]    >> (image_file) GET /processor/<entry_type>/images?<file_name>
[INFO] [stdout]    >> (load_custom_transfuncs) GET /transflow/script/custom_transfuncs.js
[INFO] [stdout] Fairings:
[INFO] [stdout]    >> Shield (liftoff, response, singleton)
[INFO] [stdout]    >> quake_core::quake_config::QuakeConfig (ignite)
[INFO] [stdout] Rocket has launched into local orbit
[INFO] [stdout] 
[INFO] [stdout] thread 'server::entry_api::test::crud_for_entry' (6250) panicked at /opt/rustwide/cargo-home/registry/src/index.crates.io-1949cf8c6b5b557f/quake_core-0.5.0/src/entry/entry_node_info.rs:24:46:
[INFO] [stdout] cannot write to file: Os { code: 2, kind: NotFound, message: "No such file or directory" }
[INFO] [stdout] stack backtrace:
[INFO] [stdout]    0:     0x5a27d12394e1 - <<std[70759c8f55707aa4]::sys::backtrace::BacktraceLock>::print::DisplayBacktrace as core[df12db4294e9bfd3]::fmt::Display>::fmt
[INFO] [stdout]    1:     0x5a27d125300a - core[df12db4294e9bfd3]::fmt::write
[INFO] [stdout]    2:     0x5a27d123e90c - <alloc[2182bb758b4b3781]::vec::Vec<u8> as core[df12db4294e9bfd3]::io::write::Write>::write_fmt
[INFO] [stdout]    3:     0x5a27d1210b06 - std[70759c8f55707aa4]::panicking::default_hook::{closure#0}
[INFO] [stdout]    4:     0x5a27d122eed9 - std[70759c8f55707aa4]::panicking::default_hook
[INFO] [stdout]    5:     0x5a27d0dab7a0 - test[9d35eded1c95d3be]::test_main_inner::<test[9d35eded1c95d3be]::test_main_static::{closure#0}>::{closure#0}
[INFO] [stdout]    6:     0x5a27d122f202 - std[70759c8f55707aa4]::panicking::panic_with_hook
[INFO] [stdout]    7:     0x5a27d1210bb2 - std[70759c8f55707aa4]::panicking::panic_handler::{closure#0}
[INFO] [stdout]    8:     0x5a27d1209379 - std[70759c8f55707aa4]::sys::backtrace::__rust_end_short_backtrace::<std[70759c8f55707aa4]::panicking::panic_handler::{closure#0}, !>
[INFO] [stdout]    9:     0x5a27d1211afd - __rustc[8fa7c3cbc660c2b3]::rust_begin_unwind
[INFO] [stdout]   10:     0x5a27d12537ec - core[df12db4294e9bfd3]::panicking::panic_fmt
[INFO] [stdout]   11:     0x5a27d12535c2 - core[df12db4294e9bfd3]::result::unwrap_failed
[INFO] [stdout]   12:     0x5a27d110abe6 - quake_core[77a4662ed2f6432e]::entry::entry_node_info::entry_info_from_path
[INFO] [stdout]   13:     0x5a27d10fad59 - quake_core[77a4662ed2f6432e]::usecases::entry_usecases::create_entry
[INFO] [stdout]   14:     0x5a27d0c21792 - <quake[9170184fba522f3b]::server::entry_api::create_entry>::into_info::monomorphized_function::{closure#0}
[INFO] [stdout]   15:     0x5a27d0efcc4a - <rocket[97562331c53d2c3]::rocket::Rocket<rocket[97562331c53d2c3]::phase::Orbit>>::route::{closure#0}
[INFO] [stdout]   16:     0x5a27d0ef5896 - <std[70759c8f55707aa4]::thread::local::LocalKey<core[df12db4294e9bfd3]::cell::Cell<tokio[ff9f543a94a05d5e]::coop::Budget>>>::with::<tokio[ff9f543a94a05d5e]::coop::with_budget<core[df12db4294e9bfd3]::task::poll::Poll<rocket[97562331c53d2c3]::local::asynchronous::response::LocalResponse>, <tokio[ff9f543a94a05d5e]::park::thread::CachedParkThread>::block_on<<rocket[97562331c53d2c3]::local::asynchronous::request::LocalRequest>::dispatch::{closure#0}>::{closure#0}>::{closure#0}, core[df12db4294e9bfd3]::task::poll::Poll<rocket[97562331c53d2c3]::local::asynchronous::response::LocalResponse>>
[INFO] [stdout]   17:     0x5a27d0ec8c58 - <rocket[97562331c53d2c3]::local::blocking::request::LocalRequest>::_dispatch
[INFO] [stdout]   18:     0x5a27d0bd4f43 - quake[9170184fba522f3b]::server::entry_api::test::crud_for_entry
[INFO] [stdout]   19:     0x5a27d0c542f9 - <quake[9170184fba522f3b]::server::entry_api::test::crud_for_entry::{closure#0} as core[df12db4294e9bfd3]::ops::function::FnOnce<()>>::call_once
[INFO] [stdout]   20:     0x5a27d0d9ea8b - test[9d35eded1c95d3be]::__rust_begin_short_backtrace::<core[df12db4294e9bfd3]::result::Result<(), alloc[2182bb758b4b3781]::string::String>, fn() -> core[df12db4294e9bfd3]::result::Result<(), alloc[2182bb758b4b3781]::string::String>>
[INFO] [stdout]   21:     0x5a27d0dac0f5 - test[9d35eded1c95d3be]::run_test::{closure#0}
[INFO] [stdout]   22:     0x5a27d0da59b4 - std[70759c8f55707aa4]::sys::backtrace::__rust_begin_short_backtrace::<test[9d35eded1c95d3be]::run_test::{closure#1}, ()>
[INFO] [stdout]   23:     0x5a27d0daf252 - <std[70759c8f55707aa4]::thread::lifecycle::spawn_unchecked<test[9d35eded1c95d3be]::run_test::{closure#1}, ()>::{closure#1} as core[df12db4294e9bfd3]::ops::function::FnOnce<()>>::call_once::{shim:vtable#0}
[INFO] [stdout]   24:     0x5a27d1237fb9 - <std[70759c8f55707aa4]::sys::thread::unix::Thread>::new::thread_start
[INFO] [stdout]   25:     0x7013fdfa6dfa - <unknown>
[INFO] [stdout]   26:     0x7013fe03a3d4 - clone
[INFO] [stdout]   27:                0x0 - <unknown>
[INFO] [stdout]    >> Handler create_entry panicked.
[INFO] [stdout]    >> A panic is treated as an internal server error.
[INFO] [stdout]    >> No 500 catcher registered. Using Rocket default.
[INFO] [stdout] 
[INFO] [stdout] thread 'server::entry_api::test::crud_for_entry' (6250) panicked at src/server/entry_api.rs:120:9:
[INFO] [stdout] assertion `left == right` failed
[INFO] [stdout]   left: Status { code: 500 }
[INFO] [stdout]  right: Status { code: 200 }
[INFO] [stdout] stack backtrace:
[INFO] [stdout]    0:     0x5a27d12394e1 - <<std[70759c8f55707aa4]::sys::backtrace::BacktraceLock>::print::DisplayBacktrace as core[df12db4294e9bfd3]::fmt::Display>::fmt
[INFO] [stdout]    1:     0x5a27d125300a - core[df12db4294e9bfd3]::fmt::write
[INFO] [stdout]    2:     0x5a27d123e90c - <alloc[2182bb758b4b3781]::vec::Vec<u8> as core[df12db4294e9bfd3]::io::write::Write>::write_fmt
[INFO] [stdout]    3:     0x5a27d1210b06 - std[70759c8f55707aa4]::panicking::default_hook::{closure#0}
[INFO] [stdout]    4:     0x5a27d122eed9 - std[70759c8f55707aa4]::panicking::default_hook
[INFO] [stdout]    5:     0x5a27d0dab7a0 - test[9d35eded1c95d3be]::test_main_inner::<test[9d35eded1c95d3be]::test_main_static::{closure#0}>::{closure#0}
[INFO] [stdout]    6:     0x5a27d122f202 - std[70759c8f55707aa4]::panicking::panic_with_hook
[INFO] [stdout]    7:     0x5a27d1210bb2 - std[70759c8f55707aa4]::panicking::panic_handler::{closure#0}
[INFO] [stdout]    8:     0x5a27d1209379 - std[70759c8f55707aa4]::sys::backtrace::__rust_end_short_backtrace::<std[70759c8f55707aa4]::panicking::panic_handler::{closure#0}, !>
[INFO] [stdout]    9:     0x5a27d1211afd - __rustc[8fa7c3cbc660c2b3]::rust_begin_unwind
[INFO] [stdout]   10:     0x5a27d12537ec - core[df12db4294e9bfd3]::panicking::panic_fmt
[INFO] [stdout]   11:     0x5a27d1253703 - core[df12db4294e9bfd3]::panicking::assert_failed_inner
[INFO] [stdout]   12:     0x5a27d0c5f78f - core[df12db4294e9bfd3]::panicking::assert_failed::<rocket_http[41670e2d34f422aa]::status::Status, rocket_http[41670e2d34f422aa]::status::Status>
[INFO] [stdout]   13:     0x5a27d0bd5720 - quake[9170184fba522f3b]::server::entry_api::test::crud_for_entry
[INFO] [stdout]   14:     0x5a27d0c542f9 - <quake[9170184fba522f3b]::server::entry_api::test::crud_for_entry::{closure#0} as core[df12db4294e9bfd3]::ops::function::FnOnce<()>>::call_once
[INFO] [stdout]   15:     0x5a27d0d9ea8b - test[9d35eded1c95d3be]::__rust_begin_short_backtrace::<core[df12db4294e9bfd3]::result::Result<(), alloc[2182bb758b4b3781]::string::String>, fn() -> core[df12db4294e9bfd3]::result::Result<(), alloc[2182bb758b4b3781]::string::String>>
[INFO] [stdout]   16:     0x5a27d0dac0f5 - test[9d35eded1c95d3be]::run_test::{closure#0}
[INFO] [stdout]   17:     0x5a27d0da59b4 - std[70759c8f55707aa4]::sys::backtrace::__rust_begin_short_backtrace::<test[9d35eded1c95d3be]::run_test::{closure#1}, ()>
[INFO] [stdout]   18:     0x5a27d0daf252 - <std[70759c8f55707aa4]::thread::lifecycle::spawn_unchecked<test[9d35eded1c95d3be]::run_test::{closure#1}, ()>::{closure#1} as core[df12db4294e9bfd3]::ops::function::FnOnce<()>>::call_once::{shim:vtable#0}
[INFO] [stdout]   19:     0x5a27d1237fb9 - <std[70759c8f55707aa4]::sys::thread::unix::Thread>::new::thread_start
[INFO] [stdout]   20:     0x7013fdfa6dfa - <unknown>
[INFO] [stdout]   21:     0x7013fe03a3d4 - clone
[INFO] [stdout]   22:                0x0 - <unknown>
[INFO] [stdout] 
[INFO] [stdout] ---- usecases::reference_usecases::tests::should_generate_links stdout ----
[INFO] [stdout] 
[INFO] [stdout] thread 'usecases::reference_usecases::tests::should_generate_links' (6278) panicked at /opt/rustwide/cargo-home/registry/src/index.crates.io-1949cf8c6b5b557f/quake_core-0.5.0/src/entry/entry_defines.rs:21:17:
[INFO] [stdout] cannot read path "_fixtures/demo_quake/entries-define.yaml", error Os { code: 2, kind: NotFound, message: "No such file or directory" }
[INFO] [stdout] stack backtrace:
[INFO] [stdout]    0:     0x5a27d12394e1 - <<std[70759c8f55707aa4]::sys::backtrace::BacktraceLock>::print::DisplayBacktrace as core[df12db4294e9bfd3]::fmt::Display>::fmt
[INFO] [stdout]    1:     0x5a27d125300a - core[df12db4294e9bfd3]::fmt::write
[INFO] [stdout]    2:     0x5a27d123e90c - <alloc[2182bb758b4b3781]::vec::Vec<u8> as core[df12db4294e9bfd3]::io::write::Write>::write_fmt
[INFO] [stdout]    3:     0x5a27d1210b06 - std[70759c8f55707aa4]::panicking::default_hook::{closure#0}
[INFO] [stdout]    4:     0x5a27d122eed9 - std[70759c8f55707aa4]::panicking::default_hook
[INFO] [stdout]    5:     0x5a27d0dab7a0 - test[9d35eded1c95d3be]::test_main_inner::<test[9d35eded1c95d3be]::test_main_static::{closure#0}>::{closure#0}
[INFO] [stdout]    6:     0x5a27d122f202 - std[70759c8f55707aa4]::panicking::panic_with_hook
[INFO] [stdout]    7:     0x5a27d1210bb2 - std[70759c8f55707aa4]::panicking::panic_handler::{closure#0}
[INFO] [stdout]    8:     0x5a27d1209379 - std[70759c8f55707aa4]::sys::backtrace::__rust_end_short_backtrace::<std[70759c8f55707aa4]::panicking::panic_handler::{closure#0}, !>
[INFO] [stdout]    9:     0x5a27d1211afd - __rustc[8fa7c3cbc660c2b3]::rust_begin_unwind
[INFO] [stdout]   10:     0x5a27d12537ec - core[df12db4294e9bfd3]::panicking::panic_fmt
[INFO] [stdout]   11:     0x5a27d110907e - <quake_core[77a4662ed2f6432e]::entry::entry_defines::EntryDefines>::from_path
[INFO] [stdout]   12:     0x5a27d0c2f594 - quake[9170184fba522f3b]::usecases::reference_usecases::create_entries_refs
[INFO] [stdout]   13:     0x5a27d0c30559 - quake[9170184fba522f3b]::usecases::reference_usecases::tests::should_generate_links
[INFO] [stdout]   14:     0x5a27d0c54379 - <quake[9170184fba522f3b]::usecases::reference_usecases::tests::should_generate_links::{closure#0} as core[df12db4294e9bfd3]::ops::function::FnOnce<()>>::call_once
[INFO] [stdout]   15:     0x5a27d0d9ea8b - test[9d35eded1c95d3be]::__rust_begin_short_backtrace::<core[df12db4294e9bfd3]::result::Result<(), alloc[2182bb758b4b3781]::string::String>, fn() -> core[df12db4294e9bfd3]::result::Result<(), alloc[2182bb758b4b3781]::string::String>>
[INFO] [stdout]   16:     0x5a27d0dac0f5 - test[9d35eded1c95d3be]::run_test::{closure#0}
[INFO] [stdout]   17:     0x5a27d0da59b4 - std[70759c8f55707aa4]::sys::backtrace::__rust_begin_short_backtrace::<test[9d35eded1c95d3be]::run_test::{closure#1}, ()>
[INFO] [stdout]   18:     0x5a27d0daf252 - <std[70759c8f55707aa4]::thread::lifecycle::spawn_unchecked<test[9d35eded1c95d3be]::run_test::{closure#1}, ()>::{closure#1} as core[df12db4294e9bfd3]::ops::function::FnOnce<()>>::call_once::{shim:vtable#0}
[INFO] [stdout]   19:     0x5a27d1237fb9 - <std[70759c8f55707aa4]::sys::thread::unix::Thread>::new::thread_start
[INFO] [stdout]   20:     0x7013fdfa6dfa - <unknown>
[INFO] [stdout]   21:     0x7013fe03a3d4 - clone
[INFO] [stdout]   22:                0x0 - <unknown>
[INFO] [stdout] 
[INFO] [stdout] ---- tests::should_create_test_entry stdout ----
[INFO] [stdout] 
[INFO] [stdout] thread 'tests::should_create_test_entry' (6268) panicked at src/main.rs:350:14:
[INFO] [stdout] called `Result::unwrap()` on an `Err` value: Os { code: 30, kind: ReadOnlyFilesystem, message: "Read-only file system" }
[INFO] [stdout] stack backtrace:
[INFO] [stdout]    0:     0x5a27d12394e1 - <<std[70759c8f55707aa4]::sys::backtrace::BacktraceLock>::print::DisplayBacktrace as core[df12db4294e9bfd3]::fmt::Display>::fmt
[INFO] [stdout]    1:     0x5a27d125300a - core[df12db4294e9bfd3]::fmt::write
[INFO] [stdout]    2:     0x5a27d123e90c - <alloc[2182bb758b4b3781]::vec::Vec<u8> as core[df12db4294e9bfd3]::io::write::Write>::write_fmt
[INFO] [stdout]    3:     0x5a27d1210b06 - std[70759c8f55707aa4]::panicking::default_hook::{closure#0}
[INFO] [stdout]    4:     0x5a27d122eed9 - std[70759c8f55707aa4]::panicking::default_hook
[INFO] [stdout]    5:     0x5a27d0dab7a0 - test[9d35eded1c95d3be]::test_main_inner::<test[9d35eded1c95d3be]::test_main_static::{closure#0}>::{closure#0}
[INFO] [stdout]    6:     0x5a27d122f202 - std[70759c8f55707aa4]::panicking::panic_with_hook
[INFO] [stdout]    7:     0x5a27d1210bb2 - std[70759c8f55707aa4]::panicking::panic_handler::{closure#0}
[INFO] [stdout]    8:     0x5a27d1209379 - std[70759c8f55707aa4]::sys::backtrace::__rust_end_short_backtrace::<std[70759c8f55707aa4]::panicking::panic_handler::{closure#0}, !>
[INFO] [stdout]    9:     0x5a27d1211afd - __rustc[8fa7c3cbc660c2b3]::rust_begin_unwind
[INFO] [stdout]   10:     0x5a27d12537ec - core[df12db4294e9bfd3]::panicking::panic_fmt
[INFO] [stdout]   11:     0x5a27d12535c2 - core[df12db4294e9bfd3]::result::unwrap_failed
[INFO] [stdout]   12:     0x5a27d0be731c - <std[70759c8f55707aa4]::thread::local::LocalKey<core[df12db4294e9bfd3]::cell::Cell<*const async_std[ca1bf1b4157cdf28]::task::task_locals_wrapper::TaskLocalsWrapper>>>::with::<<async_std[ca1bf1b4157cdf28]::task::task_locals_wrapper::TaskLocalsWrapper>::set_current<<async_std[ca1bf1b4157cdf28]::task::builder::SupportTaskLocals<quake[9170184fba522f3b]::tests::should_create_test_entry::{closure#0}> as core[df12db4294e9bfd3]::future::future::Future>::poll::{closure#0}, core[df12db4294e9bfd3]::task::poll::Poll<()>>::{closure#0}, core[df12db4294e9bfd3]::task::poll::Poll<()>>
[INFO] [stdout]   13:     0x5a27d0bc5961 - async_io[330a291d20baf2c1]::driver::block_on::<(), <async_executor[95d1375a72c8f669]::LocalExecutor>::run<(), async_std[ca1bf1b4157cdf28]::task::builder::SupportTaskLocals<quake[9170184fba522f3b]::tests::should_create_test_entry::{closure#0}>>::{closure#0}>
[INFO] [stdout]   14:     0x5a27d0be8b81 - <std[70759c8f55707aa4]::thread::local::LocalKey<core[df12db4294e9bfd3]::cell::Cell<usize>>>::with::<<async_std[ca1bf1b4157cdf28]::task::builder::Builder>::blocking<quake[9170184fba522f3b]::tests::should_create_test_entry::{closure#0}, ()>::{closure#0}, ()>
[INFO] [stdout]   15:     0x5a27d0bfdf2d - <async_std[ca1bf1b4157cdf28]::task::builder::Builder>::blocking::<quake[9170184fba522f3b]::tests::should_create_test_entry::{closure#0}, ()>
[INFO] [stdout]   16:     0x5a27d0c53ff4 - <quake[9170184fba522f3b]::tests::should_create_test_entry::{closure#0} as core[df12db4294e9bfd3]::ops::function::FnOnce<()>>::call_once
[INFO] [stdout]   17:     0x5a27d0d9ea8b - test[9d35eded1c95d3be]::__rust_begin_short_backtrace::<core[df12db4294e9bfd3]::result::Result<(), alloc[2182bb758b4b3781]::string::String>, fn() -> core[df12db4294e9bfd3]::result::Result<(), alloc[2182bb758b4b3781]::string::String>>
[INFO] [stdout]   18:     0x5a27d0dac0f5 - test[9d35eded1c95d3be]::run_test::{closure#0}
[INFO] [stdout]   19:     0x5a27d0da59b4 - std[70759c8f55707aa4]::sys::backtrace::__rust_begin_short_backtrace::<test[9d35eded1c95d3be]::run_test::{closure#1}, ()>
[INFO] [stdout]   20:     0x5a27d0daf252 - <std[70759c8f55707aa4]::thread::lifecycle::spawn_unchecked<test[9d35eded1c95d3be]::run_test::{closure#1}, ()>::{closure#1} as core[df12db4294e9bfd3]::ops::function::FnOnce<()>>::call_once::{shim:vtable#0}
[INFO] [stdout]   21:     0x5a27d1237fb9 - <std[70759c8f55707aa4]::sys::thread::unix::Thread>::new::thread_start
[INFO] [stdout]   22:     0x7013fdfa6dfa - <unknown>
[INFO] [stdout]   23:     0x7013fe03a3d4 - clone
[INFO] [stdout]   24:                0x0 - <unknown>
[INFO] [stdout] 
[INFO] [stdout] 
[INFO] [stdout] failures:
[INFO] [stdout]     pagedump::tests::should_dump_entries_define
[INFO] [stdout]     server::entry_api::test::crud_for_entry
[INFO] [stdout]     tests::should_create_test_entry
[INFO] [stdout]     usecases::reference_usecases::tests::should_generate_links
[INFO] [stdout] 
[INFO] [stdout] test result: FAILED. 17 passed; 4 failed; 6 ignored; 0 measured; 0 filtered out; finished in 0.02s
[INFO] [stdout] 
[INFO] [stderr] error: test failed, to rerun pass `--bin quake`
[INFO] running `Command { std: "docker" "inspect" "361343d4e2c42eb871498aa82fa04153fd7cd80e67e25f196afbce0824baa294", kill_on_drop: false }`
[INFO] running `Command { std: "docker" "rm" "-f" "361343d4e2c42eb871498aa82fa04153fd7cd80e67e25f196afbce0824baa294", kill_on_drop: false }`
[INFO] [stdout] 361343d4e2c42eb871498aa82fa04153fd7cd80e67e25f196afbce0824baa294
