[INFO] fetching crate qtty 0.8.6...
[INFO] testing qtty-0.8.6 against 1.100.0-beta.1+cargoflags=--release for beta-release-1.100-2
[INFO] extracting crate qtty 0.8.6 into /workspace/builds/worker-3-tc2/source
[INFO] started tweaking crates.io crate qtty 0.8.6
[INFO] removed 0 missing examples
[INFO] removed 0 missing tests
[INFO] finished tweaking crates.io crate qtty 0.8.6
[INFO] tweaked toml for crates.io crate qtty 0.8.6 written to /workspace/builds/worker-3-tc2/source/Cargo.toml
[INFO] validating manifest of crates.io crate qtty 0.8.6 on toolchain 1.100.0-beta.1
[INFO] running `Command { std: CARGO_HOME="/workspace/cargo-home" RUSTUP_HOME="/workspace/rustup-home" "/workspace/cargo-home/bin/cargo" "+1.100.0-beta.1" "metadata" "--manifest-path" "Cargo.toml" "--no-deps", kill_on_drop: false }`
[INFO] crate crates.io crate qtty 0.8.6 already has a lockfile, it will not be regenerated
[INFO] running `Command { std: CARGO_HOME="/workspace/cargo-home" RUSTUP_HOME="/workspace/rustup-home" "/workspace/cargo-home/bin/cargo" "+1.100.0-beta.1" "fetch" "--manifest-path" "Cargo.toml", kill_on_drop: false }`
[INFO] running `Command { std: "docker" "create" "-v" "/var/lib/crater-agent-workspace/builds/worker-3-tc2/source:/opt/rustwide/workdir:ro,Z" "-v" "/var/lib/crater-agent-workspace/builds/worker-3-tc2/target:/opt/rustwide/target:rw,Z" "-v" "/var/lib/crater-agent-workspace/cargo-home:/opt/rustwide/cargo-home:ro,Z" "-v" "/var/lib/crater-agent-workspace/rustup-home:/opt/rustwide/rustup-home:ro,Z" "-m" "1610612736" "--network" "none" "ghcr.io/rust-lang/crates-build-env/linux@sha256:77db811e55d90add9212f6832c23229e3de5f1c1f9905e8cb07319ea15df73ac" "sleep" "infinity", kill_on_drop: false }`
[INFO] [stdout] cb0ac80eca79afeba3ac8fc74acbe00383953063557c05083d7816029fbef086
[INFO] running `Command { std: "docker" "start" "cb0ac80eca79afeba3ac8fc74acbe00383953063557c05083d7816029fbef086", kill_on_drop: false }`
[INFO] running `Command { std: "docker" "inspect" "cb0ac80eca79afeba3ac8fc74acbe00383953063557c05083d7816029fbef086", kill_on_drop: false }`
[INFO] running `Command { std: "docker" "exec" "-e" "SOURCE_DIR=/opt/rustwide/workdir" "-e" "CARGO_HOME=/opt/rustwide/cargo-home" "-e" "RUSTUP_HOME=/opt/rustwide/rustup-home" "-e" "CARGO_TARGET_DIR=/opt/rustwide/target" "-w" "/opt/rustwide/workdir" "--user" "0:0" "cb0ac80eca79afeba3ac8fc74acbe00383953063557c05083d7816029fbef086" "/opt/rustwide/cargo-home/bin/cargo" "+1.100.0-beta.1" "metadata" "--no-deps" "--format-version=1", kill_on_drop: false }`
[INFO] running `Command { std: "docker" "inspect" "cb0ac80eca79afeba3ac8fc74acbe00383953063557c05083d7816029fbef086", kill_on_drop: false }`
[INFO] running `Command { std: "docker" "exec" "-e" "SOURCE_DIR=/opt/rustwide/workdir" "-e" "CARGO_HOME=/opt/rustwide/cargo-home" "-e" "RUSTUP_HOME=/opt/rustwide/rustup-home" "-e" "CARGO_TARGET_DIR=/opt/rustwide/target" "-e" "CARGO_INCREMENTAL=0" "-e" "RUST_BACKTRACE=full" "-e" "RUSTFLAGS=--cap-lints=warn" "-e" "RUSTDOCFLAGS=--cap-lints=warn" "-w" "/opt/rustwide/workdir" "--user" "0:0" "cb0ac80eca79afeba3ac8fc74acbe00383953063557c05083d7816029fbef086" "/opt/rustwide/cargo-home/bin/cargo" "+1.100.0-beta.1" "build" "--frozen" "--message-format=json" "--release", kill_on_drop: false }`
[INFO] [stderr]    Compiling syn v2.0.119
[INFO] [stderr]    Compiling qtty-derive v0.8.6
[INFO] [stderr]    Compiling qtty-core v0.8.6
[INFO] [stderr]    Compiling qtty v0.8.6 (/opt/rustwide/workdir)
[INFO] [stderr]     Finished `release` profile [optimized] target(s) in 47.24s
[INFO] running `Command { std: "docker" "inspect" "cb0ac80eca79afeba3ac8fc74acbe00383953063557c05083d7816029fbef086", kill_on_drop: false }`
[INFO] running `Command { std: "docker" "exec" "-e" "SOURCE_DIR=/opt/rustwide/workdir" "-e" "CARGO_HOME=/opt/rustwide/cargo-home" "-e" "RUSTUP_HOME=/opt/rustwide/rustup-home" "-e" "CARGO_TARGET_DIR=/opt/rustwide/target" "-e" "CARGO_INCREMENTAL=0" "-e" "RUST_BACKTRACE=full" "-e" "RUSTFLAGS=--cap-lints=warn" "-e" "RUSTDOCFLAGS=--cap-lints=warn" "-w" "/opt/rustwide/workdir" "--user" "0:0" "cb0ac80eca79afeba3ac8fc74acbe00383953063557c05083d7816029fbef086" "/opt/rustwide/cargo-home/bin/cargo" "+1.100.0-beta.1" "test" "--frozen" "--no-run" "--message-format=json" "--release", kill_on_drop: false }`
[INFO] [stderr]    Compiling wait-timeout v0.2.1
[INFO] [stderr]    Compiling getrandom v0.3.4
[INFO] [stderr]    Compiling getrandom v0.4.3
[INFO] [stderr]    Compiling syn v3.0.6
[INFO] [stderr]    Compiling ppv-lite86 v0.2.21
[INFO] [stderr]    Compiling approx v0.5.1
[INFO] [stderr]    Compiling tempfile v3.27.0
[INFO] [stderr]    Compiling rand_core v0.9.5
[INFO] [stderr]    Compiling rand v0.9.5
[INFO] [stderr]    Compiling rand_xorshift v0.4.0
[INFO] [stderr]    Compiling rusty-fork v0.3.1
[INFO] [stderr]    Compiling rand_chacha v0.9.0
[INFO] [stderr]    Compiling proptest v1.11.0
[INFO] [stderr]    Compiling serde_derive v1.0.229
[INFO] [stderr]    Compiling serde v1.0.229
[INFO] [stderr]    Compiling qtty v0.8.6 (/opt/rustwide/workdir)
[INFO] [stderr]     Finished `release` profile [optimized] target(s) in 13.44s
[INFO] running `Command { std: "docker" "inspect" "cb0ac80eca79afeba3ac8fc74acbe00383953063557c05083d7816029fbef086", kill_on_drop: false }`
[INFO] running `Command { std: "docker" "exec" "-e" "SOURCE_DIR=/opt/rustwide/workdir" "-e" "CARGO_HOME=/opt/rustwide/cargo-home" "-e" "RUSTUP_HOME=/opt/rustwide/rustup-home" "-e" "CARGO_TARGET_DIR=/opt/rustwide/target" "-e" "CARGO_INCREMENTAL=0" "-e" "RUST_BACKTRACE=full" "-e" "RUSTFLAGS=--cap-lints=warn" "-e" "RUSTDOCFLAGS=--cap-lints=warn" "-w" "/opt/rustwide/workdir" "--user" "0:0" "cb0ac80eca79afeba3ac8fc74acbe00383953063557c05083d7816029fbef086" "/opt/rustwide/cargo-home/bin/cargo" "+1.100.0-beta.1" "test" "--frozen" "--release", kill_on_drop: false }`
[INFO] [stderr]     Finished `release` profile [optimized] target(s) in 0.09s
[INFO] [stderr]      Running unittests src/lib.rs (/opt/rustwide/target/release/build/qtty/6a1e699745a6f3c9/out/qtty-6a1e699745a6f3c9)
[INFO] [stderr]      Running tests/custom_unit_extensions.rs (/opt/rustwide/target/release/build/qtty/9a352210c3a0ac49/out/custom_unit_extensions-9a352210c3a0ac49)
[INFO] [stdout] 
[INFO] [stdout] running 0 tests
[INFO] [stdout] 
[INFO] [stdout] test result: ok. 0 passed; 0 failed; 0 ignored; 0 measured; 0 filtered out; finished in 0.00s
[INFO] [stdout] 
[INFO] [stdout] 
[INFO] [stdout] running 3 tests
[INFO] [stderr]      Running tests/integration_tests.rs (/opt/rustwide/target/release/build/qtty/33d1f4879cc1530c/out/integration_tests-33d1f4879cc1530c)
[INFO] [stdout] test downstream_custom_unit_can_convert_to_builtins ... ok
[INFO] [stdout] test downstream_custom_unit_multiplies_with_builtins ... ok
[INFO] [stdout] test downstream_custom_unit_divides_with_builtins ... ok
[INFO] [stdout] 
[INFO] [stdout] test result: ok. 3 passed; 0 failed; 0 ignored; 0 measured; 0 filtered out; finished in 0.02s
[INFO] [stdout] 
[INFO] [stdout] 
[INFO] [stdout] running 39 tests
[INFO] [stdout] test derive_macro_display_formatting ... ok
[INFO] [stdout] test display_format_precision ... ok
[INFO] [stdout] test earth_rotation ... ok
[INFO] [stdout] test display_upper_exp_formatting ... ok
[INFO] [stdout] test quantity_abs ... ok
[INFO] [stdout] test quantity_basic_arithmetic ... ok
[INFO] [stdout] test quantity_negation ... ok
[INFO] [stdout] test display_sign_and_negative_values ... ok
[INFO] [stdout] test smoke_test_angular_rate ... ok
[INFO] [stdout] test derive_macro_produces_correct_symbol ... ok
[INFO] [stdout] test angular_separation ... ok
[INFO] [stdout] test qtty_values_macro_builds_seconds_array ... ok
[INFO] [stdout] test qtty_values_macro_builds_seconds_vec ... ok
[INFO] [stdout] test display_format_annotations_per_unit ... ok
[INFO] [stdout] test constants_can_be_multiplied ... ok
[INFO] [stdout] test smoke_test_f32_length ... ok
[INFO] [stdout] test smoke_test_f32_time ... ok
[INFO] [stdout] test per_unit_display ... ok
[INFO] [stdout] test derive_macro_produces_correct_ratio ... ok
[INFO] [stdout] test per_unit_division_creates_composite ... ok
[INFO] [stdout] test smoke_test_mass ... ok
[INFO] [stdout] test smoke_test_time ... ok
[INFO] [stdout] test smoke_test_i8_module_arithmetic_and_lossy_conversion ... ok
[INFO] [stdout] test smoke_test_length ... ok
[INFO] [stdout] test per_unit_multiplication_recovers_numerator ... ok
[INFO] [stdout] test mean_motion_conversion ... ok
[INFO] [stdout] test smoke_test_same_unit_division_gives_raw_scalar ... ok
[INFO] [stdout] test smoke_test_i16_module_arithmetic_and_lossy_conversion ... ok
[INFO] [stdout] test smoke_test_velocity ... ok
[INFO] [stdout] test orbital_distance_calculation ... ok
[INFO] [stdout] test smoke_test_erase_unit_raw ... ok
[INFO] [stdout] test display_lower_exp_formatting ... ok
[INFO] [stdout] test smoke_test_f32_arithmetic ... ok
[INFO] [stdout] test smoke_test_i128_module_arithmetic_and_lossy_conversion ... ok
[INFO] [stdout] test smoke_test_angular ... ok
[INFO] [stdout] test unit_constants_have_value_one ... ok
[INFO] [stdout] test trigonometric_calculation ... ok
[INFO] [stdout] test smoke_test_f32_trig ... ok
[INFO] [stdout] test smoke_test_f32_angular ... ok
[INFO] [stdout] 
[INFO] [stdout] test result: ok. 39 passed; 0 failed; 0 ignored; 0 measured; 0 filtered out; finished in 0.02s
[INFO] [stdout] 
[INFO] [stderr]      Running tests/inventory_consistency.rs (/opt/rustwide/target/release/build/qtty/037f30acbbdab96f/out/inventory_consistency-037f30acbbdab96f)
[INFO] [stdout] 
[INFO] [stdout] running 0 tests
[INFO] [stderr]      Running tests/qtty_vec_feature_matrix.rs (/opt/rustwide/target/release/build/qtty/33cb079e5721ba30/out/qtty_vec_feature_matrix-33cb079e5721ba30)
[INFO] [stdout] 
[INFO] [stdout] test result: ok. 0 passed; 0 failed; 0 ignored; 0 measured; 0 filtered out; finished in 0.00s
[INFO] [stdout] 
[INFO] [stdout] 
[INFO] [stdout] running 1 test
[INFO] [stdout] test qtty_vec_feature_matrix ... FAILED
[INFO] [stdout] 
[INFO] [stdout] failures:
[INFO] [stdout] 
[INFO] [stdout] ---- qtty_vec_feature_matrix stdout ----
[INFO] [stdout] 
[INFO] [stdout] thread 'qtty_vec_feature_matrix' (750) panicked at tests/qtty_vec_feature_matrix.rs:36:5:
[INFO] [stdout] std mode should compile
[INFO] [stdout] stderr:
[INFO] [stdout] error: manifest path `/opt/rustwide/workdir/tests/fixtures/qtty-vec-std/Cargo.toml` does not exist
[INFO] [stdout] 
[INFO] [stdout] stack backtrace:
[INFO] [stdout]    0:     0x5eaa62600a91 - <<std[617be2ca0a6fd877]::sys::backtrace::BacktraceLock>::print::DisplayBacktrace as core[a373ad73a504971]::fmt::Display>::fmt
[INFO] [stdout]    1:     0x5eaa6261498a - core[a373ad73a504971]::fmt::write
[INFO] [stdout]    2:     0x5eaa62604cac - <alloc[2e1b2a31b91974c5]::vec::Vec<u8> as core[a373ad73a504971]::io::write::Write>::write_fmt
[INFO] [stdout]    3:     0x5eaa625dcb86 - std[617be2ca0a6fd877]::panicking::default_hook::{closure#0}
[INFO] [stdout]    4:     0x5eaa625f9129 - std[617be2ca0a6fd877]::panicking::default_hook
[INFO] [stdout]    5:     0x5eaa62595460 - test[aada8e7e76ba119b]::test_main_inner::{closure#0}
[INFO] [stdout]    6:     0x5eaa625f92e2 - std[617be2ca0a6fd877]::panicking::panic_with_hook
[INFO] [stdout]    7:     0x5eaa625dcc32 - std[617be2ca0a6fd877]::panicking::panic_handler::{closure#0}
[INFO] [stdout]    8:     0x5eaa625d5949 - std[617be2ca0a6fd877]::sys::backtrace::__rust_end_short_backtrace::<std[617be2ca0a6fd877]::panicking::panic_handler::{closure#0}, !>
[INFO] [stdout]    9:     0x5eaa625dd83d - __rustc[ea4f61d10b84890b]::rust_begin_unwind
[INFO] [stdout]   10:     0x5eaa626150bc - core[a373ad73a504971]::panicking::panic_fmt
[INFO] [stdout]   11:     0x5eaa625886ea - <qtty_vec_feature_matrix[7670dac826929f43]::qtty_vec_feature_matrix::{closure#0} as core[a373ad73a504971]::ops::function::FnOnce<()>>::call_once
[INFO] [stdout]   12:     0x5eaa625888ab - test[aada8e7e76ba119b]::__rust_begin_short_backtrace::<core[a373ad73a504971]::result::Result<(), alloc[2e1b2a31b91974c5]::string::String>, fn() -> core[a373ad73a504971]::result::Result<(), alloc[2e1b2a31b91974c5]::string::String>>
[INFO] [stdout]   13:     0x5eaa62595a85 - test[aada8e7e76ba119b]::run_test::{closure#0}
[INFO] [stdout]   14:     0x5eaa6258f374 - std[617be2ca0a6fd877]::sys::backtrace::__rust_begin_short_backtrace::<test[aada8e7e76ba119b]::run_test::{closure#1}, ()>
[INFO] [stdout]   15:     0x5eaa62598b12 - <std[617be2ca0a6fd877]::thread::lifecycle::spawn_unchecked<test[aada8e7e76ba119b]::run_test::{closure#1}, ()>::{closure#1} as core[a373ad73a504971]::ops::function::FnOnce<()>>::call_once::{shim:vtable#0}
[INFO] [stdout]   16:     0x5eaa626002ef - <std[617be2ca0a6fd877]::sys::thread::unix::Thread>::new::thread_start
[INFO] [stdout]   17:     0x7da7251d7dfa - <unknown>
[INFO] [stdout]   18:     0x7da72526b3d4 - clone
[INFO] [stdout]   19:                0x0 - <unknown>
[INFO] [stdout] 
[INFO] [stdout] 
[INFO] [stdout] failures:
[INFO] [stdout]     qtty_vec_feature_matrix
[INFO] [stdout] 
[INFO] [stderr] error: test failed, to rerun pass `--test qtty_vec_feature_matrix`
[INFO] [stdout] test result: FAILED. 0 passed; 1 failed; 0 ignored; 0 measured; 0 filtered out; finished in 0.04s
[INFO] [stdout] 
[INFO] running `Command { std: "docker" "inspect" "cb0ac80eca79afeba3ac8fc74acbe00383953063557c05083d7816029fbef086", kill_on_drop: false }`
[INFO] running `Command { std: "docker" "rm" "-f" "cb0ac80eca79afeba3ac8fc74acbe00383953063557c05083d7816029fbef086", kill_on_drop: false }`
[INFO] [stdout] cb0ac80eca79afeba3ac8fc74acbe00383953063557c05083d7816029fbef086
