[INFO] fetching crate qsv-sniffer 0.12.2...
[INFO] testing qsv-sniffer-0.12.2 against 1.99.0-beta.8+cargoflags=--release for beta-release-1.100-2
[INFO] extracting crate qsv-sniffer 0.12.2 into /workspace/builds/worker-4-tc1/source
[INFO] started tweaking crates.io crate qsv-sniffer 0.12.2
[INFO] removed 0 missing examples
[INFO] removed 0 missing tests
[INFO] finished tweaking crates.io crate qsv-sniffer 0.12.2
[INFO] tweaked toml for crates.io crate qsv-sniffer 0.12.2 written to /workspace/builds/worker-4-tc1/source/Cargo.toml
[INFO] validating manifest of crates.io crate qsv-sniffer 0.12.2 on toolchain 1.99.0-beta.8
[INFO] running `Command { std: CARGO_HOME="/workspace/cargo-home" RUSTUP_HOME="/workspace/rustup-home" "/workspace/cargo-home/bin/cargo" "+1.99.0-beta.8" "metadata" "--manifest-path" "Cargo.toml" "--no-deps", kill_on_drop: false }`
[INFO] crate crates.io crate qsv-sniffer 0.12.2 already has a lockfile, it will not be regenerated
[INFO] running `Command { std: CARGO_HOME="/workspace/cargo-home" RUSTUP_HOME="/workspace/rustup-home" "/workspace/cargo-home/bin/cargo" "+1.99.0-beta.8" "fetch" "--manifest-path" "Cargo.toml", kill_on_drop: false }`
[INFO] [stderr]     Updating crates.io index
[INFO] [stderr]  Downloading crates ...
[INFO] [stderr]   Downloaded qsv-tabwriter v2.0.0
[INFO] [stderr]   Downloaded qsv-dateparser v0.13.0
[INFO] running `Command { std: "docker" "create" "-v" "/var/lib/crater-agent-workspace/builds/worker-4-tc1/source:/opt/rustwide/workdir:ro,Z" "-v" "/var/lib/crater-agent-workspace/builds/worker-4-tc1/target:/opt/rustwide/target:rw,Z" "-v" "/var/lib/crater-agent-workspace/cargo-home:/opt/rustwide/cargo-home:ro,Z" "-v" "/var/lib/crater-agent-workspace/rustup-home:/opt/rustwide/rustup-home:ro,Z" "-m" "1610612736" "--network" "none" "ghcr.io/rust-lang/crates-build-env/linux@sha256:77db811e55d90add9212f6832c23229e3de5f1c1f9905e8cb07319ea15df73ac" "sleep" "infinity", kill_on_drop: false }`
[INFO] [stdout] 3e2290904cabe3b5cb8884ef7cac2d55165d9b6cb5ba2f9d3d50a14c70539ac6
[INFO] running `Command { std: "docker" "start" "3e2290904cabe3b5cb8884ef7cac2d55165d9b6cb5ba2f9d3d50a14c70539ac6", kill_on_drop: false }`
[INFO] running `Command { std: "docker" "inspect" "3e2290904cabe3b5cb8884ef7cac2d55165d9b6cb5ba2f9d3d50a14c70539ac6", kill_on_drop: false }`
[INFO] running `Command { std: "docker" "exec" "-e" "SOURCE_DIR=/opt/rustwide/workdir" "-e" "CARGO_HOME=/opt/rustwide/cargo-home" "-e" "RUSTUP_HOME=/opt/rustwide/rustup-home" "-e" "CARGO_TARGET_DIR=/opt/rustwide/target" "-w" "/opt/rustwide/workdir" "--user" "0:0" "3e2290904cabe3b5cb8884ef7cac2d55165d9b6cb5ba2f9d3d50a14c70539ac6" "/opt/rustwide/cargo-home/bin/cargo" "+1.99.0-beta.8" "metadata" "--no-deps" "--format-version=1", kill_on_drop: false }`
[INFO] running `Command { std: "docker" "inspect" "3e2290904cabe3b5cb8884ef7cac2d55165d9b6cb5ba2f9d3d50a14c70539ac6", kill_on_drop: false }`
[INFO] running `Command { std: "docker" "exec" "-e" "SOURCE_DIR=/opt/rustwide/workdir" "-e" "CARGO_HOME=/opt/rustwide/cargo-home" "-e" "RUSTUP_HOME=/opt/rustwide/rustup-home" "-e" "CARGO_TARGET_DIR=/opt/rustwide/target" "-e" "CARGO_INCREMENTAL=0" "-e" "RUST_BACKTRACE=full" "-e" "RUSTFLAGS=--cap-lints=warn" "-e" "RUSTDOCFLAGS=--cap-lints=warn" "-w" "/opt/rustwide/workdir" "--user" "0:0" "3e2290904cabe3b5cb8884ef7cac2d55165d9b6cb5ba2f9d3d50a14c70539ac6" "/opt/rustwide/cargo-home/bin/cargo" "+1.99.0-beta.8" "build" "--frozen" "--message-format=json" "--release", kill_on_drop: false }`
[INFO] [stderr]    Compiling memchr v2.7.5
[INFO] [stderr]    Compiling autocfg v1.5.0
[INFO] [stderr]    Compiling serde_core v1.0.226
[INFO] [stderr]    Compiling serde v1.0.226
[INFO] [stderr]    Compiling anyhow v1.0.100
[INFO] [stderr]    Compiling regex-syntax v0.8.6
[INFO] [stderr]    Compiling iana-time-zone v0.1.64
[INFO] [stderr]    Compiling equivalent v1.0.2
[INFO] [stderr]    Compiling fast-float2 v0.2.3
[INFO] [stderr]    Compiling allocator-api2 v0.2.21
[INFO] [stderr]    Compiling ryu v1.0.20
[INFO] [stderr]    Compiling itoa v1.0.15
[INFO] [stderr]    Compiling foldhash v0.1.5
[INFO] [stderr]    Compiling unicode-width v0.2.1
[INFO] [stderr]    Compiling bytecount v0.6.9
[INFO] [stderr]    Compiling simdutf8 v0.1.5
[INFO] [stderr]    Compiling bitflags v2.9.4
[INFO] [stderr]    Compiling qsv-tabwriter v2.0.0
[INFO] [stderr]    Compiling num-traits v0.2.19
[INFO] [stderr]    Compiling hashbrown v0.15.5
[INFO] [stderr]    Compiling aho-corasick v1.1.3
[INFO] [stderr]    Compiling csv-core v0.1.12
[INFO] [stderr]    Compiling chrono v0.4.42
[INFO] [stderr]    Compiling regex-automata v0.4.10
[INFO] [stderr]    Compiling csv v1.3.1
[INFO] [stderr]    Compiling regex v1.11.2
[INFO] [stderr]    Compiling qsv-dateparser v0.13.0
[INFO] [stderr]    Compiling qsv-sniffer v0.12.2 (/opt/rustwide/workdir)
[INFO] [stderr]     Finished `release` profile [optimized] target(s) in 38.21s
[INFO] running `Command { std: "docker" "inspect" "3e2290904cabe3b5cb8884ef7cac2d55165d9b6cb5ba2f9d3d50a14c70539ac6", kill_on_drop: false }`
[INFO] running `Command { std: "docker" "exec" "-e" "SOURCE_DIR=/opt/rustwide/workdir" "-e" "CARGO_HOME=/opt/rustwide/cargo-home" "-e" "RUSTUP_HOME=/opt/rustwide/rustup-home" "-e" "CARGO_TARGET_DIR=/opt/rustwide/target" "-e" "CARGO_INCREMENTAL=0" "-e" "RUST_BACKTRACE=full" "-e" "RUSTFLAGS=--cap-lints=warn" "-e" "RUSTDOCFLAGS=--cap-lints=warn" "-w" "/opt/rustwide/workdir" "--user" "0:0" "3e2290904cabe3b5cb8884ef7cac2d55165d9b6cb5ba2f9d3d50a14c70539ac6" "/opt/rustwide/cargo-home/bin/cargo" "+1.99.0-beta.8" "test" "--frozen" "--no-run" "--message-format=json" "--release", kill_on_drop: false }`
[INFO] [stderr]    Compiling qsv-sniffer v0.12.2 (/opt/rustwide/workdir)
[INFO] [stderr]     Finished `release` profile [optimized] target(s) in 44.60s
[INFO] running `Command { std: "docker" "inspect" "3e2290904cabe3b5cb8884ef7cac2d55165d9b6cb5ba2f9d3d50a14c70539ac6", kill_on_drop: false }`
[INFO] running `Command { std: "docker" "exec" "-e" "SOURCE_DIR=/opt/rustwide/workdir" "-e" "CARGO_HOME=/opt/rustwide/cargo-home" "-e" "RUSTUP_HOME=/opt/rustwide/rustup-home" "-e" "CARGO_TARGET_DIR=/opt/rustwide/target" "-e" "CARGO_INCREMENTAL=0" "-e" "RUST_BACKTRACE=full" "-e" "RUSTFLAGS=--cap-lints=warn" "-e" "RUSTDOCFLAGS=--cap-lints=warn" "-w" "/opt/rustwide/workdir" "--user" "0:0" "3e2290904cabe3b5cb8884ef7cac2d55165d9b6cb5ba2f9d3d50a14c70539ac6" "/opt/rustwide/cargo-home/bin/cargo" "+1.99.0-beta.8" "test" "--frozen" "--release", kill_on_drop: false }`
[INFO] [stderr]     Finished `release` profile [optimized] target(s) in 0.07s
[INFO] [stderr]      Running unittests src/lib.rs (/opt/rustwide/target/release/deps/qsv_sniffer-91da5e82aa882b4e)
[INFO] [stdout] 
[INFO] [stdout] running 0 tests
[INFO] [stdout] 
[INFO] [stdout] test result: ok. 0 passed; 0 failed; 0 ignored; 0 measured; 0 filtered out; finished in 0.00s
[INFO] [stdout] 
[INFO] [stderr]      Running unittests src/bin/sniff.rs (/opt/rustwide/target/release/deps/sniff-c3b3c268c6f99acb)
[INFO] [stderr]      Running tests/delimiter.rs (/opt/rustwide/target/release/deps/delimiter-83f0ef835f421d26)
[INFO] [stdout] 
[INFO] [stdout] running 0 tests
[INFO] [stdout] 
[INFO] [stdout] test result: ok. 0 passed; 0 failed; 0 ignored; 0 measured; 0 filtered out; finished in 0.00s
[INFO] [stdout] 
[INFO] [stdout] 
[INFO] [stdout] running 6 tests
[INFO] [stdout] test test_boolean ... FAILED
[INFO] [stdout] test test_semicolon ... FAILED
[INFO] [stdout] test test_comma ... FAILED
[INFO] [stdout] test test_flexible ... FAILED
[INFO] [stdout] test test_utf8_again ... FAILED
[INFO] [stdout] test test_date_sniffing ... FAILED
[INFO] [stdout] 
[INFO] [stdout] failures:
[INFO] [stdout] 
[INFO] [stdout] ---- test_boolean stdout ----
[INFO] [stdout] 
[INFO] [stdout] thread 'test_boolean' (627) panicked at tests/delimiter.rs:104:10:
[INFO] [stdout] called `Result::unwrap()` on an `Err` value: Io(Os { code: 2, kind: NotFound, message: "No such file or directory" })
[INFO] [stdout] stack backtrace:
[INFO] [stdout]    0:     0x584c57f37f05 - <unknown>
[INFO] [stdout]    1:     0x584c57e829ea - <unknown>
[INFO] [stdout]    2:     0x584c57f3759b - <unknown>
[INFO] [stdout]    3:     0x584c57f3707f - <unknown>
[INFO] [stdout]    4:     0x584c57f36caa - <unknown>
[INFO] [stdout]    5:     0x584c57f367e2 - <unknown>
[INFO] [stdout]    6:     0x584c57f5dbd1 - <unknown>
[INFO] [stdout]    7:     0x584c57f5db89 - <unknown>
[INFO] [stdout]    8:     0x584c57f5e09c - <unknown>
[INFO] [stdout]    9:     0x584c57e8287b - <unknown>
[INFO] [stdout]   10:     0x584c57e86b81 - <unknown>
[INFO] [stdout]   11:     0x584c57e4aeef - <unknown>
[INFO] [stdout]   12:     0x584c57f7714b - <unknown>
[INFO] [stdout]   13:     0x584c57f7275f - <unknown>
[INFO] [stdout]   14:     0x584c57f721dc - <unknown>
[INFO] [stdout]   15:     0x584c57f8f39c - <unknown>
[INFO] [stdout]   16:     0x584c57f5f2e2 - <unknown>
[INFO] [stdout]   17:     0x7f30e5a65dfa - <unknown>
[INFO] [stdout]   18:     0x7f30e5af93d4 - clone
[INFO] [stdout]   19:                0x0 - <unknown>
[INFO] [stdout] 
[INFO] [stdout] ---- test_semicolon stdout ----
[INFO] [stdout] 
[INFO] [stdout] thread 'test_semicolon' (631) panicked at tests/delimiter.rs:18:10:
[INFO] [stdout] called `Result::unwrap()` on an `Err` value: Io(Os { code: 2, kind: NotFound, message: "No such file or directory" })
[INFO] [stdout] stack backtrace:
[INFO] [stdout]    0:     0x584c57f37f05 - <unknown>
[INFO] [stdout]    1:     0x584c57e829ea - <unknown>
[INFO] [stdout]    2:     0x584c57f3759b - <unknown>
[INFO] [stdout]    3:     0x584c57f3707f - <unknown>
[INFO] [stdout]    4:     0x584c57f36caa - <unknown>
[INFO] [stdout]    5:     0x584c57f367e2 - <unknown>
[INFO] [stdout]    6:     0x584c57f5dbd1 - <unknown>
[INFO] [stdout]    7:     0x584c57f5db89 - <unknown>
[INFO] [stdout]    8:     0x584c57f5e09c - <unknown>
[INFO] [stdout]    9:     0x584c57e8287b - <unknown>
[INFO] [stdout]   10:     0x584c57e86b81 - <unknown>
[INFO] [stdout]   11:     0x584c57e4c1b5 - <unknown>
[INFO] [stdout]   12:     0x584c57f7714b - <unknown>
[INFO] [stdout]   13:     0x584c57f7275f - <unknown>
[INFO] [stdout]   14:     0x584c57f721dc - <unknown>
[INFO] [stdout]   15:     0x584c57f8f39c - <unknown>
[INFO] [stdout]   16:     0x584c57f5f2e2 - <unknown>
[INFO] [stdout]   17:     0x7f30e5a65dfa - <unknown>
[INFO] [stdout]   18:     0x7f30e5af93d4 - clone
[INFO] [stdout]   19:                0x0 - <unknown>
[INFO] [stdout] 
[INFO] [stdout] ---- test_comma stdout ----
[INFO] [stdout] 
[INFO] [stdout] thread 'test_comma' (628) panicked at tests/delimiter.rs:61:10:
[INFO] [stdout] called `Result::unwrap()` on an `Err` value: Io(Os { code: 2, kind: NotFound, message: "No such file or directory" })
[INFO] [stdout] stack backtrace:
[INFO] [stdout]    0:     0x584c57f37f05 - <unknown>
[INFO] [stdout]    1:     0x584c57e829ea - <unknown>
[INFO] [stdout]    2:     0x584c57f3759b - <unknown>
[INFO] [stdout]    3:     0x584c57f3707f - <unknown>
[INFO] [stdout]    4:     0x584c57f36caa - <unknown>
[INFO] [stdout]    5:     0x584c57f367e2 - <unknown>
[INFO] [stdout]    6:     0x584c57f5dbd1 - <unknown>
[INFO] [stdout]    7:     0x584c57f5db89 - <unknown>
[INFO] [stdout]    8:     0x584c57f5e09c - <unknown>
[INFO] [stdout]    9:     0x584c57e8287b - <unknown>
[INFO] [stdout]   10:     0x584c57e86b81 - <unknown>
[INFO] [stdout]   11:     0x584c57e4a5d5 - <unknown>
[INFO] [stdout]   12:     0x584c57f7714b - <unknown>
[INFO] [stdout]   13:     0x584c57f7275f - <unknown>
[INFO] [stdout]   14:     0x584c57f721dc - <unknown>
[INFO] [stdout]   15:     0x584c57f8f39c - <unknown>
[INFO] [stdout]   16:     0x584c57f5f2e2 - <unknown>
[INFO] [stdout]   17:     0x7f30e5a65dfa - <unknown>
[INFO] [stdout]   18:     0x7f30e5af93d4 - clone
[INFO] [stdout]   19:                0x0 - <unknown>
[INFO] [stdout] 
[INFO] [stdout] ---- test_flexible stdout ----
[INFO] [stdout] 
[INFO] [stdout] thread 'test_flexible' (630) panicked at tests/delimiter.rs:149:10:
[INFO] [stdout] called `Result::unwrap()` on an `Err` value: Io(Os { code: 2, kind: NotFound, message: "No such file or directory" })
[INFO] [stdout] stack backtrace:
[INFO] [stdout]    0:     0x584c57f37f05 - <unknown>
[INFO] [stdout]    1:     0x584c57e829ea - <unknown>
[INFO] [stdout]    2:     0x584c57f3759b - <unknown>
[INFO] [stdout]    3:     0x584c57f3707f - <unknown>
[INFO] [stdout]    4:     0x584c57f36caa - <unknown>
[INFO] [stdout]    5:     0x584c57f367e2 - <unknown>
[INFO] [stdout]    6:     0x584c57f5dbd1 - <unknown>
[INFO] [stdout]    7:     0x584c57f5db89 - <unknown>
[INFO] [stdout]    8:     0x584c57f5e09c - <unknown>
[INFO] [stdout]    9:     0x584c57e8287b - <unknown>
[INFO] [stdout]   10:     0x584c57e86b81 - <unknown>
[INFO] [stdout]   11:     0x584c57e4b890 - <unknown>
[INFO] [stdout]   12:     0x584c57f7714b - <unknown>
[INFO] [stdout]   13:     0x584c57f7275f - <unknown>
[INFO] [stdout]   14:     0x584c57f721dc - <unknown>
[INFO] [stdout]   15:     0x584c57f8f39c - <unknown>
[INFO] [stdout]   16:     0x584c57f5f2e2 - <unknown>
[INFO] [stdout]   17:     0x7f30e5a65dfa - <unknown>
[INFO] [stdout]   18:     0x7f30e5af93d4 - clone
[INFO] [stdout]   19:                0x0 - <unknown>
[INFO] [stdout] 
[INFO] [stdout] ---- test_utf8_again stdout ----
[INFO] [stdout] 
[INFO] [stdout] thread 'test_utf8_again' (632) panicked at tests/delimiter.rs:196:10:
[INFO] [stdout] called `Result::unwrap()` on an `Err` value: Io(Os { code: 2, kind: NotFound, message: "No such file or directory" })
[INFO] [stdout] stack backtrace:
[INFO] [stdout]    0:     0x584c57f37f05 - <unknown>
[INFO] [stdout]    1:     0x584c57e829ea - <unknown>
[INFO] [stdout]    2:     0x584c57f3759b - <unknown>
[INFO] [stdout]    3:     0x584c57f3707f - <unknown>
[INFO] [stdout]    4:     0x584c57f36caa - <unknown>
[INFO] [stdout]    5:     0x584c57f367e2 - <unknown>
[INFO] [stdout]    6:     0x584c57f5dbd1 - <unknown>
[INFO] [stdout]    7:     0x584c57f5db89 - <unknown>
[INFO] [stdout]    8:     0x584c57f5e09c - <unknown>
[INFO] [stdout]    9:     0x584c57e8287b - <unknown>
[INFO] [stdout]   10:     0x584c57e86b81 - <unknown>
[INFO] [stdout]   11:     0x584c57e4ccc7 - <unknown>
[INFO] [stdout]   12:     0x584c57f7714b - <unknown>
[INFO] [stdout]   13:     0x584c57f7275f - <unknown>
[INFO] [stdout]   14:     0x584c57f721dc - <unknown>
[INFO] [stdout]   15:     0x584c57f8f39c - <unknown>
[INFO] [stdout]   16:     0x584c57f5f2e2 - <unknown>
[INFO] [stdout]   17:     0x7f30e5a65dfa - <unknown>
[INFO] [stdout]   18:     0x7f30e5af93d4 - clone
[INFO] [stdout]   19:                0x0 - <unknown>
[INFO] [stdout] 
[INFO] [stdout] ---- test_date_sniffing stdout ----
[INFO] [stdout] 
[INFO] [stdout] thread 'test_date_sniffing' (629) panicked at tests/delimiter.rs:251:10:
[INFO] [stdout] called `Result::unwrap()` on an `Err` value: Io(Os { code: 2, kind: NotFound, message: "No such file or directory" })
[INFO] [stdout] stack backtrace:
[INFO] [stdout]    0:     0x584c57f37f05 - <unknown>
[INFO] [stdout]    1:     0x584c57e829ea - <unknown>
[INFO] [stdout]    2:     0x584c57f3759b - <unknown>
[INFO] [stdout]    3:     0x584c57f3707f - <unknown>
[INFO] [stdout]    4:     0x584c57f36caa - <unknown>
[INFO] [stdout]    5:     0x584c57f367e2 - <unknown>
[INFO] [stdout]    6:     0x584c57f5dbd1 - <unknown>
[INFO] [stdout]    7:     0x584c57f5db89 - <unknown>
[INFO] [stdout]    8:     0x584c57f5e09c - <unknown>
[INFO] [stdout]    9:     0x584c57e8287b - <unknown>
[INFO] [stdout]   10:     0x584c57e86b81 - <unknown>
[INFO] [stdout]   11:     0x584c57e4df69 - <unknown>
[INFO] [stdout]   12:     0x584c57f7714b - <unknown>
[INFO] [stdout]   13:     0x584c57f7275f - <unknown>
[INFO] [stdout]   14:     0x584c57f721dc - <unknown>
[INFO] [stdout]   15:     0x584c57f8f39c - <unknown>
[INFO] [stdout]   16:     0x584c57f5f2e2 - <unknown>
[INFO] [stdout]   17:     0x7f30e5a65dfa - <unknown>
[INFO] [stdout]   18:     0x7f30e5af93d4 - clone
[INFO] [stdout]   19:                0x0 - <unknown>
[INFO] [stdout] 
[INFO] [stdout] 
[INFO] [stdout] failures:
[INFO] [stdout]     test_boolean
[INFO] [stdout]     test_comma
[INFO] [stdout]     test_date_sniffing
[INFO] [stdout]     test_flexible
[INFO] [stdout]     test_semicolon
[INFO] [stdout]     test_utf8_again
[INFO] [stdout] 
[INFO] [stdout] test result: FAILED. 0 passed; 6 failed; 0 ignored; 0 measured; 0 filtered out; finished in 0.00s
[INFO] [stdout] 
[INFO] [stderr] error: test failed, to rerun pass `--test delimiter`
[INFO] running `Command { std: "docker" "inspect" "3e2290904cabe3b5cb8884ef7cac2d55165d9b6cb5ba2f9d3d50a14c70539ac6", kill_on_drop: false }`
[INFO] running `Command { std: "docker" "rm" "-f" "3e2290904cabe3b5cb8884ef7cac2d55165d9b6cb5ba2f9d3d50a14c70539ac6", kill_on_drop: false }`
[INFO] [stdout] 3e2290904cabe3b5cb8884ef7cac2d55165d9b6cb5ba2f9d3d50a14c70539ac6
