[INFO] fetching crate qrism 0.2.0...
[INFO] testing qrism-0.2.0 against 1.100.0-beta.1+cargoflags=--release for beta-release-1.100-2
[INFO] extracting crate qrism 0.2.0 into /workspace/builds/worker-5-tc2/source
[INFO] started tweaking crates.io crate qrism 0.2.0
[INFO] finished tweaking crates.io crate qrism 0.2.0
[INFO] tweaked toml for crates.io crate qrism 0.2.0 written to /workspace/builds/worker-5-tc2/source/Cargo.toml
[INFO] validating manifest of crates.io crate qrism 0.2.0 on toolchain 1.100.0-beta.1
[INFO] running `Command { std: CARGO_HOME="/workspace/cargo-home" RUSTUP_HOME="/workspace/rustup-home" "/workspace/cargo-home/bin/cargo" "+1.100.0-beta.1" "metadata" "--manifest-path" "Cargo.toml" "--no-deps", kill_on_drop: false }`
[INFO] crate crates.io crate qrism 0.2.0 already has a lockfile, it will not be regenerated
[INFO] running `Command { std: CARGO_HOME="/workspace/cargo-home" RUSTUP_HOME="/workspace/rustup-home" "/workspace/cargo-home/bin/cargo" "+1.100.0-beta.1" "fetch" "--manifest-path" "Cargo.toml", kill_on_drop: false }`
[INFO] [stderr] warning: `package.homepage` is redundant with `package.repository`
[INFO] [stderr]   --> Cargo.toml:50:12
[INFO] [stderr]    |
[INFO] [stderr] 50 | homepage = "https://github.com/mohnishsalian0/qrism"
[INFO] [stderr]    |            ^^^^^^^^^^^^^^^^^^^^^^^^^^^^^^^^^^^^^^^^^
[INFO] [stderr] ...
[INFO] [stderr] 56 | repository = "https://github.com/mohnishsalian0/qrism"
[INFO] [stderr]    |              -----------------------------------------
[INFO] [stderr]    |
[INFO] [stderr]    = note: `cargo::redundant_homepage` is set to `warn` by default
[INFO] [stderr] help: consider removing `package.homepage`
[INFO] [stderr] warning: `qrism` (manifest) generated 1 warning
[INFO] running `Command { std: "docker" "create" "-v" "/var/lib/crater-agent-workspace/builds/worker-5-tc2/source:/opt/rustwide/workdir:ro,Z" "-v" "/var/lib/crater-agent-workspace/builds/worker-5-tc2/target:/opt/rustwide/target:rw,Z" "-v" "/var/lib/crater-agent-workspace/cargo-home:/opt/rustwide/cargo-home:ro,Z" "-v" "/var/lib/crater-agent-workspace/rustup-home:/opt/rustwide/rustup-home:ro,Z" "-m" "1610612736" "--network" "none" "ghcr.io/rust-lang/crates-build-env/linux@sha256:77db811e55d90add9212f6832c23229e3de5f1c1f9905e8cb07319ea15df73ac" "sleep" "infinity", kill_on_drop: false }`
[INFO] [stdout] 1dcc78803bd2a1beee142123b0cb10593ec408d64880609ebcb9813d3ce83af0
[INFO] running `Command { std: "docker" "start" "1dcc78803bd2a1beee142123b0cb10593ec408d64880609ebcb9813d3ce83af0", kill_on_drop: false }`
[INFO] running `Command { std: "docker" "inspect" "1dcc78803bd2a1beee142123b0cb10593ec408d64880609ebcb9813d3ce83af0", kill_on_drop: false }`
[INFO] running `Command { std: "docker" "exec" "-e" "SOURCE_DIR=/opt/rustwide/workdir" "-e" "CARGO_HOME=/opt/rustwide/cargo-home" "-e" "RUSTUP_HOME=/opt/rustwide/rustup-home" "-e" "CARGO_TARGET_DIR=/opt/rustwide/target" "-w" "/opt/rustwide/workdir" "--user" "0:0" "1dcc78803bd2a1beee142123b0cb10593ec408d64880609ebcb9813d3ce83af0" "/opt/rustwide/cargo-home/bin/cargo" "+1.100.0-beta.1" "metadata" "--no-deps" "--format-version=1", kill_on_drop: false }`
[INFO] running `Command { std: "docker" "inspect" "1dcc78803bd2a1beee142123b0cb10593ec408d64880609ebcb9813d3ce83af0", kill_on_drop: false }`
[INFO] running `Command { std: "docker" "exec" "-e" "SOURCE_DIR=/opt/rustwide/workdir" "-e" "CARGO_HOME=/opt/rustwide/cargo-home" "-e" "RUSTUP_HOME=/opt/rustwide/rustup-home" "-e" "CARGO_TARGET_DIR=/opt/rustwide/target" "-e" "CARGO_INCREMENTAL=0" "-e" "RUST_BACKTRACE=full" "-e" "RUSTFLAGS=--cap-lints=warn" "-e" "RUSTDOCFLAGS=--cap-lints=warn" "-w" "/opt/rustwide/workdir" "--user" "0:0" "1dcc78803bd2a1beee142123b0cb10593ec408d64880609ebcb9813d3ce83af0" "/opt/rustwide/cargo-home/bin/cargo" "+1.100.0-beta.1" "build" "--frozen" "--message-format=json" "--release", kill_on_drop: false }`
[INFO] [stderr] warning: `package.homepage` is redundant with `package.repository`
[INFO] [stderr]   --> Cargo.toml:50:12
[INFO] [stderr]    |
[INFO] [stderr] 50 | homepage = "https://github.com/mohnishsalian0/qrism"
[INFO] [stderr]    |            ^^^^^^^^^^^^^^^^^^^^^^^^^^^^^^^^^^^^^^^^^
[INFO] [stderr] ...
[INFO] [stderr] 56 | repository = "https://github.com/mohnishsalian0/qrism"
[INFO] [stderr]    |              -----------------------------------------
[INFO] [stderr]    |
[INFO] [stderr]    = note: `cargo::redundant_homepage` is set to `warn` by default
[INFO] [stderr] help: consider removing `package.homepage`
[INFO] [stderr] warning: `qrism` (manifest) generated 1 warning
[INFO] [stderr]    Compiling simd-adler32 v0.3.7
[INFO] [stderr]    Compiling built v0.7.7
[INFO] [stderr]    Compiling arrayvec v0.7.6
[INFO] [stderr]    Compiling memchr v2.7.5
[INFO] [stderr]    Compiling libc v0.2.175
[INFO] [stderr]    Compiling quick-error v2.0.1
[INFO] [stderr]    Compiling itertools v0.12.1
[INFO] [stderr]    Compiling crc32fast v1.5.0
[INFO] [stderr]    Compiling half v2.6.0
[INFO] [stderr]    Compiling bitstream-io v2.6.0
[INFO] [stderr]    Compiling new_debug_unreachable v1.0.6
[INFO] [stderr]    Compiling syn v2.0.106
[INFO] [stderr]    Compiling crossbeam-epoch v0.9.18
[INFO] [stderr]    Compiling simd_helpers v0.1.0
[INFO] [stderr]    Compiling noop_proc_macro v0.3.0
[INFO] [stderr]    Compiling num-integer v0.1.46
[INFO] [stderr]    Compiling zune-core v0.4.12
[INFO] [stderr]    Compiling imgref v1.11.0
[INFO] [stderr]    Compiling weezl v0.1.10
[INFO] [stderr]    Compiling avif-serialize v0.8.6
[INFO] [stderr]    Compiling pxfm v0.1.24
[INFO] [stderr]    Compiling bit_field v0.10.3
[INFO] [stderr]    Compiling crossbeam-deque v0.8.6
[INFO] [stderr]    Compiling miniz_oxide v0.8.9
[INFO] [stderr]    Compiling loop9 v0.1.5
[INFO] [stderr]    Compiling zune-jpeg v0.4.21
[INFO] [stderr]    Compiling num-bigint v0.4.6
[INFO] [stderr]    Compiling rav1e v0.7.1
[INFO] [stderr]    Compiling zune-inflate v0.2.54
[INFO] [stderr]    Compiling fdeflate v0.3.7
[INFO] [stderr]    Compiling rayon-core v1.13.0
[INFO] [stderr]    Compiling lebe v0.5.3
[INFO] [stderr]    Compiling bytemuck v1.23.2
[INFO] [stderr]    Compiling rgb v0.8.52
[INFO] [stderr]    Compiling nom v7.1.3
[INFO] [stderr]    Compiling rayon v1.11.0
[INFO] [stderr]    Compiling flate2 v1.1.2
[INFO] [stderr]    Compiling qoi v0.4.1
[INFO] [stderr]    Compiling exr v1.73.0
[INFO] [stderr]    Compiling gif v0.13.3
[INFO] [stderr]    Compiling image-webp v0.2.4
[INFO] [stderr]    Compiling encoding_rs v0.8.35
[INFO] [stderr]    Compiling png v0.18.0
[INFO] [stderr]    Compiling num-rational v0.4.2
[INFO] [stderr]    Compiling moxcms v0.7.5
[INFO] [stderr]    Compiling maybe-rayon v0.1.1
[INFO] [stderr]    Compiling equator-macro v0.4.2
[INFO] [stderr]    Compiling profiling-procmacros v1.0.17
[INFO] [stderr]    Compiling thiserror-impl v1.0.69
[INFO] [stderr]    Compiling arg_enum_proc_macro v0.3.4
[INFO] [stderr]    Compiling fax_derive v0.2.0
[INFO] [stderr]    Compiling num-derive v0.4.2
[INFO] [stderr]    Compiling profiling v1.0.17
[INFO] [stderr]    Compiling fax v0.2.6
[INFO] [stderr]    Compiling equator v0.4.2
[INFO] [stderr]    Compiling tiff v0.10.3
[INFO] [stderr]    Compiling aligned-vec v0.6.4
[INFO] [stderr]    Compiling thiserror v1.0.69
[INFO] [stderr]    Compiling v_frame v0.3.9
[INFO] [stderr]    Compiling av1-grain v0.2.4
[INFO] [stderr]    Compiling ravif v0.11.20
[INFO] [stderr]    Compiling image v0.25.8
[INFO] [stderr]    Compiling qrism v0.2.0 (/opt/rustwide/workdir)
[INFO] [stderr]     Finished `release` profile [optimized] target(s) in 1m 54s
[INFO] running `Command { std: "docker" "inspect" "1dcc78803bd2a1beee142123b0cb10593ec408d64880609ebcb9813d3ce83af0", kill_on_drop: false }`
[INFO] running `Command { std: "docker" "exec" "-e" "SOURCE_DIR=/opt/rustwide/workdir" "-e" "CARGO_HOME=/opt/rustwide/cargo-home" "-e" "RUSTUP_HOME=/opt/rustwide/rustup-home" "-e" "CARGO_TARGET_DIR=/opt/rustwide/target" "-e" "CARGO_INCREMENTAL=0" "-e" "RUST_BACKTRACE=full" "-e" "RUSTFLAGS=--cap-lints=warn" "-e" "RUSTDOCFLAGS=--cap-lints=warn" "-w" "/opt/rustwide/workdir" "--user" "0:0" "1dcc78803bd2a1beee142123b0cb10593ec408d64880609ebcb9813d3ce83af0" "/opt/rustwide/cargo-home/bin/cargo" "+1.100.0-beta.1" "test" "--frozen" "--no-run" "--message-format=json" "--release", kill_on_drop: false }`
[INFO] [stderr] warning: `package.homepage` is redundant with `package.repository`
[INFO] [stderr]   --> Cargo.toml:50:12
[INFO] [stderr]    |
[INFO] [stderr] 50 | homepage = "https://github.com/mohnishsalian0/qrism"
[INFO] [stderr]    |            ^^^^^^^^^^^^^^^^^^^^^^^^^^^^^^^^^^^^^^^^^
[INFO] [stderr] ...
[INFO] [stderr] 56 | repository = "https://github.com/mohnishsalian0/qrism"
[INFO] [stderr]    |              -----------------------------------------
[INFO] [stderr]    |
[INFO] [stderr]    = note: `cargo::redundant_homepage` is set to `warn` by default
[INFO] [stderr] help: consider removing `package.homepage`
[INFO] [stderr] warning: `qrism` (manifest) generated 1 warning
[INFO] [stderr]    Compiling getrandom v0.3.3
[INFO] [stderr]    Compiling serde_core v1.0.226
[INFO] [stderr]    Compiling bitflags v2.9.4
[INFO] [stderr]    Compiling zerocopy v0.8.27
[INFO] [stderr]    Compiling serde v1.0.226
[INFO] [stderr]    Compiling num-traits v0.2.19
[INFO] [stderr]    Compiling rustix v1.1.2
[INFO] [stderr]    Compiling serde_derive v1.0.226
[INFO] [stderr]    Compiling linux-raw-sys v0.11.0
[INFO] [stderr]    Compiling stable_deref_trait v1.2.0
[INFO] [stderr]    Compiling cfg-if v1.0.3
[INFO] [stderr]    Compiling wait-timeout v0.2.1
[INFO] [stderr]    Compiling itertools v0.11.0
[INFO] [stderr]    Compiling robust v1.2.0
[INFO] [stderr]    Compiling i_tree v0.8.3
[INFO] [stderr]    Compiling i_key_sort v0.2.0
[INFO] [stderr]    Compiling heapless v0.8.0
[INFO] [stderr]    Compiling test-case-core v3.3.1
[INFO] [stderr]    Compiling png v0.18.0
[INFO] [stderr]    Compiling geographiclib-rs v0.2.5
[INFO] [stderr]    Compiling rand_core v0.9.3
[INFO] [stderr]    Compiling robust v0.1.2
[INFO] [stderr]    Compiling float_next_after v1.0.0
[INFO] [stderr]    Compiling rand_xorshift v0.4.0
[INFO] [stderr]    Compiling test-case-macros v3.3.1
[INFO] [stderr]    Compiling test-case v3.3.1
[INFO] [stderr]    Compiling num-integer v0.1.46
[INFO] [stderr]    Compiling v_frame v0.3.9
[INFO] [stderr]    Compiling pxfm v0.1.24
[INFO] [stderr]    Compiling rstar v0.12.2
[INFO] [stderr]    Compiling approx v0.5.1
[INFO] [stderr]    Compiling approx v0.3.2
[INFO] [stderr]    Compiling spade v2.15.0
[INFO] [stderr]    Compiling float_next_after v0.1.5
[INFO] [stderr]    Compiling geo-types v0.6.2
[INFO] [stderr]    Compiling earcutr v0.4.3
[INFO] [stderr]    Compiling num-bigint v0.4.6
[INFO] [stderr]    Compiling geo-booleanop v0.3.2
[INFO] [stderr]    Compiling geo-types v0.7.17
[INFO] [stderr]    Compiling tempfile v3.22.0
[INFO] [stderr]    Compiling rusty-fork v0.3.0
[INFO] [stderr]    Compiling ppv-lite86 v0.2.21
[INFO] [stderr]    Compiling num-rational v0.4.2
[INFO] [stderr]    Compiling av1-grain v0.2.4
[INFO] [stderr]    Compiling i_float v1.6.0
[INFO] [stderr]    Compiling rand_chacha v0.9.0
[INFO] [stderr]    Compiling rav1e v0.7.1
[INFO] [stderr]    Compiling rand v0.9.2
[INFO] [stderr]    Compiling i_shape v1.6.0
[INFO] [stderr]    Compiling i_overlay v1.9.4
[INFO] [stderr]    Compiling proptest v1.8.0
[INFO] [stderr]    Compiling moxcms v0.7.5
[INFO] [stderr]    Compiling geo v0.29.3
[INFO] [stderr]    Compiling ravif v0.11.20
[INFO] [stderr]    Compiling image v0.25.8
[INFO] [stderr]    Compiling qrism v0.2.0 (/opt/rustwide/workdir)
[INFO] [stderr]     Finished `release` profile [optimized] target(s) in 2m 22s
[INFO] running `Command { std: "docker" "inspect" "1dcc78803bd2a1beee142123b0cb10593ec408d64880609ebcb9813d3ce83af0", kill_on_drop: false }`
[INFO] running `Command { std: "docker" "exec" "-e" "SOURCE_DIR=/opt/rustwide/workdir" "-e" "CARGO_HOME=/opt/rustwide/cargo-home" "-e" "RUSTUP_HOME=/opt/rustwide/rustup-home" "-e" "CARGO_TARGET_DIR=/opt/rustwide/target" "-e" "CARGO_INCREMENTAL=0" "-e" "RUST_BACKTRACE=full" "-e" "RUSTFLAGS=--cap-lints=warn" "-e" "RUSTDOCFLAGS=--cap-lints=warn" "-w" "/opt/rustwide/workdir" "--user" "0:0" "1dcc78803bd2a1beee142123b0cb10593ec408d64880609ebcb9813d3ce83af0" "/opt/rustwide/cargo-home/bin/cargo" "+1.100.0-beta.1" "test" "--frozen" "--release", kill_on_drop: false }`
[INFO] [stderr] warning: `package.homepage` is redundant with `package.repository`
[INFO] [stderr]   --> Cargo.toml:50:12
[INFO] [stderr]    |
[INFO] [stderr] 50 | homepage = "https://github.com/mohnishsalian0/qrism"
[INFO] [stderr]    |            ^^^^^^^^^^^^^^^^^^^^^^^^^^^^^^^^^^^^^^^^^
[INFO] [stderr] ...
[INFO] [stderr] 56 | repository = "https://github.com/mohnishsalian0/qrism"
[INFO] [stderr]    |              -----------------------------------------
[INFO] [stderr]    |
[INFO] [stderr]    = note: `cargo::redundant_homepage` is set to `warn` by default
[INFO] [stderr] help: consider removing `package.homepage`
[INFO] [stderr] warning: `qrism` (manifest) generated 1 warning
[INFO] [stderr]     Finished `release` profile [optimized] target(s) in 0.21s
[INFO] [stdout] 
[INFO] [stderr]      Running unittests src/lib.rs (/opt/rustwide/target/release/build/qrism/7adb99b2de4ad1cd/out/qrism-7adb99b2de4ad1cd)
[INFO] [stdout] running 218 tests
[INFO] [stdout] test builder::builder_tests::test_interleave ... ok
[INFO] [stdout] test builder::builder_tests::test_add_ec_complex ... ok
[INFO] [stdout] test builder::qr::alignment_pattern_tests::test_alignment_pattern_7 ... ok
[INFO] [stdout] test builder::qr::alignment_pattern_tests::test_alignment_pattern_1 ... ok
[INFO] [stdout] test builder::qr::alignment_pattern_tests::test_alignment_pattern_3 ... ok
[INFO] [stdout] test builder::qr::qr_util_tests::test_index_wrap ... ok
[INFO] [stdout] test common::codec::codec_proptests::proptest_codec ... ignored
[INFO] [stdout] test builder::qr::qr_information_tests::test_all_function_patterns_and_qr_info ... ok
[INFO] [stdout] test builder::builder_tests::test_add_ec_simple ... ok
[INFO] [stdout] test builder::qr::all_function_patterns_test::test_all_function_patterns ... ok
[INFO] [stdout] test builder::qr::qr_information_tests::test_version_info_1 ... ok
[INFO] [stdout] test builder::qr::finder_pattern_tests::test_finder_pattern_qr ... ok
[INFO] [stdout] test builder::qr::qr_information_tests::test_reserve_format_info_qr ... ok
[INFO] [stdout] test common::codec::decoder::decode::decode_tests::test_decode ... ok
[INFO] [stdout] test builder::qr::timing_pattern_tests::test_timing_pattern_1 ... ok
[INFO] [stdout] test builder::builder_tests::test_builder_data_overflow - should panic ... ok
[INFO] [stdout] test builder::qr::qr_information_tests::test_version_info_7 ... ok
[INFO] [stdout] test builder::qr::qr_util_tests::test_col_index_overwrap - should panic ... ok
[INFO] [stdout] test common::codec::decoder::reader::reader_tests::test_write_alphanumeric ... ok
[INFO] [stdout] test builder::qr::qr_util_tests::test_row_index_overwrap - should panic ... ok
[INFO] [stdout] test common::codec::decoder::reader::reader_tests::test_write_byte ... ok
[INFO] [stdout] test common::codec::decoder::reader::reader_tests::test_write_segment ... ok
[INFO] [stdout] test common::codec::encoder::encode::encode_tests::test_build_segments ... ok
[INFO] [stdout] test common::codec::decoder::reader::reader_tests::test_take_numeric ... ok
[INFO] [stdout] test common::codec::decoder::reader::reader_tests::test_take_header_v27 ... ok
[INFO] [stdout] test common::codec::decoder::reader::reader_tests::test_take_header_v10 ... ok
[INFO] [stdout] test builder::qr::qr_util_tests::test_col_out_of_bound - should panic ... FAILED
[INFO] [stdout] test common::codec::codec_tests::test_codec_0 ... ok
[INFO] [stdout] test common::codec::encoder::encode::encode_tests::test_compute_optimal_segments::test_compute_optimal_segments_10 ... ok
[INFO] [stdout] test common::codec::encoder::encode::encode_tests::test_compute_optimal_segments::test_compute_optimal_segments_11 ... ok
[INFO] [stdout] test common::codec::encoder::encode::encode_tests::test_compute_optimal_segments::test_compute_optimal_segments_12 ... ok
[INFO] [stdout] test common::codec::encoder::encode::encode_tests::test_compute_optimal_segments::test_compute_optimal_segments_1 ... ok
[INFO] [stdout] test builder::qr::qr_util_tests::test_row_out_of_bound - should panic ... FAILED
[INFO] [stdout] test common::codec::decoder::reader::reader_tests::test_take_header_v1 ... ok
[INFO] [stdout] test common::codec::encoder::encode::encode_tests::test_compute_optimal_segments::test_compute_optimal_segments_3 ... ok
[INFO] [stdout] test common::codec::encoder::encode::encode_tests::test_compute_optimal_segments::test_compute_optimal_segments_5 ... ok
[INFO] [stdout] test common::codec::encoder::encode::encode_tests::test_compute_optimal_segments::test_compute_optimal_segments_7 ... ok
[INFO] [stdout] test common::codec::encoder::encode::encode_tests::test_compute_optimal_segments::test_compute_optimal_segments_8 ... ok
[INFO] [stdout] test common::codec::encoder::encode::encode_tests::test_compute_optimal_segments::test_compute_optimal_segments_9 ... ok
[INFO] [stdout] test common::codec::encoder::encode::encode_tests::test_compute_optimal_segments::test_compute_optimal_segments_4 ... ok
[INFO] [stdout] test common::codec::encoder::encode::encode_tests::test_compute_optimal_segments::test_compute_optimal_segments_2 ... ok
[INFO] [stdout] test common::codec::encoder::encode::encode_tests::test_compute_optimal_segments::test_compute_optimal_segments_6 ... ok
[INFO] [stdout] test common::codec::encoder::encode::encode_tests::test_find_optimal_ver_and_segments::test_find_optimal_ver_and_segments_2 ... ok
[INFO] [stdout] test common::codec::encoder::encode::encode_tests::test_find_optimal_ver_and_segments::test_find_optimal_ver_and_segments_3 ... ok
[INFO] [stdout] test common::codec::encoder::encode::encode_tests::test_find_optimal_ver_and_segments::test_find_optimal_ver_and_segments_5 ... ok
[INFO] [stdout] test common::codec::encoder::encode::encode_tests::test_find_optimal_ver_and_segments::test_find_optimal_ver_and_segments_6 ... ok
[INFO] [stdout] test common::codec::encoder::encode::encode_tests::test_find_optimal_ver_and_segments_panic - should panic ... ok
[INFO] [stdout] test builder::qrbuilder_util_tests::test_metadata ... ok
[INFO] [stdout] test common::codec::encoder::encode::encode_tests::test_compute_optimal_segments_1 ... ok
[INFO] [stdout] test common::codec::encoder::writer::writer_tests::test_push_alphanumeric_data ... ok
[INFO] [stdout] test common::codec::encoder::encode::encode_tests::test_encode_with_version ... ok
[INFO] [stdout] test common::codec::encoder::writer::writer_tests::test_push_byte_data ... ok
[INFO] [stdout] test common::codec::encoder::encode::encode_tests::test_find_optimal_ver_and_segments::test_find_optimal_ver_and_segments_1 ... ok
[INFO] [stdout] test common::codec::encoder::encode::encode_tests::test_find_optimal_ver_and_segments::test_find_optimal_ver_and_segments_4 ... ok
[INFO] [stdout] test common::codec::encoder::writer::writer_tests::test_push_header_v1 ... ok
[INFO] [stdout] test common::codec::types::mode_tests::test_alphanumeric_decoding ... ok
[INFO] [stdout] test common::codec::types::mode_tests::test_alphanumeric_digit ... ok
[INFO] [stdout] test common::codec::encoder::writer::writer_tests::test_push_padding_bits ... ok
[INFO] [stdout] test common::codec::encoder::writer::writer_tests::test_push_padding_codewords ... ok
[INFO] [stdout] test common::codec::types::mode_tests::test_alphanumeric_to_byte ... ok
[INFO] [stdout] test common::codec::types::mode_tests::test_comparison ... ok
[INFO] [stdout] test common::codec::encoder::writer::writer_tests::test_push_header_v27 ... ok
[INFO] [stdout] test common::codec::encoder::writer::writer_tests::test_push_terminator ... ok
[INFO] [stdout] test common::codec::encoder::writer::writer_tests::test_push_header_v10 ... ok
[INFO] [stdout] test common::codec::encoder::writer::writer_tests::test_push_numeric_data ... ok
[INFO] [stdout] test common::codec::types::mode_tests::test_encoded_len ... ok
[INFO] [stdout] test common::codec::types::mode_tests::test_invalid_numeric_digit - should panic ... FAILED
[INFO] [stdout] test common::codec::types::mode_tests::test_invalid_alphanumeric_encoding - should panic ... FAILED
[INFO] [stdout] test common::codec::types::mode_tests::test_numeric_decoding ... ok
[INFO] [stdout] test common::codec::types::segment_tests::test_bit_len_alphanumeric_mode_10 ... ok
[INFO] [stdout] test common::codec::types::mode_tests::test_numeric_to_byte ... ok
[INFO] [stdout] test common::codec::types::mode_tests::test_invalid_alphanumeric_digit_to_byte - should panic ... ok
[INFO] [stdout] test common::codec::types::mode_tests::test_invalid_numeric_digit_to_byte - should panic ... ok
[INFO] [stdout] test common::codec::types::mode_tests::test_numeric_encoding ... ok
[INFO] [stdout] test common::codec::types::mode_tests::test_is_alphanumeric ... ok
[INFO] [stdout] test common::codec::types::segment_tests::test_bit_len_alphanumeric_mode_1 ... ok
[INFO] [stdout] test common::codec::types::mode_tests::test_is_numeric ... ok
[INFO] [stdout] test common::codec::types::mode_tests::test_alphanumeric_encoding ... ok
[INFO] [stdout] test common::codec::types::mode_tests::test_invalid_numeric_encoding - should panic ... FAILED
[INFO] [stdout] test common::codec::types::mode_tests::test_invalid_alphanumeric_digit - should panic ... ok
[INFO] [stdout] test common::codec::types::mode_tests::test_numeric_digit ... ok
[INFO] [stdout] test common::codec::types::segment_tests::test_bit_len_byte_mode_1 ... ok
[INFO] [stdout] test common::codec::types::segment_tests::test_bit_len_numeric_mode_1 ... ok
[INFO] [stdout] test common::codec::types::segment_tests::test_bit_len_byte_mode_10 ... ok
[INFO] [stdout] test common::codec::types::segment_tests::test_bit_len_alphanumeric_mode_27 ... ok
[INFO] [stdout] test common::codec::types::segment_tests::test_bit_len_byte_mode_27 ... ok
[INFO] [stdout] test common::ec::decoder::ec_rectifier_tests::test_rectifier::test_rectfier_1 ... ok
[INFO] [stdout] test common::ec::decoder::ec_rectifier_tests::test_rectifier::test_rectfier_2 ... ok
[INFO] [stdout] test common::codec::types::segment_tests::test_bit_len_numeric_mode_27 ... ok
[INFO] [stdout] test common::codec::types::segment_tests::test_bit_len_numeric_mode_10 ... ok
[INFO] [stdout] test common::ec::decoder::ec_rectifier_tests::test_rectifier_fail::test_rectifier_panic - should panic ... ok
[INFO] [stdout] test common::metadata::version_tests::test_char_cnt_bits ... ok
[INFO] [stdout] test common::ec::encoder::ec_tests::test_compute_ecc_2 ... ok
[INFO] [stdout] test common::ec::encoder::ec_tests::test_compute_ecc_1 ... ok
[INFO] [stdout] test common::metadata::version_tests::test_char_cnt_bits_invalid_version_high - should panic ... FAILED
[INFO] [stdout] test common::metadata::version_tests::test_width_invalid_micro_version_high - should panic ... FAILED
[INFO] [stdout] test common::metadata::version_tests::test_version_info_invalid_version_high - should panic ... FAILED
[INFO] [stdout] test common::ec::encoder::ec_tests::test_compute_ecc_3 ... ok
[INFO] [stdout] test common::metadata::version_tests::test_char_cnt_bits_invalid_version_low - should panic ... FAILED
[INFO] [stdout] test common::metadata::version_tests::test_version_info_invalid_version_low - should panic ... FAILED
[INFO] [stdout] test common::metadata::version_tests::test_char_cnt_bits_invalid_version_max - should panic ... FAILED
[INFO] [stdout] test common::utils::bit_types::bit_matrix_tests::test_get_y_out_of_bounds - should panic ... FAILED
[INFO] [stdout] test common::utils::bit_types::bit_matrix_tests::test_last_cell ... ok
[INFO] [stdout] test common::utils::bit_types::bit_matrix_tests::test_new_is_all_zero ... ok
[INFO] [stdout] test common::utils::bit_types::bit_matrix_tests::test_elements_are_independent ... ok
[INFO] [stdout] test common::metadata::version_tests::test_width_invalid_micro_version_low - should panic ... FAILED
[INFO] [stdout] test common::utils::bit_types::bit_matrix_tests::test_get_x_out_of_bounds - should panic ... FAILED
[INFO] [stdout] test common::utils::bit_types::bit_matrix_tests::test_full_word_element ... ok
[INFO] [stdout] test common::utils::bit_types::bit_matrix_tests::test_get_bit_across_word_boundary ... ok
[INFO] [stdout] test common::utils::bit_types::bit_matrix_tests::test_new_non_factor_elem_bits_panics - should panic ... FAILED
[INFO] [stdout] test common::utils::bit_types::bit_matrix_tests::test_new_zero_elem_bits_panics - should panic ... FAILED
[INFO] [stdout] test common::utils::bit_types::bit_matrix_tests::test_push_bits_one_at_a_time_matches_put ... ok
[INFO] [stdout] test common::utils::bit_types::bit_matrix_tests::test_push_bits_straddles_word_boundary ... ok
[INFO] [stdout] test common::utils::bit_types::bit_matrix_tests::test_push_bits_word_aligned_chunks ... ok
[INFO] [stdout] test common::utils::bit_types::bit_matrix_tests::test_bit_run_ends_returns_flip_at_word_end ... ok
[INFO] [stdout] test common::utils::bit_types::bit_matrix_tests::test_get_bit_last_cell ... ok
[INFO] [stdout] test common::utils::bit_types::bit_matrix_tests::test_not_transposed ... ok
[INFO] [stdout] test common::utils::bit_types::bit_matrix_tests::test_full_coverage ... ok
[INFO] [stdout] test common::utils::bit_types::bit_matrix_tests::test_get_bit_matches_get ... ok
[INFO] [stdout] test common::utils::bit_types::bit_matrix_tests::test_push_bits_fills_exact_capacity ... ok
[INFO] [stdout] test common::metadata::version_tests::test_width_invalid_normal_version_high - should panic ... FAILED
[INFO] [stdout] test common::utils::bit_types::bit_matrix_tests::test_push_bits_zero_length_is_a_noop ... ok
[INFO] [stdout] test common::utils::bit_types::bit_matrix_tests::test_get_bit_reads_exact_cell ... ok
[INFO] [stdout] test common::metadata::version_tests::test_width_invalid_normal_version_low - should panic ... FAILED
[INFO] [stdout] test common::utils::bit_types::bit_matrix_tests::test_new_multibit_capacity ... ok
[INFO] [stdout] test common::utils::bit_types::bit_matrix_tests::test_push_bits_matches_naive_stream ... ok
[INFO] [stdout] test common::utils::bit_types::bit_matrix_tests::test_bit_run_ends_returns_all_ends ... ok
[INFO] [stdout] test common::utils::bit_types::bit_matrix_tests::test_push_bits_row_major_fill_matches_put ... ok
[INFO] [stdout] test common::utils::bit_types::bit_matrix_tests::test_ends_zero_run_to_word_end_from_mid_word ... ok
[INFO] [stdout] test common::utils::bit_types::bit_matrix_tests::test_put_get_round_trip_sweep ... ok
[INFO] [stdout] test common::utils::bit_types::bit_matrix_tests::test_put_get_roundtrip ... ok
[INFO] [stdout] test common::utils::bit_types::bit_matrix_tests::test_put_get_roundtrip_multibit ... ok
[INFO] [stdout] test common::utils::bit_types::bit_matrix_tests::test_run_ends_flips_on_both_sides_of_word_boundary ... ok
[INFO] [stdout] test common::utils::bit_types::bit_stream_push_tests::test_len ... ok
[INFO] [stdout] test common::utils::bit_types::bit_matrix_tests::test_run_ends_last_row_fills_last_word_exactly ... ok
[INFO] [stdout] test common::utils::bit_types::bit_matrix_tests::test_run_ends_single_pixel_span ... ok
[INFO] [stdout] test common::utils::bit_types::bit_matrix_tests::test_run_stops_at_flip_and_row_edge ... ok
[INFO] [stdout] test common::utils::bit_types::bit_matrix_tests::test_run_spans_whole_uniform_row ... ok
[INFO] [stdout] test common::utils::bit_types::bit_stream_push_tests::test_push ... ok
[INFO] [stdout] test common::utils::bit_types::bit_stream_push_tests::test_push_bits ... ok
[INFO] [stdout] test common::utils::bit_types::bit_stream_push_tests::test_invalid_len - should panic ... ok
[INFO] [stdout] test common::utils::bit_types::bit_stream_push_tests::test_push_bits_capacity_overflow - should panic ... FAILED
[INFO] [stdout] test common::utils::bit_types::bit_matrix_tests::test_run_ends_flip_at_xe_is_excluded ... ok
[INFO] [stdout] test common::utils::bit_types::bit_matrix_tests::test_word_boundary ... ok
[INFO] [stdout] test common::utils::bit_types::bit_stream_take_tests::test_take_bits ... ok
[INFO] [stdout] test common::utils::bit_types::bit_stream_take_tests::test_take_bits_over_capacity - should panic ... ok
[INFO] [stdout] test common::utils::bit_types::bit_matrix_tests::test_put_oversized_element_panics - should panic ... FAILED
[INFO] [stdout] test common::utils::bit_types::bit_matrix_tests::test_run_ends_uniform_row_spanning_words ... ok
[INFO] [stdout] test reader::alignment::alignment_pattern_tests::test_anchors_from_finders ... ok
[INFO] [stdout] test reader::alignment::alignment_pattern_tests::test_infer_alignment_centre ... ok
[INFO] [stdout] test reader::alignment::alignment_pattern_tests::test_alignment_centres_version_1 ... ok
[INFO] [stdout] test reader::alignment::alignment_pattern_tests::test_line_intersection_degenerate_lines ... ok
[INFO] [stdout] test reader::alignment::alignment_pattern_tests::test_line_intersection_on_alignment_grid ... ok
[INFO] [stdout] test reader::alignment::alignment_pattern_tests::test_line_intersection_extends_beyond_endpoints ... ok
[INFO] [stdout] test reader::alignment::alignment_pattern_tests::test_line_intersection_is_order_independent ... ok
[INFO] [stdout] test reader::alignment::alignment_pattern_tests::test_line_intersection_near_parallel ... ok
[INFO] [stdout] test reader::alignment::alignment_pattern_tests::test_line_intersection_parallel_and_collinear ... ok
[INFO] [stdout] test reader::alignment::alignment_pattern_tests::test_line_intersection_perpendicular ... ok
[INFO] [stdout] test common::utils::bit_types::bit_matrix_tests::test_run_ends_does_not_leak_into_neighbouring_rows ... ok
[INFO] [stdout] test common::utils::bit_types::bit_matrix_tests::test_put_x_out_of_bounds - should panic ... FAILED
[INFO] [stdout] test common::utils::bit_types::bit_matrix_tests::test_run_matches_naive_scan ... ok
[INFO] [stdout] test reader::alignment::alignment_pattern_tests::test_line_intersection_keeps_sub_pixel_precision ... ok
[INFO] [stdout] test common::utils::bit_types::bit_matrix_tests::test_run_ends_alternating_bits ... ok
[INFO] [stdout] test reader::binarize::bit_accessor_tests::test_matches_bit ... ok
[INFO] [stdout] test reader::alignment::alignment_pattern_tests::test_nearest_pair_needs_two_centres_on_both_axes ... ok
[INFO] [stdout] test reader::alignment::alignment_pattern_tests::test_nearest_pair_picks_nearest_on_each_axis ... ok
[INFO] [stdout] test reader::alignment::alignment_pattern_tests::test_nearest_pair_ignores_cells_outside_the_version_grid ... ok
[INFO] [stdout] test reader::alignment::alignment_pattern_tests::test_nearest_pair_skips_finder_cells ... ok
[INFO] [stdout] test reader::binarize::bit_accessor_tests::test_bit_is_set_for_light_pixels ... ok
[INFO] [stdout] test reader::binarize::bit_accessor_tests::test_get_bit_bounded_rejects_negatives ... ok
[INFO] [stdout] test reader::binarize::bit_accessor_tests::test_get_bit_at_point_wraps_negatives ... ok
[INFO] [stdout] test reader::alignment::alignment_pattern_tests::test_provisional_alignment_centre ... ok
[INFO] [stdout] test reader::binarize::bit_accessor_tests::test_get_bit_rejects_out_of_bounds ... ok
[INFO] [stdout] test reader::locate::fitness_tests::alignment_centres_skips_finder_corners_and_has_no_duplicates ... ok
[INFO] [stdout] test reader::locate::fitness_tests::alignment_centres_matches_spec_count ... ok
[INFO] [stdout] test reader::alignment::alignment_pattern_tests::test_nearest_pair_reaches_past_unlocated_cells ... ok
[INFO] [stdout] test reader::alignment::alignment_pattern_tests::test_locate_br_anchor_version_1 ... ok
[INFO] [stdout] test reader::binarize::bit_accessor_tests::test_signed_accessors_disagree_on_negatives ... ok
[INFO] [stdout] test reader::binarize::bit_accessor_tests::test_run_lengths_and_bounds ... ok
[INFO] [stdout] test common::ec::error_correction_proptests::proptest_ec ... ok
[INFO] [stdout] test reader::reader_tests::debugger ... ignored
[INFO] [stdout] test common::utils::iter::iter_tests::test_enc_region_iter ... ok
[INFO] [stdout] test reader::reader_tests::test_reader_1 ... ok
[INFO] [stdout] test reader::finder::group_finders_tests::test_group_finder ... ok
[INFO] [stdout] test reader::symbol::symbol_infos_tests::test_read_format_info_both_fully_corrupted - should panic ... ok
[INFO] [stdout] test reader::symbol::reader_tests::test_deinterleave ... ok
[INFO] [stdout] test reader::locate::fitness_tests::max_fitness_score_accounts_for_every_scored_module ... ok
[INFO] [stdout] test reader::locate::symbol_locate_integration_tests::test_locate_symbol_0 ... ok
[INFO] [stdout] test reader::locate::fitness_tests::version_1_has_no_alignment_centres ... ok
[INFO] [stdout] test reader::reader_tests::test_reader_0 ... ok
[INFO] [stdout] test reader::locate::symbol_locate_tests::test_read_version_info_fully_corrupted ... ok
[INFO] [stdout] test reader::tile::tile_tests::build_tiles_fills_the_alignment_grid ... ok
[INFO] [stdout] test reader::binarize::bit_accessor_tests::test_run_matches_naive_scan ... ok
[INFO] [stdout] test reader::finder::finder_tests::test_locate_finder ... ok
[INFO] [stdout] test reader::tile::tile_tests::test_tile_corners ... ok
[INFO] [stdout] test reader::symbol::symbol_infos_tests::test_read_format_info_one_fully_corrupted ... ok
[INFO] [stdout] test reader::symbol::symbol_infos_tests::test_read_format_info_clean ... ok
[INFO] [stdout] test reader::utils::contour::contour_tests::test_single_pixel ... ok
[INFO] [stdout] test reader::utils::contour::contour_tests::test_hole_is_enclosed ... ok
[INFO] [stdout] test reader::locate::symbol_locate_tests::test_read_version_info_partially_corrupted ... ok
[INFO] [stdout] test reader::utils::contour::contour_tests::test_corner_square_area ... ok
[INFO] [stdout] test reader::utils::contour::contour_tests::test_extent_cap_no_bail ... ok
[INFO] [stdout] test reader::utils::contour::contour_tests::test_extent_cap_bails ... ok
[INFO] [stdout] test reader::utils::contour::contour_tests::test_non_run_end_pixel_contour - should panic ... FAILED
[INFO] [stdout] test reader::utils::contour::contour_tests::test_encloses_probe ... ok
[INFO] [stdout] test reader::symbol::symbol_infos_tests::test_read_format_info_one_corrupted ... ok
[INFO] [stdout] test reader::utils::contour::contour_tests::test_contour_pixels_marked ... ok
[INFO] [stdout] test reader::utils::contour::contour_tests::test_diagonal_touch_stays_separate ... ok
[INFO] [stdout] test reader::utils::contour::contour_tests::test_step_cap_no_bail ... ok
[INFO] [stdout] test reader::utils::contour::contour_tests::test_square_area_with_notch ... ok
[INFO] [stdout] test reader::utils::homography::homography_tests::test_homography ... ok
[INFO] [stdout] test reader::utils::contour::contour_tests::test_step_cap_bails ... ok
[INFO] [stdout] test reader::utils::contour::contour_tests::test_square_area_and_centre ... ok
[INFO] [stdout] test reader::tile::tile_tests::tile_homographies_reproduce_the_projection ... ok
[INFO] [stdout] test reader::tile::tile_tests::tile_bounds_partition_the_symbol ... ok
[INFO] [stdout] test common::utils::bit_types::bit_matrix_tests::test_run_ends_matches_naive_scan ... ok
[INFO] [stdout] test reader::alignment::alignment_pattern_tests::test_locate_alignment_centres ... ok
[INFO] [stdout] test reader::locate::symbol_locate_tests::test_read_version_info ... ok
[INFO] [stdout] 
[INFO] [stdout] failures:
[INFO] [stdout] 
[INFO] [stdout] ---- builder::qr::qr_util_tests::test_col_out_of_bound stdout ----
[INFO] [stdout] note: test did not panic as expected at src/builder/qr.rs:161:8
[INFO] [stdout] ---- builder::qr::qr_util_tests::test_row_out_of_bound stdout ----
[INFO] [stdout] note: test did not panic as expected at src/builder/qr.rs:153:8
[INFO] [stdout] ---- common::codec::types::mode_tests::test_invalid_numeric_digit stdout ----
[INFO] [stdout] note: test did not panic as expected at src/common/codec/types.rs:210:8
[INFO] [stdout] ---- common::codec::types::mode_tests::test_invalid_alphanumeric_encoding stdout ----
[INFO] [stdout] note: test did not panic as expected at src/common/codec/types.rs:301:8
[INFO] [stdout] ---- common::codec::types::mode_tests::test_invalid_numeric_encoding stdout ----
[INFO] [stdout] note: test did not panic as expected at src/common/codec/types.rs:269:8
[INFO] [stdout] ---- common::metadata::version_tests::test_char_cnt_bits_invalid_version_high stdout ----
[INFO] [stdout] note: test did not panic as expected at src/common/metadata.rs:309:8
[INFO] [stdout] ---- common::metadata::version_tests::test_width_invalid_micro_version_high stdout ----
[INFO] [stdout] note: test did not panic as expected at src/common/metadata.rs:246:8
[INFO] [stdout] ---- common::metadata::version_tests::test_version_info_invalid_version_high stdout ----
[INFO] [stdout] 
[INFO] [stdout] thread 'common::metadata::version_tests::test_version_info_invalid_version_high' (2407) panicked at src/common/metadata.rs:99:32:
[INFO] [stdout] index out of bounds: the len is 40 but the index is 40
[INFO] [stdout] stack backtrace:
[INFO] [stdout]    0:     0x5f603310c3d1 - <<std[617be2ca0a6fd877]::sys::backtrace::BacktraceLock>::print::DisplayBacktrace as core[a373ad73a504971]::fmt::Display>::fmt
[INFO] [stdout]    1:     0x5f603312373a - core[a373ad73a504971]::fmt::write
[INFO] [stdout]    2:     0x5f6033110b8c - <alloc[2e1b2a31b91974c5]::vec::Vec<u8> as core[a373ad73a504971]::io::write::Write>::write_fmt
[INFO] [stdout]    3:     0x5f60330e6fc6 - std[617be2ca0a6fd877]::panicking::default_hook::{closure#0}
[INFO] [stdout]    4:     0x5f6033104759 - std[617be2ca0a6fd877]::panicking::default_hook
[INFO] [stdout]    5:     0x5f6032e2eb40 - test[aada8e7e76ba119b]::test_main_inner::{closure#0}
[INFO] [stdout]    6:     0x5f6033104a82 - std[617be2ca0a6fd877]::panicking::panic_with_hook
[INFO] [stdout]    7:     0x5f60330e7072 - std[617be2ca0a6fd877]::panicking::panic_handler::{closure#0}
[INFO] [stdout]    8:     0x5f60330dfc39 - std[617be2ca0a6fd877]::sys::backtrace::__rust_end_short_backtrace::<std[617be2ca0a6fd877]::panicking::panic_handler::{closure#0}, !>
[INFO] [stdout]    9:     0x5f60330e7c7d - __rustc[ea4f61d10b84890b]::rust_begin_unwind
[INFO] [stdout]   10:     0x5f6033123f1c - core[a373ad73a504971]::panicking::panic_fmt
[INFO] [stdout]   11:     0x5f6033123d6c - core[a373ad73a504971]::panicking::panic_bounds_check
[INFO] [stdout]   12:     0x5f6032d40898 - <qrism[f57fcabc2567a5]::common::metadata::version_tests::test_version_info_invalid_version_high::{closure#0} as core[a373ad73a504971]::ops::function::FnOnce<()>>::call_once
[INFO] [stdout]   13:     0x5f6032e21f8b - test[aada8e7e76ba119b]::__rust_begin_short_backtrace::<core[a373ad73a504971]::result::Result<(), alloc[2e1b2a31b91974c5]::string::String>, fn() -> core[a373ad73a504971]::result::Result<(), alloc[2e1b2a31b91974c5]::string::String>>
[INFO] [stdout]   14:     0x5f6032e2f165 - test[aada8e7e76ba119b]::run_test::{closure#0}
[INFO] [stdout]   15:     0x5f6032e28a54 - std[617be2ca0a6fd877]::sys::backtrace::__rust_begin_short_backtrace::<test[aada8e7e76ba119b]::run_test::{closure#1}, ()>
[INFO] [stdout]   16:     0x5f6032e321f2 - <std[617be2ca0a6fd877]::thread::lifecycle::spawn_unchecked<test[aada8e7e76ba119b]::run_test::{closure#1}, ()>::{closure#1} as core[a373ad73a504971]::ops::function::FnOnce<()>>::call_once::{shim:vtable#0}
[INFO] [stdout]   17:     0x5f603310bc1f - <std[617be2ca0a6fd877]::sys::thread::unix::Thread>::new::thread_start
[INFO] [stdout]   18:     0x720f41903dfa - <unknown>
[INFO] [stdout]   19:     0x720f419973d4 - clone
[INFO] [stdout]   20:                0x0 - <unknown>
[INFO] [stdout] note: panic did not contain expected string
[INFO] [stdout]       panic message: "index out of bounds: the len is 40 but the index is 40"
[INFO] [stdout]  expected substring: "Invalid version"
[INFO] [stdout] ---- common::metadata::version_tests::test_char_cnt_bits_invalid_version_low stdout ----
[INFO] [stdout] note: test did not panic as expected at src/common/metadata.rs:303:8
[INFO] [stdout] ---- common::metadata::version_tests::test_version_info_invalid_version_low stdout ----
[INFO] [stdout] 
[INFO] [stdout] thread 'common::metadata::version_tests::test_version_info_invalid_version_low' (2408) panicked at src/common/metadata.rs:99:32:
[INFO] [stdout] index out of bounds: the len is 40 but the index is 18446744073709551615
[INFO] [stdout] stack backtrace:
[INFO] [stdout]    0:     0x5f603310c3d1 - <<std[617be2ca0a6fd877]::sys::backtrace::BacktraceLock>::print::DisplayBacktrace as core[a373ad73a504971]::fmt::Display>::fmt
[INFO] [stdout]    1:     0x5f603312373a - core[a373ad73a504971]::fmt::write
[INFO] [stdout]    2:     0x5f6033110b8c - <alloc[2e1b2a31b91974c5]::vec::Vec<u8> as core[a373ad73a504971]::io::write::Write>::write_fmt
[INFO] [stdout]    3:     0x5f60330e6fc6 - std[617be2ca0a6fd877]::panicking::default_hook::{closure#0}
[INFO] [stdout]    4:     0x5f6033104759 - std[617be2ca0a6fd877]::panicking::default_hook
[INFO] [stdout]    5:     0x5f6032e2eb40 - test[aada8e7e76ba119b]::test_main_inner::{closure#0}
[INFO] [stdout]    6:     0x5f6033104a82 - std[617be2ca0a6fd877]::panicking::panic_with_hook
[INFO] [stdout]    7:     0x5f60330e7072 - std[617be2ca0a6fd877]::panicking::panic_handler::{closure#0}
[INFO] [stdout]    8:     0x5f60330dfc39 - std[617be2ca0a6fd877]::sys::backtrace::__rust_end_short_backtrace::<std[617be2ca0a6fd877]::panicking::panic_handler::{closure#0}, !>
[INFO] [stdout]    9:     0x5f60330e7c7d - __rustc[ea4f61d10b84890b]::rust_begin_unwind
[INFO] [stdout]   10:     0x5f6033123f1c - core[a373ad73a504971]::panicking::panic_fmt
[INFO] [stdout]   11:     0x5f6033123d6c - core[a373ad73a504971]::panicking::panic_bounds_check
[INFO] [stdout]   12:     0x5f6032d4087a - <qrism[f57fcabc2567a5]::common::metadata::version_tests::test_version_info_invalid_version_low::{closure#0} as core[a373ad73a504971]::ops::function::FnOnce<()>>::call_once
[INFO] [stdout]   13:     0x5f6032e21f8b - test[aada8e7e76ba119b]::__rust_begin_short_backtrace::<core[a373ad73a504971]::result::Result<(), alloc[2e1b2a31b91974c5]::string::String>, fn() -> core[a373ad73a504971]::result::Result<(), alloc[2e1b2a31b91974c5]::string::String>>
[INFO] [stdout]   14:     0x5f6032e2f165 - test[aada8e7e76ba119b]::run_test::{closure#0}
[INFO] [stdout]   15:     0x5f6032e28a54 - std[617be2ca0a6fd877]::sys::backtrace::__rust_begin_short_backtrace::<test[aada8e7e76ba119b]::run_test::{closure#1}, ()>
[INFO] [stdout]   16:     0x5f6032e321f2 - <std[617be2ca0a6fd877]::thread::lifecycle::spawn_unchecked<test[aada8e7e76ba119b]::run_test::{closure#1}, ()>::{closure#1} as core[a373ad73a504971]::ops::function::FnOnce<()>>::call_once::{shim:vtable#0}
[INFO] [stdout]   17:     0x5f603310bc1f - <std[617be2ca0a6fd877]::sys::thread::unix::Thread>::new::thread_start
[INFO] [stdout]   18:     0x720f41903dfa - <unknown>
[INFO] [stdout]   19:     0x720f419973d4 - clone
[INFO] [stdout]   20:                0x0 - <unknown>
[INFO] [stdout] note: panic did not contain expected string
[INFO] [stdout]       panic message: "index out of bounds: the len is 40 but the index is 18446744073709551615"
[INFO] [stdout]  expected substring: "Invalid version"
[INFO] [stdout] ---- common::metadata::version_tests::test_char_cnt_bits_invalid_version_max stdout ----
[INFO] [stdout] note: test did not panic as expected at src/common/metadata.rs:315:8
[INFO] [stdout] ---- common::utils::bit_types::bit_matrix_tests::test_get_y_out_of_bounds stdout ----
[INFO] [stdout] note: test did not panic as expected at src/common/utils/bit_types.rs:786:8
[INFO] [stdout] ---- common::metadata::version_tests::test_width_invalid_micro_version_low stdout ----
[INFO] [stdout] note: test did not panic as expected at src/common/metadata.rs:239:8
[INFO] [stdout] ---- common::utils::bit_types::bit_matrix_tests::test_get_x_out_of_bounds stdout ----
[INFO] [stdout] note: test did not panic as expected at src/common/utils/bit_types.rs:779:8
[INFO] [stdout] ---- common::utils::bit_types::bit_matrix_tests::test_new_non_factor_elem_bits_panics stdout ----
[INFO] [stdout] note: test did not panic as expected at src/common/utils/bit_types.rs:800:8
[INFO] [stdout] ---- common::utils::bit_types::bit_matrix_tests::test_new_zero_elem_bits_panics stdout ----
[INFO] [stdout] note: test did not panic as expected at src/common/utils/bit_types.rs:806:8
[INFO] [stdout] ---- common::metadata::version_tests::test_width_invalid_normal_version_high stdout ----
[INFO] [stdout] 
[INFO] [stdout] thread 'common::metadata::version_tests::test_width_invalid_normal_version_high' (2411) panicked at src/common/metadata.rs:99:32:
[INFO] [stdout] index out of bounds: the len is 40 but the index is 40
[INFO] [stdout] stack backtrace:
[INFO] [stdout]    0:     0x5f603310c3d1 - <<std[617be2ca0a6fd877]::sys::backtrace::BacktraceLock>::print::DisplayBacktrace as core[a373ad73a504971]::fmt::Display>::fmt
[INFO] [stdout]    1:     0x5f603312373a - core[a373ad73a504971]::fmt::write
[INFO] [stdout]    2:     0x5f6033110b8c - <alloc[2e1b2a31b91974c5]::vec::Vec<u8> as core[a373ad73a504971]::io::write::Write>::write_fmt
[INFO] [stdout]    3:     0x5f60330e6fc6 - std[617be2ca0a6fd877]::panicking::default_hook::{closure#0}
[INFO] [stdout]    4:     0x5f6033104759 - std[617be2ca0a6fd877]::panicking::default_hook
[INFO] [stdout]    5:     0x5f6032e2eb40 - test[aada8e7e76ba119b]::test_main_inner::{closure#0}
[INFO] [stdout]    6:     0x5f6033104a82 - std[617be2ca0a6fd877]::panicking::panic_with_hook
[INFO] [stdout]    7:     0x5f60330e7072 - std[617be2ca0a6fd877]::panicking::panic_handler::{closure#0}
[INFO] [stdout]    8:     0x5f60330dfc39 - std[617be2ca0a6fd877]::sys::backtrace::__rust_end_short_backtrace::<std[617be2ca0a6fd877]::panicking::panic_handler::{closure#0}, !>
[INFO] [stdout]    9:     0x5f60330e7c7d - __rustc[ea4f61d10b84890b]::rust_begin_unwind
[INFO] [stdout]   10:     0x5f6033123f1c - core[a373ad73a504971]::panicking::panic_fmt
[INFO] [stdout]   11:     0x5f6033123d6c - core[a373ad73a504971]::panicking::panic_bounds_check
[INFO] [stdout]   12:     0x5f6032d40898 - <qrism[f57fcabc2567a5]::common::metadata::version_tests::test_version_info_invalid_version_high::{closure#0} as core[a373ad73a504971]::ops::function::FnOnce<()>>::call_once
[INFO] [stdout]   13:     0x5f6032e21f8b - test[aada8e7e76ba119b]::__rust_begin_short_backtrace::<core[a373ad73a504971]::result::Result<(), alloc[2e1b2a31b91974c5]::string::String>, fn() -> core[a373ad73a504971]::result::Result<(), alloc[2e1b2a31b91974c5]::string::String>>
[INFO] [stdout]   14:     0x5f6032e2f165 - test[aada8e7e76ba119b]::run_test::{closure#0}
[INFO] [stdout]   15:     0x5f6032e28a54 - std[617be2ca0a6fd877]::sys::backtrace::__rust_begin_short_backtrace::<test[aada8e7e76ba119b]::run_test::{closure#1}, ()>
[INFO] [stdout]   16:     0x5f6032e321f2 - <std[617be2ca0a6fd877]::thread::lifecycle::spawn_unchecked<test[aada8e7e76ba119b]::run_test::{closure#1}, ()>::{closure#1} as core[a373ad73a504971]::ops::function::FnOnce<()>>::call_once::{shim:vtable#0}
[INFO] [stdout]   17:     0x5f603310bc1f - <std[617be2ca0a6fd877]::sys::thread::unix::Thread>::new::thread_start
[INFO] [stdout]   18:     0x720f41903dfa - <unknown>
[INFO] [stdout]   19:     0x720f419973d4 - clone
[INFO] [stdout]   20:                0x0 - <unknown>
[INFO] [stdout] note: panic did not contain expected string
[INFO] [stdout]       panic message: "index out of bounds: the len is 40 but the index is 40"
[INFO] [stdout]  expected substring: "Invalid version"
[INFO] [stdout] ---- common::metadata::version_tests::test_width_invalid_normal_version_low stdout ----
[INFO] [stdout] 
[INFO] [stdout] thread 'common::metadata::version_tests::test_width_invalid_normal_version_low' (2412) panicked at src/common/metadata.rs:99:32:
[INFO] [stdout] index out of bounds: the len is 40 but the index is 18446744073709551615
[INFO] [stdout] stack backtrace:
[INFO] [stdout]    0:     0x5f603310c3d1 - <<std[617be2ca0a6fd877]::sys::backtrace::BacktraceLock>::print::DisplayBacktrace as core[a373ad73a504971]::fmt::Display>::fmt
[INFO] [stdout]    1:     0x5f603312373a - core[a373ad73a504971]::fmt::write
[INFO] [stdout]    2:     0x5f6033110b8c - <alloc[2e1b2a31b91974c5]::vec::Vec<u8> as core[a373ad73a504971]::io::write::Write>::write_fmt
[INFO] [stdout]    3:     0x5f60330e6fc6 - std[617be2ca0a6fd877]::panicking::default_hook::{closure#0}
[INFO] [stdout]    4:     0x5f6033104759 - std[617be2ca0a6fd877]::panicking::default_hook
[INFO] [stdout]    5:     0x5f6032e2eb40 - test[aada8e7e76ba119b]::test_main_inner::{closure#0}
[INFO] [stdout]    6:     0x5f6033104a82 - std[617be2ca0a6fd877]::panicking::panic_with_hook
[INFO] [stdout]    7:     0x5f60330e7072 - std[617be2ca0a6fd877]::panicking::panic_handler::{closure#0}
[INFO] [stdout]    8:     0x5f60330dfc39 - std[617be2ca0a6fd877]::sys::backtrace::__rust_end_short_backtrace::<std[617be2ca0a6fd877]::panicking::panic_handler::{closure#0}, !>
[INFO] [stdout]    9:     0x5f60330e7c7d - __rustc[ea4f61d10b84890b]::rust_begin_unwind
[INFO] [stdout]   10:     0x5f6033123f1c - core[a373ad73a504971]::panicking::panic_fmt
[INFO] [stdout]   11:     0x5f6033123d6c - core[a373ad73a504971]::panicking::panic_bounds_check
[INFO] [stdout]   12:     0x5f6032d4087a - <qrism[f57fcabc2567a5]::common::metadata::version_tests::test_version_info_invalid_version_low::{closure#0} as core[a373ad73a504971]::ops::function::FnOnce<()>>::call_once
[INFO] [stdout]   13:     0x5f6032e21f8b - test[aada8e7e76ba119b]::__rust_begin_short_backtrace::<core[a373ad73a504971]::result::Result<(), alloc[2e1b2a31b91974c5]::string::String>, fn() -> core[a373ad73a504971]::result::Result<(), alloc[2e1b2a31b91974c5]::string::String>>
[INFO] [stdout]   14:     0x5f6032e2f165 - test[aada8e7e76ba119b]::run_test::{closure#0}
[INFO] [stdout]   15:     0x5f6032e28a54 - std[617be2ca0a6fd877]::sys::backtrace::__rust_begin_short_backtrace::<test[aada8e7e76ba119b]::run_test::{closure#1}, ()>
[INFO] [stdout]   16:     0x5f6032e321f2 - <std[617be2ca0a6fd877]::thread::lifecycle::spawn_unchecked<test[aada8e7e76ba119b]::run_test::{closure#1}, ()>::{closure#1} as core[a373ad73a504971]::ops::function::FnOnce<()>>::call_once::{shim:vtable#0}
[INFO] [stdout]   17:     0x5f603310bc1f - <std[617be2ca0a6fd877]::sys::thread::unix::Thread>::new::thread_start
[INFO] [stdout]   18:     0x720f41903dfa - <unknown>
[INFO] [stdout]   19:     0x720f419973d4 - clone
[INFO] [stdout]   20:                0x0 - <unknown>
[INFO] [stdout] note: panic did not contain expected string
[INFO] [stdout]       panic message: "index out of bounds: the len is 40 but the index is 18446744073709551615"
[INFO] [stdout]  expected substring: "Invalid version"
[INFO] [stdout] ---- common::utils::bit_types::bit_stream_push_tests::test_push_bits_capacity_overflow stdout ----
[INFO] [stdout] note: test did not panic as expected at src/common/utils/bit_types.rs:222:8
[INFO] [stdout] ---- common::utils::bit_types::bit_matrix_tests::test_put_oversized_element_panics stdout ----
[INFO] [stdout] note: test did not panic as expected at src/common/utils/bit_types.rs:698:8
[INFO] [stdout] ---- common::utils::bit_types::bit_matrix_tests::test_put_x_out_of_bounds stdout ----
[INFO] [stdout] note: test did not panic as expected at src/common/utils/bit_types.rs:793:8
[INFO] [stdout] ---- reader::utils::contour::contour_tests::test_non_run_end_pixel_contour stdout ----
[INFO] [stdout] note: test did not panic as expected at src/reader/utils/contour.rs:434:8
[INFO] [stdout] 
[INFO] [stdout] failures:
[INFO] [stdout]     builder::qr::qr_util_tests::test_col_out_of_bound
[INFO] [stdout]     builder::qr::qr_util_tests::test_row_out_of_bound
[INFO] [stdout]     common::codec::types::mode_tests::test_invalid_alphanumeric_encoding
[INFO] [stdout]     common::codec::types::mode_tests::test_invalid_numeric_digit
[INFO] [stdout]     common::codec::types::mode_tests::test_invalid_numeric_encoding
[INFO] [stdout]     common::metadata::version_tests::test_char_cnt_bits_invalid_version_high
[INFO] [stdout]     common::metadata::version_tests::test_char_cnt_bits_invalid_version_low
[INFO] [stdout]     common::metadata::version_tests::test_char_cnt_bits_invalid_version_max
[INFO] [stdout]     common::metadata::version_tests::test_version_info_invalid_version_high
[INFO] [stdout]     common::metadata::version_tests::test_version_info_invalid_version_low
[INFO] [stdout]     common::metadata::version_tests::test_width_invalid_micro_version_high
[INFO] [stdout]     common::metadata::version_tests::test_width_invalid_micro_version_low
[INFO] [stdout]     common::metadata::version_tests::test_width_invalid_normal_version_high
[INFO] [stdout]     common::metadata::version_tests::test_width_invalid_normal_version_low
[INFO] [stdout]     common::utils::bit_types::bit_matrix_tests::test_get_x_out_of_bounds
[INFO] [stdout]     common::utils::bit_types::bit_matrix_tests::test_get_y_out_of_bounds
[INFO] [stdout]     common::utils::bit_types::bit_matrix_tests::test_new_non_factor_elem_bits_panics
[INFO] [stdout]     common::utils::bit_types::bit_matrix_tests::test_new_zero_elem_bits_panics
[INFO] [stdout]     common::utils::bit_types::bit_matrix_tests::test_put_oversized_element_panics
[INFO] [stdout]     common::utils::bit_types::bit_matrix_tests::test_put_x_out_of_bounds
[INFO] [stdout]     common::utils::bit_types::bit_stream_push_tests::test_push_bits_capacity_overflow
[INFO] [stdout]     reader::utils::contour::contour_tests::test_non_run_end_pixel_contour
[INFO] [stdout] 
[INFO] [stdout] test result: FAILED. 194 passed; 22 failed; 2 ignored; 0 measured; 0 filtered out; finished in 0.61s
[INFO] [stdout] 
[INFO] [stderr] error: test failed, to rerun pass `--lib`
[INFO] running `Command { std: "docker" "inspect" "1dcc78803bd2a1beee142123b0cb10593ec408d64880609ebcb9813d3ce83af0", kill_on_drop: false }`
[INFO] running `Command { std: "docker" "rm" "-f" "1dcc78803bd2a1beee142123b0cb10593ec408d64880609ebcb9813d3ce83af0", kill_on_drop: false }`
[INFO] [stdout] 1dcc78803bd2a1beee142123b0cb10593ec408d64880609ebcb9813d3ce83af0
