[INFO] fetching crate qrcode53bytes 1.1.0...
[INFO] testing qrcode53bytes-1.1.0 against 1.99.0-beta.8+cargoflags=--release for beta-release-1.100-2
[INFO] extracting crate qrcode53bytes 1.1.0 into /workspace/builds/worker-1-tc1/source
[INFO] started tweaking crates.io crate qrcode53bytes 1.1.0
[INFO] finished tweaking crates.io crate qrcode53bytes 1.1.0
[INFO] tweaked toml for crates.io crate qrcode53bytes 1.1.0 written to /workspace/builds/worker-1-tc1/source/Cargo.toml
[INFO] validating manifest of crates.io crate qrcode53bytes 1.1.0 on toolchain 1.99.0-beta.8
[INFO] running `Command { std: CARGO_HOME="/workspace/cargo-home" RUSTUP_HOME="/workspace/rustup-home" "/workspace/cargo-home/bin/cargo" "+1.99.0-beta.8" "metadata" "--manifest-path" "Cargo.toml" "--no-deps", kill_on_drop: false }`
[INFO] crate crates.io crate qrcode53bytes 1.1.0 already has a lockfile, it will not be regenerated
[INFO] running `Command { std: CARGO_HOME="/workspace/cargo-home" RUSTUP_HOME="/workspace/rustup-home" "/workspace/cargo-home/bin/cargo" "+1.99.0-beta.8" "fetch" "--manifest-path" "Cargo.toml", kill_on_drop: false }`
[INFO] [stderr]  Downloading crates ...
[INFO] [stderr]   Downloaded radium v0.3.0
[INFO] [stderr]   Downloaded bitvec v0.17.4
[INFO] running `Command { std: "docker" "create" "-v" "/var/lib/crater-agent-workspace/builds/worker-1-tc1/source:/opt/rustwide/workdir:ro,Z" "-v" "/var/lib/crater-agent-workspace/builds/worker-1-tc1/target:/opt/rustwide/target:rw,Z" "-v" "/var/lib/crater-agent-workspace/cargo-home:/opt/rustwide/cargo-home:ro,Z" "-v" "/var/lib/crater-agent-workspace/rustup-home:/opt/rustwide/rustup-home:ro,Z" "-m" "1610612736" "--network" "none" "ghcr.io/rust-lang/crates-build-env/linux@sha256:77db811e55d90add9212f6832c23229e3de5f1c1f9905e8cb07319ea15df73ac" "sleep" "infinity", kill_on_drop: false }`
[INFO] [stdout] 089692c56602ad2835e717f1d1be6bc5cea261f719d414a7169d8ba65960f09d
[INFO] running `Command { std: "docker" "start" "089692c56602ad2835e717f1d1be6bc5cea261f719d414a7169d8ba65960f09d", kill_on_drop: false }`
[INFO] running `Command { std: "docker" "inspect" "089692c56602ad2835e717f1d1be6bc5cea261f719d414a7169d8ba65960f09d", kill_on_drop: false }`
[INFO] running `Command { std: "docker" "exec" "-e" "SOURCE_DIR=/opt/rustwide/workdir" "-e" "CARGO_HOME=/opt/rustwide/cargo-home" "-e" "RUSTUP_HOME=/opt/rustwide/rustup-home" "-e" "CARGO_TARGET_DIR=/opt/rustwide/target" "-w" "/opt/rustwide/workdir" "--user" "0:0" "089692c56602ad2835e717f1d1be6bc5cea261f719d414a7169d8ba65960f09d" "/opt/rustwide/cargo-home/bin/cargo" "+1.99.0-beta.8" "metadata" "--no-deps" "--format-version=1", kill_on_drop: false }`
[INFO] running `Command { std: "docker" "inspect" "089692c56602ad2835e717f1d1be6bc5cea261f719d414a7169d8ba65960f09d", kill_on_drop: false }`
[INFO] running `Command { std: "docker" "exec" "-e" "SOURCE_DIR=/opt/rustwide/workdir" "-e" "CARGO_HOME=/opt/rustwide/cargo-home" "-e" "RUSTUP_HOME=/opt/rustwide/rustup-home" "-e" "CARGO_TARGET_DIR=/opt/rustwide/target" "-e" "CARGO_INCREMENTAL=0" "-e" "RUST_BACKTRACE=full" "-e" "RUSTFLAGS=--cap-lints=warn" "-e" "RUSTDOCFLAGS=--cap-lints=warn" "-w" "/opt/rustwide/workdir" "--user" "0:0" "089692c56602ad2835e717f1d1be6bc5cea261f719d414a7169d8ba65960f09d" "/opt/rustwide/cargo-home/bin/cargo" "+1.99.0-beta.8" "build" "--frozen" "--message-format=json" "--release", kill_on_drop: false }`
[INFO] [stderr]    Compiling radium v0.3.0
[INFO] [stderr]    Compiling either v1.6.1
[INFO] [stderr]    Compiling lazy_static v1.4.0
[INFO] [stderr]    Compiling bitvec v0.17.4
[INFO] [stderr]    Compiling qrcode53bytes v1.1.0 (/opt/rustwide/workdir)
[INFO] [stdout] warning: trailing semicolon in macro used in expression position
[INFO] [stdout]   --> src/ec.rs:19:21
[INFO] [stdout]    |
[INFO] [stdout] 19 |       ECLevel::L => bitvec![Lsb0, u8;0, 1],
[INFO] [stdout]    |                     ^^^^^^^^^^^^^^^^^^^^^^
[INFO] [stdout]    |
[INFO] [stdout]    = warning: this was previously accepted by the compiler but is being phased out; it will become a hard error in a future release!
[INFO] [stdout]    = note: for more information, see issue #79813 <https://github.com/rust-lang/rust/issues/79813>
[INFO] [stdout]    = note: `#[warn(semicolon_in_expressions_from_non_local_macros)]` (part of `#[warn(future_incompatible)]`) on by default
[INFO] [stdout]    = note: this warning originates in the macro `$crate::__bits_store_array` which comes from the expansion of the macro `bitvec` (in Nightly builds, run with -Z macro-backtrace for more info)
[INFO] [stdout] 
[INFO] [stdout] 
[INFO] [stdout] warning: trailing semicolon in macro used in expression position
[INFO] [stdout]   --> src/mode.rs:33:27
[INFO] [stdout]    |
[INFO] [stdout] 33 |             Mode::Byte => bitvec![Lsb0, u8;0, 1, 0, 0],
[INFO] [stdout]    |                           ^^^^^^^^^^^^^^^^^^^^^^^^^^^^
[INFO] [stdout]    |
[INFO] [stdout]    = warning: this was previously accepted by the compiler but is being phased out; it will become a hard error in a future release!
[INFO] [stdout]    = note: for more information, see issue #79813 <https://github.com/rust-lang/rust/issues/79813>
[INFO] [stdout]    = note: this warning originates in the macro `$crate::__bits_store_array` which comes from the expansion of the macro `bitvec` (in Nightly builds, run with -Z macro-backtrace for more info)
[INFO] [stdout] 
[INFO] [stdout] 
[INFO] [stdout] warning: use of deprecated module `std::u8`: all constants in this module replaced by associated constants on the type
[INFO] [stdout]  --> src/rendercommons.rs:8:10
[INFO] [stdout]   |
[INFO] [stdout] 8 | use std::u8;
[INFO] [stdout]   |          ^^
[INFO] [stdout]   |
[INFO] [stdout]   = note: `#[warn(deprecated)]` on by default
[INFO] [stdout] 
[INFO] [stdout] 
[INFO] [stdout] warning: use of deprecated associated function `core::num::<impl u16>::max_value`: replaced by the `MAX` associated constant on this type
[INFO] [stdout]   --> src/mask.rs:39:30
[INFO] [stdout]    |
[INFO] [stdout] 39 |     let mut min_score = u16::max_value();
[INFO] [stdout]    |                              ^^^^^^^^^
[INFO] [stdout] 
[INFO] [stdout] 
[INFO] [stderr]     Finished `release` profile [optimized] target(s) in 3.51s
[INFO] running `Command { std: "docker" "inspect" "089692c56602ad2835e717f1d1be6bc5cea261f719d414a7169d8ba65960f09d", kill_on_drop: false }`
[INFO] running `Command { std: "docker" "exec" "-e" "SOURCE_DIR=/opt/rustwide/workdir" "-e" "CARGO_HOME=/opt/rustwide/cargo-home" "-e" "RUSTUP_HOME=/opt/rustwide/rustup-home" "-e" "CARGO_TARGET_DIR=/opt/rustwide/target" "-e" "CARGO_INCREMENTAL=0" "-e" "RUST_BACKTRACE=full" "-e" "RUSTFLAGS=--cap-lints=warn" "-e" "RUSTDOCFLAGS=--cap-lints=warn" "-w" "/opt/rustwide/workdir" "--user" "0:0" "089692c56602ad2835e717f1d1be6bc5cea261f719d414a7169d8ba65960f09d" "/opt/rustwide/cargo-home/bin/cargo" "+1.99.0-beta.8" "test" "--frozen" "--no-run" "--message-format=json" "--release", kill_on_drop: false }`
[INFO] [stdout] warning: trailing semicolon in macro used in expression position
[INFO] [stdout]   --> src/ec.rs:19:21
[INFO] [stdout]    |
[INFO] [stdout] 19 |       ECLevel::L => bitvec![Lsb0, u8;0, 1],
[INFO] [stdout]    |                     ^^^^^^^^^^^^^^^^^^^^^^
[INFO] [stdout]    |
[INFO] [stdout]    = warning: this was previously accepted by the compiler but is being phased out; it will become a hard error in a future release!
[INFO] [stdout]    = note: for more information, see issue #79813 <https://github.com/rust-lang/rust/issues/79813>
[INFO] [stdout]    = note: `#[warn(semicolon_in_expressions_from_non_local_macros)]` (part of `#[warn(future_incompatible)]`) on by default
[INFO] [stdout]    = note: this warning originates in the macro `$crate::__bits_store_array` which comes from the expansion of the macro `bitvec` (in Nightly builds, run with -Z macro-backtrace for more info)
[INFO] [stdout] 
[INFO] [stdout] 
[INFO] [stdout] warning: trailing semicolon in macro used in expression position
[INFO] [stdout]   --> src/mode.rs:33:27
[INFO] [stdout]    |
[INFO] [stdout] 33 |             Mode::Byte => bitvec![Lsb0, u8;0, 1, 0, 0],
[INFO] [stdout]    |                           ^^^^^^^^^^^^^^^^^^^^^^^^^^^^
[INFO] [stdout]    |
[INFO] [stdout]    = warning: this was previously accepted by the compiler but is being phased out; it will become a hard error in a future release!
[INFO] [stdout]    = note: for more information, see issue #79813 <https://github.com/rust-lang/rust/issues/79813>
[INFO] [stdout]    = note: this warning originates in the macro `$crate::__bits_store_array` which comes from the expansion of the macro `bitvec` (in Nightly builds, run with -Z macro-backtrace for more info)
[INFO] [stdout] 
[INFO] [stdout] 
[INFO] [stdout] warning: use of deprecated module `std::u8`: all constants in this module replaced by associated constants on the type
[INFO] [stdout]  --> src/rendercommons.rs:8:10
[INFO] [stdout]   |
[INFO] [stdout] 8 | use std::u8;
[INFO] [stdout]   |          ^^
[INFO] [stdout]   |
[INFO] [stdout]   = note: `#[warn(deprecated)]` on by default
[INFO] [stdout] 
[INFO] [stdout] 
[INFO] [stdout] warning: use of deprecated associated function `core::num::<impl u16>::max_value`: replaced by the `MAX` associated constant on this type
[INFO] [stdout]   --> src/mask.rs:39:30
[INFO] [stdout]    |
[INFO] [stdout] 39 |     let mut min_score = u16::max_value();
[INFO] [stdout]    |                              ^^^^^^^^^
[INFO] [stdout] 
[INFO] [stdout] 
[INFO] [stderr]    Compiling qrcode53bytes v1.1.0 (/opt/rustwide/workdir)
[INFO] [stdout] warning: trailing semicolon in macro used in expression position
[INFO] [stdout]   --> src/ec.rs:19:21
[INFO] [stdout]    |
[INFO] [stdout] 19 |       ECLevel::L => bitvec![Lsb0, u8;0, 1],
[INFO] [stdout]    |                     ^^^^^^^^^^^^^^^^^^^^^^
[INFO] [stdout]    |
[INFO] [stdout]    = warning: this was previously accepted by the compiler but is being phased out; it will become a hard error in a future release!
[INFO] [stdout]    = note: for more information, see issue #79813 <https://github.com/rust-lang/rust/issues/79813>
[INFO] [stdout]    = note: `#[warn(semicolon_in_expressions_from_non_local_macros)]` (part of `#[warn(future_incompatible)]`) on by default
[INFO] [stdout]    = note: this warning originates in the macro `$crate::__bits_store_array` which comes from the expansion of the macro `bitvec` (in Nightly builds, run with -Z macro-backtrace for more info)
[INFO] [stdout] 
[INFO] [stdout] 
[INFO] [stdout] warning: trailing semicolon in macro used in expression position
[INFO] [stdout]   --> src/mode.rs:33:27
[INFO] [stdout]    |
[INFO] [stdout] 33 |             Mode::Byte => bitvec![Lsb0, u8;0, 1, 0, 0],
[INFO] [stdout]    |                           ^^^^^^^^^^^^^^^^^^^^^^^^^^^^
[INFO] [stdout]    |
[INFO] [stdout]    = warning: this was previously accepted by the compiler but is being phased out; it will become a hard error in a future release!
[INFO] [stdout]    = note: for more information, see issue #79813 <https://github.com/rust-lang/rust/issues/79813>
[INFO] [stdout]    = note: this warning originates in the macro `$crate::__bits_store_array` which comes from the expansion of the macro `bitvec` (in Nightly builds, run with -Z macro-backtrace for more info)
[INFO] [stdout] 
[INFO] [stdout] 
[INFO] [stdout] warning: use of deprecated module `std::u8`: all constants in this module replaced by associated constants on the type
[INFO] [stdout]  --> src/rendercommons.rs:8:10
[INFO] [stdout]   |
[INFO] [stdout] 8 | use std::u8;
[INFO] [stdout]   |          ^^
[INFO] [stdout]   |
[INFO] [stdout]   = note: `#[warn(deprecated)]` on by default
[INFO] [stdout] 
[INFO] [stdout] 
[INFO] [stdout] warning: use of deprecated associated function `core::num::<impl u16>::max_value`: replaced by the `MAX` associated constant on this type
[INFO] [stdout]   --> src/mask.rs:39:30
[INFO] [stdout]    |
[INFO] [stdout] 39 |     let mut min_score = u16::max_value();
[INFO] [stdout]    |                              ^^^^^^^^^
[INFO] [stdout] 
[INFO] [stdout] 
[INFO] [stderr]     Finished `release` profile [optimized] target(s) in 0.46s
[INFO] running `Command { std: "docker" "inspect" "089692c56602ad2835e717f1d1be6bc5cea261f719d414a7169d8ba65960f09d", kill_on_drop: false }`
[INFO] running `Command { std: "docker" "exec" "-e" "SOURCE_DIR=/opt/rustwide/workdir" "-e" "CARGO_HOME=/opt/rustwide/cargo-home" "-e" "RUSTUP_HOME=/opt/rustwide/rustup-home" "-e" "CARGO_TARGET_DIR=/opt/rustwide/target" "-e" "CARGO_INCREMENTAL=0" "-e" "RUST_BACKTRACE=full" "-e" "RUSTFLAGS=--cap-lints=warn" "-e" "RUSTDOCFLAGS=--cap-lints=warn" "-w" "/opt/rustwide/workdir" "--user" "0:0" "089692c56602ad2835e717f1d1be6bc5cea261f719d414a7169d8ba65960f09d" "/opt/rustwide/cargo-home/bin/cargo" "+1.99.0-beta.8" "test" "--frozen" "--release", kill_on_drop: false }`
[INFO] [stderr] warning: trailing semicolon in macro used in expression position
[INFO] [stderr]   --> src/ec.rs:19:21
[INFO] [stderr]    |
[INFO] [stderr] 19 |       ECLevel::L => bitvec![Lsb0, u8;0, 1],
[INFO] [stderr]    |                     ^^^^^^^^^^^^^^^^^^^^^^
[INFO] [stderr]    |
[INFO] [stderr]    = warning: this was previously accepted by the compiler but is being phased out; it will become a hard error in a future release!
[INFO] [stderr]    = note: for more information, see issue #79813 <https://github.com/rust-lang/rust/issues/79813>
[INFO] [stderr]    = note: `#[warn(semicolon_in_expressions_from_non_local_macros)]` (part of `#[warn(future_incompatible)]`) on by default
[INFO] [stderr]    = note: this warning originates in the macro `$crate::__bits_store_array` which comes from the expansion of the macro `bitvec` (in Nightly builds, run with -Z macro-backtrace for more info)
[INFO] [stderr] 
[INFO] [stderr] warning: trailing semicolon in macro used in expression position
[INFO] [stderr]   --> src/mode.rs:33:27
[INFO] [stderr]    |
[INFO] [stderr] 33 |             Mode::Byte => bitvec![Lsb0, u8;0, 1, 0, 0],
[INFO] [stderr]    |                           ^^^^^^^^^^^^^^^^^^^^^^^^^^^^
[INFO] [stderr]    |
[INFO] [stderr]    = warning: this was previously accepted by the compiler but is being phased out; it will become a hard error in a future release!
[INFO] [stderr]    = note: for more information, see issue #79813 <https://github.com/rust-lang/rust/issues/79813>
[INFO] [stderr]    = note: this warning originates in the macro `$crate::__bits_store_array` which comes from the expansion of the macro `bitvec` (in Nightly builds, run with -Z macro-backtrace for more info)
[INFO] [stderr] 
[INFO] [stderr] warning: use of deprecated module `std::u8`: all constants in this module replaced by associated constants on the type
[INFO] [stderr]  --> src/rendercommons.rs:8:10
[INFO] [stderr]   |
[INFO] [stderr] 8 | use std::u8;
[INFO] [stderr]   |          ^^
[INFO] [stderr]   |
[INFO] [stderr]   = note: `#[warn(deprecated)]` on by default
[INFO] [stderr] 
[INFO] [stderr] warning: use of deprecated associated function `core::num::<impl u16>::max_value`: replaced by the `MAX` associated constant on this type
[INFO] [stderr]   --> src/mask.rs:39:30
[INFO] [stderr]    |
[INFO] [stderr] 39 |     let mut min_score = u16::max_value();
[INFO] [stderr]    |                              ^^^^^^^^^
[INFO] [stderr] 
[INFO] [stderr] warning: `qrcode53bytes` (lib) generated 4 warnings
[INFO] [stderr] warning: `qrcode53bytes` (lib test) generated 4 warnings (4 duplicates)
[INFO] [stderr]     Finished `release` profile [optimized] target(s) in 0.02s
[INFO] [stderr]      Running unittests src/lib.rs (/opt/rustwide/target/release/deps/qrcode53bytes-9fbafe422af7e627)
[INFO] [stderr]    Doc-tests qrcode53bytes
[INFO] [stdout] 
[INFO] [stdout] running 0 tests
[INFO] [stdout] 
[INFO] [stdout] test result: ok. 0 passed; 0 failed; 0 ignored; 0 measured; 0 filtered out; finished in 0.00s
[INFO] [stdout] 
[INFO] [stdout] 
[INFO] [stdout] running 5 tests
[INFO] [stdout] test src/lib.rs - (line 29) ... FAILED
[INFO] [stdout] test src/rendercommons.rs - rendercommons::Color::from_4_hex (line 61) ... FAILED
[INFO] [stdout] test src/rendercommons.rs - rendercommons::Color::hex (line 48) ... FAILED
[INFO] [stdout] test src/rendercommons.rs - rendercommons::Color::from_7_hex (line 82) ... FAILED
[INFO] [stdout] test src/rendercommons.rs - rendercommons::Color::to_hex_str (line 97) ... FAILED
[INFO] [stdout] 
[INFO] [stdout] failures:
[INFO] [stdout] 
[INFO] [stdout] ---- src/lib.rs - (line 29) stdout ----
[INFO] [stdout] error: expected one of `!` or `::`, found `run`
[INFO] [stdout]   --> src/lib.rs:30:8
[INFO] [stdout]    |
[INFO] [stdout] 30 |  cargo run --example svg
[INFO] [stdout]    |        ^^^ expected one of `!` or `::`
[INFO] [stdout] 
[INFO] [stdout] error: aborting due to 1 previous error
[INFO] [stdout] 
[INFO] [stdout] Couldn't compile the test.
[INFO] [stdout] ---- src/rendercommons.rs - rendercommons::Color::from_4_hex (line 61) stdout ----
[INFO] [stdout] error[E0432]: unresolved import `rqr`
[INFO] [stdout]   --> src/rendercommons.rs:62:5
[INFO] [stdout]    |
[INFO] [stdout] 62 | use rqr::*;
[INFO] [stdout]    |     ^^^ use of unresolved module or unlinked crate `rqr`
[INFO] [stdout]    |
[INFO] [stdout]    = help: if you wanted to use a crate named `rqr`, use `cargo add rqr` to add it to your `Cargo.toml`
[INFO] [stdout] 
[INFO] [stdout] error: aborting due to 1 previous error
[INFO] [stdout] 
[INFO] [stdout] For more information about this error, try `rustc --explain E0432`.
[INFO] [stdout] Couldn't compile the test.
[INFO] [stdout] ---- src/rendercommons.rs - rendercommons::Color::hex (line 48) stdout ----
[INFO] [stdout] error[E0432]: unresolved import `rqr`
[INFO] [stdout]   --> src/rendercommons.rs:49:5
[INFO] [stdout]    |
[INFO] [stdout] 49 | use rqr::*;
[INFO] [stdout]    |     ^^^ use of unresolved module or unlinked crate `rqr`
[INFO] [stdout]    |
[INFO] [stdout]    = help: if you wanted to use a crate named `rqr`, use `cargo add rqr` to add it to your `Cargo.toml`
[INFO] [stdout] 
[INFO] [stdout] error: aborting due to 1 previous error
[INFO] [stdout] 
[INFO] [stdout] For more information about this error, try `rustc --explain E0432`.
[INFO] [stdout] Couldn't compile the test.
[INFO] [stdout] ---- src/rendercommons.rs - rendercommons::Color::from_7_hex (line 82) stdout ----
[INFO] [stdout] error[E0432]: unresolved import `rqr`
[INFO] [stdout]   --> src/rendercommons.rs:83:5
[INFO] [stdout]    |
[INFO] [stdout] 83 | use rqr::*;
[INFO] [stdout]    |     ^^^ use of unresolved module or unlinked crate `rqr`
[INFO] [stdout]    |
[INFO] [stdout]    = help: if you wanted to use a crate named `rqr`, use `cargo add rqr` to add it to your `Cargo.toml`
[INFO] [stdout] 
[INFO] [stdout] error: aborting due to 1 previous error
[INFO] [stdout] 
[INFO] [stdout] For more information about this error, try `rustc --explain E0432`.
[INFO] [stdout] Couldn't compile the test.
[INFO] [stdout] ---- src/rendercommons.rs - rendercommons::Color::to_hex_str (line 97) stdout ----
[INFO] [stdout] error[E0432]: unresolved import `rqr`
[INFO] [stdout]   --> src/rendercommons.rs:98:5
[INFO] [stdout]    |
[INFO] [stdout] 98 | use rqr::*;
[INFO] [stdout]    |     ^^^ use of unresolved module or unlinked crate `rqr`
[INFO] [stdout]    |
[INFO] [stdout]    = help: if you wanted to use a crate named `rqr`, use `cargo add rqr` to add it to your `Cargo.toml`
[INFO] [stdout] 
[INFO] [stdout] error: aborting due to 1 previous error
[INFO] [stdout] 
[INFO] [stdout] For more information about this error, try `rustc --explain E0432`.
[INFO] [stdout] Couldn't compile the test.
[INFO] [stdout] 
[INFO] [stdout] failures:
[INFO] [stdout]     src/lib.rs - (line 29)
[INFO] [stdout]     src/rendercommons.rs - rendercommons::Color::from_4_hex (line 61)
[INFO] [stdout]     src/rendercommons.rs - rendercommons::Color::from_7_hex (line 82)
[INFO] [stdout]     src/rendercommons.rs - rendercommons::Color::hex (line 48)
[INFO] [stdout]     src/rendercommons.rs - rendercommons::Color::to_hex_str (line 97)
[INFO] [stdout] 
[INFO] [stdout] test result: FAILED. 0 passed; 5 failed; 0 ignored; 0 measured; 0 filtered out; finished in 0.30s
[INFO] [stdout] 
[INFO] [stderr] error: doctest failed, to rerun pass `--doc`
[INFO] running `Command { std: "docker" "inspect" "089692c56602ad2835e717f1d1be6bc5cea261f719d414a7169d8ba65960f09d", kill_on_drop: false }`
[INFO] running `Command { std: "docker" "rm" "-f" "089692c56602ad2835e717f1d1be6bc5cea261f719d414a7169d8ba65960f09d", kill_on_drop: false }`
[INFO] [stdout] 089692c56602ad2835e717f1d1be6bc5cea261f719d414a7169d8ba65960f09d
