[INFO] fetching crate qr-generator 0.1.3...
[INFO] testing qr-generator-0.1.3 against 1.99.0-beta.8+cargoflags=--release for beta-release-1.100-2
[INFO] extracting crate qr-generator 0.1.3 into /workspace/builds/worker-4-tc1/source
[INFO] started tweaking crates.io crate qr-generator 0.1.3
[INFO] finished tweaking crates.io crate qr-generator 0.1.3
[INFO] tweaked toml for crates.io crate qr-generator 0.1.3 written to /workspace/builds/worker-4-tc1/source/Cargo.toml
[INFO] validating manifest of crates.io crate qr-generator 0.1.3 on toolchain 1.99.0-beta.8
[INFO] running `Command { std: CARGO_HOME="/workspace/cargo-home" RUSTUP_HOME="/workspace/rustup-home" "/workspace/cargo-home/bin/cargo" "+1.99.0-beta.8" "metadata" "--manifest-path" "Cargo.toml" "--no-deps", kill_on_drop: false }`
[INFO] crate crates.io crate qr-generator 0.1.3 already has a lockfile, it will not be regenerated
[INFO] running `Command { std: CARGO_HOME="/workspace/cargo-home" RUSTUP_HOME="/workspace/rustup-home" "/workspace/cargo-home/bin/cargo" "+1.99.0-beta.8" "fetch" "--manifest-path" "Cargo.toml", kill_on_drop: false }`
[INFO] [stderr]     Updating crates.io index
[INFO] [stderr]  Downloading crates ...
[INFO] [stderr]   Downloaded structopt-derive v0.4.9
[INFO] [stderr]   Downloaded quote v1.0.7
[INFO] [stderr]   Downloaded proc-macro2 v1.0.19
[INFO] [stderr]   Downloaded hermit-abi v0.1.15
[INFO] [stderr]   Downloaded structopt v0.3.16
[INFO] [stderr]   Downloaded lzw v0.10.0
[INFO] [stderr]   Downloaded maybe-uninit v2.0.0
[INFO] [stderr]   Downloaded memoffset v0.5.5
[INFO] [stderr]   Downloaded color_quant v1.0.1
[INFO] [stderr]   Downloaded num-derive v0.2.5
[INFO] [stderr]   Downloaded checked_int_cast v1.0.0
[INFO] [stderr]   Downloaded unicode-xid v0.1.0
[INFO] [stderr]   Downloaded num-iter v0.1.41
[INFO] [stderr]   Downloaded either v1.5.3
[INFO] [stderr]   Downloaded crossbeam-queue v0.2.3
[INFO] [stderr]   Downloaded tiff v0.3.1
[INFO] [stderr]   Downloaded autocfg v1.0.0
[INFO] [stderr]   Downloaded quote v0.6.13
[INFO] [stderr]   Downloaded inflate v0.4.5
[INFO] [stderr]   Downloaded num-rational v0.2.4
[INFO] [stderr]   Downloaded gif v0.10.3
[INFO] [stderr]   Downloaded num-integer v0.1.43
[INFO] [stderr]   Downloaded crossbeam-deque v0.7.3
[INFO] [stderr]   Downloaded num-traits v0.2.12
[INFO] [stderr]   Downloaded crossbeam-utils v0.7.2
[INFO] [stderr]   Downloaded crc32fast v1.2.0
[INFO] [stderr]   Downloaded crossbeam-epoch v0.8.2
[INFO] [stderr]   Downloaded proc-macro2 v0.4.30
[INFO] [stderr]   Downloaded qrcode v0.11.2
[INFO] [stderr]   Downloaded png v0.15.3
[INFO] [stderr]   Downloaded heck v0.3.1
[INFO] [stderr]   Downloaded rayon-core v1.7.1
[INFO] [stderr]   Downloaded syn v1.0.38
[INFO] [stderr]   Downloaded unicode-segmentation v1.6.0
[INFO] [stderr]   Downloaded rayon v1.3.1
[INFO] [stderr]   Downloaded image v0.22.5
[INFO] [stderr]   Downloaded deflate v0.7.20
[INFO] [stderr]   Downloaded syn v0.15.44
[INFO] [stderr]   Downloaded clap v2.33.2
[INFO] [stderr]   Downloaded libc v0.2.74
[INFO] running `Command { std: "docker" "create" "-v" "/var/lib/crater-agent-workspace/builds/worker-4-tc1/source:/opt/rustwide/workdir:ro,Z" "-v" "/var/lib/crater-agent-workspace/builds/worker-4-tc1/target:/opt/rustwide/target:rw,Z" "-v" "/var/lib/crater-agent-workspace/cargo-home:/opt/rustwide/cargo-home:ro,Z" "-v" "/var/lib/crater-agent-workspace/rustup-home:/opt/rustwide/rustup-home:ro,Z" "-m" "1610612736" "--network" "none" "ghcr.io/rust-lang/crates-build-env/linux@sha256:77db811e55d90add9212f6832c23229e3de5f1c1f9905e8cb07319ea15df73ac" "sleep" "infinity", kill_on_drop: false }`
[INFO] [stdout] 9d0d06ac4c4b956b992406941b5e26ed6ebc79b46ab3f13b0135cc1b18bbabd2
[INFO] running `Command { std: "docker" "start" "9d0d06ac4c4b956b992406941b5e26ed6ebc79b46ab3f13b0135cc1b18bbabd2", kill_on_drop: false }`
[INFO] running `Command { std: "docker" "inspect" "9d0d06ac4c4b956b992406941b5e26ed6ebc79b46ab3f13b0135cc1b18bbabd2", kill_on_drop: false }`
[INFO] running `Command { std: "docker" "exec" "-e" "SOURCE_DIR=/opt/rustwide/workdir" "-e" "CARGO_HOME=/opt/rustwide/cargo-home" "-e" "RUSTUP_HOME=/opt/rustwide/rustup-home" "-e" "CARGO_TARGET_DIR=/opt/rustwide/target" "-w" "/opt/rustwide/workdir" "--user" "0:0" "9d0d06ac4c4b956b992406941b5e26ed6ebc79b46ab3f13b0135cc1b18bbabd2" "/opt/rustwide/cargo-home/bin/cargo" "+1.99.0-beta.8" "metadata" "--no-deps" "--format-version=1", kill_on_drop: false }`
[INFO] running `Command { std: "docker" "inspect" "9d0d06ac4c4b956b992406941b5e26ed6ebc79b46ab3f13b0135cc1b18bbabd2", kill_on_drop: false }`
[INFO] running `Command { std: "docker" "exec" "-e" "SOURCE_DIR=/opt/rustwide/workdir" "-e" "CARGO_HOME=/opt/rustwide/cargo-home" "-e" "RUSTUP_HOME=/opt/rustwide/rustup-home" "-e" "CARGO_TARGET_DIR=/opt/rustwide/target" "-e" "CARGO_INCREMENTAL=0" "-e" "RUST_BACKTRACE=full" "-e" "RUSTFLAGS=--cap-lints=warn" "-e" "RUSTDOCFLAGS=--cap-lints=warn" "-w" "/opt/rustwide/workdir" "--user" "0:0" "9d0d06ac4c4b956b992406941b5e26ed6ebc79b46ab3f13b0135cc1b18bbabd2" "/opt/rustwide/cargo-home/bin/cargo" "+1.99.0-beta.8" "build" "--frozen" "--message-format=json" "--release", kill_on_drop: false }`
[INFO] [stderr]    Compiling autocfg v1.0.0
[INFO] [stderr]    Compiling libc v0.2.74
[INFO] [stderr]    Compiling cfg-if v0.1.10
[INFO] [stderr]    Compiling lazy_static v1.4.0
[INFO] [stderr]    Compiling maybe-uninit v2.0.0
[INFO] [stderr]    Compiling proc-macro2 v0.4.30
[INFO] [stderr]    Compiling proc-macro2 v1.0.19
[INFO] [stderr]    Compiling byteorder v1.3.4
[INFO] [stderr]    Compiling version_check v0.9.2
[INFO] [stderr]    Compiling scopeguard v1.1.0
[INFO] [stderr]    Compiling bitflags v1.2.1
[INFO] [stderr]    Compiling unicode-xid v0.2.1
[INFO] [stderr]    Compiling unicode-xid v0.1.0
[INFO] [stderr]    Compiling rayon-core v1.7.1
[INFO] [stderr]    Compiling syn v0.15.44
[INFO] [stderr]    Compiling crc32fast v1.2.0
[INFO] [stderr]    Compiling num-derive v0.2.5
[INFO] [stderr]    Compiling syn v1.0.38
[INFO] [stderr]    Compiling adler32 v1.2.0
[INFO] [stderr]    Compiling lzw v0.10.0
[INFO] [stderr]    Compiling either v1.5.3
[INFO] [stderr]    Compiling unicode-width v0.1.8
[INFO] [stderr]    Compiling unicode-segmentation v1.6.0
[INFO] [stderr]    Compiling inflate v0.4.5
[INFO] [stderr]    Compiling color_quant v1.0.1
[INFO] [stderr]    Compiling proc-macro-error-attr v1.0.4
[INFO] [stderr]    Compiling proc-macro-error v1.0.4
[INFO] [stderr]    Compiling textwrap v0.11.0
[INFO] [stderr]    Compiling vec_map v0.8.2
[INFO] [stderr]    Compiling crossbeam-utils v0.7.2
[INFO] [stderr]    Compiling memoffset v0.5.5
[INFO] [stderr]    Compiling crossbeam-epoch v0.8.2
[INFO] [stderr]    Compiling num-traits v0.2.12
[INFO] [stderr]    Compiling num-integer v0.1.43
[INFO] [stderr]    Compiling rayon v1.3.1
[INFO] [stderr]    Compiling num-iter v0.1.41
[INFO] [stderr]    Compiling num-rational v0.2.4
[INFO] [stderr]    Compiling gif v0.10.3
[INFO] [stderr]    Compiling deflate v0.7.20
[INFO] [stderr]    Compiling strsim v0.8.0
[INFO] [stderr]    Compiling scoped_threadpool v0.1.9
[INFO] [stderr]    Compiling heck v0.3.1
[INFO] [stderr]    Compiling ansi_term v0.11.0
[INFO] [stderr]    Compiling quote v1.0.7
[INFO] [stderr]    Compiling quote v0.6.13
[INFO] [stderr]    Compiling checked_int_cast v1.0.0
[INFO] [stderr]    Compiling num_cpus v1.13.0
[INFO] [stderr]    Compiling atty v0.2.14
[INFO] [stderr]    Compiling clap v2.33.2
[INFO] [stderr]    Compiling crossbeam-queue v0.2.3
[INFO] [stderr]    Compiling png v0.15.3
[INFO] [stderr]    Compiling crossbeam-deque v0.7.3
[INFO] [stderr]    Compiling structopt-derive v0.4.9
[INFO] [stderr]    Compiling tiff v0.3.1
[INFO] [stderr]    Compiling jpeg-decoder v0.1.20
[INFO] [stderr]    Compiling structopt v0.3.16
[INFO] [stderr]    Compiling image v0.22.5
[INFO] [stderr]    Compiling qrcode v0.11.2
[INFO] [stderr]    Compiling qr-generator v0.1.3 (/opt/rustwide/workdir)
[INFO] [stdout] warning: found module declaration for lib.rs
[INFO] [stdout]  --> src/main.rs:1:1
[INFO] [stdout]   |
[INFO] [stdout] 1 | mod lib;
[INFO] [stdout]   | ^^^^^^^^
[INFO] [stdout]   |
[INFO] [stdout]   = note: lib.rs is the root of this crate's library target
[INFO] [stdout]   = help: to refer to it from other targets, use the library's name as the path
[INFO] [stdout]   = note: `#[warn(special_module_name)]` on by default
[INFO] [stdout] 
[INFO] [stdout] 
[INFO] [stderr]     Finished `release` profile [optimized] target(s) in 34.37s
[INFO] running `Command { std: "docker" "inspect" "9d0d06ac4c4b956b992406941b5e26ed6ebc79b46ab3f13b0135cc1b18bbabd2", kill_on_drop: false }`
[INFO] running `Command { std: "docker" "exec" "-e" "SOURCE_DIR=/opt/rustwide/workdir" "-e" "CARGO_HOME=/opt/rustwide/cargo-home" "-e" "RUSTUP_HOME=/opt/rustwide/rustup-home" "-e" "CARGO_TARGET_DIR=/opt/rustwide/target" "-e" "CARGO_INCREMENTAL=0" "-e" "RUST_BACKTRACE=full" "-e" "RUSTFLAGS=--cap-lints=warn" "-e" "RUSTDOCFLAGS=--cap-lints=warn" "-w" "/opt/rustwide/workdir" "--user" "0:0" "9d0d06ac4c4b956b992406941b5e26ed6ebc79b46ab3f13b0135cc1b18bbabd2" "/opt/rustwide/cargo-home/bin/cargo" "+1.99.0-beta.8" "test" "--frozen" "--no-run" "--message-format=json" "--release", kill_on_drop: false }`
[INFO] [stderr]    Compiling qr-generator v0.1.3 (/opt/rustwide/workdir)
[INFO] [stdout] warning: found module declaration for lib.rs
[INFO] [stdout]  --> src/main.rs:1:1
[INFO] [stdout]   |
[INFO] [stdout] 1 | mod lib;
[INFO] [stdout]   | ^^^^^^^^
[INFO] [stdout]   |
[INFO] [stdout]   = note: lib.rs is the root of this crate's library target
[INFO] [stdout]   = help: to refer to it from other targets, use the library's name as the path
[INFO] [stdout]   = note: `#[warn(special_module_name)]` on by default
[INFO] [stdout] 
[INFO] [stdout] 
[INFO] [stderr]     Finished `release` profile [optimized] target(s) in 0.77s
[INFO] running `Command { std: "docker" "inspect" "9d0d06ac4c4b956b992406941b5e26ed6ebc79b46ab3f13b0135cc1b18bbabd2", kill_on_drop: false }`
[INFO] running `Command { std: "docker" "exec" "-e" "SOURCE_DIR=/opt/rustwide/workdir" "-e" "CARGO_HOME=/opt/rustwide/cargo-home" "-e" "RUSTUP_HOME=/opt/rustwide/rustup-home" "-e" "CARGO_TARGET_DIR=/opt/rustwide/target" "-e" "CARGO_INCREMENTAL=0" "-e" "RUST_BACKTRACE=full" "-e" "RUSTFLAGS=--cap-lints=warn" "-e" "RUSTDOCFLAGS=--cap-lints=warn" "-w" "/opt/rustwide/workdir" "--user" "0:0" "9d0d06ac4c4b956b992406941b5e26ed6ebc79b46ab3f13b0135cc1b18bbabd2" "/opt/rustwide/cargo-home/bin/cargo" "+1.99.0-beta.8" "test" "--frozen" "--release", kill_on_drop: false }`
[INFO] [stderr] warning: found module declaration for lib.rs
[INFO] [stderr]  --> src/main.rs:1:1
[INFO] [stderr]   |
[INFO] [stderr] 1 | mod lib;
[INFO] [stderr]   | ^^^^^^^^
[INFO] [stderr]   |
[INFO] [stderr]   = note: lib.rs is the root of this crate's library target
[INFO] [stderr]   = help: to refer to it from other targets, use the library's name as the path
[INFO] [stderr]   = note: `#[warn(special_module_name)]` on by default
[INFO] [stderr] 
[INFO] [stderr] warning: `qr-generator` (bin "qr-generator" test) generated 1 warning
[INFO] [stderr]     Finished `release` profile [optimized] target(s) in 0.10s
[INFO] [stderr]      Running unittests src/lib.rs (/opt/rustwide/target/release/deps/qr_generator-486a2a625f413de1)
[INFO] [stdout] 
[INFO] [stdout] running 2 tests
[INFO] [stdout] test tests::test_calculate_hash ... ok
[INFO] [stdout] test tests::test_generate ... FAILED
[INFO] [stdout] 
[INFO] [stdout] failures:
[INFO] [stdout] 
[INFO] [stdout] ---- tests::test_generate stdout ----
[INFO] [stdout] 
[INFO] [stdout] thread 'tests::test_generate' (1663) panicked at src/lib.rs:42:28:
[INFO] [stdout] called `Result::unwrap()` on an `Err` value: Os { code: 30, kind: ReadOnlyFilesystem, message: "Read-only file system" }
[INFO] [stdout] stack backtrace:
[INFO] [stdout]    0:     0x626c237b4271 - <<std[70759c8f55707aa4]::sys::backtrace::BacktraceLock>::print::DisplayBacktrace as core[df12db4294e9bfd3]::fmt::Display>::fmt
[INFO] [stdout]    1:     0x626c237c907a - core[df12db4294e9bfd3]::fmt::write
[INFO] [stdout]    2:     0x626c237b88dc - <alloc[2182bb758b4b3781]::vec::Vec<u8> as core[df12db4294e9bfd3]::io::write::Write>::write_fmt
[INFO] [stdout]    3:     0x626c237907b6 - std[70759c8f55707aa4]::panicking::default_hook::{closure#0}
[INFO] [stderr] error: test failed, to rerun pass `--lib`
[INFO] [stdout]    4:     0x626c237ac9d9 - std[70759c8f55707aa4]::panicking::default_hook
[INFO] [stdout]    5:     0x626c23724120 - test[9d35eded1c95d3be]::test_main_inner::<test[9d35eded1c95d3be]::test_main_static::{closure#0}>::{closure#0}
[INFO] [stdout]    6:     0x626c237acb92 - std[70759c8f55707aa4]::panicking::panic_with_hook
[INFO] [stdout]    7:     0x626c23790862 - std[70759c8f55707aa4]::panicking::panic_handler::{closure#0}
[INFO] [stdout]    8:     0x626c237895b9 - std[70759c8f55707aa4]::sys::backtrace::__rust_end_short_backtrace::<std[70759c8f55707aa4]::panicking::panic_handler::{closure#0}, !>
[INFO] [stdout]    9:     0x626c2379145d - __rustc[8fa7c3cbc660c2b3]::rust_begin_unwind
[INFO] [stdout]   10:     0x626c237c97ac - core[df12db4294e9bfd3]::panicking::panic_fmt
[INFO] [stdout]   11:     0x626c237c9582 - core[df12db4294e9bfd3]::result::unwrap_failed
[INFO] [stdout]   12:     0x626c23716e47 - <qr_generator[c226279e7fb00eaf]::tests::test_generate::{closure#0} as core[df12db4294e9bfd3]::ops::function::FnOnce<()>>::call_once
[INFO] [stdout]   13:     0x626c2371740b - test[9d35eded1c95d3be]::__rust_begin_short_backtrace::<core[df12db4294e9bfd3]::result::Result<(), alloc[2182bb758b4b3781]::string::String>, fn() -> core[df12db4294e9bfd3]::result::Result<(), alloc[2182bb758b4b3781]::string::String>>
[INFO] [stdout]   14:     0x626c23724a75 - test[9d35eded1c95d3be]::run_test::{closure#0}
[INFO] [stdout]   15:     0x626c2371e334 - std[70759c8f55707aa4]::sys::backtrace::__rust_begin_short_backtrace::<test[9d35eded1c95d3be]::run_test::{closure#1}, ()>
[INFO] [stdout]   16:     0x626c23727bd2 - <std[70759c8f55707aa4]::thread::lifecycle::spawn_unchecked<test[9d35eded1c95d3be]::run_test::{closure#1}, ()>::{closure#1} as core[df12db4294e9bfd3]::ops::function::FnOnce<()>>::call_once::{shim:vtable#0}
[INFO] [stdout]   17:     0x626c237b3b49 - <std[70759c8f55707aa4]::sys::thread::unix::Thread>::new::thread_start
[INFO] [stdout]   18:     0x7a70dec1bdfa - <unknown>
[INFO] [stdout]   19:     0x7a70decaf3d4 - clone
[INFO] [stdout]   20:                0x0 - <unknown>
[INFO] [stdout] 
[INFO] [stdout] 
[INFO] [stdout] failures:
[INFO] [stdout]     tests::test_generate
[INFO] [stdout] 
[INFO] [stdout] test result: FAILED. 1 passed; 1 failed; 0 ignored; 0 measured; 0 filtered out; finished in 0.00s
[INFO] [stdout] 
[INFO] running `Command { std: "docker" "inspect" "9d0d06ac4c4b956b992406941b5e26ed6ebc79b46ab3f13b0135cc1b18bbabd2", kill_on_drop: false }`
[INFO] running `Command { std: "docker" "rm" "-f" "9d0d06ac4c4b956b992406941b5e26ed6ebc79b46ab3f13b0135cc1b18bbabd2", kill_on_drop: false }`
[INFO] [stdout] 9d0d06ac4c4b956b992406941b5e26ed6ebc79b46ab3f13b0135cc1b18bbabd2
