[INFO] fetching crate qql-convert 0.5.0...
[INFO] testing qql-convert-0.5.0 against 1.99.0-beta.8+cargoflags=--release for beta-release-1.100-2
[INFO] extracting crate qql-convert 0.5.0 into /workspace/builds/worker-5-tc1/source
[INFO] started tweaking crates.io crate qql-convert 0.5.0
[INFO] removed 0 missing tests
[INFO] finished tweaking crates.io crate qql-convert 0.5.0
[INFO] tweaked toml for crates.io crate qql-convert 0.5.0 written to /workspace/builds/worker-5-tc1/source/Cargo.toml
[INFO] validating manifest of crates.io crate qql-convert 0.5.0 on toolchain 1.99.0-beta.8
[INFO] running `Command { std: CARGO_HOME="/workspace/cargo-home" RUSTUP_HOME="/workspace/rustup-home" "/workspace/cargo-home/bin/cargo" "+1.99.0-beta.8" "metadata" "--manifest-path" "Cargo.toml" "--no-deps", kill_on_drop: false }`
[INFO] crate crates.io crate qql-convert 0.5.0 already has a lockfile, it will not be regenerated
[INFO] running `Command { std: CARGO_HOME="/workspace/cargo-home" RUSTUP_HOME="/workspace/rustup-home" "/workspace/cargo-home/bin/cargo" "+1.99.0-beta.8" "fetch" "--manifest-path" "Cargo.toml", kill_on_drop: false }`
[INFO] [stderr]     Updating crates.io index
[INFO] [stderr]  Downloading crates ...
[INFO] [stderr]   Downloaded qql-plan v0.5.0
[INFO] [stderr]   Downloaded qql-core v0.5.0
[INFO] running `Command { std: "docker" "create" "-v" "/var/lib/crater-agent-workspace/builds/worker-5-tc1/source:/opt/rustwide/workdir:ro,Z" "-v" "/var/lib/crater-agent-workspace/builds/worker-5-tc1/target:/opt/rustwide/target:rw,Z" "-v" "/var/lib/crater-agent-workspace/cargo-home:/opt/rustwide/cargo-home:ro,Z" "-v" "/var/lib/crater-agent-workspace/rustup-home:/opt/rustwide/rustup-home:ro,Z" "-m" "1610612736" "--network" "none" "ghcr.io/rust-lang/crates-build-env/linux@sha256:77db811e55d90add9212f6832c23229e3de5f1c1f9905e8cb07319ea15df73ac" "sleep" "infinity", kill_on_drop: false }`
[INFO] [stdout] de258c6a087d1a12ac6526e7d387527eef83e0cb25d9b36edb992a24a60dcff4
[INFO] running `Command { std: "docker" "start" "de258c6a087d1a12ac6526e7d387527eef83e0cb25d9b36edb992a24a60dcff4", kill_on_drop: false }`
[INFO] running `Command { std: "docker" "inspect" "de258c6a087d1a12ac6526e7d387527eef83e0cb25d9b36edb992a24a60dcff4", kill_on_drop: false }`
[INFO] running `Command { std: "docker" "exec" "-e" "SOURCE_DIR=/opt/rustwide/workdir" "-e" "CARGO_HOME=/opt/rustwide/cargo-home" "-e" "RUSTUP_HOME=/opt/rustwide/rustup-home" "-e" "CARGO_TARGET_DIR=/opt/rustwide/target" "-w" "/opt/rustwide/workdir" "--user" "0:0" "de258c6a087d1a12ac6526e7d387527eef83e0cb25d9b36edb992a24a60dcff4" "/opt/rustwide/cargo-home/bin/cargo" "+1.99.0-beta.8" "metadata" "--no-deps" "--format-version=1", kill_on_drop: false }`
[INFO] running `Command { std: "docker" "inspect" "de258c6a087d1a12ac6526e7d387527eef83e0cb25d9b36edb992a24a60dcff4", kill_on_drop: false }`
[INFO] running `Command { std: "docker" "exec" "-e" "SOURCE_DIR=/opt/rustwide/workdir" "-e" "CARGO_HOME=/opt/rustwide/cargo-home" "-e" "RUSTUP_HOME=/opt/rustwide/rustup-home" "-e" "CARGO_TARGET_DIR=/opt/rustwide/target" "-e" "CARGO_INCREMENTAL=0" "-e" "RUST_BACKTRACE=full" "-e" "RUSTFLAGS=--cap-lints=warn" "-e" "RUSTDOCFLAGS=--cap-lints=warn" "-w" "/opt/rustwide/workdir" "--user" "0:0" "de258c6a087d1a12ac6526e7d387527eef83e0cb25d9b36edb992a24a60dcff4" "/opt/rustwide/cargo-home/bin/cargo" "+1.99.0-beta.8" "build" "--frozen" "--message-format=json" "--release", kill_on_drop: false }`
[INFO] [stderr]    Compiling phf_shared v0.14.0
[INFO] [stderr]    Compiling fastrand v2.5.0
[INFO] [stderr]    Compiling syn v3.0.6
[INFO] [stderr]    Compiling serde_json v1.0.151
[INFO] [stderr]    Compiling phf_generator v0.14.0
[INFO] [stderr]    Compiling phf_macros v0.14.0
[INFO] [stderr]    Compiling phf v0.14.0
[INFO] [stderr]    Compiling serde_derive v1.0.229
[INFO] [stderr]    Compiling serde v1.0.229
[INFO] [stderr]    Compiling qql-core v0.5.0
[INFO] [stderr]    Compiling qql-convert v0.5.0 (/opt/rustwide/workdir)
[INFO] [stderr]     Finished `release` profile [optimized] target(s) in 32.63s
[INFO] running `Command { std: "docker" "inspect" "de258c6a087d1a12ac6526e7d387527eef83e0cb25d9b36edb992a24a60dcff4", kill_on_drop: false }`
[INFO] running `Command { std: "docker" "exec" "-e" "SOURCE_DIR=/opt/rustwide/workdir" "-e" "CARGO_HOME=/opt/rustwide/cargo-home" "-e" "RUSTUP_HOME=/opt/rustwide/rustup-home" "-e" "CARGO_TARGET_DIR=/opt/rustwide/target" "-e" "CARGO_INCREMENTAL=0" "-e" "RUST_BACKTRACE=full" "-e" "RUSTFLAGS=--cap-lints=warn" "-e" "RUSTDOCFLAGS=--cap-lints=warn" "-w" "/opt/rustwide/workdir" "--user" "0:0" "de258c6a087d1a12ac6526e7d387527eef83e0cb25d9b36edb992a24a60dcff4" "/opt/rustwide/cargo-home/bin/cargo" "+1.99.0-beta.8" "test" "--frozen" "--no-run" "--message-format=json" "--release", kill_on_drop: false }`
[INFO] [stderr]    Compiling uuid v1.26.1
[INFO] [stderr]    Compiling qql-plan v0.5.0
[INFO] [stderr]    Compiling qql-convert v0.5.0 (/opt/rustwide/workdir)
[INFO] [stderr]     Finished `release` profile [optimized] target(s) in 26.45s
[INFO] running `Command { std: "docker" "inspect" "de258c6a087d1a12ac6526e7d387527eef83e0cb25d9b36edb992a24a60dcff4", kill_on_drop: false }`
[INFO] running `Command { std: "docker" "exec" "-e" "SOURCE_DIR=/opt/rustwide/workdir" "-e" "CARGO_HOME=/opt/rustwide/cargo-home" "-e" "RUSTUP_HOME=/opt/rustwide/rustup-home" "-e" "CARGO_TARGET_DIR=/opt/rustwide/target" "-e" "CARGO_INCREMENTAL=0" "-e" "RUST_BACKTRACE=full" "-e" "RUSTFLAGS=--cap-lints=warn" "-e" "RUSTDOCFLAGS=--cap-lints=warn" "-w" "/opt/rustwide/workdir" "--user" "0:0" "de258c6a087d1a12ac6526e7d387527eef83e0cb25d9b36edb992a24a60dcff4" "/opt/rustwide/cargo-home/bin/cargo" "+1.99.0-beta.8" "test" "--frozen" "--release", kill_on_drop: false }`
[INFO] [stderr]     Finished `release` profile [optimized] target(s) in 0.04s
[INFO] [stdout] 
[INFO] [stderr]      Running unittests src/lib.rs (/opt/rustwide/target/release/deps/qql_convert-2daab21520503187)
[INFO] [stdout] running 0 tests
[INFO] [stderr]      Running tests/adversarial.rs (/opt/rustwide/target/release/deps/adversarial-2ebbddc6527d2ba7)
[INFO] [stdout] 
[INFO] [stderr]      Running tests/contract.rs (/opt/rustwide/target/release/deps/contract-d94e1a71e7f080c0)
[INFO] [stdout] test result: ok. 0 passed; 0 failed; 0 ignored; 0 measured; 0 filtered out; finished in 0.00s
[INFO] [stdout] 
[INFO] [stdout] 
[INFO] [stdout] running 9 tests
[INFO] [stdout] test batch_map_vectors_decode_like_per_point_vectors ... ok
[INFO] [stdout] test geo_filters_are_real_ast_and_replan ... ok
[INFO] [stdout] test uuid_ids_decode_and_replan_as_strings ... ok
[INFO] [stdout] test empty_selectors_and_params_do_not_emit_empty_clauses ... ok
[INFO] [stdout] test shard_key_types_survive_the_round_trip ... ok
[INFO] [stdout] test empty_bool_lists_follow_upstream_semantics ... ok
[INFO] [stdout] test empty_and_mismatched_vector_literals_fail_closed ... ok
[INFO] [stdout] test scroll_offset_inverts_the_exclusive_after_cursor ... ok
[INFO] [stdout] test wrong_shapes_are_typed_errors_never_junk ... ok
[INFO] [stdout] 
[INFO] [stdout] test result: ok. 9 passed; 0 failed; 0 ignored; 0 measured; 0 filtered out; finished in 0.00s
[INFO] [stdout] 
[INFO] [stdout] 
[INFO] [stdout] running 3 tests
[INFO] [stdout] test alias_helper_is_not_a_qql_statement ... ok
[INFO] [stdout] test representative_bodies_decode_for_every_matrix_row ... ok
[INFO] [stdout] test every_matrix_route_exists_in_openapi ... FAILED
[INFO] [stdout] 
[INFO] [stdout] failures:
[INFO] [stdout] 
[INFO] [stdout] ---- every_matrix_route_exists_in_openapi stdout ----
[INFO] [stdout] 
[INFO] [stdout] thread 'every_matrix_route_exists_in_openapi' (878) panicked at tests/contract.rs:20:45:
[INFO] [stdout] read crates/qql-runtime/openapi.json: Os { code: 2, kind: NotFound, message: "No such file or directory" }
[INFO] [stdout] stack backtrace:
[INFO] [stdout]    0:     0x61c9c6ef3a81 - <<std[70759c8f55707aa4]::sys::backtrace::BacktraceLock>::print::DisplayBacktrace as core[df12db4294e9bfd3]::fmt::Display>::fmt
[INFO] [stdout]    1:     0x61c9c6f09c0a - core[df12db4294e9bfd3]::fmt::write
[INFO] [stdout]    2:     0x61c9c6ef7f1c - <alloc[2182bb758b4b3781]::vec::Vec<u8> as core[df12db4294e9bfd3]::io::write::Write>::write_fmt
[INFO] [stdout]    3:     0x61c9c6ecfd06 - std[70759c8f55707aa4]::panicking::default_hook::{closure#0}
[INFO] [stdout]    4:     0x61c9c6eebe79 - std[70759c8f55707aa4]::panicking::default_hook
[INFO] [stdout]    5:     0x61c9c6d690b0 - test[9d35eded1c95d3be]::test_main_inner::<test[9d35eded1c95d3be]::test_main_static::{closure#0}>::{closure#0}
[INFO] [stdout]    6:     0x61c9c6eec032 - std[70759c8f55707aa4]::panicking::panic_with_hook
[INFO] [stdout]    7:     0x61c9c6ecfdb2 - std[70759c8f55707aa4]::panicking::panic_handler::{closure#0}
[INFO] [stdout]    8:     0x61c9c6ec89a9 - std[70759c8f55707aa4]::sys::backtrace::__rust_end_short_backtrace::<std[70759c8f55707aa4]::panicking::panic_handler::{closure#0}, !>
[INFO] [stdout]    9:     0x61c9c6ed09ad - __rustc[8fa7c3cbc660c2b3]::rust_begin_unwind
[INFO] [stdout]   10:     0x61c9c6f0a33c - core[df12db4294e9bfd3]::panicking::panic_fmt
[INFO] [stdout]   11:     0x61c9c6f0a112 - core[df12db4294e9bfd3]::result::unwrap_failed
[INFO] [stdout]   12:     0x61c9c6d52edf - <contract[89dcac26fbca5b31]::every_matrix_route_exists_in_openapi::{closure#0} as core[df12db4294e9bfd3]::ops::function::FnOnce<()>>::call_once
[INFO] [stdout]   13:     0x61c9c6d5c39b - test[9d35eded1c95d3be]::__rust_begin_short_backtrace::<core[df12db4294e9bfd3]::result::Result<(), alloc[2182bb758b4b3781]::string::String>, fn() -> core[df12db4294e9bfd3]::result::Result<(), alloc[2182bb758b4b3781]::string::String>>
[INFO] [stdout]   14:     0x61c9c6d69a05 - test[9d35eded1c95d3be]::run_test::{closure#0}
[INFO] [stdout]   15:     0x61c9c6d632c4 - std[70759c8f55707aa4]::sys::backtrace::__rust_begin_short_backtrace::<test[9d35eded1c95d3be]::run_test::{closure#1}, ()>
[INFO] [stdout]   16:     0x61c9c6d6cb62 - <std[70759c8f55707aa4]::thread::lifecycle::spawn_unchecked<test[9d35eded1c95d3be]::run_test::{closure#1}, ()>::{closure#1} as core[df12db4294e9bfd3]::ops::function::FnOnce<()>>::call_once::{shim:vtable#0}
[INFO] [stdout]   17:     0x61c9c6ef2fe9 - <std[70759c8f55707aa4]::sys::thread::unix::Thread>::new::thread_start
[INFO] [stdout]   18:     0x78115b0c4dfa - <unknown>
[INFO] [stdout]   19:     0x78115b1583d4 - clone
[INFO] [stdout]   20:                0x0 - <unknown>
[INFO] [stdout] 
[INFO] [stdout] 
[INFO] [stdout] failures:
[INFO] [stdout]     every_matrix_route_exists_in_openapi
[INFO] [stdout] 
[INFO] [stdout] test result: FAILED. 2 passed; 1 failed; 0 ignored; 0 measured; 0 filtered out; finished in 0.00s
[INFO] [stdout] 
[INFO] [stderr] error: test failed, to rerun pass `--test contract`
[INFO] running `Command { std: "docker" "inspect" "de258c6a087d1a12ac6526e7d387527eef83e0cb25d9b36edb992a24a60dcff4", kill_on_drop: false }`
[INFO] running `Command { std: "docker" "rm" "-f" "de258c6a087d1a12ac6526e7d387527eef83e0cb25d9b36edb992a24a60dcff4", kill_on_drop: false }`
[INFO] [stdout] de258c6a087d1a12ac6526e7d387527eef83e0cb25d9b36edb992a24a60dcff4
