[INFO] fetching crate qpay 1.0.0...
[INFO] testing qpay-1.0.0 against 1.99.0-beta.8+cargoflags=--release for beta-release-1.100-2
[INFO] extracting crate qpay 1.0.0 into /workspace/builds/worker-1-tc1/source
[INFO] started tweaking crates.io crate qpay 1.0.0
[INFO] removed 0 missing tests
[INFO] finished tweaking crates.io crate qpay 1.0.0
[INFO] tweaked toml for crates.io crate qpay 1.0.0 written to /workspace/builds/worker-1-tc1/source/Cargo.toml
[INFO] validating manifest of crates.io crate qpay 1.0.0 on toolchain 1.99.0-beta.8
[INFO] running `Command { std: CARGO_HOME="/workspace/cargo-home" RUSTUP_HOME="/workspace/rustup-home" "/workspace/cargo-home/bin/cargo" "+1.99.0-beta.8" "metadata" "--manifest-path" "Cargo.toml" "--no-deps", kill_on_drop: false }`
[INFO] crate crates.io crate qpay 1.0.0 already has a lockfile, it will not be regenerated
[INFO] running `Command { std: CARGO_HOME="/workspace/cargo-home" RUSTUP_HOME="/workspace/rustup-home" "/workspace/cargo-home/bin/cargo" "+1.99.0-beta.8" "fetch" "--manifest-path" "Cargo.toml", kill_on_drop: false }`
[INFO] running `Command { std: "docker" "create" "-v" "/var/lib/crater-agent-workspace/builds/worker-1-tc1/source:/opt/rustwide/workdir:ro,Z" "-v" "/var/lib/crater-agent-workspace/builds/worker-1-tc1/target:/opt/rustwide/target:rw,Z" "-v" "/var/lib/crater-agent-workspace/cargo-home:/opt/rustwide/cargo-home:ro,Z" "-v" "/var/lib/crater-agent-workspace/rustup-home:/opt/rustwide/rustup-home:ro,Z" "-m" "1610612736" "--network" "none" "ghcr.io/rust-lang/crates-build-env/linux@sha256:77db811e55d90add9212f6832c23229e3de5f1c1f9905e8cb07319ea15df73ac" "sleep" "infinity", kill_on_drop: false }`
[INFO] [stdout] 762a98f05ec1ce4094d9d167f90eeb2b433142dfad8defe64258d20b3614ee35
[INFO] running `Command { std: "docker" "start" "762a98f05ec1ce4094d9d167f90eeb2b433142dfad8defe64258d20b3614ee35", kill_on_drop: false }`
[INFO] running `Command { std: "docker" "inspect" "762a98f05ec1ce4094d9d167f90eeb2b433142dfad8defe64258d20b3614ee35", kill_on_drop: false }`
[INFO] running `Command { std: "docker" "exec" "-e" "SOURCE_DIR=/opt/rustwide/workdir" "-e" "CARGO_HOME=/opt/rustwide/cargo-home" "-e" "RUSTUP_HOME=/opt/rustwide/rustup-home" "-e" "CARGO_TARGET_DIR=/opt/rustwide/target" "-w" "/opt/rustwide/workdir" "--user" "0:0" "762a98f05ec1ce4094d9d167f90eeb2b433142dfad8defe64258d20b3614ee35" "/opt/rustwide/cargo-home/bin/cargo" "+1.99.0-beta.8" "metadata" "--no-deps" "--format-version=1", kill_on_drop: false }`
[INFO] running `Command { std: "docker" "inspect" "762a98f05ec1ce4094d9d167f90eeb2b433142dfad8defe64258d20b3614ee35", kill_on_drop: false }`
[INFO] running `Command { std: "docker" "exec" "-e" "SOURCE_DIR=/opt/rustwide/workdir" "-e" "CARGO_HOME=/opt/rustwide/cargo-home" "-e" "RUSTUP_HOME=/opt/rustwide/rustup-home" "-e" "CARGO_TARGET_DIR=/opt/rustwide/target" "-e" "CARGO_INCREMENTAL=0" "-e" "RUST_BACKTRACE=full" "-e" "RUSTFLAGS=--cap-lints=warn" "-e" "RUSTDOCFLAGS=--cap-lints=warn" "-w" "/opt/rustwide/workdir" "--user" "0:0" "762a98f05ec1ce4094d9d167f90eeb2b433142dfad8defe64258d20b3614ee35" "/opt/rustwide/cargo-home/bin/cargo" "+1.99.0-beta.8" "build" "--frozen" "--message-format=json" "--release", kill_on_drop: false }`
[INFO] [stderr]    Compiling syn v2.0.117
[INFO] [stderr]    Compiling cc v1.2.56
[INFO] [stderr]    Compiling tracing v0.1.44
[INFO] [stderr]    Compiling futures-util v0.3.32
[INFO] [stderr]    Compiling http-body-util v0.1.3
[INFO] [stderr]    Compiling iri-string v0.7.10
[INFO] [stderr]    Compiling serde_json v1.0.149
[INFO] [stderr]    Compiling openssl-sys v0.9.111
[INFO] [stderr]    Compiling openssl v0.10.75
[INFO] [stderr]    Compiling native-tls v0.2.18
[INFO] [stderr]    Compiling synstructure v0.13.2
[INFO] [stderr]    Compiling zerovec-derive v0.11.2
[INFO] [stderr]    Compiling displaydoc v0.2.5
[INFO] [stderr]    Compiling tokio-macros v2.6.0
[INFO] [stderr]    Compiling openssl-macros v0.1.1
[INFO] [stderr]    Compiling serde_derive v1.0.228
[INFO] [stderr]    Compiling thiserror-impl v2.0.18
[INFO] [stderr]    Compiling zerofrom-derive v0.1.6
[INFO] [stderr]    Compiling yoke-derive v0.8.1
[INFO] [stderr]    Compiling tokio v1.49.0
[INFO] [stderr]    Compiling zerofrom v0.1.6
[INFO] [stderr]    Compiling thiserror v2.0.18
[INFO] [stderr]    Compiling yoke v0.8.1
[INFO] [stderr]    Compiling zerotrie v0.2.3
[INFO] [stderr]    Compiling zerovec v0.11.5
[INFO] [stderr]    Compiling tinystr v0.8.2
[INFO] [stderr]    Compiling potential_utf v0.1.4
[INFO] [stderr]    Compiling icu_locale_core v2.1.1
[INFO] [stderr]    Compiling icu_collections v2.1.1
[INFO] [stderr]    Compiling icu_provider v2.1.1
[INFO] [stderr]    Compiling serde v1.0.228
[INFO] [stderr]    Compiling icu_normalizer v2.1.1
[INFO] [stderr]    Compiling icu_properties v2.1.2
[INFO] [stderr]    Compiling serde_urlencoded v0.7.1
[INFO] [stderr]    Compiling idna_adapter v1.2.1
[INFO] [stderr]    Compiling idna v1.1.0
[INFO] [stderr]    Compiling url v2.5.8
[INFO] [stderr]    Compiling tokio-util v0.7.18
[INFO] [stderr]    Compiling tokio-native-tls v0.3.1
[INFO] [stderr]    Compiling tower v0.5.3
[INFO] [stderr]    Compiling h2 v0.4.13
[INFO] [stderr]    Compiling tower-http v0.6.8
[INFO] [stderr]    Compiling hyper v1.8.1
[INFO] [stderr]    Compiling hyper-util v0.1.20
[INFO] [stderr]    Compiling hyper-tls v0.6.0
[INFO] [stderr]    Compiling reqwest v0.12.28
[INFO] [stderr]    Compiling qpay v1.0.0 (/opt/rustwide/workdir)
[INFO] [stderr]     Finished `release` profile [optimized] target(s) in 1m 05s
[INFO] running `Command { std: "docker" "inspect" "762a98f05ec1ce4094d9d167f90eeb2b433142dfad8defe64258d20b3614ee35", kill_on_drop: false }`
[INFO] running `Command { std: "docker" "exec" "-e" "SOURCE_DIR=/opt/rustwide/workdir" "-e" "CARGO_HOME=/opt/rustwide/cargo-home" "-e" "RUSTUP_HOME=/opt/rustwide/rustup-home" "-e" "CARGO_TARGET_DIR=/opt/rustwide/target" "-e" "CARGO_INCREMENTAL=0" "-e" "RUST_BACKTRACE=full" "-e" "RUSTFLAGS=--cap-lints=warn" "-e" "RUSTDOCFLAGS=--cap-lints=warn" "-w" "/opt/rustwide/workdir" "--user" "0:0" "762a98f05ec1ce4094d9d167f90eeb2b433142dfad8defe64258d20b3614ee35" "/opt/rustwide/cargo-home/bin/cargo" "+1.99.0-beta.8" "test" "--frozen" "--no-run" "--message-format=json" "--release", kill_on_drop: false }`
[INFO] [stderr]    Compiling tokio v1.49.0
[INFO] [stderr]    Compiling assert-json-diff v2.0.2
[INFO] [stderr]    Compiling similar v2.7.0
[INFO] [stderr]    Compiling ppv-lite86 v0.2.21
[INFO] [stderr]    Compiling rand_chacha v0.9.0
[INFO] [stderr]    Compiling rand v0.9.2
[INFO] [stderr]    Compiling tokio-util v0.7.18
[INFO] [stderr]    Compiling tower v0.5.3
[INFO] [stderr]    Compiling tokio-native-tls v0.3.1
[INFO] [stderr]    Compiling h2 v0.4.13
[INFO] [stderr]    Compiling tower-http v0.6.8
[INFO] [stderr]    Compiling hyper v1.8.1
[INFO] [stderr]    Compiling hyper-util v0.1.20
[INFO] [stderr]    Compiling hyper-tls v0.6.0
[INFO] [stderr]    Compiling mockito v1.7.2
[INFO] [stderr]    Compiling reqwest v0.12.28
[INFO] [stderr]    Compiling qpay v1.0.0 (/opt/rustwide/workdir)
[INFO] [stderr]     Finished `release` profile [optimized] target(s) in 1m 06s
[INFO] running `Command { std: "docker" "inspect" "762a98f05ec1ce4094d9d167f90eeb2b433142dfad8defe64258d20b3614ee35", kill_on_drop: false }`
[INFO] running `Command { std: "docker" "exec" "-e" "SOURCE_DIR=/opt/rustwide/workdir" "-e" "CARGO_HOME=/opt/rustwide/cargo-home" "-e" "RUSTUP_HOME=/opt/rustwide/rustup-home" "-e" "CARGO_TARGET_DIR=/opt/rustwide/target" "-e" "CARGO_INCREMENTAL=0" "-e" "RUST_BACKTRACE=full" "-e" "RUSTFLAGS=--cap-lints=warn" "-e" "RUSTDOCFLAGS=--cap-lints=warn" "-w" "/opt/rustwide/workdir" "--user" "0:0" "762a98f05ec1ce4094d9d167f90eeb2b433142dfad8defe64258d20b3614ee35" "/opt/rustwide/cargo-home/bin/cargo" "+1.99.0-beta.8" "test" "--frozen" "--release", kill_on_drop: false }`
[INFO] [stderr]     Finished `release` profile [optimized] target(s) in 0.20s
[INFO] [stderr]      Running unittests src/lib.rs (/opt/rustwide/target/release/deps/qpay-c8ea225aeeb633fe)
[INFO] [stdout] 
[INFO] [stdout] running 0 tests
[INFO] [stdout] 
[INFO] [stdout] test result: ok. 0 passed; 0 failed; 0 ignored; 0 measured; 0 filtered out; finished in 0.00s
[INFO] [stdout] 
[INFO] [stderr]      Running tests/client_test.rs (/opt/rustwide/target/release/deps/client_test-d474e512958a801f)
[INFO] [stdout] 
[INFO] [stdout] running 23 tests
[INFO] [stdout] test test_create_invoice_api_error ... ok
[INFO] [stdout] test test_check_payment_no_payments ... ok
[INFO] [stdout] test test_create_ebarimt_success ... ok
[INFO] [stdout] test test_create_invoice_success ... ok
[INFO] [stdout] test test_get_token_non_json_error ... ok
[INFO] [stdout] test test_create_ebarimt_invoice_success ... ok
[INFO] [stdout] test test_auto_token_refresh_on_expired ... ok
[INFO] [stdout] test test_cancel_payment_success ... ok
[INFO] [stdout] test test_get_payment_not_found ... ok
[INFO] [stdout] test test_get_payment_success ... ok
[INFO] [stdout] test test_check_payment_success ... ok
[INFO] [stdout] test test_cancel_payment_already_canceled ... ok
[INFO] [stdout] test test_cancel_ebarimt_success ... ok
[INFO] [stdout] test test_cancel_invoice_not_found ... ok
[INFO] [stdout] test test_cancel_invoice_success ... ok
[INFO] [stdout] test test_create_simple_invoice_success ... ok
[INFO] [stdout] test test_refresh_token_success ... ok
[INFO] [stdout] test test_get_token_unauthorized ... ok
[INFO] [stdout] test test_with_http_client ... ok
[INFO] [stdout] test test_list_payments_success ... ok
[INFO] [stdout] test test_get_token_success ... ok
[INFO] [stdout] test test_refund_payment_success ... ok
[INFO] [stdout] test test_server_error_500 ... ok
[INFO] [stdout] 
[INFO] [stdout] test result: ok. 23 passed; 0 failed; 0 ignored; 0 measured; 0 filtered out; finished in 0.31s
[INFO] [stdout] 
[INFO] [stderr]      Running tests/config_test.rs (/opt/rustwide/target/release/deps/config_test-f4a6c0e13f2ec29a)
[INFO] [stdout] 
[INFO] [stdout] running 11 tests
[INFO] [stdout] test test_config_from_env_missing_base_url ... ok
[INFO] [stdout] test test_config_from_env_missing_username ... ok
[INFO] [stdout] test test_config_clone ... ok
[INFO] [stdout] test test_config_new ... ok
[INFO] [stdout] test test_config_from_env_missing_password ... ok
[INFO] [stdout] test test_config_from_env_missing_invoice_code ... ok
[INFO] [stdout] test test_config_from_env_missing_callback_url ... ok
[INFO] [stdout] test test_config_new_with_string_types ... ok
[INFO] [stdout] test test_config_debug ... ok
[INFO] [stdout] test test_config_from_env_success ... ok
[INFO] [stdout] test test_config_from_env_error_is_config_variant ... ok
[INFO] [stdout] 
[INFO] [stdout] test result: ok. 11 passed; 0 failed; 0 ignored; 0 measured; 0 filtered out; finished in 0.01s
[INFO] [stdout] 
[INFO] [stderr]      Running tests/error_test.rs (/opt/rustwide/target/release/deps/error_test-5a2374b489fb9865)
[INFO] [stdout] 
[INFO] [stdout] running 12 tests
[INFO] [stdout] test test_api_error_with_empty_fields ... ok
[INFO] [stdout] test test_config_error_display ... ok
[INFO] [stdout] test test_is_qpay_error_with_api_error ... ok
[INFO] [stdout] test test_error_constants ... ok
[INFO] [stdout] test test_error_debug_format ... ok
[INFO] [stdout] test test_is_qpay_error_with_token_error ... ok
[INFO] [stdout] test test_api_error_display ... ok
[INFO] [stdout] test test_is_qpay_error_with_config_error ... ok
[INFO] [stdout] test test_is_qpay_error_with_json_error ... ok
[INFO] [stdout] test test_json_error_display ... ok
[INFO] [stdout] test test_json_error_from_conversion ... ok
[INFO] [stdout] test test_token_error_display ... ok
[INFO] [stdout] 
[INFO] [stdout] test result: ok. 12 passed; 0 failed; 0 ignored; 0 measured; 0 filtered out; finished in 0.00s
[INFO] [stdout] 
[INFO] [stderr]      Running tests/models_test.rs (/opt/rustwide/target/release/deps/models_test-ca01c37340624b4a)
[INFO] [stdout] 
[INFO] [stdout] running 39 tests
[INFO] [stdout] test test_account_deserialize ... ok
[INFO] [stdout] test test_address_serialize_skip_none ... ok
[INFO] [stdout] test test_card_transaction_deserialize ... ok
[INFO] [stdout] test test_ebarimt_invoice_line_serialize ... ok
[INFO] [stdout] test test_address_deserialize_full ... ok
[INFO] [stdout] test test_address_default ... ok
[INFO] [stdout] test test_invoice_receiver_data_default ... ok
[INFO] [stdout] test test_invoice_response_deserialize ... ok
[INFO] [stdout] test test_invoice_line_serialize ... ok
[INFO] [stdout] test test_payment_cancel_request_default ... ok
[INFO] [stdout] test test_create_ebarimt_request_deserialize ... ok
[INFO] [stdout] test test_payment_check_response_deserialize ... ok
[INFO] [stdout] test test_payment_list_request_serialize ... ok
[INFO] [stdout] test test_payment_refund_request_default ... ok
[INFO] [stdout] test test_payment_check_response_no_paid_amount ... ok
[INFO] [stdout] test test_payment_check_request_without_offset ... ok
[INFO] [stdout] test test_payment_detail_deserialize ... ok
[INFO] [stdout] test test_payment_list_response_deserialize ... ok
[INFO] [stdout] test test_payment_cancel_request_with_values ... ok
[INFO] [stdout] test test_payment_check_request_serialize ... ok
[INFO] [stdout] test test_payment_cancel_request_skip_none ... ok
[INFO] [stdout] test test_p2p_transaction_deserialize ... ok
[INFO] [stdout] test test_invoice_response_serialize_preserves_qpay_short_url_field ... ok
[INFO] [stdout] test test_create_invoice_request_minimal ... ok
[INFO] [stdout] test test_payment_refund_request_skip_none ... ok
[INFO] [stdout] test test_create_ebarimt_request_serialize ... FAILED
[INFO] [stdout] test test_offset_roundtrip ... ok
[INFO] [stdout] test test_create_ebarimt_invoice_request_serialize ... ok
[INFO] [stdout] test test_simple_invoice_request_deserialize ... ok
[INFO] [stdout] test test_deeplink_deserialize ... ok
[INFO] [stdout] test test_token_response_serialize ... ok
[INFO] [stdout] test test_simple_invoice_request_serialize ... ok
[INFO] [stdout] test test_token_response_roundtrip ... ok
[INFO] [stdout] test test_token_response_deserialize ... ok
[INFO] [stdout] test test_tax_entry_serialize ... ok
[INFO] [stdout] test test_sender_branch_data_default ... ok
[INFO] [stdout] test test_simple_invoice_request_with_branch_code ... ok
[INFO] [stdout] test test_transaction_serialize ... ok
[INFO] [stdout] test test_sender_staff_data_default ... ok
[INFO] [stdout] 
[INFO] [stdout] failures:
[INFO] [stdout] 
[INFO] [stdout] ---- test_create_ebarimt_request_serialize stdout ----
[INFO] [stdout] 
[INFO] [stdout] thread 'test_create_ebarimt_request_serialize' (1599) panicked at tests/models_test.rs:390:5:
[INFO] [stdout] assertion failed: !json.contains("ebarimt_receiver")
[INFO] [stdout] stack backtrace:
[INFO] [stdout]    0:     0x60885a4d45a1 - <<std[70759c8f55707aa4]::sys::backtrace::BacktraceLock>::print::DisplayBacktrace as core[df12db4294e9bfd3]::fmt::Display>::fmt
[INFO] [stdout]    1:     0x60885a4e927a - core[df12db4294e9bfd3]::fmt::write
[INFO] [stdout]    2:     0x60885a4d8a3c - <alloc[2182bb758b4b3781]::vec::Vec<u8> as core[df12db4294e9bfd3]::io::write::Write>::write_fmt
[INFO] [stdout]    3:     0x60885a4b0b96 - std[70759c8f55707aa4]::panicking::default_hook::{closure#0}
[INFO] [stdout]    4:     0x60885a4ccd09 - std[70759c8f55707aa4]::panicking::default_hook
[INFO] [stdout]    5:     0x60885a463660 - test[9d35eded1c95d3be]::test_main_inner::<test[9d35eded1c95d3be]::test_main_static::{closure#0}>::{closure#0}
[INFO] [stdout]    6:     0x60885a4ccec2 - std[70759c8f55707aa4]::panicking::panic_with_hook
[INFO] [stdout]    7:     0x60885a4b0c74 - std[70759c8f55707aa4]::panicking::panic_handler::{closure#0}
[INFO] [stdout]    8:     0x60885a4a99c9 - std[70759c8f55707aa4]::sys::backtrace::__rust_end_short_backtrace::<std[70759c8f55707aa4]::panicking::panic_handler::{closure#0}, !>
[INFO] [stdout]    9:     0x60885a4b183d - __rustc[8fa7c3cbc660c2b3]::rust_begin_unwind
[INFO] [stdout]   10:     0x60885a4e99ac - core[df12db4294e9bfd3]::panicking::panic_fmt
[INFO] [stdout]   11:     0x60885a4e9972 - core[df12db4294e9bfd3]::panicking::panic
[INFO] [stdout]   12:     0x60885a44c096 - <models_test[f8a6089a2304bc14]::test_create_ebarimt_request_serialize::{closure#0} as core[df12db4294e9bfd3]::ops::function::FnOnce<()>>::call_once
[INFO] [stdout]   13:     0x60885a45694b - test[9d35eded1c95d3be]::__rust_begin_short_backtrace::<core[df12db4294e9bfd3]::result::Result<(), alloc[2182bb758b4b3781]::string::String>, fn() -> core[df12db4294e9bfd3]::result::Result<(), alloc[2182bb758b4b3781]::string::String>>
[INFO] [stdout]   14:     0x60885a463fb5 - test[9d35eded1c95d3be]::run_test::{closure#0}
[INFO] [stdout]   15:     0x60885a45d874 - std[70759c8f55707aa4]::sys::backtrace::__rust_begin_short_backtrace::<test[9d35eded1c95d3be]::run_test::{closure#1}, ()>
[INFO] [stdout]   16:     0x60885a467112 - <std[70759c8f55707aa4]::thread::lifecycle::spawn_unchecked<test[9d35eded1c95d3be]::run_test::{closure#1}, ()>::{closure#1} as core[df12db4294e9bfd3]::ops::function::FnOnce<()>>::call_once::{shim:vtable#0}
[INFO] [stdout]   17:     0x60885a4d3e79 - <std[70759c8f55707aa4]::sys::thread::unix::Thread>::new::thread_start
[INFO] [stdout]   18:     0x77f86c6aedfa - <unknown>
[INFO] [stdout]   19:     0x77f86c7423d4 - clone
[INFO] [stdout]   20:                0x0 - <unknown>
[INFO] [stdout] 
[INFO] [stdout] 
[INFO] [stdout] failures:
[INFO] [stdout]     test_create_ebarimt_request_serialize
[INFO] [stdout] 
[INFO] [stdout] test result: FAILED. 38 passed; 1 failed; 0 ignored; 0 measured; 0 filtered out; finished in 0.01s
[INFO] [stdout] 
[INFO] [stderr] error: test failed, to rerun pass `--test models_test`
[INFO] running `Command { std: "docker" "inspect" "762a98f05ec1ce4094d9d167f90eeb2b433142dfad8defe64258d20b3614ee35", kill_on_drop: false }`
[INFO] running `Command { std: "docker" "rm" "-f" "762a98f05ec1ce4094d9d167f90eeb2b433142dfad8defe64258d20b3614ee35", kill_on_drop: false }`
[INFO] [stdout] 762a98f05ec1ce4094d9d167f90eeb2b433142dfad8defe64258d20b3614ee35
