[INFO] fetching crate qp-postgres 0.1.1...
[INFO] testing qp-postgres-0.1.1 against 1.100.0-beta.1+cargoflags=--release for beta-release-1.100-2
[INFO] extracting crate qp-postgres 0.1.1 into /workspace/builds/worker-0-tc2/source
[INFO] started tweaking crates.io crate qp-postgres 0.1.1
[INFO] finished tweaking crates.io crate qp-postgres 0.1.1
[INFO] tweaked toml for crates.io crate qp-postgres 0.1.1 written to /workspace/builds/worker-0-tc2/source/Cargo.toml
[INFO] validating manifest of crates.io crate qp-postgres 0.1.1 on toolchain 1.100.0-beta.1
[INFO] running `Command { std: CARGO_HOME="/workspace/cargo-home" RUSTUP_HOME="/workspace/rustup-home" "/workspace/cargo-home/bin/cargo" "+1.100.0-beta.1" "metadata" "--manifest-path" "Cargo.toml" "--no-deps", kill_on_drop: false }`
[INFO] crate crates.io crate qp-postgres 0.1.1 already has a lockfile, it will not be regenerated
[INFO] running `Command { std: CARGO_HOME="/workspace/cargo-home" RUSTUP_HOME="/workspace/rustup-home" "/workspace/cargo-home/bin/cargo" "+1.100.0-beta.1" "fetch" "--manifest-path" "Cargo.toml", kill_on_drop: false }`
[INFO] running `Command { std: "docker" "create" "-v" "/var/lib/crater-agent-workspace/builds/worker-0-tc2/source:/opt/rustwide/workdir:ro,Z" "-v" "/var/lib/crater-agent-workspace/builds/worker-0-tc2/target:/opt/rustwide/target:rw,Z" "-v" "/var/lib/crater-agent-workspace/cargo-home:/opt/rustwide/cargo-home:ro,Z" "-v" "/var/lib/crater-agent-workspace/rustup-home:/opt/rustwide/rustup-home:ro,Z" "-m" "1610612736" "--network" "none" "ghcr.io/rust-lang/crates-build-env/linux@sha256:77db811e55d90add9212f6832c23229e3de5f1c1f9905e8cb07319ea15df73ac" "sleep" "infinity", kill_on_drop: false }`
[INFO] [stdout] 506e718894a103055c3b3b7e956c5b843bd8ff468b85607180217a3d01f2820f
[INFO] running `Command { std: "docker" "start" "506e718894a103055c3b3b7e956c5b843bd8ff468b85607180217a3d01f2820f", kill_on_drop: false }`
[INFO] running `Command { std: "docker" "inspect" "506e718894a103055c3b3b7e956c5b843bd8ff468b85607180217a3d01f2820f", kill_on_drop: false }`
[INFO] running `Command { std: "docker" "exec" "-e" "SOURCE_DIR=/opt/rustwide/workdir" "-e" "CARGO_HOME=/opt/rustwide/cargo-home" "-e" "RUSTUP_HOME=/opt/rustwide/rustup-home" "-e" "CARGO_TARGET_DIR=/opt/rustwide/target" "-w" "/opt/rustwide/workdir" "--user" "0:0" "506e718894a103055c3b3b7e956c5b843bd8ff468b85607180217a3d01f2820f" "/opt/rustwide/cargo-home/bin/cargo" "+1.100.0-beta.1" "metadata" "--no-deps" "--format-version=1", kill_on_drop: false }`
[INFO] running `Command { std: "docker" "inspect" "506e718894a103055c3b3b7e956c5b843bd8ff468b85607180217a3d01f2820f", kill_on_drop: false }`
[INFO] running `Command { std: "docker" "exec" "-e" "SOURCE_DIR=/opt/rustwide/workdir" "-e" "CARGO_HOME=/opt/rustwide/cargo-home" "-e" "RUSTUP_HOME=/opt/rustwide/rustup-home" "-e" "CARGO_TARGET_DIR=/opt/rustwide/target" "-e" "CARGO_INCREMENTAL=0" "-e" "RUST_BACKTRACE=full" "-e" "RUSTFLAGS=--cap-lints=warn" "-e" "RUSTDOCFLAGS=--cap-lints=warn" "-w" "/opt/rustwide/workdir" "--user" "0:0" "506e718894a103055c3b3b7e956c5b843bd8ff468b85607180217a3d01f2820f" "/opt/rustwide/cargo-home/bin/cargo" "+1.100.0-beta.1" "build" "--frozen" "--message-format=json" "--release", kill_on_drop: false }`
[INFO] [stderr]    Compiling libc v0.2.112
[INFO] [stderr]    Compiling typenum v1.15.0
[INFO] [stderr]    Compiling proc-macro2 v1.0.36
[INFO] [stderr]    Compiling syn v1.0.85
[INFO] [stderr]    Compiling futures-core v0.3.19
[INFO] [stderr]    Compiling generic-array v0.14.5
[INFO] [stderr]    Compiling subtle v2.4.1
[INFO] [stderr]    Compiling futures-task v0.3.19
[INFO] [stderr]    Compiling futures-channel v0.3.19
[INFO] [stderr]    Compiling pin-project-lite v0.2.8
[INFO] [stderr]    Compiling futures-sink v0.3.19
[INFO] [stderr]    Compiling tinyvec v1.5.1
[INFO] [stderr]    Compiling futures-util v0.3.19
[INFO] [stderr]    Compiling unicode-bidi v0.3.7
[INFO] [stderr]    Compiling slab v0.4.5
[INFO] [stderr]    Compiling crossbeam-utils v0.8.6
[INFO] [stderr]    Compiling async-trait v0.1.52
[INFO] [stderr]    Compiling parking_lot_core v0.8.5
[INFO] [stderr]    Compiling futures-io v0.3.19
[INFO] [stderr]    Compiling quote v1.0.14
[INFO] [stderr]    Compiling cpufeatures v0.2.1
[INFO] [stderr]    Compiling instant v0.1.12
[INFO] [stderr]    Compiling scopeguard v1.1.0
[INFO] [stderr]    Compiling crossbeam-queue v0.3.3
[INFO] [stderr]    Compiling fallible-iterator v0.2.0
[INFO] [stderr]    Compiling smallvec v1.7.0
[INFO] [stderr]    Compiling getrandom v0.2.3
[INFO] [stderr]    Compiling mio v0.7.14
[INFO] [stderr]    Compiling rand_core v0.6.3
[INFO] [stderr]    Compiling siphasher v0.3.7
[INFO] [stderr]    Compiling rand_chacha v0.3.1
[INFO] [stderr]    Compiling phf_shared v0.10.0
[INFO] [stderr]    Compiling unicode-normalization v0.1.19
[INFO] [stderr]    Compiling tokio v1.15.0
[INFO] [stderr]    Compiling rand v0.8.4
[INFO] [stderr]    Compiling lock_api v0.4.5
[INFO] [stderr]    Compiling block-buffer v0.10.0
[INFO] [stderr]    Compiling crypto-common v0.1.1
[INFO] [stderr]    Compiling parking_lot v0.11.2
[INFO] [stderr]    Compiling digest v0.10.1
[INFO] [stderr]    Compiling phf v0.10.1
[INFO] [stderr]    Compiling stringprep v0.1.2
[INFO] [stderr]    Compiling md-5 v0.10.0
[INFO] [stderr]    Compiling hmac v0.12.0
[INFO] [stderr]    Compiling sha2 v0.10.1
[INFO] [stderr]    Compiling socket2 v0.4.2
[INFO] [stderr]    Compiling postgres-protocol v0.6.3
[INFO] [stderr]    Compiling postgres-types v0.2.2
[INFO] [stderr]    Compiling futures-macro v0.3.19
[INFO] [stderr]    Compiling qp v0.2.0
[INFO] [stderr]    Compiling tokio-util v0.6.9
[INFO] [stderr]    Compiling futures-executor v0.3.19
[INFO] [stderr]    Compiling futures v0.3.19
[INFO] [stderr]    Compiling tokio-postgres v0.7.5
[INFO] [stderr]    Compiling qp-postgres v0.1.1 (/opt/rustwide/workdir)
[INFO] [stderr]     Finished `release` profile [optimized] target(s) in 45.74s
[INFO] running `Command { std: "docker" "inspect" "506e718894a103055c3b3b7e956c5b843bd8ff468b85607180217a3d01f2820f", kill_on_drop: false }`
[INFO] running `Command { std: "docker" "exec" "-e" "SOURCE_DIR=/opt/rustwide/workdir" "-e" "CARGO_HOME=/opt/rustwide/cargo-home" "-e" "RUSTUP_HOME=/opt/rustwide/rustup-home" "-e" "CARGO_TARGET_DIR=/opt/rustwide/target" "-e" "CARGO_INCREMENTAL=0" "-e" "RUST_BACKTRACE=full" "-e" "RUSTFLAGS=--cap-lints=warn" "-e" "RUSTDOCFLAGS=--cap-lints=warn" "-w" "/opt/rustwide/workdir" "--user" "0:0" "506e718894a103055c3b3b7e956c5b843bd8ff468b85607180217a3d01f2820f" "/opt/rustwide/cargo-home/bin/cargo" "+1.100.0-beta.1" "test" "--frozen" "--no-run" "--message-format=json" "--release", kill_on_drop: false }`
[INFO] [stderr]    Compiling tokio-macros v1.7.0
[INFO] [stderr]    Compiling num_cpus v1.13.1
[INFO] [stderr]    Compiling tokio v1.15.0
[INFO] [stderr]    Compiling tokio-util v0.6.9
[INFO] [stderr]    Compiling tokio-postgres v0.7.5
[INFO] [stderr]    Compiling qp-postgres v0.1.1 (/opt/rustwide/workdir)
[INFO] [stderr]     Finished `release` profile [optimized] target(s) in 30.81s
[INFO] running `Command { std: "docker" "inspect" "506e718894a103055c3b3b7e956c5b843bd8ff468b85607180217a3d01f2820f", kill_on_drop: false }`
[INFO] running `Command { std: "docker" "exec" "-e" "SOURCE_DIR=/opt/rustwide/workdir" "-e" "CARGO_HOME=/opt/rustwide/cargo-home" "-e" "RUSTUP_HOME=/opt/rustwide/rustup-home" "-e" "CARGO_TARGET_DIR=/opt/rustwide/target" "-e" "CARGO_INCREMENTAL=0" "-e" "RUST_BACKTRACE=full" "-e" "RUSTFLAGS=--cap-lints=warn" "-e" "RUSTDOCFLAGS=--cap-lints=warn" "-w" "/opt/rustwide/workdir" "--user" "0:0" "506e718894a103055c3b3b7e956c5b843bd8ff468b85607180217a3d01f2820f" "/opt/rustwide/cargo-home/bin/cargo" "+1.100.0-beta.1" "test" "--frozen" "--release", kill_on_drop: false }`
[INFO] [stderr]     Finished `release` profile [optimized] target(s) in 0.10s
[INFO] [stderr]      Running unittests src/lib.rs (/opt/rustwide/target/release/build/qp-postgres/b458bf78b04d0429/out/qp_postgres-b458bf78b04d0429)
[INFO] [stdout] 
[INFO] [stdout] running 1 test
[INFO] [stdout] test tests::test_connect ... FAILED
[INFO] [stderr] error: test failed, to rerun pass `--lib`
[INFO] [stdout] 
[INFO] [stdout] failures:
[INFO] [stdout] 
[INFO] [stdout] ---- tests::test_connect stdout ----
[INFO] [stdout] 
[INFO] [stdout] thread 'tests::test_connect' (1235) panicked at src/lib.rs:81:43:
[INFO] [stdout] called `Result::unwrap()` on an `Err` value: Error { kind: Connect, cause: Some(Os { code: 111, kind: ConnectionRefused, message: "Connection refused" }) }
[INFO] [stdout] stack backtrace:
[INFO] [stdout]    0:     0x61c52be9e3d1 - <<std[617be2ca0a6fd877]::sys::backtrace::BacktraceLock>::print::DisplayBacktrace as core[a373ad73a504971]::fmt::Display>::fmt
[INFO] [stdout]    1:     0x61c52beb380a - core[a373ad73a504971]::fmt::write
[INFO] [stdout]    2:     0x61c52bea2b0c - <alloc[2e1b2a31b91974c5]::vec::Vec<u8> as core[a373ad73a504971]::io::write::Write>::write_fmt
[INFO] [stdout]    3:     0x61c52be79a76 - std[617be2ca0a6fd877]::panicking::default_hook::{closure#0}
[INFO] [stdout]    4:     0x61c52be96579 - std[617be2ca0a6fd877]::panicking::default_hook
[INFO] [stdout]    5:     0x61c52bddbd90 - test[aada8e7e76ba119b]::test_main_inner::{closure#0}
[INFO] [stdout]    6:     0x61c52be968a2 - std[617be2ca0a6fd877]::panicking::panic_with_hook
[INFO] [stdout]    7:     0x61c52be79b22 - std[617be2ca0a6fd877]::panicking::panic_handler::{closure#0}
[INFO] [stdout]    8:     0x61c52be72759 - std[617be2ca0a6fd877]::sys::backtrace::__rust_end_short_backtrace::<std[617be2ca0a6fd877]::panicking::panic_handler::{closure#0}, !>
[INFO] [stdout]    9:     0x61c52be7a91d - __rustc[ea4f61d10b84890b]::rust_begin_unwind
[INFO] [stdout]   10:     0x61c52beb3f6c - core[a373ad73a504971]::panicking::panic_fmt
[INFO] [stdout]   11:     0x61c52beb3d42 - core[a373ad73a504971]::result::unwrap_failed
[INFO] [stdout]   12:     0x61c52bdae146 - <core[a373ad73a504971]::pin::Pin<&mut qp_postgres[7a69484fd8e10410]::tests::test_connect::{closure#0}> as core[a373ad73a504971]::future::future::Future>::poll
[INFO] [stdout]   13:     0x61c52bdcdb24 - <tokio[fefb66b6bfee42d0]::macros::scoped_tls::ScopedKey<tokio[fefb66b6bfee42d0]::runtime::basic_scheduler::Context>>::set::<tokio[fefb66b6bfee42d0]::runtime::basic_scheduler::enter<<tokio[fefb66b6bfee42d0]::runtime::basic_scheduler::Inner<tokio[fefb66b6bfee42d0]::runtime::driver::Driver>>::block_on<core[a373ad73a504971]::pin::Pin<&mut qp_postgres[7a69484fd8e10410]::tests::test_connect::{closure#0}>>::{closure#0}, (), tokio[fefb66b6bfee42d0]::runtime::driver::Driver>::{closure#0}, ()>
[INFO] [stdout]   14:     0x61c52bdbcfb7 - <tokio[fefb66b6bfee42d0]::runtime::basic_scheduler::BasicScheduler<tokio[fefb66b6bfee42d0]::runtime::driver::Driver>>::block_on::<qp_postgres[7a69484fd8e10410]::tests::test_connect::{closure#0}>
[INFO] [stdout]   15:     0x61c52bdb599c - <tokio[fefb66b6bfee42d0]::runtime::Runtime>::block_on::<qp_postgres[7a69484fd8e10410]::tests::test_connect::{closure#0}>
[INFO] [stdout]   16:     0x61c52bdba472 - <qp_postgres[7a69484fd8e10410]::tests::test_connect::{closure#0} as core[a373ad73a504971]::ops::function::FnOnce<()>>::call_once
[INFO] [stdout]   17:     0x61c52bdcf1db - test[aada8e7e76ba119b]::__rust_begin_short_backtrace::<core[a373ad73a504971]::result::Result<(), alloc[2e1b2a31b91974c5]::string::String>, fn() -> core[a373ad73a504971]::result::Result<(), alloc[2e1b2a31b91974c5]::string::String>>
[INFO] [stdout]   18:     0x61c52bddc3b5 - test[aada8e7e76ba119b]::run_test::{closure#0}
[INFO] [stdout]   19:     0x61c52bdd5ca4 - std[617be2ca0a6fd877]::sys::backtrace::__rust_begin_short_backtrace::<test[aada8e7e76ba119b]::run_test::{closure#1}, ()>
[INFO] [stdout]   20:     0x61c52bddf442 - <std[617be2ca0a6fd877]::thread::lifecycle::spawn_unchecked<test[aada8e7e76ba119b]::run_test::{closure#1}, ()>::{closure#1} as core[a373ad73a504971]::ops::function::FnOnce<()>>::call_once::{shim:vtable#0}
[INFO] [stdout]   21:     0x61c52be9d8af - <std[617be2ca0a6fd877]::sys::thread::unix::Thread>::new::thread_start
[INFO] [stdout]   22:     0x74760b96edfa - <unknown>
[INFO] [stdout]   23:     0x74760ba023d4 - clone
[INFO] [stdout]   24:                0x0 - <unknown>
[INFO] [stdout] 
[INFO] [stdout] 
[INFO] [stdout] failures:
[INFO] [stdout]     tests::test_connect
[INFO] [stdout] 
[INFO] [stdout] test result: FAILED. 0 passed; 1 failed; 0 ignored; 0 measured; 0 filtered out; finished in 0.02s
[INFO] [stdout] 
[INFO] running `Command { std: "docker" "inspect" "506e718894a103055c3b3b7e956c5b843bd8ff468b85607180217a3d01f2820f", kill_on_drop: false }`
[INFO] running `Command { std: "docker" "rm" "-f" "506e718894a103055c3b3b7e956c5b843bd8ff468b85607180217a3d01f2820f", kill_on_drop: false }`
[INFO] [stdout] 506e718894a103055c3b3b7e956c5b843bd8ff468b85607180217a3d01f2820f
