[INFO] fetching crate qp-ownership-prover 4.4.0...
[INFO] testing qp-ownership-prover-4.4.0 against 1.100.0-beta.1+cargoflags=--release for beta-release-1.100-2
[INFO] extracting crate qp-ownership-prover 4.4.0 into /workspace/builds/worker-1-tc2/source
[INFO] started tweaking crates.io crate qp-ownership-prover 4.4.0
[INFO] finished tweaking crates.io crate qp-ownership-prover 4.4.0
[INFO] tweaked toml for crates.io crate qp-ownership-prover 4.4.0 written to /workspace/builds/worker-1-tc2/source/Cargo.toml
[INFO] validating manifest of crates.io crate qp-ownership-prover 4.4.0 on toolchain 1.100.0-beta.1
[INFO] running `Command { std: CARGO_HOME="/workspace/cargo-home" RUSTUP_HOME="/workspace/rustup-home" "/workspace/cargo-home/bin/cargo" "+1.100.0-beta.1" "metadata" "--manifest-path" "Cargo.toml" "--no-deps", kill_on_drop: false }`
[INFO] crate crates.io crate qp-ownership-prover 4.4.0 already has a lockfile, it will not be regenerated
[INFO] running `Command { std: CARGO_HOME="/workspace/cargo-home" RUSTUP_HOME="/workspace/rustup-home" "/workspace/cargo-home/bin/cargo" "+1.100.0-beta.1" "fetch" "--manifest-path" "Cargo.toml", kill_on_drop: false }`
[INFO] running `Command { std: "docker" "create" "-v" "/var/lib/crater-agent-workspace/builds/worker-1-tc2/source:/opt/rustwide/workdir:ro,Z" "-v" "/var/lib/crater-agent-workspace/builds/worker-1-tc2/target:/opt/rustwide/target:rw,Z" "-v" "/var/lib/crater-agent-workspace/cargo-home:/opt/rustwide/cargo-home:ro,Z" "-v" "/var/lib/crater-agent-workspace/rustup-home:/opt/rustwide/rustup-home:ro,Z" "-m" "1610612736" "--network" "none" "ghcr.io/rust-lang/crates-build-env/linux@sha256:77db811e55d90add9212f6832c23229e3de5f1c1f9905e8cb07319ea15df73ac" "sleep" "infinity", kill_on_drop: false }`
[INFO] [stdout] 374949dd6c05014e6c594f5d60c58de2ddf4ea3bb42083dd2992ea423bfc1372
[INFO] running `Command { std: "docker" "start" "374949dd6c05014e6c594f5d60c58de2ddf4ea3bb42083dd2992ea423bfc1372", kill_on_drop: false }`
[INFO] running `Command { std: "docker" "inspect" "374949dd6c05014e6c594f5d60c58de2ddf4ea3bb42083dd2992ea423bfc1372", kill_on_drop: false }`
[INFO] running `Command { std: "docker" "exec" "-e" "SOURCE_DIR=/opt/rustwide/workdir" "-e" "CARGO_HOME=/opt/rustwide/cargo-home" "-e" "RUSTUP_HOME=/opt/rustwide/rustup-home" "-e" "CARGO_TARGET_DIR=/opt/rustwide/target" "-w" "/opt/rustwide/workdir" "--user" "0:0" "374949dd6c05014e6c594f5d60c58de2ddf4ea3bb42083dd2992ea423bfc1372" "/opt/rustwide/cargo-home/bin/cargo" "+1.100.0-beta.1" "metadata" "--no-deps" "--format-version=1", kill_on_drop: false }`
[INFO] running `Command { std: "docker" "inspect" "374949dd6c05014e6c594f5d60c58de2ddf4ea3bb42083dd2992ea423bfc1372", kill_on_drop: false }`
[INFO] running `Command { std: "docker" "exec" "-e" "SOURCE_DIR=/opt/rustwide/workdir" "-e" "CARGO_HOME=/opt/rustwide/cargo-home" "-e" "RUSTUP_HOME=/opt/rustwide/rustup-home" "-e" "CARGO_TARGET_DIR=/opt/rustwide/target" "-e" "CARGO_INCREMENTAL=0" "-e" "RUST_BACKTRACE=full" "-e" "RUSTFLAGS=--cap-lints=warn" "-e" "RUSTDOCFLAGS=--cap-lints=warn" "-w" "/opt/rustwide/workdir" "--user" "0:0" "374949dd6c05014e6c594f5d60c58de2ddf4ea3bb42083dd2992ea423bfc1372" "/opt/rustwide/cargo-home/bin/cargo" "+1.100.0-beta.1" "build" "--frozen" "--message-format=json" "--release", kill_on_drop: false }`
[INFO] [stderr]    Compiling zerocopy v0.8.50
[INFO] [stderr]    Compiling portable-atomic v1.13.1
[INFO] [stderr]    Compiling anyhow v1.0.104
[INFO] [stderr]    Compiling serde v1.0.228
[INFO] [stderr]    Compiling syn v1.0.109
[INFO] [stderr]    Compiling hex v0.4.3
[INFO] [stderr]    Compiling num-traits v0.2.19
[INFO] [stderr]    Compiling ahash v0.8.12
[INFO] [stderr]    Compiling tiny-keccak v2.0.2
[INFO] [stderr]    Compiling critical-section v1.2.0
[INFO] [stderr]    Compiling quote v1.0.45
[INFO] [stderr]    Compiling byteorder v1.5.0
[INFO] [stderr]    Compiling qp-plonky2-field v1.5.5
[INFO] [stderr]    Compiling fixed-hash v0.7.0
[INFO] [stderr]    Compiling either v1.16.0
[INFO] [stderr]    Compiling plonky2_util v1.0.0
[INFO] [stderr]    Compiling getrandom v0.2.17
[INFO] [stderr]    Compiling serde_json v1.0.150
[INFO] [stderr]    Compiling qp-poseidon-core v3.1.0
[INFO] [stderr]    Compiling rand v0.10.1
[INFO] [stderr]    Compiling plonky2_maybe_rayon v1.0.0
[INFO] [stderr]    Compiling syn v2.0.117
[INFO] [stderr]    Compiling rand_core v0.6.4
[INFO] [stderr]    Compiling zeroize v1.8.2
[INFO] [stderr]    Compiling itertools v0.13.0
[INFO] [stderr]    Compiling uint v0.9.5
[INFO] [stderr]    Compiling primitive-types v0.10.1
[INFO] [stderr]    Compiling qp-wormhole-inputs v4.4.0
[INFO] [stderr]    Compiling once_cell v1.21.3
[INFO] [stderr]    Compiling qp-ownership-inputs v4.4.0
[INFO] [stderr]    Compiling num-integer v0.1.46
[INFO] [stderr]    Compiling num-complex v0.4.6
[INFO] [stderr]    Compiling num-bigint v0.4.6
[INFO] [stderr]    Compiling num-iter v0.1.45
[INFO] [stderr]    Compiling keccak-hash v0.8.0
[INFO] [stderr]    Compiling serde_derive v1.0.228
[INFO] [stderr]    Compiling num-rational v0.4.2
[INFO] [stderr]    Compiling num v0.4.3
[INFO] [stderr]    Compiling unroll v0.1.5
[INFO] [stderr]    Compiling ppv-lite86 v0.2.21
[INFO] [stderr]    Compiling rand_chacha v0.3.1
[INFO] [stderr]    Compiling hashbrown v0.14.5
[INFO] [stderr]    Compiling rand v0.8.6
[INFO] [stderr]    Compiling qp-plonky2-core v1.5.5
[INFO] [stderr]    Compiling qp-plonky2-verifier v1.5.5
[INFO] [stderr]    Compiling qp-plonky2 v1.5.5
[INFO] [stderr]    Compiling qp-zk-circuits-common v4.4.0
[INFO] [stderr]    Compiling qp-wormhole-circuit v4.4.0
[INFO] [stderr]    Compiling qp-ownership-circuit v4.4.0
[INFO] [stderr]    Compiling qp-ownership-prover v4.4.0 (/opt/rustwide/workdir)
[INFO] [stderr]     Finished `release` profile [optimized] target(s) in 53.04s
[INFO] [stderr] warning: the following packages contain code that will be rejected by a future version of Rust: primitive-types v0.10.1
[INFO] [stderr] note: to see what the problems were, use the option `--future-incompat-report`, or run `cargo report future-incompatibilities --id 2`
[INFO] running `Command { std: "docker" "inspect" "374949dd6c05014e6c594f5d60c58de2ddf4ea3bb42083dd2992ea423bfc1372", kill_on_drop: false }`
[INFO] running `Command { std: "docker" "exec" "-e" "SOURCE_DIR=/opt/rustwide/workdir" "-e" "CARGO_HOME=/opt/rustwide/cargo-home" "-e" "RUSTUP_HOME=/opt/rustwide/rustup-home" "-e" "CARGO_TARGET_DIR=/opt/rustwide/target" "-e" "CARGO_INCREMENTAL=0" "-e" "RUST_BACKTRACE=full" "-e" "RUSTFLAGS=--cap-lints=warn" "-e" "RUSTDOCFLAGS=--cap-lints=warn" "-w" "/opt/rustwide/workdir" "--user" "0:0" "374949dd6c05014e6c594f5d60c58de2ddf4ea3bb42083dd2992ea423bfc1372" "/opt/rustwide/cargo-home/bin/cargo" "+1.100.0-beta.1" "test" "--frozen" "--no-run" "--message-format=json" "--release", kill_on_drop: false }`
[INFO] [stderr]    Compiling qp-ownership-prover v4.4.0 (/opt/rustwide/workdir)
[INFO] [stderr]     Finished `release` profile [optimized] target(s) in 0.93s
[INFO] [stderr] warning: the following packages contain code that will be rejected by a future version of Rust: primitive-types v0.10.1
[INFO] [stderr] note: to see what the problems were, use the option `--future-incompat-report`, or run `cargo report future-incompatibilities --id 2`
[INFO] running `Command { std: "docker" "inspect" "374949dd6c05014e6c594f5d60c58de2ddf4ea3bb42083dd2992ea423bfc1372", kill_on_drop: false }`
[INFO] running `Command { std: "docker" "exec" "-e" "SOURCE_DIR=/opt/rustwide/workdir" "-e" "CARGO_HOME=/opt/rustwide/cargo-home" "-e" "RUSTUP_HOME=/opt/rustwide/rustup-home" "-e" "CARGO_TARGET_DIR=/opt/rustwide/target" "-e" "CARGO_INCREMENTAL=0" "-e" "RUST_BACKTRACE=full" "-e" "RUSTFLAGS=--cap-lints=warn" "-e" "RUSTDOCFLAGS=--cap-lints=warn" "-w" "/opt/rustwide/workdir" "--user" "0:0" "374949dd6c05014e6c594f5d60c58de2ddf4ea3bb42083dd2992ea423bfc1372" "/opt/rustwide/cargo-home/bin/cargo" "+1.100.0-beta.1" "test" "--frozen" "--release", kill_on_drop: false }`
[INFO] [stderr]     Finished `release` profile [optimized] target(s) in 0.08s
[INFO] [stderr] warning: the following packages contain code that will be rejected by a future version of Rust: primitive-types v0.10.1
[INFO] [stderr] note: to see what the problems were, use the option `--future-incompat-report`, or run `cargo report future-incompatibilities --id 2`
[INFO] [stderr]      Running unittests src/lib.rs (/opt/rustwide/target/release/build/qp-ownership-prover/9a897130b626070f/out/qp_ownership_prover-9a897130b626070f)
[INFO] [stdout] 
[INFO] [stdout] running 1 test
[INFO] [stdout] test tests::committed_prover_debug_does_not_leak_secret ... FAILED
[INFO] [stderr] error: test failed, to rerun pass `--lib`
[INFO] [stdout] 
[INFO] [stdout] failures:
[INFO] [stdout] 
[INFO] [stdout] ---- tests::committed_prover_debug_does_not_leak_secret stdout ----
[INFO] [stdout] 
[INFO] [stdout] thread 'tests::committed_prover_debug_does_not_leak_secret' (1117) panicked at /opt/rustwide/cargo-home/registry/src/index.crates.io-1949cf8c6b5b557f/qp-plonky2-1.5.5/src/plonk/circuit_builder.rs:994:13:
[INFO] [stdout] Cannot use zero_knowledge without rand feature
[INFO] [stdout] stack backtrace:
[INFO] [stdout]    0:     0x57707a488721 - <<std[617be2ca0a6fd877]::sys::backtrace::BacktraceLock>::print::DisplayBacktrace as core[a373ad73a504971]::fmt::Display>::fmt
[INFO] [stdout]    1:     0x57707a49d1ba - core[a373ad73a504971]::fmt::write
[INFO] [stdout]    2:     0x57707a48ceec - <alloc[2e1b2a31b91974c5]::vec::Vec<u8> as core[a373ad73a504971]::io::write::Write>::write_fmt
[INFO] [stdout]    3:     0x57707a464606 - std[617be2ca0a6fd877]::panicking::default_hook::{closure#0}
[INFO] [stdout]    4:     0x57707a480d99 - std[617be2ca0a6fd877]::panicking::default_hook
[INFO] [stdout]    5:     0x57707a37f890 - test[aada8e7e76ba119b]::test_main_inner::{closure#0}
[INFO] [stdout]    6:     0x57707a480f52 - std[617be2ca0a6fd877]::panicking::panic_with_hook
[INFO] [stdout]    7:     0x57707a4646e4 - std[617be2ca0a6fd877]::panicking::panic_handler::{closure#0}
[INFO] [stdout]    8:     0x57707a45ce09 - std[617be2ca0a6fd877]::sys::backtrace::__rust_end_short_backtrace::<std[617be2ca0a6fd877]::panicking::panic_handler::{closure#0}, !>
[INFO] [stdout]    9:     0x57707a4653cd - __rustc[ea4f61d10b84890b]::rust_begin_unwind
[INFO] [stdout]   10:     0x57707a49d8ec - core[a373ad73a504971]::panicking::panic_fmt
[INFO] [stdout]   11:     0x57707a3c5ec8 - <plonky2[61908c5c67a67be4]::plonk::circuit_builder::CircuitBuilder<qp_plonky2_field[5b5ed71541d80daf]::goldilocks_field::GoldilocksField, 2usize>>::try_build_with_options::<qp_plonky2_core[8c3213f4653776d9]::config::PoseidonGoldilocksConfig>
[INFO] [stdout]   12:     0x57707a3b44a3 - <qp_ownership_circuit[e7e18fce82110d86]::circuit::circuit_logic::OwnershipCircuit>::build_prover
[INFO] [stdout]   13:     0x57707a370cab - qp_ownership_prover[5eed2834ab139789]::build_fresh
[INFO] [stdout]   14:     0x57707a37264e - <qp_ownership_prover[5eed2834ab139789]::tests::committed_prover_debug_does_not_leak_secret::{closure#0} as core[a373ad73a504971]::ops::function::FnOnce<()>>::call_once
[INFO] [stdout]   15:     0x57707a372cdb - test[aada8e7e76ba119b]::__rust_begin_short_backtrace::<core[a373ad73a504971]::result::Result<(), alloc[2e1b2a31b91974c5]::string::String>, fn() -> core[a373ad73a504971]::result::Result<(), alloc[2e1b2a31b91974c5]::string::String>>
[INFO] [stdout]   16:     0x57707a37feb5 - test[aada8e7e76ba119b]::run_test::{closure#0}
[INFO] [stdout]   17:     0x57707a3797a4 - std[617be2ca0a6fd877]::sys::backtrace::__rust_begin_short_backtrace::<test[aada8e7e76ba119b]::run_test::{closure#1}, ()>
[INFO] [stdout]   18:     0x57707a382f42 - <std[617be2ca0a6fd877]::thread::lifecycle::spawn_unchecked<test[aada8e7e76ba119b]::run_test::{closure#1}, ()>::{closure#1} as core[a373ad73a504971]::ops::function::FnOnce<()>>::call_once::{shim:vtable#0}
[INFO] [stdout]   19:     0x57707a487f7f - <std[617be2ca0a6fd877]::sys::thread::unix::Thread>::new::thread_start
[INFO] [stdout]   20:     0x771fce408dfa - <unknown>
[INFO] [stdout]   21:     0x771fce49c3d4 - clone
[INFO] [stdout]   22:                0x0 - <unknown>
[INFO] [stdout] 
[INFO] [stdout] 
[INFO] [stdout] failures:
[INFO] [stdout]     tests::committed_prover_debug_does_not_leak_secret
[INFO] [stdout] 
[INFO] [stdout] test result: FAILED. 0 passed; 1 failed; 0 ignored; 0 measured; 0 filtered out; finished in 0.00s
[INFO] [stdout] 
[INFO] running `Command { std: "docker" "inspect" "374949dd6c05014e6c594f5d60c58de2ddf4ea3bb42083dd2992ea423bfc1372", kill_on_drop: false }`
[INFO] running `Command { std: "docker" "rm" "-f" "374949dd6c05014e6c594f5d60c58de2ddf4ea3bb42083dd2992ea423bfc1372", kill_on_drop: false }`
[INFO] [stdout] 374949dd6c05014e6c594f5d60c58de2ddf4ea3bb42083dd2992ea423bfc1372
