[INFO] fetching crate qnect 0.3.0...
[INFO] testing qnect-0.3.0 against 1.99.0-beta.8+cargoflags=--release for beta-release-1.100-2
[INFO] extracting crate qnect 0.3.0 into /workspace/builds/worker-3-tc1/source
[INFO] started tweaking crates.io crate qnect 0.3.0
[INFO] removed 0 missing examples
[INFO] removed 0 missing tests
[INFO] finished tweaking crates.io crate qnect 0.3.0
[INFO] tweaked toml for crates.io crate qnect 0.3.0 written to /workspace/builds/worker-3-tc1/source/Cargo.toml
[INFO] validating manifest of crates.io crate qnect 0.3.0 on toolchain 1.99.0-beta.8
[INFO] running `Command { std: CARGO_HOME="/workspace/cargo-home" RUSTUP_HOME="/workspace/rustup-home" "/workspace/cargo-home/bin/cargo" "+1.99.0-beta.8" "metadata" "--manifest-path" "Cargo.toml" "--no-deps", kill_on_drop: false }`
[INFO] crate crates.io crate qnect 0.3.0 already has a lockfile, it will not be regenerated
[INFO] running `Command { std: CARGO_HOME="/workspace/cargo-home" RUSTUP_HOME="/workspace/rustup-home" "/workspace/cargo-home/bin/cargo" "+1.99.0-beta.8" "fetch" "--manifest-path" "Cargo.toml", kill_on_drop: false }`
[INFO] [stderr]  Downloading crates ...
[INFO] [stderr]   Downloaded bitflags v2.9.2
[INFO] [stderr]   Downloaded io-uring v0.7.9
[INFO] [stderr]   Downloaded tokio-test v0.3.0
[INFO] [stderr]   Downloaded tokio v0.3.7
[INFO] running `Command { std: "docker" "create" "-v" "/var/lib/crater-agent-workspace/builds/worker-3-tc1/source:/opt/rustwide/workdir:ro,Z" "-v" "/var/lib/crater-agent-workspace/builds/worker-3-tc1/target:/opt/rustwide/target:rw,Z" "-v" "/var/lib/crater-agent-workspace/cargo-home:/opt/rustwide/cargo-home:ro,Z" "-v" "/var/lib/crater-agent-workspace/rustup-home:/opt/rustwide/rustup-home:ro,Z" "-m" "1610612736" "--network" "none" "ghcr.io/rust-lang/crates-build-env/linux@sha256:77db811e55d90add9212f6832c23229e3de5f1c1f9905e8cb07319ea15df73ac" "sleep" "infinity", kill_on_drop: false }`
[INFO] [stdout] f3e92f22245760333d1d757ce2cecc98efb555de38941b6548d37d5ee541e716
[INFO] running `Command { std: "docker" "start" "f3e92f22245760333d1d757ce2cecc98efb555de38941b6548d37d5ee541e716", kill_on_drop: false }`
[INFO] running `Command { std: "docker" "inspect" "f3e92f22245760333d1d757ce2cecc98efb555de38941b6548d37d5ee541e716", kill_on_drop: false }`
[INFO] running `Command { std: "docker" "exec" "-e" "SOURCE_DIR=/opt/rustwide/workdir" "-e" "CARGO_HOME=/opt/rustwide/cargo-home" "-e" "RUSTUP_HOME=/opt/rustwide/rustup-home" "-e" "CARGO_TARGET_DIR=/opt/rustwide/target" "-w" "/opt/rustwide/workdir" "--user" "0:0" "f3e92f22245760333d1d757ce2cecc98efb555de38941b6548d37d5ee541e716" "/opt/rustwide/cargo-home/bin/cargo" "+1.99.0-beta.8" "metadata" "--no-deps" "--format-version=1", kill_on_drop: false }`
[INFO] running `Command { std: "docker" "inspect" "f3e92f22245760333d1d757ce2cecc98efb555de38941b6548d37d5ee541e716", kill_on_drop: false }`
[INFO] running `Command { std: "docker" "exec" "-e" "SOURCE_DIR=/opt/rustwide/workdir" "-e" "CARGO_HOME=/opt/rustwide/cargo-home" "-e" "RUSTUP_HOME=/opt/rustwide/rustup-home" "-e" "CARGO_TARGET_DIR=/opt/rustwide/target" "-e" "CARGO_INCREMENTAL=0" "-e" "RUST_BACKTRACE=full" "-e" "RUSTFLAGS=--cap-lints=warn" "-e" "RUSTDOCFLAGS=--cap-lints=warn" "-w" "/opt/rustwide/workdir" "--user" "0:0" "f3e92f22245760333d1d757ce2cecc98efb555de38941b6548d37d5ee541e716" "/opt/rustwide/cargo-home/bin/cargo" "+1.99.0-beta.8" "build" "--frozen" "--message-format=json" "--release", kill_on_drop: false }`
[INFO] [stderr]    Compiling libc v0.2.175
[INFO] [stderr]    Compiling getrandom v0.3.3
[INFO] [stderr]    Compiling zerocopy v0.8.26
[INFO] [stderr]    Compiling serde v1.0.219
[INFO] [stderr]    Compiling lock_api v0.4.13
[INFO] [stderr]    Compiling parking_lot_core v0.9.11
[INFO] [stderr]    Compiling num-traits v0.2.19
[INFO] [stderr]    Compiling proc-macro2 v1.0.101
[INFO] [stderr]    Compiling serde_json v1.0.143
[INFO] [stderr]    Compiling bytes v1.10.1
[INFO] [stderr]    Compiling pin-project-lite v0.2.16
[INFO] [stderr]    Compiling log v0.4.27
[INFO] [stderr]    Compiling quote v1.0.40
[INFO] [stderr]    Compiling syn v2.0.106
[INFO] [stderr]    Compiling signal-hook-registry v1.4.6
[INFO] [stderr]    Compiling mio v1.0.4
[INFO] [stderr]    Compiling socket2 v0.6.0
[INFO] [stderr]    Compiling rand_core v0.9.3
[INFO] [stderr]    Compiling parking_lot v0.12.4
[INFO] [stderr]    Compiling num-complex v0.4.6
[INFO] [stderr]    Compiling ppv-lite86 v0.2.21
[INFO] [stderr]    Compiling rand_chacha v0.9.0
[INFO] [stderr]    Compiling rand v0.9.2
[INFO] [stderr]    Compiling serde_derive v1.0.219
[INFO] [stderr]    Compiling tokio-macros v2.5.0
[INFO] [stderr]    Compiling async-trait v0.1.89
[INFO] [stderr]    Compiling tokio v1.47.1
[INFO] [stderr]    Compiling uuid v1.18.0
[INFO] [stderr]    Compiling bincode v1.3.3
[INFO] [stderr]    Compiling qnect v0.3.0 (/opt/rustwide/workdir)
[INFO] [stdout] warning: field `location` is never read
[INFO] [stdout]   --> src/network/builder.rs:39:5
[INFO] [stdout]    |
[INFO] [stdout] 35 | struct NodeSpec {
[INFO] [stdout]    |        -------- field in this struct
[INFO] [stdout] ...
[INFO] [stdout] 39 |     location: Option<(f64, f64)>,
[INFO] [stdout]    |     ^^^^^^^^
[INFO] [stdout]    |
[INFO] [stdout]    = note: `NodeSpec` has derived impls for the traits `Clone` and `Debug`, but these are intentionally ignored during dead code analysis
[INFO] [stdout]    = note: `#[warn(dead_code)]` (part of `#[warn(unused)]`) on by default
[INFO] [stdout] 
[INFO] [stdout] 
[INFO] [stdout] warning: field `epr_pool` is never read
[INFO] [stdout]   --> src/network/hub.rs:68:5
[INFO] [stdout]    |
[INFO] [stdout] 60 | pub struct QuantumHub {
[INFO] [stdout]    |            ---------- field in this struct
[INFO] [stdout] ...
[INFO] [stdout] 68 |     epr_pool: Arc<RwLock<EPRPool>>,
[INFO] [stdout]    |     ^^^^^^^^
[INFO] [stdout] 
[INFO] [stdout] 
[INFO] [stdout] warning: field `strategy` is never read
[INFO] [stdout]   --> src/network/hub.rs:89:5
[INFO] [stdout]    |
[INFO] [stdout] 88 | pub struct RoutingTable {
[INFO] [stdout]    |            ------------ field in this struct
[INFO] [stdout] 89 |     strategy: RoutingStrategy,
[INFO] [stdout]    |     ^^^^^^^^
[INFO] [stdout] 
[INFO] [stdout] 
[INFO] [stderr]     Finished `release` profile [optimized] target(s) in 52.60s
[INFO] running `Command { std: "docker" "inspect" "f3e92f22245760333d1d757ce2cecc98efb555de38941b6548d37d5ee541e716", kill_on_drop: false }`
[INFO] running `Command { std: "docker" "exec" "-e" "SOURCE_DIR=/opt/rustwide/workdir" "-e" "CARGO_HOME=/opt/rustwide/cargo-home" "-e" "RUSTUP_HOME=/opt/rustwide/rustup-home" "-e" "CARGO_TARGET_DIR=/opt/rustwide/target" "-e" "CARGO_INCREMENTAL=0" "-e" "RUST_BACKTRACE=full" "-e" "RUSTFLAGS=--cap-lints=warn" "-e" "RUSTDOCFLAGS=--cap-lints=warn" "-w" "/opt/rustwide/workdir" "--user" "0:0" "f3e92f22245760333d1d757ce2cecc98efb555de38941b6548d37d5ee541e716" "/opt/rustwide/cargo-home/bin/cargo" "+1.99.0-beta.8" "test" "--frozen" "--no-run" "--message-format=json" "--release", kill_on_drop: false }`
[INFO] [stderr]    Compiling slab v0.4.11
[INFO] [stderr]    Compiling futures-sink v0.3.31
[INFO] [stderr]    Compiling futures-macro v0.3.31
[INFO] [stderr]    Compiling tokio v0.3.7
[INFO] [stderr]    Compiling futures-io v0.3.31
[INFO] [stderr]    Compiling futures-task v0.3.31
[INFO] [stderr]    Compiling serde_json v1.0.143
[INFO] [stderr]    Compiling futures-channel v0.3.31
[INFO] [stderr]    Compiling futures-util v0.3.31
[INFO] [stderr]    Compiling qnect v0.3.0 (/opt/rustwide/workdir)
[INFO] [stderr]    Compiling tokio-test v0.3.0
[INFO] [stderr]    Compiling futures-executor v0.3.31
[INFO] [stderr]    Compiling futures v0.3.31
[INFO] [stdout] warning: field `location` is never read
[INFO] [stdout]   --> src/network/builder.rs:39:5
[INFO] [stdout]    |
[INFO] [stdout] 35 | struct NodeSpec {
[INFO] [stdout]    |        -------- field in this struct
[INFO] [stdout] ...
[INFO] [stdout] 39 |     location: Option<(f64, f64)>,
[INFO] [stdout]    |     ^^^^^^^^
[INFO] [stdout]    |
[INFO] [stdout]    = note: `NodeSpec` has derived impls for the traits `Clone` and `Debug`, but these are intentionally ignored during dead code analysis
[INFO] [stdout]    = note: `#[warn(dead_code)]` (part of `#[warn(unused)]`) on by default
[INFO] [stdout] 
[INFO] [stdout] 
[INFO] [stdout] warning: field `epr_pool` is never read
[INFO] [stdout]   --> src/network/hub.rs:68:5
[INFO] [stdout]    |
[INFO] [stdout] 60 | pub struct QuantumHub {
[INFO] [stdout]    |            ---------- field in this struct
[INFO] [stdout] ...
[INFO] [stdout] 68 |     epr_pool: Arc<RwLock<EPRPool>>,
[INFO] [stdout]    |     ^^^^^^^^
[INFO] [stdout] 
[INFO] [stdout] 
[INFO] [stdout] warning: field `strategy` is never read
[INFO] [stdout]   --> src/network/hub.rs:89:5
[INFO] [stdout]    |
[INFO] [stdout] 88 | pub struct RoutingTable {
[INFO] [stdout]    |            ------------ field in this struct
[INFO] [stdout] 89 |     strategy: RoutingStrategy,
[INFO] [stdout]    |     ^^^^^^^^
[INFO] [stdout] 
[INFO] [stdout] 
[INFO] [stdout] warning: field `location` is never read
[INFO] [stdout]   --> src/network/builder.rs:39:5
[INFO] [stdout]    |
[INFO] [stdout] 35 | struct NodeSpec {
[INFO] [stdout]    |        -------- field in this struct
[INFO] [stdout] ...
[INFO] [stdout] 39 |     location: Option<(f64, f64)>,
[INFO] [stdout]    |     ^^^^^^^^
[INFO] [stdout]    |
[INFO] [stdout]    = note: `NodeSpec` has derived impls for the traits `Clone` and `Debug`, but these are intentionally ignored during dead code analysis
[INFO] [stdout]    = note: `#[warn(dead_code)]` (part of `#[warn(unused)]`) on by default
[INFO] [stdout] 
[INFO] [stdout] 
[INFO] [stdout] warning: field `epr_pool` is never read
[INFO] [stdout]   --> src/network/hub.rs:68:5
[INFO] [stdout]    |
[INFO] [stdout] 60 | pub struct QuantumHub {
[INFO] [stdout]    |            ---------- field in this struct
[INFO] [stdout] ...
[INFO] [stdout] 68 |     epr_pool: Arc<RwLock<EPRPool>>,
[INFO] [stdout]    |     ^^^^^^^^
[INFO] [stdout] 
[INFO] [stdout] 
[INFO] [stdout] warning: field `strategy` is never read
[INFO] [stdout]   --> src/network/hub.rs:89:5
[INFO] [stdout]    |
[INFO] [stdout] 88 | pub struct RoutingTable {
[INFO] [stdout]    |            ------------ field in this struct
[INFO] [stdout] 89 |     strategy: RoutingStrategy,
[INFO] [stdout]    |     ^^^^^^^^
[INFO] [stdout] 
[INFO] [stdout] 
[INFO] [stdout] warning: field `swapper` is never read
[INFO] [stdout]   --> examples/quantum_network_service_new.rs:14:5
[INFO] [stdout]    |
[INFO] [stdout] 12 | struct QuantumService {
[INFO] [stdout]    |        -------------- field in this struct
[INFO] [stdout] 13 |     network: Arc<Mutex<QuantumNetwork>>,
[INFO] [stdout] 14 |     swapper: Arc<Mutex<EntanglementSwapper>>,
[INFO] [stdout]    |     ^^^^^^^
[INFO] [stdout]    |
[INFO] [stdout]    = note: `#[warn(dead_code)]` (part of `#[warn(unused)]`) on by default
[INFO] [stdout] 
[INFO] [stdout] 
[INFO] [stderr]     Finished `release` profile [optimized] target(s) in 2m 04s
[INFO] running `Command { std: "docker" "inspect" "f3e92f22245760333d1d757ce2cecc98efb555de38941b6548d37d5ee541e716", kill_on_drop: false }`
[INFO] running `Command { std: "docker" "exec" "-e" "SOURCE_DIR=/opt/rustwide/workdir" "-e" "CARGO_HOME=/opt/rustwide/cargo-home" "-e" "RUSTUP_HOME=/opt/rustwide/rustup-home" "-e" "CARGO_TARGET_DIR=/opt/rustwide/target" "-e" "CARGO_INCREMENTAL=0" "-e" "RUST_BACKTRACE=full" "-e" "RUSTFLAGS=--cap-lints=warn" "-e" "RUSTDOCFLAGS=--cap-lints=warn" "-w" "/opt/rustwide/workdir" "--user" "0:0" "f3e92f22245760333d1d757ce2cecc98efb555de38941b6548d37d5ee541e716" "/opt/rustwide/cargo-home/bin/cargo" "+1.99.0-beta.8" "test" "--frozen" "--release", kill_on_drop: false }`
[INFO] [stderr] warning: field `location` is never read
[INFO] [stderr]   --> src/network/builder.rs:39:5
[INFO] [stderr]    |
[INFO] [stderr] 35 | struct NodeSpec {
[INFO] [stderr]    |        -------- field in this struct
[INFO] [stderr] ...
[INFO] [stderr] 39 |     location: Option<(f64, f64)>,
[INFO] [stderr]    |     ^^^^^^^^
[INFO] [stderr]    |
[INFO] [stderr]    = note: `NodeSpec` has derived impls for the traits `Clone` and `Debug`, but these are intentionally ignored during dead code analysis
[INFO] [stderr]    = note: `#[warn(dead_code)]` (part of `#[warn(unused)]`) on by default
[INFO] [stderr] 
[INFO] [stderr] warning: field `epr_pool` is never read
[INFO] [stderr]   --> src/network/hub.rs:68:5
[INFO] [stderr]    |
[INFO] [stderr] 60 | pub struct QuantumHub {
[INFO] [stderr]    |            ---------- field in this struct
[INFO] [stderr] ...
[INFO] [stderr] 68 |     epr_pool: Arc<RwLock<EPRPool>>,
[INFO] [stderr]    |     ^^^^^^^^
[INFO] [stderr] 
[INFO] [stderr] warning: field `strategy` is never read
[INFO] [stderr]   --> src/network/hub.rs:89:5
[INFO] [stderr]    |
[INFO] [stderr] 88 | pub struct RoutingTable {
[INFO] [stderr]    |            ------------ field in this struct
[INFO] [stderr] 89 |     strategy: RoutingStrategy,
[INFO] [stderr]    |     ^^^^^^^^
[INFO] [stderr] 
[INFO] [stderr] warning: `qnect` (lib) generated 3 warnings
[INFO] [stderr] warning: field `swapper` is never read
[INFO] [stderr]   --> examples/quantum_network_service_new.rs:14:5
[INFO] [stderr]    |
[INFO] [stderr] 12 | struct QuantumService {
[INFO] [stderr]    |        -------------- field in this struct
[INFO] [stderr] 13 |     network: Arc<Mutex<QuantumNetwork>>,
[INFO] [stderr] 14 |     swapper: Arc<Mutex<EntanglementSwapper>>,
[INFO] [stderr]    |     ^^^^^^^
[INFO] [stderr]    |
[INFO] [stderr]    = note: `#[warn(dead_code)]` (part of `#[warn(unused)]`) on by default
[INFO] [stderr] 
[INFO] [stderr] warning: `qnect` (example "quantum_network_service_new") generated 1 warning
[INFO] [stderr] warning: `qnect` (lib test) generated 3 warnings (3 duplicates)
[INFO] [stderr]     Finished `release` profile [optimized] target(s) in 0.15s
[INFO] [stderr]      Running unittests src/lib.rs (/opt/rustwide/target/release/deps/qnect-b4a229f6185f32bd)
[INFO] [stdout] 
[INFO] [stdout] running 14 tests
[INFO] [stdout] test backend::stabilizer::tests::test_bell_state ... ok
[INFO] [stdout] test backend::noisy::tests::test_deterministic_with_seed ... ok
[INFO] [stdout] test backend::noisy::tests::test_measurement_caching ... ok
[INFO] [stdout] test backend::noisy::tests::test_noise_rates_clamped ... ok
[INFO] [stdout] test backend::stabilizer::tests::test_hadamard_gate ... ok
[INFO] [stdout] test backend::stabilizer::tests::test_stabilizer_initialization ... ok
[INFO] [stdout] test network::network::tests::test_classical_communication ... ok
[INFO] [stdout] test backend::noisy::tests::test_cache_invalidation ... ok
[INFO] [stdout] test network::network::tests::test_qubit_allocation ... ok
[INFO] [stdout] test protocol::protocol::tests::test_ghz_distribution ... ok
[INFO] [stdout] test network::network::tests::test_epr_creation ... ok
[INFO] [stdout] test protocol::protocol::tests::test_quantum_network ... ok
[INFO] [stdout] test network::network::tests::test_netqasm_generation ... ok
[INFO] [stderr]      Running tests/examples_test.rs (/opt/rustwide/target/release/deps/examples_test-8a076961c4d47191)
[INFO] [stdout] test network::network::tests::test_distributed_mode ... ok
[INFO] [stdout] 
[INFO] [stdout] test result: ok. 14 passed; 0 failed; 0 ignored; 0 measured; 0 filtered out; finished in 0.04s
[INFO] [stdout] 
[INFO] [stdout] 
[INFO] [stdout] running 1 test
[INFO] [stdout] test example_tests::test_all_examples has been running for over 60 seconds
[INFO] [stdout] test example_tests::test_all_examples ... FAILED
[INFO] [stderr] error: test failed, to rerun pass `--test examples_test`
[INFO] [stdout] 
[INFO] [stdout] failures:
[INFO] [stdout] 
[INFO] [stdout] ---- example_tests::test_all_examples stdout ----
[INFO] [stdout] Running example: 00_quantum_verification
[INFO] [stdout] Running example: 01_quantum_interference
[INFO] [stdout] Running example: 02_ghz_scaling
[INFO] [stdout] Running example: 03_simple_bell_pair
[INFO] [stdout] ✓ 03_simple_bell_pair completed successfully
[INFO] [stdout] 
[INFO] [stdout] Running example: 04_quantum_teleportation
[INFO] [stdout] ✓ 04_quantum_teleportation completed successfully
[INFO] [stdout] 
[INFO] [stdout] Running example: 05_backend_comparison
[INFO] [stdout] ✓ 05_backend_comparison completed successfully
[INFO] [stdout] 
[INFO] [stdout] Running example: 06_error_handling
[INFO] [stdout] ✓ 06_error_handling completed successfully
[INFO] [stdout] 
[INFO] [stdout] Running example: 07_quantum_walk
[INFO] [stdout] ✓ 07_quantum_walk completed successfully
[INFO] [stdout] 
[INFO] [stdout] Running example: 08_quantum_network
[INFO] [stdout] ✓ 08_quantum_network completed successfully
[INFO] [stdout] 
[INFO] [stdout] Running example: 09_qkd_bb84
[INFO] [stdout] ✓ 09_qkd_bb84 completed successfully
[INFO] [stdout] 
[INFO] [stdout] Running example: 10_qkd_with_eve
[INFO] [stdout] ✓ 10_qkd_with_eve completed successfully
[INFO] [stdout] 
[INFO] [stdout] Running example: 11_gate_showcase
[INFO] [stdout] ✓ 11_gate_showcase completed successfully
[INFO] [stdout] 
[INFO] [stdout] Running example: 12_future_network
[INFO] [stdout] ✓ 12_future_network completed successfully
[INFO] [stdout] 
[INFO] [stdout] Running example: 13_circuit_noise
[INFO] [stdout] ✓ 13_circuit_noise completed successfully
[INFO] [stdout] 
[INFO] [stdout] Running example: 14_dagger_gates
[INFO] [stdout] ✓ 14_dagger_gates completed successfully
[INFO] [stdout] 
[INFO] [stdout] Running example: 15_qasm_export
[INFO] [stdout] Running example: 16_qasm_import
[INFO] [stdout] Running example: 17_grovers_search
[INFO] [stdout] ✓ 17_grovers_search completed successfully
[INFO] [stdout] 
[INFO] [stdout] Running example: 18_stabilizer_demo
[INFO] [stdout] ✓ 18_stabilizer_demo completed successfully
[INFO] [stdout] 
[INFO] [stdout] Running example: 19_quantum_network_protocols
[INFO] [stdout] ✓ 19_quantum_network_protocols completed successfully
[INFO] [stdout] 
[INFO] [stdout] Running example: 20_quantum_internet_stack
[INFO] [stdout] ✓ 20_quantum_internet_stack completed successfully
[INFO] [stdout] 
[INFO] [stdout] Running example: 21_qnpu_test
[INFO] [stdout] ✓ 21_qnpu_test completed successfully
[INFO] [stdout] 
[INFO] [stdout] Running example: 22_quantum_anonymous_transmission
[INFO] [stdout] ✓ 22_quantum_anonymous_transmission completed successfully
[INFO] [stdout] 
[INFO] [stdout] Running example: quantum_hub_demo
[INFO] [stdout] ✓ quantum_hub_demo completed successfully
[INFO] [stdout] 
[INFO] [stdout] Running example: network_builder_demo
[INFO] [stdout] ✓ network_builder_demo completed successfully
[INFO] [stdout] 
[INFO] [stdout] Running example: quantum_topologies
[INFO] [stdout] ✓ quantum_topologies completed successfully
[INFO] [stdout] 
[INFO] [stdout] Running example: quantum_qkd_chat
[INFO] [stdout] ✓ quantum_qkd_chat completed successfully
[INFO] [stdout] 
[INFO] [stdout] 
[INFO] [stdout] ❌ Failed examples:
[INFO] [stdout]   - 00_quantum_verification: Example 00_quantum_verification timed out after 30s
[INFO] [stdout]   - 01_quantum_interference: Example 01_quantum_interference timed out after 5s
[INFO] [stdout]   - 02_ghz_scaling: Example 02_ghz_scaling timed out after 30s
[INFO] [stdout]   - 15_qasm_export: Example 15_qasm_export failed:
[INFO] [stdout] warning: field `location` is never read
[INFO] [stdout]   --> src/network/builder.rs:39:5
[INFO] [stdout]    |
[INFO] [stdout] 35 | struct NodeSpec {
[INFO] [stdout]    |        -------- field in this struct
[INFO] [stdout] ...
[INFO] [stdout] 39 |     location: Option<(f64, f64)>,
[INFO] [stdout]    |     ^^^^^^^^
[INFO] [stdout]    |
[INFO] [stdout]    = note: `NodeSpec` has derived impls for the traits `Clone` and `Debug`, but these are intentionally ignored during dead code analysis
[INFO] [stdout]    = note: `#[warn(dead_code)]` (part of `#[warn(unused)]`) on by default
[INFO] [stdout] 
[INFO] [stdout] warning: field `epr_pool` is never read
[INFO] [stdout]   --> src/network/hub.rs:68:5
[INFO] [stdout]    |
[INFO] [stdout] 60 | pub struct QuantumHub {
[INFO] [stdout]    |            ---------- field in this struct
[INFO] [stdout] ...
[INFO] [stdout] 68 |     epr_pool: Arc<RwLock<EPRPool>>,
[INFO] [stdout]    |     ^^^^^^^^
[INFO] [stdout] 
[INFO] [stdout] warning: field `strategy` is never read
[INFO] [stdout]   --> src/network/hub.rs:89:5
[INFO] [stdout]    |
[INFO] [stdout] 88 | pub struct RoutingTable {
[INFO] [stdout]    |            ------------ field in this struct
[INFO] [stdout] 89 |     strategy: RoutingStrategy,
[INFO] [stdout]    |     ^^^^^^^^
[INFO] [stdout] 
[INFO] [stdout] warning: `qnect` (lib) generated 3 warnings
[INFO] [stdout]    Compiling qnect v0.3.0 (/opt/rustwide/workdir)
[INFO] [stdout]     Finished `dev` profile [unoptimized + debuginfo] target(s) in 0.70s
[INFO] [stdout]      Running `/opt/rustwide/target/debug/examples/15_qasm_export`
[INFO] [stdout] Error: Os { code: 30, kind: ReadOnlyFilesystem, message: "Read-only file system" }
[INFO] [stdout] 
[INFO] [stdout]   - 16_qasm_import: Example 16_qasm_import failed:
[INFO] [stdout] warning: field `location` is never read
[INFO] [stdout]   --> src/network/builder.rs:39:5
[INFO] [stdout]    |
[INFO] [stdout] 35 | struct NodeSpec {
[INFO] [stdout]    |        -------- field in this struct
[INFO] [stdout] ...
[INFO] [stdout] 39 |     location: Option<(f64, f64)>,
[INFO] [stdout]    |     ^^^^^^^^
[INFO] [stdout]    |
[INFO] [stdout]    = note: `NodeSpec` has derived impls for the traits `Clone` and `Debug`, but these are intentionally ignored during dead code analysis
[INFO] [stdout]    = note: `#[warn(dead_code)]` (part of `#[warn(unused)]`) on by default
[INFO] [stdout] 
[INFO] [stdout] warning: field `epr_pool` is never read
[INFO] [stdout]   --> src/network/hub.rs:68:5
[INFO] [stdout]    |
[INFO] [stdout] 60 | pub struct QuantumHub {
[INFO] [stdout]    |            ---------- field in this struct
[INFO] [stdout] ...
[INFO] [stdout] 68 |     epr_pool: Arc<RwLock<EPRPool>>,
[INFO] [stdout]    |     ^^^^^^^^
[INFO] [stdout] 
[INFO] [stdout] warning: field `strategy` is never read
[INFO] [stdout]   --> src/network/hub.rs:89:5
[INFO] [stdout]    |
[INFO] [stdout] 88 | pub struct RoutingTable {
[INFO] [stdout]    |            ------------ field in this struct
[INFO] [stdout] 89 |     strategy: RoutingStrategy,
[INFO] [stdout]    |     ^^^^^^^^
[INFO] [stdout] 
[INFO] [stdout] warning: `qnect` (lib) generated 3 warnings
[INFO] [stdout]    Compiling qnect v0.3.0 (/opt/rustwide/workdir)
[INFO] [stdout]     Finished `dev` profile [unoptimized + debuginfo] target(s) in 1.36s
[INFO] [stdout]      Running `/opt/rustwide/target/debug/examples/16_qasm_import`
[INFO] [stdout] Error: Os { code: 30, kind: ReadOnlyFilesystem, message: "Read-only file system" }
[INFO] [stdout] 
[INFO] [stdout] 
[INFO] [stdout] thread 'example_tests::test_all_examples' (2005) panicked at tests/examples_test.rs:88:13:
[INFO] [stdout] 5 examples failed!
[INFO] [stdout] stack backtrace:
[INFO] [stdout]    0:     0x6113770259f1 - <<std[70759c8f55707aa4]::sys::backtrace::BacktraceLock>::print::DisplayBacktrace as core[df12db4294e9bfd3]::fmt::Display>::fmt
[INFO] [stdout]    1:     0x611377039bca - core[df12db4294e9bfd3]::fmt::write
[INFO] [stdout]    2:     0x611377029e8c - <alloc[2182bb758b4b3781]::vec::Vec<u8> as core[df12db4294e9bfd3]::io::write::Write>::write_fmt
[INFO] [stdout]    3:     0x611377001ee6 - std[70759c8f55707aa4]::panicking::default_hook::{closure#0}
[INFO] [stdout]    4:     0x61137701e159 - std[70759c8f55707aa4]::panicking::default_hook
[INFO] [stdout]    5:     0x611376fba4e0 - test[9d35eded1c95d3be]::test_main_inner::<test[9d35eded1c95d3be]::test_main_static::{closure#0}>::{closure#0}
[INFO] [stdout]    6:     0x61137701e312 - std[70759c8f55707aa4]::panicking::panic_with_hook
[INFO] [stdout]    7:     0x611377001f92 - std[70759c8f55707aa4]::panicking::panic_handler::{closure#0}
[INFO] [stdout]    8:     0x611376ffad19 - std[70759c8f55707aa4]::sys::backtrace::__rust_end_short_backtrace::<std[70759c8f55707aa4]::panicking::panic_handler::{closure#0}, !>
[INFO] [stdout]    9:     0x611377002b8d - __rustc[8fa7c3cbc660c2b3]::rust_begin_unwind
[INFO] [stdout]   10:     0x61137703a2fc - core[df12db4294e9bfd3]::panicking::panic_fmt
[INFO] [stdout]   11:     0x611376fabcc8 - examples_test[9be0ac6e78cee814]::example_tests::test_all_examples
[INFO] [stdout]   12:     0x611376fa7749 - <examples_test[9be0ac6e78cee814]::example_tests::test_all_examples::{closure#0} as core[df12db4294e9bfd3]::ops::function::FnOnce<()>>::call_once
[INFO] [stdout]   13:     0x611376fad7cb - test[9d35eded1c95d3be]::__rust_begin_short_backtrace::<core[df12db4294e9bfd3]::result::Result<(), alloc[2182bb758b4b3781]::string::String>, fn() -> core[df12db4294e9bfd3]::result::Result<(), alloc[2182bb758b4b3781]::string::String>>
[INFO] [stdout]   14:     0x611376fbae35 - test[9d35eded1c95d3be]::run_test::{closure#0}
[INFO] [stdout]   15:     0x611376fb46f4 - std[70759c8f55707aa4]::sys::backtrace::__rust_begin_short_backtrace::<test[9d35eded1c95d3be]::run_test::{closure#1}, ()>
[INFO] [stdout]   16:     0x611376fbdf92 - <std[70759c8f55707aa4]::thread::lifecycle::spawn_unchecked<test[9d35eded1c95d3be]::run_test::{closure#1}, ()>::{closure#1} as core[df12db4294e9bfd3]::ops::function::FnOnce<()>>::call_once::{shim:vtable#0}
[INFO] [stdout]   17:     0x6113770252c9 - <std[70759c8f55707aa4]::sys::thread::unix::Thread>::new::thread_start
[INFO] [stdout]   18:     0x775ccef48dfa - <unknown>
[INFO] [stdout]   19:     0x775ccefdc3d4 - clone
[INFO] [stdout]   20:                0x0 - <unknown>
[INFO] [stdout] 
[INFO] [stdout] 
[INFO] [stdout] failures:
[INFO] [stdout]     example_tests::test_all_examples
[INFO] [stdout] 
[INFO] [stdout] test result: FAILED. 0 passed; 1 failed; 0 ignored; 0 measured; 0 filtered out; finished in 113.72s
[INFO] [stdout] 
[INFO] running `Command { std: "docker" "inspect" "f3e92f22245760333d1d757ce2cecc98efb555de38941b6548d37d5ee541e716", kill_on_drop: false }`
[INFO] running `Command { std: "docker" "rm" "-f" "f3e92f22245760333d1d757ce2cecc98efb555de38941b6548d37d5ee541e716", kill_on_drop: false }`
[INFO] [stdout] f3e92f22245760333d1d757ce2cecc98efb555de38941b6548d37d5ee541e716
