[INFO] fetching crate qml_static_analyzer 0.2.0...
[INFO] testing qml_static_analyzer-0.2.0 against 1.100.0-beta.1+cargoflags=--release for beta-release-1.100-2
[INFO] extracting crate qml_static_analyzer 0.2.0 into /workspace/builds/worker-3-tc2/source
[INFO] started tweaking crates.io crate qml_static_analyzer 0.2.0
[INFO] removed 0 missing tests
[INFO] finished tweaking crates.io crate qml_static_analyzer 0.2.0
[INFO] tweaked toml for crates.io crate qml_static_analyzer 0.2.0 written to /workspace/builds/worker-3-tc2/source/Cargo.toml
[INFO] validating manifest of crates.io crate qml_static_analyzer 0.2.0 on toolchain 1.100.0-beta.1
[INFO] running `Command { std: CARGO_HOME="/workspace/cargo-home" RUSTUP_HOME="/workspace/rustup-home" "/workspace/cargo-home/bin/cargo" "+1.100.0-beta.1" "metadata" "--manifest-path" "Cargo.toml" "--no-deps", kill_on_drop: false }`
[INFO] crate crates.io crate qml_static_analyzer 0.2.0 already has a lockfile, it will not be regenerated
[INFO] running `Command { std: CARGO_HOME="/workspace/cargo-home" RUSTUP_HOME="/workspace/rustup-home" "/workspace/cargo-home/bin/cargo" "+1.100.0-beta.1" "fetch" "--manifest-path" "Cargo.toml", kill_on_drop: false }`
[INFO] [stderr] warning: `package.homepage` is redundant with `package.repository`
[INFO] [stderr]    --> Cargo.toml:144:12
[INFO] [stderr]     |
[INFO] [stderr] 144 | homepage = "https://github.com/qarmin/qml_static_analyzer"
[INFO] [stderr]     |            ^^^^^^^^^^^^^^^^^^^^^^^^^^^^^^^^^^^^^^^^^^^^^^^
[INFO] [stderr] ...
[INFO] [stderr] 148 | repository = "https://github.com/qarmin/qml_static_analyzer"
[INFO] [stderr]     |              -----------------------------------------------
[INFO] [stderr]     |
[INFO] [stderr]     = note: `cargo::redundant_homepage` is set to `warn` by default
[INFO] [stderr] help: consider removing `package.homepage`
[INFO] [stderr] warning: `qml_static_analyzer` (manifest) generated 1 warning
[INFO] running `Command { std: "docker" "create" "-v" "/var/lib/crater-agent-workspace/builds/worker-3-tc2/source:/opt/rustwide/workdir:ro,Z" "-v" "/var/lib/crater-agent-workspace/builds/worker-3-tc2/target:/opt/rustwide/target:rw,Z" "-v" "/var/lib/crater-agent-workspace/cargo-home:/opt/rustwide/cargo-home:ro,Z" "-v" "/var/lib/crater-agent-workspace/rustup-home:/opt/rustwide/rustup-home:ro,Z" "-m" "1610612736" "--network" "none" "ghcr.io/rust-lang/crates-build-env/linux@sha256:77db811e55d90add9212f6832c23229e3de5f1c1f9905e8cb07319ea15df73ac" "sleep" "infinity", kill_on_drop: false }`
[INFO] [stdout] 0a346e88ebe3a8b0273658f2f1b95d4828f79d08eecff0bf1470af3a64de5ba2
[INFO] running `Command { std: "docker" "start" "0a346e88ebe3a8b0273658f2f1b95d4828f79d08eecff0bf1470af3a64de5ba2", kill_on_drop: false }`
[INFO] running `Command { std: "docker" "inspect" "0a346e88ebe3a8b0273658f2f1b95d4828f79d08eecff0bf1470af3a64de5ba2", kill_on_drop: false }`
[INFO] running `Command { std: "docker" "exec" "-e" "SOURCE_DIR=/opt/rustwide/workdir" "-e" "CARGO_HOME=/opt/rustwide/cargo-home" "-e" "RUSTUP_HOME=/opt/rustwide/rustup-home" "-e" "CARGO_TARGET_DIR=/opt/rustwide/target" "-w" "/opt/rustwide/workdir" "--user" "0:0" "0a346e88ebe3a8b0273658f2f1b95d4828f79d08eecff0bf1470af3a64de5ba2" "/opt/rustwide/cargo-home/bin/cargo" "+1.100.0-beta.1" "metadata" "--no-deps" "--format-version=1", kill_on_drop: false }`
[INFO] running `Command { std: "docker" "inspect" "0a346e88ebe3a8b0273658f2f1b95d4828f79d08eecff0bf1470af3a64de5ba2", kill_on_drop: false }`
[INFO] running `Command { std: "docker" "exec" "-e" "SOURCE_DIR=/opt/rustwide/workdir" "-e" "CARGO_HOME=/opt/rustwide/cargo-home" "-e" "RUSTUP_HOME=/opt/rustwide/rustup-home" "-e" "CARGO_TARGET_DIR=/opt/rustwide/target" "-e" "CARGO_INCREMENTAL=0" "-e" "RUST_BACKTRACE=full" "-e" "RUSTFLAGS=--cap-lints=warn" "-e" "RUSTDOCFLAGS=--cap-lints=warn" "-w" "/opt/rustwide/workdir" "--user" "0:0" "0a346e88ebe3a8b0273658f2f1b95d4828f79d08eecff0bf1470af3a64de5ba2" "/opt/rustwide/cargo-home/bin/cargo" "+1.100.0-beta.1" "build" "--frozen" "--message-format=json" "--release", kill_on_drop: false }`
[INFO] [stderr] warning: `package.homepage` is redundant with `package.repository`
[INFO] [stderr]    --> Cargo.toml:144:12
[INFO] [stderr]     |
[INFO] [stderr] 144 | homepage = "https://github.com/qarmin/qml_static_analyzer"
[INFO] [stderr]     |            ^^^^^^^^^^^^^^^^^^^^^^^^^^^^^^^^^^^^^^^^^^^^^^^
[INFO] [stderr] ...
[INFO] [stderr] 148 | repository = "https://github.com/qarmin/qml_static_analyzer"
[INFO] [stderr]     |              -----------------------------------------------
[INFO] [stderr]     |
[INFO] [stderr]     = note: `cargo::redundant_homepage` is set to `warn` by default
[INFO] [stderr] help: consider removing `package.homepage`
[INFO] [stderr] warning: `qml_static_analyzer` (manifest) generated 1 warning
[INFO] [stderr]    Compiling proc-macro2 v1.0.106
[INFO] [stderr]    Compiling quote v1.0.45
[INFO] [stderr]    Compiling winnow v1.0.1
[INFO] [stderr]    Compiling toml_datetime v1.1.1+spec-1.1.0
[INFO] [stderr]    Compiling serde_spanned v1.1.1
[INFO] [stderr]    Compiling bitflags v2.11.0
[INFO] [stderr]    Compiling qml_static_analyzer v0.2.0 (/opt/rustwide/workdir)
[INFO] [stderr]    Compiling unicode-ident v1.0.24
[INFO] [stderr]    Compiling toml_writer v1.1.1+spec-1.1.0
[INFO] [stderr]    Compiling memchr v2.8.0
[INFO] [stderr]    Compiling once_cell v1.21.4
[INFO] [stderr]    Compiling toml_parser v1.1.1+spec-1.1.0
[INFO] [stderr]    Compiling serde_json v1.0.149
[INFO] [stderr]    Compiling syn v2.0.117
[INFO] [stderr]    Compiling toml v1.1.1+spec-1.1.0
[INFO] [stderr]    Compiling serde_derive v1.0.228
[INFO] [stderr]    Compiling serde v1.0.228
[INFO] [stderr]    Compiling ron v0.12.1
[INFO] [stderr]     Finished `release` profile [optimized] target(s) in 41.88s
[INFO] running `Command { std: "docker" "inspect" "0a346e88ebe3a8b0273658f2f1b95d4828f79d08eecff0bf1470af3a64de5ba2", kill_on_drop: false }`
[INFO] running `Command { std: "docker" "exec" "-e" "SOURCE_DIR=/opt/rustwide/workdir" "-e" "CARGO_HOME=/opt/rustwide/cargo-home" "-e" "RUSTUP_HOME=/opt/rustwide/rustup-home" "-e" "CARGO_TARGET_DIR=/opt/rustwide/target" "-e" "CARGO_INCREMENTAL=0" "-e" "RUST_BACKTRACE=full" "-e" "RUSTFLAGS=--cap-lints=warn" "-e" "RUSTDOCFLAGS=--cap-lints=warn" "-w" "/opt/rustwide/workdir" "--user" "0:0" "0a346e88ebe3a8b0273658f2f1b95d4828f79d08eecff0bf1470af3a64de5ba2" "/opt/rustwide/cargo-home/bin/cargo" "+1.100.0-beta.1" "test" "--frozen" "--no-run" "--message-format=json" "--release", kill_on_drop: false }`
[INFO] [stderr] warning: `package.homepage` is redundant with `package.repository`
[INFO] [stderr]    --> Cargo.toml:144:12
[INFO] [stderr]     |
[INFO] [stderr] 144 | homepage = "https://github.com/qarmin/qml_static_analyzer"
[INFO] [stderr]     |            ^^^^^^^^^^^^^^^^^^^^^^^^^^^^^^^^^^^^^^^^^^^^^^^
[INFO] [stderr] ...
[INFO] [stderr] 148 | repository = "https://github.com/qarmin/qml_static_analyzer"
[INFO] [stderr]     |              -----------------------------------------------
[INFO] [stderr]     |
[INFO] [stderr]     = note: `cargo::redundant_homepage` is set to `warn` by default
[INFO] [stderr] help: consider removing `package.homepage`
[INFO] [stderr] warning: `qml_static_analyzer` (manifest) generated 1 warning
[INFO] [stderr]    Compiling diff v0.1.13
[INFO] [stderr]    Compiling pretty_assertions v1.4.1
[INFO] [stderr]    Compiling qml_static_analyzer v0.2.0 (/opt/rustwide/workdir)
[INFO] [stderr]     Finished `release` profile [optimized] target(s) in 18.59s
[INFO] running `Command { std: "docker" "inspect" "0a346e88ebe3a8b0273658f2f1b95d4828f79d08eecff0bf1470af3a64de5ba2", kill_on_drop: false }`
[INFO] running `Command { std: "docker" "exec" "-e" "SOURCE_DIR=/opt/rustwide/workdir" "-e" "CARGO_HOME=/opt/rustwide/cargo-home" "-e" "RUSTUP_HOME=/opt/rustwide/rustup-home" "-e" "CARGO_TARGET_DIR=/opt/rustwide/target" "-e" "CARGO_INCREMENTAL=0" "-e" "RUST_BACKTRACE=full" "-e" "RUSTFLAGS=--cap-lints=warn" "-e" "RUSTDOCFLAGS=--cap-lints=warn" "-w" "/opt/rustwide/workdir" "--user" "0:0" "0a346e88ebe3a8b0273658f2f1b95d4828f79d08eecff0bf1470af3a64de5ba2" "/opt/rustwide/cargo-home/bin/cargo" "+1.100.0-beta.1" "test" "--frozen" "--release", kill_on_drop: false }`
[INFO] [stderr] warning: `package.homepage` is redundant with `package.repository`
[INFO] [stderr]    --> Cargo.toml:144:12
[INFO] [stderr]     |
[INFO] [stderr] 144 | homepage = "https://github.com/qarmin/qml_static_analyzer"
[INFO] [stderr]     |            ^^^^^^^^^^^^^^^^^^^^^^^^^^^^^^^^^^^^^^^^^^^^^^^
[INFO] [stderr] ...
[INFO] [stderr] 148 | repository = "https://github.com/qarmin/qml_static_analyzer"
[INFO] [stderr]     |              -----------------------------------------------
[INFO] [stderr]     |
[INFO] [stderr]     = note: `cargo::redundant_homepage` is set to `warn` by default
[INFO] [stderr] help: consider removing `package.homepage`
[INFO] [stderr] warning: `qml_static_analyzer` (manifest) generated 1 warning
[INFO] [stderr]     Finished `release` profile [optimized] target(s) in 0.06s
[INFO] [stderr]      Running unittests src/lib.rs (/opt/rustwide/target/release/build/qml_static_analyzer/64a0d67860b79217/out/qml_static_analyzer-64a0d67860b79217)
[INFO] [stdout] 
[INFO] [stdout] running 3 tests
[INFO] [stderr]      Running unittests src/main.rs (/opt/rustwide/target/release/build/qml_static_analyzer/dd7919ee4407ca5d/out/qml_static_analyzer-dd7919ee4407ca5d)
[INFO] [stdout] test cpp_header::tests::parses_diskmanager_header ... ok
[INFO] [stdout] test cpp_header::tests::strips_block_comments ... ok
[INFO] [stdout] test cpp_header::tests::strips_line_comments ... ok
[INFO] [stdout] 
[INFO] [stdout] test result: ok. 3 passed; 0 failed; 0 ignored; 0 measured; 0 filtered out; finished in 0.00s
[INFO] [stdout] 
[INFO] [stdout] 
[INFO] [stdout] running 0 tests
[INFO] [stdout] 
[INFO] [stdout] test result: ok. 0 passed; 0 failed; 0 ignored; 0 measured; 0 filtered out; finished in 0.00s
[INFO] [stdout] 
[INFO] [stderr]      Running tests/stage1_parser.rs (/opt/rustwide/target/release/build/qml_static_analyzer/c4dbd975597b7ea6/out/stage1_parser-c4dbd975597b7ea6)
[INFO] [stdout] 
[INFO] [stdout] running 11 tests
[INFO] [stdout] test test_children ... ok
[INFO] [stdout] test test_functions ... ok
[INFO] [stdout] test test_no_imports ... ok
[INFO] [stdout] test test_complex_file ... ok
[INFO] [stdout] test test_inline_signal_handler_block ... ok
[INFO] [stdout] test test_property_unset_value ... ok
[INFO] [stdout] test test_properties ... ok
[INFO] [stdout] test test_property_accessed_properties ... ok
[INFO] [stdout] test test_signal_handler_function_is_flagged ... ok
[INFO] [stdout] test test_signals ... ok
[INFO] [stdout] test test_simple_file ... ok
[INFO] [stdout] 
[INFO] [stdout] test result: ok. 11 passed; 0 failed; 0 ignored; 0 measured; 0 filtered out; finished in 0.01s
[INFO] [stdout] 
[INFO] [stderr]      Running tests/stage2_multifile.rs (/opt/rustwide/target/release/build/qml_static_analyzer/b1b69c67fbd30d46/out/stage2_multifile-b1b69c67fbd30d46)
[INFO] [stdout] 
[INFO] [stdout] running 4 tests
[INFO] [stdout] test test_multi_basic ... ok
[INFO] [stdout] test test_multi_inheritance ... ok
[INFO] [stdout] test test_multi_nested ... ok
[INFO] [stdout] test test_multi_references ... ok
[INFO] [stdout] 
[INFO] [stdout] test result: ok. 4 passed; 0 failed; 0 ignored; 0 measured; 0 filtered out; finished in 0.00s
[INFO] [stdout] 
[INFO] [stderr]      Running tests/stage3_checker.rs (/opt/rustwide/target/release/build/qml_static_analyzer/690dbe4c386796d8/out/stage3_checker-690dbe4c386796d8)
[INFO] [stdout] 
[INFO] [stdout] running 36 tests
[INFO] [stdout] test test_arrow_param_in_signal_handler_not_undefined ... FAILED
[INFO] [stdout] test test_chained_member_access_only_base_checked_in_function ... FAILED
[INFO] [stdout] test test_catch_underscore_not_undefined ... FAILED
[INFO] [stdout] test test_arrow_param_in_iterator_not_undefined ... FAILED
[INFO] [stdout] test test_component_on_completed_body_scanned ... FAILED
[INFO] [stdout] test test_component_on_completed_valid_access_not_flagged ... FAILED
[INFO] [stdout] test test_connections_inside_nested_item ... ok
[INFO] [stdout] test test_arrow_param_inside_map_in_property_expr_not_flagged ... FAILED
[INFO] [stdout] test test_inline_handler_with_paren_suffix_valid ... FAILED
[INFO] [stdout] test test_declared_property_in_expression_not_flagged ... FAILED
[INFO] [stdout] test test_for_loop_var_not_undefined ... FAILED
[INFO] [stdout] test test_arrow_params_in_nested_callback_not_undefined ... FAILED
[INFO] [stdout] test test_loader_single_source_parsed_as_child ... ok
[INFO] [stdout] test test_instanceof_in_property_value_not_flagged ... FAILED
[INFO] [stdout] test test_loader_ternary_source_parsed_as_two_children ... ok
[INFO] [stdout] test test_loader_ternary_two_qml_sources ... ok
[INFO] [stdout] test test_child_id_is_in_scope_for_parent_functions ... FAILED
[INFO] [stdout] test test_catch_param_not_undefined ... FAILED
[INFO] [stdout] test test_instanceof_type_not_flagged_as_undefined ... FAILED
[INFO] [stdout] test test_multiple_arrow_params_in_show_dialog_not_undefined ... FAILED
[INFO] [stdout] test test_on_height_changed_is_valid_signal_handler ... FAILED
[INFO] [stdout] test test_inline_object_literal_keys_not_flagged ... FAILED
[INFO] [stdout] test test_object_literal_key_not_flagged_as_undefined ... FAILED
[INFO] [stdout] test test_connections_block_ignored ... FAILED
[INFO] [stdout] test test_on_invalid_changed_is_unknown_signal_handler ... FAILED
[INFO] [stdout] test test_template_literal_interpolation_is_scope_checked ... FAILED
[INFO] [stdout] test test_simple_ref_type_mismatch_still_detected ... FAILED
[INFO] [stdout] test test_sub_qml_signal_handler_scenario ... FAILED
[INFO] [stdout] test test_property_expr_call_chain_not_flagged ... FAILED
[INFO] [stdout] test test_on_width_changed_is_valid_signal_handler ... FAILED
[INFO] [stdout] test test_template_literal_plain_text_not_flagged ... FAILED
[INFO] [stdout] test test_undeclared_name_in_property_expression_flagged ... FAILED
[INFO] [stdout] test test_multiple_loaders_produce_children ... ok
[INFO] [stdout] test test_on_status_with_typo_is_unknown_signal_handler ... FAILED
[INFO] [stdout] test test_not_operator_bool_conversion_no_type_error ... FAILED
[INFO] [stdout] test test_unknown_type_flagged_when_context_known ... FAILED
[INFO] [stdout] 
[INFO] [stdout] failures:
[INFO] [stdout] 
[INFO] [stdout] ---- test_arrow_param_in_signal_handler_not_undefined stdout ----
[INFO] [stdout] 
[INFO] [stdout] thread 'test_arrow_param_in_signal_handler_not_undefined' (705) panicked at src/qt_types.rs:114:9:
[INFO] [stdout] No Qt types compiled in. Re-build with INCLUDED_QT_TYPES=path/to/qt_types_X.Y.Z.json, or pass --qt-types-json at runtime.
[INFO] [stdout] stack backtrace:
[INFO] [stdout]    0:     0x5eb8d2848011 - <<std[617be2ca0a6fd877]::sys::backtrace::BacktraceLock>::print::DisplayBacktrace as core[a373ad73a504971]::fmt::Display>::fmt
[INFO] [stdout]    1:     0x5eb8d285d03a - core[a373ad73a504971]::fmt::write
[INFO] [stdout]    2:     0x5eb8d284c22c - <alloc[2e1b2a31b91974c5]::vec::Vec<u8> as core[a373ad73a504971]::io::write::Write>::write_fmt
[INFO] [stdout]    3:     0x5eb8d2824116 - std[617be2ca0a6fd877]::panicking::default_hook::{closure#0}
[INFO] [stdout]    4:     0x5eb8d2840349 - std[617be2ca0a6fd877]::panicking::default_hook
[INFO] [stdout]    5:     0x5eb8d27a35c0 - test[aada8e7e76ba119b]::test_main_inner::{closure#0}
[INFO] [stdout]    6:     0x5eb8d2840502 - std[617be2ca0a6fd877]::panicking::panic_with_hook
[INFO] [stdout]    7:     0x5eb8d28241f4 - std[617be2ca0a6fd877]::panicking::panic_handler::{closure#0}
[INFO] [stdout]    8:     0x5eb8d281cd49 - std[617be2ca0a6fd877]::sys::backtrace::__rust_end_short_backtrace::<std[617be2ca0a6fd877]::panicking::panic_handler::{closure#0}, !>
[INFO] [stdout]    9:     0x5eb8d2824dcd - __rustc[ea4f61d10b84890b]::rust_begin_unwind
[INFO] [stdout]   10:     0x5eb8d285d76c - core[a373ad73a504971]::panicking::panic_fmt
[INFO] [stdout]   11:     0x5eb8d27fc7fa - qml_static_analyzer[97543869c1cb854]::qt_types::load_default_builtin_db
[INFO] [stdout]   12:     0x5eb8d2790e2c - stage3_checker[29b699e2fc0653f9]::check
[INFO] [stdout]   13:     0x5eb8d2793515 - <stage3_checker[29b699e2fc0653f9]::test_arrow_param_in_signal_handler_not_undefined::{closure#0} as core[a373ad73a504971]::ops::function::FnOnce<()>>::call_once
[INFO] [stdout]   14:     0x5eb8d2796a0b - test[aada8e7e76ba119b]::__rust_begin_short_backtrace::<core[a373ad73a504971]::result::Result<(), alloc[2e1b2a31b91974c5]::string::String>, fn() -> core[a373ad73a504971]::result::Result<(), alloc[2e1b2a31b91974c5]::string::String>>
[INFO] [stdout]   15:     0x5eb8d27a3be5 - test[aada8e7e76ba119b]::run_test::{closure#0}
[INFO] [stdout]   16:     0x5eb8d279d4d4 - std[617be2ca0a6fd877]::sys::backtrace::__rust_begin_short_backtrace::<test[aada8e7e76ba119b]::run_test::{closure#1}, ()>
[INFO] [stdout]   17:     0x5eb8d27a6c72 - <std[617be2ca0a6fd877]::thread::lifecycle::spawn_unchecked<test[aada8e7e76ba119b]::run_test::{closure#1}, ()>::{closure#1} as core[a373ad73a504971]::ops::function::FnOnce<()>>::call_once::{shim:vtable#0}
[INFO] [stdout]   18:     0x5eb8d284750f - <std[617be2ca0a6fd877]::sys::thread::unix::Thread>::new::thread_start
[INFO] [stdout]   19:     0x7560161e6dfa - <unknown>
[INFO] [stdout]   20:     0x75601627a3d4 - clone
[INFO] [stdout]   21:                0x0 - <unknown>
[INFO] [stdout] 
[INFO] [stdout] ---- test_chained_member_access_only_base_checked_in_function stdout ----
[INFO] [stdout] 
[INFO] [stdout] thread 'test_chained_member_access_only_base_checked_in_function' (710) panicked at src/qt_types.rs:114:9:
[INFO] [stdout] No Qt types compiled in. Re-build with INCLUDED_QT_TYPES=path/to/qt_types_X.Y.Z.json, or pass --qt-types-json at runtime.
[INFO] [stdout] stack backtrace:
[INFO] [stdout]    0:     0x5eb8d2848011 - <<std[617be2ca0a6fd877]::sys::backtrace::BacktraceLock>::print::DisplayBacktrace as core[a373ad73a504971]::fmt::Display>::fmt
[INFO] [stdout]    1:     0x5eb8d285d03a - core[a373ad73a504971]::fmt::write
[INFO] [stdout]    2:     0x5eb8d284c22c - <alloc[2e1b2a31b91974c5]::vec::Vec<u8> as core[a373ad73a504971]::io::write::Write>::write_fmt
[INFO] [stdout]    3:     0x5eb8d2824116 - std[617be2ca0a6fd877]::panicking::default_hook::{closure#0}
[INFO] [stdout]    4:     0x5eb8d2840349 - std[617be2ca0a6fd877]::panicking::default_hook
[INFO] [stdout]    5:     0x5eb8d27a35c0 - test[aada8e7e76ba119b]::test_main_inner::{closure#0}
[INFO] [stdout]    6:     0x5eb8d2840502 - std[617be2ca0a6fd877]::panicking::panic_with_hook
[INFO] [stdout]    7:     0x5eb8d28241f4 - std[617be2ca0a6fd877]::panicking::panic_handler::{closure#0}
[INFO] [stdout]    8:     0x5eb8d281cd49 - std[617be2ca0a6fd877]::sys::backtrace::__rust_end_short_backtrace::<std[617be2ca0a6fd877]::panicking::panic_handler::{closure#0}, !>
[INFO] [stdout]    9:     0x5eb8d2824dcd - __rustc[ea4f61d10b84890b]::rust_begin_unwind
[INFO] [stdout]   10:     0x5eb8d285d76c - core[a373ad73a504971]::panicking::panic_fmt
[INFO] [stdout]   11:     0x5eb8d27fc7fa - qml_static_analyzer[97543869c1cb854]::qt_types::load_default_builtin_db
[INFO] [stdout]   12:     0x5eb8d2790e2c - stage3_checker[29b699e2fc0653f9]::check
[INFO] [stdout]   13:     0x5eb8d2794565 - <stage3_checker[29b699e2fc0653f9]::test_chained_member_access_only_base_checked_in_function::{closure#0} as core[a373ad73a504971]::ops::function::FnOnce<()>>::call_once
[INFO] [stdout]   14:     0x5eb8d2796a0b - test[aada8e7e76ba119b]::__rust_begin_short_backtrace::<core[a373ad73a504971]::result::Result<(), alloc[2e1b2a31b91974c5]::string::String>, fn() -> core[a373ad73a504971]::result::Result<(), alloc[2e1b2a31b91974c5]::string::String>>
[INFO] [stdout]   15:     0x5eb8d27a3be5 - test[aada8e7e76ba119b]::run_test::{closure#0}
[INFO] [stdout]   16:     0x5eb8d279d4d4 - std[617be2ca0a6fd877]::sys::backtrace::__rust_begin_short_backtrace::<test[aada8e7e76ba119b]::run_test::{closure#1}, ()>
[INFO] [stdout]   17:     0x5eb8d27a6c72 - <std[617be2ca0a6fd877]::thread::lifecycle::spawn_unchecked<test[aada8e7e76ba119b]::run_test::{closure#1}, ()>::{closure#1} as core[a373ad73a504971]::ops::function::FnOnce<()>>::call_once::{shim:vtable#0}
[INFO] [stdout]   18:     0x5eb8d284750f - <std[617be2ca0a6fd877]::sys::thread::unix::Thread>::new::thread_start
[INFO] [stdout]   19:     0x7560161e6dfa - <unknown>
[INFO] [stdout]   20:     0x75601627a3d4 - clone
[INFO] [stdout]   21:                0x0 - <unknown>
[INFO] [stdout] 
[INFO] [stdout] ---- test_catch_underscore_not_undefined stdout ----
[INFO] [stdout] 
[INFO] [stdout] thread 'test_catch_underscore_not_undefined' (709) panicked at src/qt_types.rs:114:9:
[INFO] [stdout] No Qt types compiled in. Re-build with INCLUDED_QT_TYPES=path/to/qt_types_X.Y.Z.json, or pass --qt-types-json at runtime.
[INFO] [stdout] stack backtrace:
[INFO] [stdout]    0:     0x5eb8d2848011 - <<std[617be2ca0a6fd877]::sys::backtrace::BacktraceLock>::print::DisplayBacktrace as core[a373ad73a504971]::fmt::Display>::fmt
[INFO] [stdout]    1:     0x5eb8d285d03a - core[a373ad73a504971]::fmt::write
[INFO] [stdout]    2:     0x5eb8d284c22c - <alloc[2e1b2a31b91974c5]::vec::Vec<u8> as core[a373ad73a504971]::io::write::Write>::write_fmt
[INFO] [stdout]    3:     0x5eb8d2824116 - std[617be2ca0a6fd877]::panicking::default_hook::{closure#0}
[INFO] [stdout]    4:     0x5eb8d2840349 - std[617be2ca0a6fd877]::panicking::default_hook
[INFO] [stdout]    5:     0x5eb8d27a35c0 - test[aada8e7e76ba119b]::test_main_inner::{closure#0}
[INFO] [stdout]    6:     0x5eb8d2840502 - std[617be2ca0a6fd877]::panicking::panic_with_hook
[INFO] [stdout]    7:     0x5eb8d28241f4 - std[617be2ca0a6fd877]::panicking::panic_handler::{closure#0}
[INFO] [stdout]    8:     0x5eb8d281cd49 - std[617be2ca0a6fd877]::sys::backtrace::__rust_end_short_backtrace::<std[617be2ca0a6fd877]::panicking::panic_handler::{closure#0}, !>
[INFO] [stdout]    9:     0x5eb8d2824dcd - __rustc[ea4f61d10b84890b]::rust_begin_unwind
[INFO] [stdout]   10:     0x5eb8d285d76c - core[a373ad73a504971]::panicking::panic_fmt
[INFO] [stdout]   11:     0x5eb8d27fc7fa - qml_static_analyzer[97543869c1cb854]::qt_types::load_default_builtin_db
[INFO] [stdout]   12:     0x5eb8d2790e2c - stage3_checker[29b699e2fc0653f9]::check
[INFO] [stdout]   13:     0x5eb8d27915b5 - <stage3_checker[29b699e2fc0653f9]::test_catch_underscore_not_undefined::{closure#0} as core[a373ad73a504971]::ops::function::FnOnce<()>>::call_once
[INFO] [stdout]   14:     0x5eb8d2796a0b - test[aada8e7e76ba119b]::__rust_begin_short_backtrace::<core[a373ad73a504971]::result::Result<(), alloc[2e1b2a31b91974c5]::string::String>, fn() -> core[a373ad73a504971]::result::Result<(), alloc[2e1b2a31b91974c5]::string::String>>
[INFO] [stdout]   15:     0x5eb8d27a3be5 - test[aada8e7e76ba119b]::run_test::{closure#0}
[INFO] [stdout]   16:     0x5eb8d279d4d4 - std[617be2ca0a6fd877]::sys::backtrace::__rust_begin_short_backtrace::<test[aada8e7e76ba119b]::run_test::{closure#1}, ()>
[INFO] [stdout]   17:     0x5eb8d27a6c72 - <std[617be2ca0a6fd877]::thread::lifecycle::spawn_unchecked<test[aada8e7e76ba119b]::run_test::{closure#1}, ()>::{closure#1} as core[a373ad73a504971]::ops::function::FnOnce<()>>::call_once::{shim:vtable#0}
[INFO] [stdout]   18:     0x5eb8d284750f - <std[617be2ca0a6fd877]::sys::thread::unix::Thread>::new::thread_start
[INFO] [stdout]   19:     0x7560161e6dfa - <unknown>
[INFO] [stdout]   20:     0x75601627a3d4 - clone
[INFO] [stdout]   21:                0x0 - <unknown>
[INFO] [stdout] 
[INFO] [stdout] ---- test_arrow_param_in_iterator_not_undefined stdout ----
[INFO] [stdout] 
[INFO] [stdout] thread 'test_arrow_param_in_iterator_not_undefined' (704) panicked at src/qt_types.rs:114:9:
[INFO] [stdout] No Qt types compiled in. Re-build with INCLUDED_QT_TYPES=path/to/qt_types_X.Y.Z.json, or pass --qt-types-json at runtime.
[INFO] [stdout] stack backtrace:
[INFO] [stdout]    0:     0x5eb8d2848011 - <<std[617be2ca0a6fd877]::sys::backtrace::BacktraceLock>::print::DisplayBacktrace as core[a373ad73a504971]::fmt::Display>::fmt
[INFO] [stdout]    1:     0x5eb8d285d03a - core[a373ad73a504971]::fmt::write
[INFO] [stdout]    2:     0x5eb8d284c22c - <alloc[2e1b2a31b91974c5]::vec::Vec<u8> as core[a373ad73a504971]::io::write::Write>::write_fmt
[INFO] [stdout]    3:     0x5eb8d2824116 - std[617be2ca0a6fd877]::panicking::default_hook::{closure#0}
[INFO] [stdout]    4:     0x5eb8d2840349 - std[617be2ca0a6fd877]::panicking::default_hook
[INFO] [stdout]    5:     0x5eb8d27a35c0 - test[aada8e7e76ba119b]::test_main_inner::{closure#0}
[INFO] [stdout]    6:     0x5eb8d2840502 - std[617be2ca0a6fd877]::panicking::panic_with_hook
[INFO] [stdout]    7:     0x5eb8d28241f4 - std[617be2ca0a6fd877]::panicking::panic_handler::{closure#0}
[INFO] [stdout]    8:     0x5eb8d281cd49 - std[617be2ca0a6fd877]::sys::backtrace::__rust_end_short_backtrace::<std[617be2ca0a6fd877]::panicking::panic_handler::{closure#0}, !>
[INFO] [stdout]    9:     0x5eb8d2824dcd - __rustc[ea4f61d10b84890b]::rust_begin_unwind
[INFO] [stdout]   10:     0x5eb8d285d76c - core[a373ad73a504971]::panicking::panic_fmt
[INFO] [stdout]   11:     0x5eb8d27fc7fa - qml_static_analyzer[97543869c1cb854]::qt_types::load_default_builtin_db
[INFO] [stdout]   12:     0x5eb8d2790e2c - stage3_checker[29b699e2fc0653f9]::check
[INFO] [stdout]   13:     0x5eb8d2792535 - <stage3_checker[29b699e2fc0653f9]::test_arrow_param_in_iterator_not_undefined::{closure#0} as core[a373ad73a504971]::ops::function::FnOnce<()>>::call_once
[INFO] [stdout]   14:     0x5eb8d2796a0b - test[aada8e7e76ba119b]::__rust_begin_short_backtrace::<core[a373ad73a504971]::result::Result<(), alloc[2e1b2a31b91974c5]::string::String>, fn() -> core[a373ad73a504971]::result::Result<(), alloc[2e1b2a31b91974c5]::string::String>>
[INFO] [stdout]   15:     0x5eb8d27a3be5 - test[aada8e7e76ba119b]::run_test::{closure#0}
[INFO] [stdout]   16:     0x5eb8d279d4d4 - std[617be2ca0a6fd877]::sys::backtrace::__rust_begin_short_backtrace::<test[aada8e7e76ba119b]::run_test::{closure#1}, ()>
[INFO] [stdout]   17:     0x5eb8d27a6c72 - <std[617be2ca0a6fd877]::thread::lifecycle::spawn_unchecked<test[aada8e7e76ba119b]::run_test::{closure#1}, ()>::{closure#1} as core[a373ad73a504971]::ops::function::FnOnce<()>>::call_once::{shim:vtable#0}
[INFO] [stdout]   18:     0x5eb8d284750f - <std[617be2ca0a6fd877]::sys::thread::unix::Thread>::new::thread_start
[INFO] [stdout]   19:     0x7560161e6dfa - <unknown>
[INFO] [stdout]   20:     0x75601627a3d4 - clone
[INFO] [stdout]   21:                0x0 - <unknown>
[INFO] [stdout] 
[INFO] [stdout] ---- test_component_on_completed_body_scanned stdout ----
[INFO] [stdout] 
[INFO] [stdout] thread 'test_component_on_completed_body_scanned' (712) panicked at src/qt_types.rs:114:9:
[INFO] [stdout] No Qt types compiled in. Re-build with INCLUDED_QT_TYPES=path/to/qt_types_X.Y.Z.json, or pass --qt-types-json at runtime.
[INFO] [stdout] stack backtrace:
[INFO] [stdout]    0:     0x5eb8d2848011 - <<std[617be2ca0a6fd877]::sys::backtrace::BacktraceLock>::print::DisplayBacktrace as core[a373ad73a504971]::fmt::Display>::fmt
[INFO] [stdout]    1:     0x5eb8d285d03a - core[a373ad73a504971]::fmt::write
[INFO] [stdout]    2:     0x5eb8d284c22c - <alloc[2e1b2a31b91974c5]::vec::Vec<u8> as core[a373ad73a504971]::io::write::Write>::write_fmt
[INFO] [stdout]    3:     0x5eb8d2824116 - std[617be2ca0a6fd877]::panicking::default_hook::{closure#0}
[INFO] [stdout]    4:     0x5eb8d2840349 - std[617be2ca0a6fd877]::panicking::default_hook
[INFO] [stdout]    5:     0x5eb8d27a35c0 - test[aada8e7e76ba119b]::test_main_inner::{closure#0}
[INFO] [stdout]    6:     0x5eb8d2840502 - std[617be2ca0a6fd877]::panicking::panic_with_hook
[INFO] [stdout]    7:     0x5eb8d28241f4 - std[617be2ca0a6fd877]::panicking::panic_handler::{closure#0}
[INFO] [stdout]    8:     0x5eb8d281cd49 - std[617be2ca0a6fd877]::sys::backtrace::__rust_end_short_backtrace::<std[617be2ca0a6fd877]::panicking::panic_handler::{closure#0}, !>
[INFO] [stdout]    9:     0x5eb8d2824dcd - __rustc[ea4f61d10b84890b]::rust_begin_unwind
[INFO] [stdout]   10:     0x5eb8d285d76c - core[a373ad73a504971]::panicking::panic_fmt
[INFO] [stdout]   11:     0x5eb8d27fc7fa - qml_static_analyzer[97543869c1cb854]::qt_types::load_default_builtin_db
[INFO] [stdout]   12:     0x5eb8d2790e2c - stage3_checker[29b699e2fc0653f9]::check
[INFO] [stdout]   13:     0x5eb8d27920b5 - <stage3_checker[29b699e2fc0653f9]::test_component_on_completed_body_scanned::{closure#0} as core[a373ad73a504971]::ops::function::FnOnce<()>>::call_once
[INFO] [stdout]   14:     0x5eb8d2796a0b - test[aada8e7e76ba119b]::__rust_begin_short_backtrace::<core[a373ad73a504971]::result::Result<(), alloc[2e1b2a31b91974c5]::string::String>, fn() -> core[a373ad73a504971]::result::Result<(), alloc[2e1b2a31b91974c5]::string::String>>
[INFO] [stdout]   15:     0x5eb8d27a3be5 - test[aada8e7e76ba119b]::run_test::{closure#0}
[INFO] [stdout]   16:     0x5eb8d279d4d4 - std[617be2ca0a6fd877]::sys::backtrace::__rust_begin_short_backtrace::<test[aada8e7e76ba119b]::run_test::{closure#1}, ()>
[INFO] [stdout]   17:     0x5eb8d27a6c72 - <std[617be2ca0a6fd877]::thread::lifecycle::spawn_unchecked<test[aada8e7e76ba119b]::run_test::{closure#1}, ()>::{closure#1} as core[a373ad73a504971]::ops::function::FnOnce<()>>::call_once::{shim:vtable#0}
[INFO] [stdout]   18:     0x5eb8d284750f - <std[617be2ca0a6fd877]::sys::thread::unix::Thread>::new::thread_start
[INFO] [stdout]   19:     0x7560161e6dfa - <unknown>
[INFO] [stdout]   20:     0x75601627a3d4 - clone
[INFO] [stdout]   21:                0x0 - <unknown>
[INFO] [stdout] 
[INFO] [stdout] ---- test_component_on_completed_valid_access_not_flagged stdout ----
[INFO] [stdout] 
[INFO] [stdout] thread 'test_component_on_completed_valid_access_not_flagged' (713) panicked at src/qt_types.rs:114:9:
[INFO] [stdout] No Qt types compiled in. Re-build with INCLUDED_QT_TYPES=path/to/qt_types_X.Y.Z.json, or pass --qt-types-json at runtime.
[INFO] [stdout] stack backtrace:
[INFO] [stdout]    0:     0x5eb8d2848011 - <<std[617be2ca0a6fd877]::sys::backtrace::BacktraceLock>::print::DisplayBacktrace as core[a373ad73a504971]::fmt::Display>::fmt
[INFO] [stdout]    1:     0x5eb8d285d03a - core[a373ad73a504971]::fmt::write
[INFO] [stdout]    2:     0x5eb8d284c22c - <alloc[2e1b2a31b91974c5]::vec::Vec<u8> as core[a373ad73a504971]::io::write::Write>::write_fmt
[INFO] [stdout]    3:     0x5eb8d2824116 - std[617be2ca0a6fd877]::panicking::default_hook::{closure#0}
[INFO] [stdout]    4:     0x5eb8d2840349 - std[617be2ca0a6fd877]::panicking::default_hook
[INFO] [stdout]    5:     0x5eb8d27a35c0 - test[aada8e7e76ba119b]::test_main_inner::{closure#0}
[INFO] [stdout]    6:     0x5eb8d2840502 - std[617be2ca0a6fd877]::panicking::panic_with_hook
[INFO] [stdout]    7:     0x5eb8d28241f4 - std[617be2ca0a6fd877]::panicking::panic_handler::{closure#0}
[INFO] [stdout]    8:     0x5eb8d281cd49 - std[617be2ca0a6fd877]::sys::backtrace::__rust_end_short_backtrace::<std[617be2ca0a6fd877]::panicking::panic_handler::{closure#0}, !>
[INFO] [stdout]    9:     0x5eb8d2824dcd - __rustc[ea4f61d10b84890b]::rust_begin_unwind
[INFO] [stdout]   10:     0x5eb8d285d76c - core[a373ad73a504971]::panicking::panic_fmt
[INFO] [stdout]   11:     0x5eb8d27fc7fa - qml_static_analyzer[97543869c1cb854]::qt_types::load_default_builtin_db
[INFO] [stdout]   12:     0x5eb8d2790e2c - stage3_checker[29b699e2fc0653f9]::check
[INFO] [stdout]   13:     0x5eb8d2793f65 - <stage3_checker[29b699e2fc0653f9]::test_component_on_completed_valid_access_not_flagged::{closure#0} as core[a373ad73a504971]::ops::function::FnOnce<()>>::call_once
[INFO] [stdout]   14:     0x5eb8d2796a0b - test[aada8e7e76ba119b]::__rust_begin_short_backtrace::<core[a373ad73a504971]::result::Result<(), alloc[2e1b2a31b91974c5]::string::String>, fn() -> core[a373ad73a504971]::result::Result<(), alloc[2e1b2a31b91974c5]::string::String>>
[INFO] [stdout]   15:     0x5eb8d27a3be5 - test[aada8e7e76ba119b]::run_test::{closure#0}
[INFO] [stdout]   16:     0x5eb8d279d4d4 - std[617be2ca0a6fd877]::sys::backtrace::__rust_begin_short_backtrace::<test[aada8e7e76ba119b]::run_test::{closure#1}, ()>
[INFO] [stdout]   17:     0x5eb8d27a6c72 - <std[617be2ca0a6fd877]::thread::lifecycle::spawn_unchecked<test[aada8e7e76ba119b]::run_test::{closure#1}, ()>::{closure#1} as core[a373ad73a504971]::ops::function::FnOnce<()>>::call_once::{shim:vtable#0}
[INFO] [stdout]   18:     0x5eb8d284750f - <std[617be2ca0a6fd877]::sys::thread::unix::Thread>::new::thread_start
[INFO] [stdout]   19:     0x7560161e6dfa - <unknown>
[INFO] [stdout]   20:     0x75601627a3d4 - clone
[INFO] [stdout]   21:                0x0 - <unknown>
[INFO] [stdout] 
[INFO] [stdout] ---- test_arrow_param_inside_map_in_property_expr_not_flagged stdout ----
[INFO] [stdout] 
[INFO] [stdout] thread 'test_arrow_param_inside_map_in_property_expr_not_flagged' (706) panicked at src/qt_types.rs:114:9:
[INFO] [stdout] No Qt types compiled in. Re-build with INCLUDED_QT_TYPES=path/to/qt_types_X.Y.Z.json, or pass --qt-types-json at runtime.
[INFO] [stdout] stack backtrace:
[INFO] [stdout]    0:     0x5eb8d2848011 - <<std[617be2ca0a6fd877]::sys::backtrace::BacktraceLock>::print::DisplayBacktrace as core[a373ad73a504971]::fmt::Display>::fmt
[INFO] [stdout]    1:     0x5eb8d285d03a - core[a373ad73a504971]::fmt::write
[INFO] [stdout]    2:     0x5eb8d284c22c - <alloc[2e1b2a31b91974c5]::vec::Vec<u8> as core[a373ad73a504971]::io::write::Write>::write_fmt
[INFO] [stdout]    3:     0x5eb8d2824116 - std[617be2ca0a6fd877]::panicking::default_hook::{closure#0}
[INFO] [stdout]    4:     0x5eb8d2840349 - std[617be2ca0a6fd877]::panicking::default_hook
[INFO] [stdout]    5:     0x5eb8d27a35c0 - test[aada8e7e76ba119b]::test_main_inner::{closure#0}
[INFO] [stdout]    6:     0x5eb8d2840502 - std[617be2ca0a6fd877]::panicking::panic_with_hook
[INFO] [stdout]    7:     0x5eb8d28241f4 - std[617be2ca0a6fd877]::panicking::panic_handler::{closure#0}
[INFO] [stdout]    8:     0x5eb8d281cd49 - std[617be2ca0a6fd877]::sys::backtrace::__rust_end_short_backtrace::<std[617be2ca0a6fd877]::panicking::panic_handler::{closure#0}, !>
[INFO] [stdout]    9:     0x5eb8d2824dcd - __rustc[ea4f61d10b84890b]::rust_begin_unwind
[INFO] [stdout]   10:     0x5eb8d285d76c - core[a373ad73a504971]::panicking::panic_fmt
[INFO] [stdout]   11:     0x5eb8d27fc7fa - qml_static_analyzer[97543869c1cb854]::qt_types::load_default_builtin_db
[INFO] [stdout]   12:     0x5eb8d2790e2c - stage3_checker[29b699e2fc0653f9]::check
[INFO] [stdout]   13:     0x5eb8d2794455 - <stage3_checker[29b699e2fc0653f9]::test_arrow_param_inside_map_in_property_expr_not_flagged::{closure#0} as core[a373ad73a504971]::ops::function::FnOnce<()>>::call_once
[INFO] [stdout]   14:     0x5eb8d2796a0b - test[aada8e7e76ba119b]::__rust_begin_short_backtrace::<core[a373ad73a504971]::result::Result<(), alloc[2e1b2a31b91974c5]::string::String>, fn() -> core[a373ad73a504971]::result::Result<(), alloc[2e1b2a31b91974c5]::string::String>>
[INFO] [stdout]   15:     0x5eb8d27a3be5 - test[aada8e7e76ba119b]::run_test::{closure#0}
[INFO] [stdout]   16:     0x5eb8d279d4d4 - std[617be2ca0a6fd877]::sys::backtrace::__rust_begin_short_backtrace::<test[aada8e7e76ba119b]::run_test::{closure#1}, ()>
[INFO] [stdout]   17:     0x5eb8d27a6c72 - <std[617be2ca0a6fd877]::thread::lifecycle::spawn_unchecked<test[aada8e7e76ba119b]::run_test::{closure#1}, ()>::{closure#1} as core[a373ad73a504971]::ops::function::FnOnce<()>>::call_once::{shim:vtable#0}
[INFO] [stdout]   18:     0x5eb8d284750f - <std[617be2ca0a6fd877]::sys::thread::unix::Thread>::new::thread_start
[INFO] [stdout]   19:     0x7560161e6dfa - <unknown>
[INFO] [stdout]   20:     0x75601627a3d4 - clone
[INFO] [stdout]   21:                0x0 - <unknown>
[INFO] [stdout] 
[INFO] [stdout] ---- test_inline_handler_with_paren_suffix_valid stdout ----
[INFO] [stdout] 
[INFO] [stdout] thread 'test_inline_handler_with_paren_suffix_valid' (718) panicked at src/qt_types.rs:114:9:
[INFO] [stdout] No Qt types compiled in. Re-build with INCLUDED_QT_TYPES=path/to/qt_types_X.Y.Z.json, or pass --qt-types-json at runtime.
[INFO] [stdout] stack backtrace:
[INFO] [stdout]    0:     0x5eb8d2848011 - <<std[617be2ca0a6fd877]::sys::backtrace::BacktraceLock>::print::DisplayBacktrace as core[a373ad73a504971]::fmt::Display>::fmt
[INFO] [stdout]    1:     0x5eb8d285d03a - core[a373ad73a504971]::fmt::write
[INFO] [stdout]    2:     0x5eb8d284c22c - <alloc[2e1b2a31b91974c5]::vec::Vec<u8> as core[a373ad73a504971]::io::write::Write>::write_fmt
[INFO] [stdout]    3:     0x5eb8d2824116 - std[617be2ca0a6fd877]::panicking::default_hook::{closure#0}
[INFO] [stdout]    4:     0x5eb8d2840349 - std[617be2ca0a6fd877]::panicking::default_hook
[INFO] [stdout]    5:     0x5eb8d27a35c0 - test[aada8e7e76ba119b]::test_main_inner::{closure#0}
[INFO] [stdout]    6:     0x5eb8d2840502 - std[617be2ca0a6fd877]::panicking::panic_with_hook
[INFO] [stdout]    7:     0x5eb8d28241f4 - std[617be2ca0a6fd877]::panicking::panic_handler::{closure#0}
[INFO] [stdout]    8:     0x5eb8d281cd49 - std[617be2ca0a6fd877]::sys::backtrace::__rust_end_short_backtrace::<std[617be2ca0a6fd877]::panicking::panic_handler::{closure#0}, !>
[INFO] [stdout]    9:     0x5eb8d2824dcd - __rustc[ea4f61d10b84890b]::rust_begin_unwind
[INFO] [stdout]   10:     0x5eb8d285d76c - core[a373ad73a504971]::panicking::panic_fmt
[INFO] [stdout]   11:     0x5eb8d27fc7fa - qml_static_analyzer[97543869c1cb854]::qt_types::load_default_builtin_db
[INFO] [stdout]   12:     0x5eb8d2790e2c - stage3_checker[29b699e2fc0653f9]::check
[INFO] [stdout]   13:     0x5eb8d2792645 - <stage3_checker[29b699e2fc0653f9]::test_inline_handler_with_paren_suffix_valid::{closure#0} as core[a373ad73a504971]::ops::function::FnOnce<()>>::call_once
[INFO] [stdout]   14:     0x5eb8d2796a0b - test[aada8e7e76ba119b]::__rust_begin_short_backtrace::<core[a373ad73a504971]::result::Result<(), alloc[2e1b2a31b91974c5]::string::String>, fn() -> core[a373ad73a504971]::result::Result<(), alloc[2e1b2a31b91974c5]::string::String>>
[INFO] [stdout]   15:     0x5eb8d27a3be5 - test[aada8e7e76ba119b]::run_test::{closure#0}
[INFO] [stdout]   16:     0x5eb8d279d4d4 - std[617be2ca0a6fd877]::sys::backtrace::__rust_begin_short_backtrace::<test[aada8e7e76ba119b]::run_test::{closure#1}, ()>
[INFO] [stdout]   17:     0x5eb8d27a6c72 - <std[617be2ca0a6fd877]::thread::lifecycle::spawn_unchecked<test[aada8e7e76ba119b]::run_test::{closure#1}, ()>::{closure#1} as core[a373ad73a504971]::ops::function::FnOnce<()>>::call_once::{shim:vtable#0}
[INFO] [stdout]   18:     0x5eb8d284750f - <std[617be2ca0a6fd877]::sys::thread::unix::Thread>::new::thread_start
[INFO] [stdout]   19:     0x7560161e6dfa - <unknown>
[INFO] [stdout]   20:     0x75601627a3d4 - clone
[INFO] [stdout]   21:                0x0 - <unknown>
[INFO] [stdout] 
[INFO] [stdout] ---- test_declared_property_in_expression_not_flagged stdout ----
[INFO] [stdout] 
[INFO] [stdout] thread 'test_declared_property_in_expression_not_flagged' (716) panicked at src/qt_types.rs:114:9:
[INFO] [stdout] No Qt types compiled in. Re-build with INCLUDED_QT_TYPES=path/to/qt_types_X.Y.Z.json, or pass --qt-types-json at runtime.
[INFO] [stdout] stack backtrace:
[INFO] [stdout]    0:     0x5eb8d2848011 - <<std[617be2ca0a6fd877]::sys::backtrace::BacktraceLock>::print::DisplayBacktrace as core[a373ad73a504971]::fmt::Display>::fmt
[INFO] [stdout]    1:     0x5eb8d285d03a - core[a373ad73a504971]::fmt::write
[INFO] [stdout]    2:     0x5eb8d284c22c - <alloc[2e1b2a31b91974c5]::vec::Vec<u8> as core[a373ad73a504971]::io::write::Write>::write_fmt
[INFO] [stdout]    3:     0x5eb8d2824116 - std[617be2ca0a6fd877]::panicking::default_hook::{closure#0}
[INFO] [stdout]    4:     0x5eb8d2840349 - std[617be2ca0a6fd877]::panicking::default_hook
[INFO] [stdout]    5:     0x5eb8d27a35c0 - test[aada8e7e76ba119b]::test_main_inner::{closure#0}
[INFO] [stdout]    6:     0x5eb8d2840502 - std[617be2ca0a6fd877]::panicking::panic_with_hook
[INFO] [stdout]    7:     0x5eb8d28241f4 - std[617be2ca0a6fd877]::panicking::panic_handler::{closure#0}
[INFO] [stdout]    8:     0x5eb8d281cd49 - std[617be2ca0a6fd877]::sys::backtrace::__rust_end_short_backtrace::<std[617be2ca0a6fd877]::panicking::panic_handler::{closure#0}, !>
[INFO] [stdout]    9:     0x5eb8d2824dcd - __rustc[ea4f61d10b84890b]::rust_begin_unwind
[INFO] [stdout]   10:     0x5eb8d285d76c - core[a373ad73a504971]::panicking::panic_fmt
[INFO] [stdout]   11:     0x5eb8d27fc7fa - qml_static_analyzer[97543869c1cb854]::qt_types::load_default_builtin_db
[INFO] [stdout]   12:     0x5eb8d2790e2c - stage3_checker[29b699e2fc0653f9]::check
[INFO] [stdout]   13:     0x5eb8d2793625 - <stage3_checker[29b699e2fc0653f9]::test_declared_property_in_expression_not_flagged::{closure#0} as core[a373ad73a504971]::ops::function::FnOnce<()>>::call_once
[INFO] [stdout]   14:     0x5eb8d2796a0b - test[aada8e7e76ba119b]::__rust_begin_short_backtrace::<core[a373ad73a504971]::result::Result<(), alloc[2e1b2a31b91974c5]::string::String>, fn() -> core[a373ad73a504971]::result::Result<(), alloc[2e1b2a31b91974c5]::string::String>>
[INFO] [stdout]   15:     0x5eb8d27a3be5 - test[aada8e7e76ba119b]::run_test::{closure#0}
[INFO] [stdout]   16:     0x5eb8d279d4d4 - std[617be2ca0a6fd877]::sys::backtrace::__rust_begin_short_backtrace::<test[aada8e7e76ba119b]::run_test::{closure#1}, ()>
[INFO] [stdout]   17:     0x5eb8d27a6c72 - <std[617be2ca0a6fd877]::thread::lifecycle::spawn_unchecked<test[aada8e7e76ba119b]::run_test::{closure#1}, ()>::{closure#1} as core[a373ad73a504971]::ops::function::FnOnce<()>>::call_once::{shim:vtable#0}
[INFO] [stdout]   18:     0x5eb8d284750f - <std[617be2ca0a6fd877]::sys::thread::unix::Thread>::new::thread_start
[INFO] [stdout]   19:     0x7560161e6dfa - <unknown>
[INFO] [stdout]   20:     0x75601627a3d4 - clone
[INFO] [stdout]   21:                0x0 - <unknown>
[INFO] [stdout] 
[INFO] [stdout] ---- test_for_loop_var_not_undefined stdout ----
[INFO] [stdout] 
[INFO] [stdout] thread 'test_for_loop_var_not_undefined' (717) panicked at src/qt_types.rs:114:9:
[INFO] [stdout] No Qt types compiled in. Re-build with INCLUDED_QT_TYPES=path/to/qt_types_X.Y.Z.json, or pass --qt-types-json at runtime.
[INFO] [stdout] stack backtrace:
[INFO] [stdout]    0:     0x5eb8d2848011 - <<std[617be2ca0a6fd877]::sys::backtrace::BacktraceLock>::print::DisplayBacktrace as core[a373ad73a504971]::fmt::Display>::fmt
[INFO] [stdout]    1:     0x5eb8d285d03a - core[a373ad73a504971]::fmt::write
[INFO] [stdout]    2:     0x5eb8d284c22c - <alloc[2e1b2a31b91974c5]::vec::Vec<u8> as core[a373ad73a504971]::io::write::Write>::write_fmt
[INFO] [stdout]    3:     0x5eb8d2824116 - std[617be2ca0a6fd877]::panicking::default_hook::{closure#0}
[INFO] [stdout]    4:     0x5eb8d2840349 - std[617be2ca0a6fd877]::panicking::default_hook
[INFO] [stdout]    5:     0x5eb8d27a35c0 - test[aada8e7e76ba119b]::test_main_inner::{closure#0}
[INFO] [stdout]    6:     0x5eb8d2840502 - std[617be2ca0a6fd877]::panicking::panic_with_hook
[INFO] [stdout]    7:     0x5eb8d28241f4 - std[617be2ca0a6fd877]::panicking::panic_handler::{closure#0}
[INFO] [stdout]    8:     0x5eb8d281cd49 - std[617be2ca0a6fd877]::sys::backtrace::__rust_end_short_backtrace::<std[617be2ca0a6fd877]::panicking::panic_handler::{closure#0}, !>
[INFO] [stdout]    9:     0x5eb8d2824dcd - __rustc[ea4f61d10b84890b]::rust_begin_unwind
[INFO] [stdout]   10:     0x5eb8d285d76c - core[a373ad73a504971]::panicking::panic_fmt
[INFO] [stdout]   11:     0x5eb8d27fc7fa - qml_static_analyzer[97543869c1cb854]::qt_types::load_default_builtin_db
[INFO] [stdout]   12:     0x5eb8d2790e2c - stage3_checker[29b699e2fc0653f9]::check
[INFO] [stdout]   13:     0x5eb8d27914a5 - <stage3_checker[29b699e2fc0653f9]::test_for_loop_var_not_undefined::{closure#0} as core[a373ad73a504971]::ops::function::FnOnce<()>>::call_once
[INFO] [stdout]   14:     0x5eb8d2796a0b - test[aada8e7e76ba119b]::__rust_begin_short_backtrace::<core[a373ad73a504971]::result::Result<(), alloc[2e1b2a31b91974c5]::string::String>, fn() -> core[a373ad73a504971]::result::Result<(), alloc[2e1b2a31b91974c5]::string::String>>
[INFO] [stdout]   15:     0x5eb8d27a3be5 - test[aada8e7e76ba119b]::run_test::{closure#0}
[INFO] [stdout]   16:     0x5eb8d279d4d4 - std[617be2ca0a6fd877]::sys::backtrace::__rust_begin_short_backtrace::<test[aada8e7e76ba119b]::run_test::{closure#1}, ()>
[INFO] [stdout]   17:     0x5eb8d27a6c72 - <std[617be2ca0a6fd877]::thread::lifecycle::spawn_unchecked<test[aada8e7e76ba119b]::run_test::{closure#1}, ()>::{closure#1} as core[a373ad73a504971]::ops::function::FnOnce<()>>::call_once::{shim:vtable#0}
[INFO] [stdout]   18:     0x5eb8d284750f - <std[617be2ca0a6fd877]::sys::thread::unix::Thread>::new::thread_start
[INFO] [stdout]   19:     0x7560161e6dfa - <unknown>
[INFO] [stdout]   20:     0x75601627a3d4 - clone
[INFO] [stdout]   21:                0x0 - <unknown>
[INFO] [stdout] 
[INFO] [stdout] ---- test_arrow_params_in_nested_callback_not_undefined stdout ----
[INFO] [stdout] 
[INFO] [stdout] thread 'test_arrow_params_in_nested_callback_not_undefined' (707) panicked at src/qt_types.rs:114:9:
[INFO] [stdout] No Qt types compiled in. Re-build with INCLUDED_QT_TYPES=path/to/qt_types_X.Y.Z.json, or pass --qt-types-json at runtime.
[INFO] [stdout] stack backtrace:
[INFO] [stdout]    0:     0x5eb8d2848011 - <<std[617be2ca0a6fd877]::sys::backtrace::BacktraceLock>::print::DisplayBacktrace as core[a373ad73a504971]::fmt::Display>::fmt
[INFO] [stdout]    1:     0x5eb8d285d03a - core[a373ad73a504971]::fmt::write
[INFO] [stdout]    2:     0x5eb8d284c22c - <alloc[2e1b2a31b91974c5]::vec::Vec<u8> as core[a373ad73a504971]::io::write::Write>::write_fmt
[INFO] [stdout]    3:     0x5eb8d2824116 - std[617be2ca0a6fd877]::panicking::default_hook::{closure#0}
[INFO] [stdout]    4:     0x5eb8d2840349 - std[617be2ca0a6fd877]::panicking::default_hook
[INFO] [stdout]    5:     0x5eb8d27a35c0 - test[aada8e7e76ba119b]::test_main_inner::{closure#0}
[INFO] [stdout]    6:     0x5eb8d2840502 - std[617be2ca0a6fd877]::panicking::panic_with_hook
[INFO] [stdout]    7:     0x5eb8d28241f4 - std[617be2ca0a6fd877]::panicking::panic_handler::{closure#0}
[INFO] [stdout]    8:     0x5eb8d281cd49 - std[617be2ca0a6fd877]::sys::backtrace::__rust_end_short_backtrace::<std[617be2ca0a6fd877]::panicking::panic_handler::{closure#0}, !>
[INFO] [stdout]    9:     0x5eb8d2824dcd - __rustc[ea4f61d10b84890b]::rust_begin_unwind
[INFO] [stdout]   10:     0x5eb8d285d76c - core[a373ad73a504971]::panicking::panic_fmt
[INFO] [stdout]   11:     0x5eb8d27fc7fa - qml_static_analyzer[97543869c1cb854]::qt_types::load_default_builtin_db
[INFO] [stdout]   12:     0x5eb8d2790e2c - stage3_checker[29b699e2fc0653f9]::check
[INFO] [stdout]   13:     0x5eb8d2793ba5 - <stage3_checker[29b699e2fc0653f9]::test_arrow_params_in_nested_callback_not_undefined::{closure#0} as core[a373ad73a504971]::ops::function::FnOnce<()>>::call_once
[INFO] [stdout]   14:     0x5eb8d2796a0b - test[aada8e7e76ba119b]::__rust_begin_short_backtrace::<core[a373ad73a504971]::result::Result<(), alloc[2e1b2a31b91974c5]::string::String>, fn() -> core[a373ad73a504971]::result::Result<(), alloc[2e1b2a31b91974c5]::string::String>>
[INFO] [stdout]   15:     0x5eb8d27a3be5 - test[aada8e7e76ba119b]::run_test::{closure#0}
[INFO] [stdout]   16:     0x5eb8d279d4d4 - std[617be2ca0a6fd877]::sys::backtrace::__rust_begin_short_backtrace::<test[aada8e7e76ba119b]::run_test::{closure#1}, ()>
[INFO] [stdout]   17:     0x5eb8d27a6c72 - <std[617be2ca0a6fd877]::thread::lifecycle::spawn_unchecked<test[aada8e7e76ba119b]::run_test::{closure#1}, ()>::{closure#1} as core[a373ad73a504971]::ops::function::FnOnce<()>>::call_once::{shim:vtable#0}
[INFO] [stdout]   18:     0x5eb8d284750f - <std[617be2ca0a6fd877]::sys::thread::unix::Thread>::new::thread_start
[INFO] [stdout]   19:     0x7560161e6dfa - <unknown>
[INFO] [stdout]   20:     0x75601627a3d4 - clone
[INFO] [stdout]   21:                0x0 - <unknown>
[INFO] [stdout] 
[INFO] [stdout] ---- test_instanceof_in_property_value_not_flagged stdout ----
[INFO] [stdout] 
[INFO] [stdout] thread 'test_instanceof_in_property_value_not_flagged' (720) panicked at src/qt_types.rs:114:9:
[INFO] [stdout] No Qt types compiled in. Re-build with INCLUDED_QT_TYPES=path/to/qt_types_X.Y.Z.json, or pass --qt-types-json at runtime.
[INFO] [stdout] stack backtrace:
[INFO] [stdout]    0:     0x5eb8d2848011 - <<std[617be2ca0a6fd877]::sys::backtrace::BacktraceLock>::print::DisplayBacktrace as core[a373ad73a504971]::fmt::Display>::fmt
[INFO] [stdout]    1:     0x5eb8d285d03a - core[a373ad73a504971]::fmt::write
[INFO] [stdout]    2:     0x5eb8d284c22c - <alloc[2e1b2a31b91974c5]::vec::Vec<u8> as core[a373ad73a504971]::io::write::Write>::write_fmt
[INFO] [stdout]    3:     0x5eb8d2824116 - std[617be2ca0a6fd877]::panicking::default_hook::{closure#0}
[INFO] [stdout]    4:     0x5eb8d2840349 - std[617be2ca0a6fd877]::panicking::default_hook
[INFO] [stdout]    5:     0x5eb8d27a35c0 - test[aada8e7e76ba119b]::test_main_inner::{closure#0}
[INFO] [stdout]    6:     0x5eb8d2840502 - std[617be2ca0a6fd877]::panicking::panic_with_hook
[INFO] [stdout]    7:     0x5eb8d28241f4 - std[617be2ca0a6fd877]::panicking::panic_handler::{closure#0}
[INFO] [stdout]    8:     0x5eb8d281cd49 - std[617be2ca0a6fd877]::sys::backtrace::__rust_end_short_backtrace::<std[617be2ca0a6fd877]::panicking::panic_handler::{closure#0}, !>
[INFO] [stdout]    9:     0x5eb8d2824dcd - __rustc[ea4f61d10b84890b]::rust_begin_unwind
[INFO] [stdout]   10:     0x5eb8d285d76c - core[a373ad73a504971]::panicking::panic_fmt
[INFO] [stdout]   11:     0x5eb8d27fc7fa - qml_static_analyzer[97543869c1cb854]::qt_types::load_default_builtin_db
[INFO] [stdout]   12:     0x5eb8d2790e2c - stage3_checker[29b699e2fc0653f9]::check
[INFO] [stdout]   13:     0x5eb8d2792f05 - <stage3_checker[29b699e2fc0653f9]::test_instanceof_in_property_value_not_flagged::{closure#0} as core[a373ad73a504971]::ops::function::FnOnce<()>>::call_once
[INFO] [stdout]   14:     0x5eb8d2796a0b - test[aada8e7e76ba119b]::__rust_begin_short_backtrace::<core[a373ad73a504971]::result::Result<(), alloc[2e1b2a31b91974c5]::string::String>, fn() -> core[a373ad73a504971]::result::Result<(), alloc[2e1b2a31b91974c5]::string::String>>
[INFO] [stdout]   15:     0x5eb8d27a3be5 - test[aada8e7e76ba119b]::run_test::{closure#0}
[INFO] [stdout]   16:     0x5eb8d279d4d4 - std[617be2ca0a6fd877]::sys::backtrace::__rust_begin_short_backtrace::<test[aada8e7e76ba119b]::run_test::{closure#1}, ()>
[INFO] [stdout]   17:     0x5eb8d27a6c72 - <std[617be2ca0a6fd877]::thread::lifecycle::spawn_unchecked<test[aada8e7e76ba119b]::run_test::{closure#1}, ()>::{closure#1} as core[a373ad73a504971]::ops::function::FnOnce<()>>::call_once::{shim:vtable#0}
[INFO] [stdout]   18:     0x5eb8d284750f - <std[617be2ca0a6fd877]::sys::thread::unix::Thread>::new::thread_start
[INFO] [stdout]   19:     0x7560161e6dfa - <unknown>
[INFO] [stdout]   20:     0x75601627a3d4 - clone
[INFO] [stdout]   21:                0x0 - <unknown>
[INFO] [stdout] 
[INFO] [stdout] ---- test_child_id_is_in_scope_for_parent_functions stdout ----
[INFO] [stdout] 
[INFO] [stdout] thread 'test_child_id_is_in_scope_for_parent_functions' (711) panicked at src/qt_types.rs:114:9:
[INFO] [stdout] No Qt types compiled in. Re-build with INCLUDED_QT_TYPES=path/to/qt_types_X.Y.Z.json, or pass --qt-types-json at runtime.
[INFO] [stdout] stack backtrace:
[INFO] [stdout]    0:     0x5eb8d2848011 - <<std[617be2ca0a6fd877]::sys::backtrace::BacktraceLock>::print::DisplayBacktrace as core[a373ad73a504971]::fmt::Display>::fmt
[INFO] [stdout]    1:     0x5eb8d285d03a - core[a373ad73a504971]::fmt::write
[INFO] [stdout]    2:     0x5eb8d284c22c - <alloc[2e1b2a31b91974c5]::vec::Vec<u8> as core[a373ad73a504971]::io::write::Write>::write_fmt
[INFO] [stdout]    3:     0x5eb8d2824116 - std[617be2ca0a6fd877]::panicking::default_hook::{closure#0}
[INFO] [stdout]    4:     0x5eb8d2840349 - std[617be2ca0a6fd877]::panicking::default_hook
[INFO] [stdout]    5:     0x5eb8d27a35c0 - test[aada8e7e76ba119b]::test_main_inner::{closure#0}
[INFO] [stdout]    6:     0x5eb8d2840502 - std[617be2ca0a6fd877]::panicking::panic_with_hook
[INFO] [stdout]    7:     0x5eb8d28241f4 - std[617be2ca0a6fd877]::panicking::panic_handler::{closure#0}
[INFO] [stdout]    8:     0x5eb8d281cd49 - std[617be2ca0a6fd877]::sys::backtrace::__rust_end_short_backtrace::<std[617be2ca0a6fd877]::panicking::panic_handler::{closure#0}, !>
[INFO] [stdout]    9:     0x5eb8d2824dcd - __rustc[ea4f61d10b84890b]::rust_begin_unwind
[INFO] [stdout]   10:     0x5eb8d285d76c - core[a373ad73a504971]::panicking::panic_fmt
[INFO] [stdout]   11:     0x5eb8d27fc7fa - qml_static_analyzer[97543869c1cb854]::qt_types::load_default_builtin_db
[INFO] [stdout]   12:     0x5eb8d2790e2c - stage3_checker[29b699e2fc0653f9]::check
[INFO] [stdout]   13:     0x5eb8d2793231 - <stage3_checker[29b699e2fc0653f9]::test_child_id_is_in_scope_for_parent_functions::{closure#0} as core[a373ad73a504971]::ops::function::FnOnce<()>>::call_once
[INFO] [stdout]   14:     0x5eb8d2796a0b - test[aada8e7e76ba119b]::__rust_begin_short_backtrace::<core[a373ad73a504971]::result::Result<(), alloc[2e1b2a31b91974c5]::string::String>, fn() -> core[a373ad73a504971]::result::Result<(), alloc[2e1b2a31b91974c5]::string::String>>
[INFO] [stdout]   15:     0x5eb8d27a3be5 - test[aada8e7e76ba119b]::run_test::{closure#0}
[INFO] [stdout]   16:     0x5eb8d279d4d4 - std[617be2ca0a6fd877]::sys::backtrace::__rust_begin_short_backtrace::<test[aada8e7e76ba119b]::run_test::{closure#1}, ()>
[INFO] [stdout]   17:     0x5eb8d27a6c72 - <std[617be2ca0a6fd877]::thread::lifecycle::spawn_unchecked<test[aada8e7e76ba119b]::run_test::{closure#1}, ()>::{closure#1} as core[a373ad73a504971]::ops::function::FnOnce<()>>::call_once::{shim:vtable#0}
[INFO] [stdout]   18:     0x5eb8d284750f - <std[617be2ca0a6fd877]::sys::thread::unix::Thread>::new::thread_start
[INFO] [stdout]   19:     0x7560161e6dfa - <unknown>
[INFO] [stdout]   20:     0x75601627a3d4 - clone
[INFO] [stdout]   21:                0x0 - <unknown>
[INFO] [stdout] 
[INFO] [stdout] ---- test_catch_param_not_undefined stdout ----
[INFO] [stdout] 
[INFO] [stdout] thread 'test_catch_param_not_undefined' (708) panicked at src/qt_types.rs:114:9:
[INFO] [stdout] No Qt types compiled in. Re-build with INCLUDED_QT_TYPES=path/to/qt_types_X.Y.Z.json, or pass --qt-types-json at runtime.
[INFO] [stdout] stack backtrace:
[INFO] [stdout]    0:     0x5eb8d2848011 - <<std[617be2ca0a6fd877]::sys::backtrace::BacktraceLock>::print::DisplayBacktrace as core[a373ad73a504971]::fmt::Display>::fmt
[INFO] [stdout]    1:     0x5eb8d285d03a - core[a373ad73a504971]::fmt::write
[INFO] [stdout]    2:     0x5eb8d284c22c - <alloc[2e1b2a31b91974c5]::vec::Vec<u8> as core[a373ad73a504971]::io::write::Write>::write_fmt
[INFO] [stdout]    3:     0x5eb8d2824116 - std[617be2ca0a6fd877]::panicking::default_hook::{closure#0}
[INFO] [stdout]    4:     0x5eb8d2840349 - std[617be2ca0a6fd877]::panicking::default_hook
[INFO] [stdout]    5:     0x5eb8d27a35c0 - test[aada8e7e76ba119b]::test_main_inner::{closure#0}
[INFO] [stdout]    6:     0x5eb8d2840502 - std[617be2ca0a6fd877]::panicking::panic_with_hook
[INFO] [stdout]    7:     0x5eb8d28241f4 - std[617be2ca0a6fd877]::panicking::panic_handler::{closure#0}
[INFO] [stdout]    8:     0x5eb8d281cd49 - std[617be2ca0a6fd877]::sys::backtrace::__rust_end_short_backtrace::<std[617be2ca0a6fd877]::panicking::panic_handler::{closure#0}, !>
[INFO] [stdout]    9:     0x5eb8d2824dcd - __rustc[ea4f61d10b84890b]::rust_begin_unwind
[INFO] [stdout]   10:     0x5eb8d285d76c - core[a373ad73a504971]::panicking::panic_fmt
[INFO] [stdout]   11:     0x5eb8d27fc7fa - qml_static_analyzer[97543869c1cb854]::qt_types::load_default_builtin_db
[INFO] [stdout]   12:     0x5eb8d2790e2c - stage3_checker[29b699e2fc0653f9]::check
[INFO] [stdout]   13:     0x5eb8d2791165 - <stage3_checker[29b699e2fc0653f9]::test_catch_param_not_undefined::{closure#0} as core[a373ad73a504971]::ops::function::FnOnce<()>>::call_once
[INFO] [stdout]   14:     0x5eb8d2796a0b - test[aada8e7e76ba119b]::__rust_begin_short_backtrace::<core[a373ad73a504971]::result::Result<(), alloc[2e1b2a31b91974c5]::string::String>, fn() -> core[a373ad73a504971]::result::Result<(), alloc[2e1b2a31b91974c5]::string::String>>
[INFO] [stdout]   15:     0x5eb8d27a3be5 - test[aada8e7e76ba119b]::run_test::{closure#0}
[INFO] [stdout]   16:     0x5eb8d279d4d4 - std[617be2ca0a6fd877]::sys::backtrace::__rust_begin_short_backtrace::<test[aada8e7e76ba119b]::run_test::{closure#1}, ()>
[INFO] [stdout]   17:     0x5eb8d27a6c72 - <std[617be2ca0a6fd877]::thread::lifecycle::spawn_unchecked<test[aada8e7e76ba119b]::run_test::{closure#1}, ()>::{closure#1} as core[a373ad73a504971]::ops::function::FnOnce<()>>::call_once::{shim:vtable#0}
[INFO] [stdout]   18:     0x5eb8d284750f - <std[617be2ca0a6fd877]::sys::thread::unix::Thread>::new::thread_start
[INFO] [stdout]   19:     0x7560161e6dfa - <unknown>
[INFO] [stdout]   20:     0x75601627a3d4 - clone
[INFO] [stdout]   21:                0x0 - <unknown>
[INFO] [stdout] 
[INFO] [stdout] ---- test_instanceof_type_not_flagged_as_undefined stdout ----
[INFO] [stdout] 
[INFO] [stdout] thread 'test_instanceof_type_not_flagged_as_undefined' (721) panicked at src/qt_types.rs:114:9:
[INFO] [stdout] No Qt types compiled in. Re-build with INCLUDED_QT_TYPES=path/to/qt_types_X.Y.Z.json, or pass --qt-types-json at runtime.
[INFO] [stdout] stack backtrace:
[INFO] [stdout]    0:     0x5eb8d2848011 - <<std[617be2ca0a6fd877]::sys::backtrace::BacktraceLock>::print::DisplayBacktrace as core[a373ad73a504971]::fmt::Display>::fmt
[INFO] [stdout]    1:     0x5eb8d285d03a - core[a373ad73a504971]::fmt::write
[INFO] [stdout]    2:     0x5eb8d284c22c - <alloc[2e1b2a31b91974c5]::vec::Vec<u8> as core[a373ad73a504971]::io::write::Write>::write_fmt
[INFO] [stdout]    3:     0x5eb8d2824116 - std[617be2ca0a6fd877]::panicking::default_hook::{closure#0}
[INFO] [stdout]    4:     0x5eb8d2840349 - std[617be2ca0a6fd877]::panicking::default_hook
[INFO] [stdout]    5:     0x5eb8d27a35c0 - test[aada8e7e76ba119b]::test_main_inner::{closure#0}
[INFO] [stdout]    6:     0x5eb8d2840502 - std[617be2ca0a6fd877]::panicking::panic_with_hook
[INFO] [stdout]    7:     0x5eb8d28241f4 - std[617be2ca0a6fd877]::panicking::panic_handler::{closure#0}
[INFO] [stdout]    8:     0x5eb8d281cd49 - std[617be2ca0a6fd877]::sys::backtrace::__rust_end_short_backtrace::<std[617be2ca0a6fd877]::panicking::panic_handler::{closure#0}, !>
[INFO] [stdout]    9:     0x5eb8d2824dcd - __rustc[ea4f61d10b84890b]::rust_begin_unwind
[INFO] [stdout]   10:     0x5eb8d285d76c - core[a373ad73a504971]::panicking::panic_fmt
[INFO] [stdout]   11:     0x5eb8d27fc7fa - qml_static_analyzer[97543869c1cb854]::qt_types::load_default_builtin_db
[INFO] [stdout]   12:     0x5eb8d2790e2c - stage3_checker[29b699e2fc0653f9]::check
[INFO] [stdout]   13:     0x5eb8d2792ff5 - <stage3_checker[29b699e2fc0653f9]::test_instanceof_type_not_flagged_as_undefined::{closure#0} as core[a373ad73a504971]::ops::function::FnOnce<()>>::call_once
[INFO] [stdout]   14:     0x5eb8d2796a0b - test[aada8e7e76ba119b]::__rust_begin_short_backtrace::<core[a373ad73a504971]::result::Result<(), alloc[2e1b2a31b91974c5]::string::String>, fn() -> core[a373ad73a504971]::result::Result<(), alloc[2e1b2a31b91974c5]::string::String>>
[INFO] [stdout]   15:     0x5eb8d27a3be5 - test[aada8e7e76ba119b]::run_test::{closure#0}
[INFO] [stdout]   16:     0x5eb8d279d4d4 - std[617be2ca0a6fd877]::sys::backtrace::__rust_begin_short_backtrace::<test[aada8e7e76ba119b]::run_test::{closure#1}, ()>
[INFO] [stdout]   17:     0x5eb8d27a6c72 - <std[617be2ca0a6fd877]::thread::lifecycle::spawn_unchecked<test[aada8e7e76ba119b]::run_test::{closure#1}, ()>::{closure#1} as core[a373ad73a504971]::ops::function::FnOnce<()>>::call_once::{shim:vtable#0}
[INFO] [stdout]   18:     0x5eb8d284750f - <std[617be2ca0a6fd877]::sys::thread::unix::Thread>::new::thread_start
[INFO] [stdout]   19:     0x7560161e6dfa - <unknown>
[INFO] [stdout]   20:     0x75601627a3d4 - clone
[INFO] [stdout]   21:                0x0 - <unknown>
[INFO] [stdout] 
[INFO] [stdout] ---- test_multiple_arrow_params_in_show_dialog_not_undefined stdout ----
[INFO] [stdout] 
[INFO] [stdout] thread 'test_multiple_arrow_params_in_show_dialog_not_undefined' (725) panicked at src/qt_types.rs:114:9:
[INFO] [stdout] No Qt types compiled in. Re-build with INCLUDED_QT_TYPES=path/to/qt_types_X.Y.Z.json, or pass --qt-types-json at runtime.
[INFO] [stdout] stack backtrace:
[INFO] [stdout]    0:     0x5eb8d2848011 - <<std[617be2ca0a6fd877]::sys::backtrace::BacktraceLock>::print::DisplayBacktrace as core[a373ad73a504971]::fmt::Display>::fmt
[INFO] [stdout]    1:     0x5eb8d285d03a - core[a373ad73a504971]::fmt::write
[INFO] [stdout]    2:     0x5eb8d284c22c - <alloc[2e1b2a31b91974c5]::vec::Vec<u8> as core[a373ad73a504971]::io::write::Write>::write_fmt
[INFO] [stdout]    3:     0x5eb8d2824116 - std[617be2ca0a6fd877]::panicking::default_hook::{closure#0}
[INFO] [stdout]    4:     0x5eb8d2840349 - std[617be2ca0a6fd877]::panicking::default_hook
[INFO] [stdout]    5:     0x5eb8d27a35c0 - test[aada8e7e76ba119b]::test_main_inner::{closure#0}
[INFO] [stdout]    6:     0x5eb8d2840502 - std[617be2ca0a6fd877]::panicking::panic_with_hook
[INFO] [stdout]    7:     0x5eb8d28241f4 - std[617be2ca0a6fd877]::panicking::panic_handler::{closure#0}
[INFO] [stdout]    8:     0x5eb8d281cd49 - std[617be2ca0a6fd877]::sys::backtrace::__rust_end_short_backtrace::<std[617be2ca0a6fd877]::panicking::panic_handler::{closure#0}, !>
[INFO] [stdout]    9:     0x5eb8d2824dcd - __rustc[ea4f61d10b84890b]::rust_begin_unwind
[INFO] [stdout]   10:     0x5eb8d285d76c - core[a373ad73a504971]::panicking::panic_fmt
[INFO] [stdout]   11:     0x5eb8d27fc7fa - qml_static_analyzer[97543869c1cb854]::qt_types::load_default_builtin_db
[INFO] [stdout]   12:     0x5eb8d2790e2c - stage3_checker[29b699e2fc0653f9]::check
[INFO] [stdout]   13:     0x5eb8d27941d7 - <stage3_checker[29b699e2fc0653f9]::test_multiple_arrow_params_in_show_dialog_not_undefined::{closure#0} as core[a373ad73a504971]::ops::function::FnOnce<()>>::call_once
[INFO] [stdout]   14:     0x5eb8d2796a0b - test[aada8e7e76ba119b]::__rust_begin_short_backtrace::<core[a373ad73a504971]::result::Result<(), alloc[2e1b2a31b91974c5]::string::String>, fn() -> core[a373ad73a504971]::result::Result<(), alloc[2e1b2a31b91974c5]::string::String>>
[INFO] [stdout]   15:     0x5eb8d27a3be5 - test[aada8e7e76ba119b]::run_test::{closure#0}
[INFO] [stdout]   16:     0x5eb8d279d4d4 - std[617be2ca0a6fd877]::sys::backtrace::__rust_begin_short_backtrace::<test[aada8e7e76ba119b]::run_test::{closure#1}, ()>
[INFO] [stdout]   17:     0x5eb8d27a6c72 - <std[617be2ca0a6fd877]::thread::lifecycle::spawn_unchecked<test[aada8e7e76ba119b]::run_test::{closure#1}, ()>::{closure#1} as core[a373ad73a504971]::ops::function::FnOnce<()>>::call_once::{shim:vtable#0}
[INFO] [stdout]   18:     0x5eb8d284750f - <std[617be2ca0a6fd877]::sys::thread::unix::Thread>::new::thread_start
[INFO] [stderr] error: test failed, to rerun pass `--test stage3_checker`
[INFO] [stdout]   19:     0x7560161e6dfa - <unknown>
[INFO] [stdout]   20:     0x75601627a3d4 - clone
[INFO] [stdout]   21:                0x0 - <unknown>
[INFO] [stdout] 
[INFO] [stdout] ---- test_on_height_changed_is_valid_signal_handler stdout ----
[INFO] [stdout] 
[INFO] [stdout] thread 'test_on_height_changed_is_valid_signal_handler' (729) panicked at src/qt_types.rs:114:9:
[INFO] [stdout] No Qt types compiled in. Re-build with INCLUDED_QT_TYPES=path/to/qt_types_X.Y.Z.json, or pass --qt-types-json at runtime.
[INFO] [stdout] stack backtrace:
[INFO] [stdout]    0:     0x5eb8d2848011 - <<std[617be2ca0a6fd877]::sys::backtrace::BacktraceLock>::print::DisplayBacktrace as core[a373ad73a504971]::fmt::Display>::fmt
[INFO] [stdout]    1:     0x5eb8d285d03a - core[a373ad73a504971]::fmt::write
[INFO] [stdout]    2:     0x5eb8d284c22c - <alloc[2e1b2a31b91974c5]::vec::Vec<u8> as core[a373ad73a504971]::io::write::Write>::write_fmt
[INFO] [stdout]    3:     0x5eb8d2824116 - std[617be2ca0a6fd877]::panicking::default_hook::{closure#0}
[INFO] [stdout]    4:     0x5eb8d2840349 - std[617be2ca0a6fd877]::panicking::default_hook
[INFO] [stdout]    5:     0x5eb8d27a35c0 - test[aada8e7e76ba119b]::test_main_inner::{closure#0}
[INFO] [stdout]    6:     0x5eb8d2840502 - std[617be2ca0a6fd877]::panicking::panic_with_hook
[INFO] [stdout]    7:     0x5eb8d28241f4 - std[617be2ca0a6fd877]::panicking::panic_handler::{closure#0}
[INFO] [stdout]    8:     0x5eb8d281cd49 - std[617be2ca0a6fd877]::sys::backtrace::__rust_end_short_backtrace::<std[617be2ca0a6fd877]::panicking::panic_handler::{closure#0}, !>
[INFO] [stdout]    9:     0x5eb8d2824dcd - __rustc[ea4f61d10b84890b]::rust_begin_unwind
[INFO] [stdout]   10:     0x5eb8d285d76c - core[a373ad73a504971]::panicking::panic_fmt
[INFO] [stdout]   11:     0x5eb8d27fc7fa - qml_static_analyzer[97543869c1cb854]::qt_types::load_default_builtin_db
[INFO] [stdout]   12:     0x5eb8d2790e2c - stage3_checker[29b699e2fc0653f9]::check
[INFO] [stdout]   13:     0x5eb8d27932d5 - <stage3_checker[29b699e2fc0653f9]::test_on_height_changed_is_valid_signal_handler::{closure#0} as core[a373ad73a504971]::ops::function::FnOnce<()>>::call_once
[INFO] [stdout]   14:     0x5eb8d2796a0b - test[aada8e7e76ba119b]::__rust_begin_short_backtrace::<core[a373ad73a504971]::result::Result<(), alloc[2e1b2a31b91974c5]::string::String>, fn() -> core[a373ad73a504971]::result::Result<(), alloc[2e1b2a31b91974c5]::string::String>>
[INFO] [stdout]   15:     0x5eb8d27a3be5 - test[aada8e7e76ba119b]::run_test::{closure#0}
[INFO] [stdout]   16:     0x5eb8d279d4d4 - std[617be2ca0a6fd877]::sys::backtrace::__rust_begin_short_backtrace::<test[aada8e7e76ba119b]::run_test::{closure#1}, ()>
[INFO] [stdout]   17:     0x5eb8d27a6c72 - <std[617be2ca0a6fd877]::thread::lifecycle::spawn_unchecked<test[aada8e7e76ba119b]::run_test::{closure#1}, ()>::{closure#1} as core[a373ad73a504971]::ops::function::FnOnce<()>>::call_once::{shim:vtable#0}
[INFO] [stdout]   18:     0x5eb8d284750f - <std[617be2ca0a6fd877]::sys::thread::unix::Thread>::new::thread_start
[INFO] [stdout]   19:     0x7560161e6dfa - <unknown>
[INFO] [stdout]   20:     0x75601627a3d4 - clone
[INFO] [stdout]   21:                0x0 - <unknown>
[INFO] [stdout] 
[INFO] [stdout] ---- test_inline_object_literal_keys_not_flagged stdout ----
[INFO] [stdout] 
[INFO] [stdout] thread 'test_inline_object_literal_keys_not_flagged' (719) panicked at src/qt_types.rs:114:9:
[INFO] [stdout] No Qt types compiled in. Re-build with INCLUDED_QT_TYPES=path/to/qt_types_X.Y.Z.json, or pass --qt-types-json at runtime.
[INFO] [stdout] stack backtrace:
[INFO] [stdout]    0:     0x5eb8d2848011 - <<std[617be2ca0a6fd877]::sys::backtrace::BacktraceLock>::print::DisplayBacktrace as core[a373ad73a504971]::fmt::Display>::fmt
[INFO] [stdout]    1:     0x5eb8d285d03a - core[a373ad73a504971]::fmt::write
[INFO] [stdout]    2:     0x5eb8d284c22c - <alloc[2e1b2a31b91974c5]::vec::Vec<u8> as core[a373ad73a504971]::io::write::Write>::write_fmt
[INFO] [stdout]    3:     0x5eb8d2824116 - std[617be2ca0a6fd877]::panicking::default_hook::{closure#0}
[INFO] [stdout]    4:     0x5eb8d2840349 - std[617be2ca0a6fd877]::panicking::default_hook
[INFO] [stdout]    5:     0x5eb8d27a35c0 - test[aada8e7e76ba119b]::test_main_inner::{closure#0}
[INFO] [stdout]    6:     0x5eb8d2840502 - std[617be2ca0a6fd877]::panicking::panic_with_hook
[INFO] [stdout]    7:     0x5eb8d28241f4 - std[617be2ca0a6fd877]::panicking::panic_handler::{closure#0}
[INFO] [stdout]    8:     0x5eb8d281cd49 - std[617be2ca0a6fd877]::sys::backtrace::__rust_end_short_backtrace::<std[617be2ca0a6fd877]::panicking::panic_handler::{closure#0}, !>
[INFO] [stdout]    9:     0x5eb8d2824dcd - __rustc[ea4f61d10b84890b]::rust_begin_unwind
[INFO] [stdout]   10:     0x5eb8d285d76c - core[a373ad73a504971]::panicking::panic_fmt
[INFO] [stdout]   11:     0x5eb8d27fc7fa - qml_static_analyzer[97543869c1cb854]::qt_types::load_default_builtin_db
[INFO] [stdout]   12:     0x5eb8d2790e2c - stage3_checker[29b699e2fc0653f9]::check
[INFO] [stdout]   13:     0x5eb8d2792775 - <stage3_checker[29b699e2fc0653f9]::test_inline_object_literal_keys_not_flagged::{closure#0} as core[a373ad73a504971]::ops::function::FnOnce<()>>::call_once
[INFO] [stdout]   14:     0x5eb8d2796a0b - test[aada8e7e76ba119b]::__rust_begin_short_backtrace::<core[a373ad73a504971]::result::Result<(), alloc[2e1b2a31b91974c5]::string::String>, fn() -> core[a373ad73a504971]::result::Result<(), alloc[2e1b2a31b91974c5]::string::String>>
[INFO] [stdout]   15:     0x5eb8d27a3be5 - test[aada8e7e76ba119b]::run_test::{closure#0}
[INFO] [stdout]   16:     0x5eb8d279d4d4 - std[617be2ca0a6fd877]::sys::backtrace::__rust_begin_short_backtrace::<test[aada8e7e76ba119b]::run_test::{closure#1}, ()>
[INFO] [stdout]   17:     0x5eb8d27a6c72 - <std[617be2ca0a6fd877]::thread::lifecycle::spawn_unchecked<test[aada8e7e76ba119b]::run_test::{closure#1}, ()>::{closure#1} as core[a373ad73a504971]::ops::function::FnOnce<()>>::call_once::{shim:vtable#0}
[INFO] [stdout]   18:     0x5eb8d284750f - <std[617be2ca0a6fd877]::sys::thread::unix::Thread>::new::thread_start
[INFO] [stdout]   19:     0x7560161e6dfa - <unknown>
[INFO] [stdout]   20:     0x75601627a3d4 - clone
[INFO] [stdout]   21:                0x0 - <unknown>
[INFO] [stdout] 
[INFO] [stdout] ---- test_object_literal_key_not_flagged_as_undefined stdout ----
[INFO] [stdout] 
[INFO] [stdout] thread 'test_object_literal_key_not_flagged_as_undefined' (728) panicked at src/qt_types.rs:114:9:
[INFO] [stdout] No Qt types compiled in. Re-build with INCLUDED_QT_TYPES=path/to/qt_types_X.Y.Z.json, or pass --qt-types-json at runtime.
[INFO] [stdout] stack backtrace:
[INFO] [stdout]    0:     0x5eb8d2848011 - <<std[617be2ca0a6fd877]::sys::backtrace::BacktraceLock>::print::DisplayBacktrace as core[a373ad73a504971]::fmt::Display>::fmt
[INFO] [stdout]    1:     0x5eb8d285d03a - core[a373ad73a504971]::fmt::write
[INFO] [stdout]    2:     0x5eb8d284c22c - <alloc[2e1b2a31b91974c5]::vec::Vec<u8> as core[a373ad73a504971]::io::write::Write>::write_fmt
[INFO] [stdout]    3:     0x5eb8d2824116 - std[617be2ca0a6fd877]::panicking::default_hook::{closure#0}
[INFO] [stdout]    4:     0x5eb8d2840349 - std[617be2ca0a6fd877]::panicking::default_hook
[INFO] [stdout]    5:     0x5eb8d27a35c0 - test[aada8e7e76ba119b]::test_main_inner::{closure#0}
[INFO] [stdout]    6:     0x5eb8d2840502 - std[617be2ca0a6fd877]::panicking::panic_with_hook
[INFO] [stdout]    7:     0x5eb8d28241f4 - std[617be2ca0a6fd877]::panicking::panic_handler::{closure#0}
[INFO] [stdout]    8:     0x5eb8d281cd49 - std[617be2ca0a6fd877]::sys::backtrace::__rust_end_short_backtrace::<std[617be2ca0a6fd877]::panicking::panic_handler::{closure#0}, !>
[INFO] [stdout]    9:     0x5eb8d2824dcd - __rustc[ea4f61d10b84890b]::rust_begin_unwind
[INFO] [stdout]   10:     0x5eb8d285d76c - core[a373ad73a504971]::panicking::panic_fmt
[INFO] [stdout]   11:     0x5eb8d27fc7fa - qml_static_analyzer[97543869c1cb854]::qt_types::load_default_builtin_db
[INFO] [stdout]   12:     0x5eb8d2790e2c - stage3_checker[29b699e2fc0653f9]::check
[INFO] [stdout]   13:     0x5eb8d2793735 - <stage3_checker[29b699e2fc0653f9]::test_object_literal_key_not_flagged_as_undefined::{closure#0} as core[a373ad73a504971]::ops::function::FnOnce<()>>::call_once
[INFO] [stdout]   14:     0x5eb8d2796a0b - test[aada8e7e76ba119b]::__rust_begin_short_backtrace::<core[a373ad73a504971]::result::Result<(), alloc[2e1b2a31b91974c5]::string::String>, fn() -> core[a373ad73a504971]::result::Result<(), alloc[2e1b2a31b91974c5]::string::String>>
[INFO] [stdout]   15:     0x5eb8d27a3be5 - test[aada8e7e76ba119b]::run_test::{closure#0}
[INFO] [stdout]   16:     0x5eb8d279d4d4 - std[617be2ca0a6fd877]::sys::backtrace::__rust_begin_short_backtrace::<test[aada8e7e76ba119b]::run_test::{closure#1}, ()>
[INFO] [stdout]   17:     0x5eb8d27a6c72 - <std[617be2ca0a6fd877]::thread::lifecycle::spawn_unchecked<test[aada8e7e76ba119b]::run_test::{closure#1}, ()>::{closure#1} as core[a373ad73a504971]::ops::function::FnOnce<()>>::call_once::{shim:vtable#0}
[INFO] [stdout]   18:     0x5eb8d284750f - <std[617be2ca0a6fd877]::sys::thread::unix::Thread>::new::thread_start
[INFO] [stdout]   19:     0x7560161e6dfa - <unknown>
[INFO] [stdout]   20:     0x75601627a3d4 - clone
[INFO] [stdout]   21:                0x0 - <unknown>
[INFO] [stdout] 
[INFO] [stdout] ---- test_connections_block_ignored stdout ----
[INFO] [stdout] 
[INFO] [stdout] thread 'test_connections_block_ignored' (714) panicked at src/qt_types.rs:114:9:
[INFO] [stdout] No Qt types compiled in. Re-build with INCLUDED_QT_TYPES=path/to/qt_types_X.Y.Z.json, or pass --qt-types-json at runtime.
[INFO] [stdout] stack backtrace:
[INFO] [stdout]    0:     0x5eb8d2848011 - <<std[617be2ca0a6fd877]::sys::backtrace::BacktraceLock>::print::DisplayBacktrace as core[a373ad73a504971]::fmt::Display>::fmt
[INFO] [stdout]    1:     0x5eb8d285d03a - core[a373ad73a504971]::fmt::write
[INFO] [stdout]    2:     0x5eb8d284c22c - <alloc[2e1b2a31b91974c5]::vec::Vec<u8> as core[a373ad73a504971]::io::write::Write>::write_fmt
[INFO] [stdout]    3:     0x5eb8d2824116 - std[617be2ca0a6fd877]::panicking::default_hook::{closure#0}
[INFO] [stdout]    4:     0x5eb8d2840349 - std[617be2ca0a6fd877]::panicking::default_hook
[INFO] [stdout]    5:     0x5eb8d27a35c0 - test[aada8e7e76ba119b]::test_main_inner::{closure#0}
[INFO] [stdout]    6:     0x5eb8d2840502 - std[617be2ca0a6fd877]::panicking::panic_with_hook
[INFO] [stdout]    7:     0x5eb8d28241f4 - std[617be2ca0a6fd877]::panicking::panic_handler::{closure#0}
[INFO] [stdout]    8:     0x5eb8d281cd49 - std[617be2ca0a6fd877]::sys::backtrace::__rust_end_short_backtrace::<std[617be2ca0a6fd877]::panicking::panic_handler::{closure#0}, !>
[INFO] [stdout]    9:     0x5eb8d2824dcd - __rustc[ea4f61d10b84890b]::rust_begin_unwind
[INFO] [stdout]   10:     0x5eb8d285d76c - core[a373ad73a504971]::panicking::panic_fmt
[INFO] [stdout]   11:     0x5eb8d27fc7fa - qml_static_analyzer[97543869c1cb854]::qt_types::load_default_builtin_db
[INFO] [stdout]   12:     0x5eb8d2790e2c - stage3_checker[29b699e2fc0653f9]::check
[INFO] [stdout]   13:     0x5eb8d279132d - <stage3_checker[29b699e2fc0653f9]::test_connections_block_ignored::{closure#0} as core[a373ad73a504971]::ops::function::FnOnce<()>>::call_once
[INFO] [stdout]   14:     0x5eb8d2796a0b - test[aada8e7e76ba119b]::__rust_begin_short_backtrace::<core[a373ad73a504971]::result::Result<(), alloc[2e1b2a31b91974c5]::string::String>, fn() -> core[a373ad73a504971]::result::Result<(), alloc[2e1b2a31b91974c5]::string::String>>
[INFO] [stdout]   15:     0x5eb8d27a3be5 - test[aada8e7e76ba119b]::run_test::{closure#0}
[INFO] [stdout]   16:     0x5eb8d279d4d4 - std[617be2ca0a6fd877]::sys::backtrace::__rust_begin_short_backtrace::<test[aada8e7e76ba119b]::run_test::{closure#1}, ()>
[INFO] [stdout]   17:     0x5eb8d27a6c72 - <std[617be2ca0a6fd877]::thread::lifecycle::spawn_unchecked<test[aada8e7e76ba119b]::run_test::{closure#1}, ()>::{closure#1} as core[a373ad73a504971]::ops::function::FnOnce<()>>::call_once::{shim:vtable#0}
[INFO] [stdout]   18:     0x5eb8d284750f - <std[617be2ca0a6fd877]::sys::thread::unix::Thread>::new::thread_start
[INFO] [stdout]   19:     0x7560161e6dfa - <unknown>
[INFO] [stdout]   20:     0x75601627a3d4 - clone
[INFO] [stdout]   21:                0x0 - <unknown>
[INFO] [stdout] 
[INFO] [stdout] ---- test_on_invalid_changed_is_unknown_signal_handler stdout ----
[INFO] [stdout] 
[INFO] [stdout] thread 'test_on_invalid_changed_is_unknown_signal_handler' (730) panicked at src/qt_types.rs:114:9:
[INFO] [stdout] No Qt types compiled in. Re-build with INCLUDED_QT_TYPES=path/to/qt_types_X.Y.Z.json, or pass --qt-types-json at runtime.
[INFO] [stdout] stack backtrace:
[INFO] [stdout]    0:     0x5eb8d2848011 - <<std[617be2ca0a6fd877]::sys::backtrace::BacktraceLock>::print::DisplayBacktrace as core[a373ad73a504971]::fmt::Display>::fmt
[INFO] [stdout]    1:     0x5eb8d285d03a - core[a373ad73a504971]::fmt::write
[INFO] [stdout]    2:     0x5eb8d284c22c - <alloc[2e1b2a31b91974c5]::vec::Vec<u8> as core[a373ad73a504971]::io::write::Write>::write_fmt
[INFO] [stdout]    3:     0x5eb8d2824116 - std[617be2ca0a6fd877]::panicking::default_hook::{closure#0}
[INFO] [stdout]    4:     0x5eb8d2840349 - std[617be2ca0a6fd877]::panicking::default_hook
[INFO] [stdout]    5:     0x5eb8d27a35c0 - test[aada8e7e76ba119b]::test_main_inner::{closure#0}
[INFO] [stdout]    6:     0x5eb8d2840502 - std[617be2ca0a6fd877]::panicking::panic_with_hook
[INFO] [stdout]    7:     0x5eb8d28241f4 - std[617be2ca0a6fd877]::panicking::panic_handler::{closure#0}
[INFO] [stdout]    8:     0x5eb8d281cd49 - std[617be2ca0a6fd877]::sys::backtrace::__rust_end_short_backtrace::<std[617be2ca0a6fd877]::panicking::panic_handler::{closure#0}, !>
[INFO] [stdout]    9:     0x5eb8d2824dcd - __rustc[ea4f61d10b84890b]::rust_begin_unwind
[INFO] [stdout]   10:     0x5eb8d285d76c - core[a373ad73a504971]::panicking::panic_fmt
[INFO] [stdout]   11:     0x5eb8d27fc7fa - qml_static_analyzer[97543869c1cb854]::qt_types::load_default_builtin_db
[INFO] [stdout]   12:     0x5eb8d2790e2c - stage3_checker[29b699e2fc0653f9]::check
[INFO] [stdout]   13:     0x5eb8d2793a55 - <stage3_checker[29b699e2fc0653f9]::test_on_invalid_changed_is_unknown_signal_handler::{closure#0} as core[a373ad73a504971]::ops::function::FnOnce<()>>::call_once
[INFO] [stdout]   14:     0x5eb8d2796a0b - test[aada8e7e76ba119b]::__rust_begin_short_backtrace::<core[a373ad73a504971]::result::Result<(), alloc[2e1b2a31b91974c5]::string::String>, fn() -> core[a373ad73a504971]::result::Result<(), alloc[2e1b2a31b91974c5]::string::String>>
[INFO] [stdout]   15:     0x5eb8d27a3be5 - test[aada8e7e76ba119b]::run_test::{closure#0}
[INFO] [stdout]   16:     0x5eb8d279d4d4 - std[617be2ca0a6fd877]::sys::backtrace::__rust_begin_short_backtrace::<test[aada8e7e76ba119b]::run_test::{closure#1}, ()>
[INFO] [stdout]   17:     0x5eb8d27a6c72 - <std[617be2ca0a6fd877]::thread::lifecycle::spawn_unchecked<test[aada8e7e76ba119b]::run_test::{closure#1}, ()>::{closure#1} as core[a373ad73a504971]::ops::function::FnOnce<()>>::call_once::{shim:vtable#0}
[INFO] [stdout]   18:     0x5eb8d284750f - <std[617be2ca0a6fd877]::sys::thread::unix::Thread>::new::thread_start
[INFO] [stdout]   19:     0x7560161e6dfa - <unknown>
[INFO] [stdout]   20:     0x75601627a3d4 - clone
[INFO] [stdout]   21:                0x0 - <unknown>
[INFO] [stdout] 
[INFO] [stdout] ---- test_template_literal_interpolation_is_scope_checked stdout ----
[INFO] [stdout] 
[INFO] [stdout] thread 'test_template_literal_interpolation_is_scope_checked' (736) panicked at src/qt_types.rs:114:9:
[INFO] [stdout] No Qt types compiled in. Re-build with INCLUDED_QT_TYPES=path/to/qt_types_X.Y.Z.json, or pass --qt-types-json at runtime.
[INFO] [stdout] stack backtrace:
[INFO] [stdout]    0:     0x5eb8d2848011 - <<std[617be2ca0a6fd877]::sys::backtrace::BacktraceLock>::print::DisplayBacktrace as core[a373ad73a504971]::fmt::Display>::fmt
[INFO] [stdout]    1:     0x5eb8d285d03a - core[a373ad73a504971]::fmt::write
[INFO] [stdout]    2:     0x5eb8d284c22c - <alloc[2e1b2a31b91974c5]::vec::Vec<u8> as core[a373ad73a504971]::io::write::Write>::write_fmt
[INFO] [stdout]    3:     0x5eb8d2824116 - std[617be2ca0a6fd877]::panicking::default_hook::{closure#0}
[INFO] [stdout]    4:     0x5eb8d2840349 - std[617be2ca0a6fd877]::panicking::default_hook
[INFO] [stdout]    5:     0x5eb8d27a35c0 - test[aada8e7e76ba119b]::test_main_inner::{closure#0}
[INFO] [stdout]    6:     0x5eb8d2840502 - std[617be2ca0a6fd877]::panicking::panic_with_hook
[INFO] [stdout]    7:     0x5eb8d28241f4 - std[617be2ca0a6fd877]::panicking::panic_handler::{closure#0}
[INFO] [stdout]    8:     0x5eb8d281cd49 - std[617be2ca0a6fd877]::sys::backtrace::__rust_end_short_backtrace::<std[617be2ca0a6fd877]::panicking::panic_handler::{closure#0}, !>
[INFO] [stdout]    9:     0x5eb8d2824dcd - __rustc[ea4f61d10b84890b]::rust_begin_unwind
[INFO] [stdout]   10:     0x5eb8d285d76c - core[a373ad73a504971]::panicking::panic_fmt
[INFO] [stdout]   11:     0x5eb8d27fc7fa - qml_static_analyzer[97543869c1cb854]::qt_types::load_default_builtin_db
[INFO] [stdout]   12:     0x5eb8d2790e2c - stage3_checker[29b699e2fc0653f9]::check
[INFO] [stdout]   13:     0x5eb8d2794075 - <stage3_checker[29b699e2fc0653f9]::test_template_literal_interpolation_is_scope_checked::{closure#0} as core[a373ad73a504971]::ops::function::FnOnce<()>>::call_once
[INFO] [stdout]   14:     0x5eb8d2796a0b - test[aada8e7e76ba119b]::__rust_begin_short_backtrace::<core[a373ad73a504971]::result::Result<(), alloc[2e1b2a31b91974c5]::string::String>, fn() -> core[a373ad73a504971]::result::Result<(), alloc[2e1b2a31b91974c5]::string::String>>
[INFO] [stdout]   15:     0x5eb8d27a3be5 - test[aada8e7e76ba119b]::run_test::{closure#0}
[INFO] [stdout]   16:     0x5eb8d279d4d4 - std[617be2ca0a6fd877]::sys::backtrace::__rust_begin_short_backtrace::<test[aada8e7e76ba119b]::run_test::{closure#1}, ()>
[INFO] [stdout]   17:     0x5eb8d27a6c72 - <std[617be2ca0a6fd877]::thread::lifecycle::spawn_unchecked<test[aada8e7e76ba119b]::run_test::{closure#1}, ()>::{closure#1} as core[a373ad73a504971]::ops::function::FnOnce<()>>::call_once::{shim:vtable#0}
[INFO] [stdout]   18:     0x5eb8d284750f - <std[617be2ca0a6fd877]::sys::thread::unix::Thread>::new::thread_start
[INFO] [stdout]   19:     0x7560161e6dfa - <unknown>
[INFO] [stdout]   20:     0x75601627a3d4 - clone
[INFO] [stdout]   21:                0x0 - <unknown>
[INFO] [stdout] 
[INFO] [stdout] ---- test_simple_ref_type_mismatch_still_detected stdout ----
[INFO] [stdout] 
[INFO] [stdout] thread 'test_simple_ref_type_mismatch_still_detected' (734) panicked at src/qt_types.rs:114:9:
[INFO] [stdout] No Qt types compiled in. Re-build with INCLUDED_QT_TYPES=path/to/qt_types_X.Y.Z.json, or pass --qt-types-json at runtime.
[INFO] [stdout] stack backtrace:
[INFO] [stdout]    0:     0x5eb8d2848011 - <<std[617be2ca0a6fd877]::sys::backtrace::BacktraceLock>::print::DisplayBacktrace as core[a373ad73a504971]::fmt::Display>::fmt
[INFO] [stdout]    1:     0x5eb8d285d03a - core[a373ad73a504971]::fmt::write
[INFO] [stdout]    2:     0x5eb8d284c22c - <alloc[2e1b2a31b91974c5]::vec::Vec<u8> as core[a373ad73a504971]::io::write::Write>::write_fmt
[INFO] [stdout]    3:     0x5eb8d2824116 - std[617be2ca0a6fd877]::panicking::default_hook::{closure#0}
[INFO] [stdout]    4:     0x5eb8d2840349 - std[617be2ca0a6fd877]::panicking::default_hook
[INFO] [stdout]    5:     0x5eb8d27a35c0 - test[aada8e7e76ba119b]::test_main_inner::{closure#0}
[INFO] [stdout]    6:     0x5eb8d2840502 - std[617be2ca0a6fd877]::panicking::panic_with_hook
[INFO] [stdout]    7:     0x5eb8d28241f4 - std[617be2ca0a6fd877]::panicking::panic_handler::{closure#0}
[INFO] [stdout]    8:     0x5eb8d281cd49 - std[617be2ca0a6fd877]::sys::backtrace::__rust_end_short_backtrace::<std[617be2ca0a6fd877]::panicking::panic_handler::{closure#0}, !>
[INFO] [stdout]    9:     0x5eb8d2824dcd - __rustc[ea4f61d10b84890b]::rust_begin_unwind
[INFO] [stdout]   10:     0x5eb8d285d76c - core[a373ad73a504971]::panicking::panic_fmt
[INFO] [stdout]   11:     0x5eb8d27fc7fa - qml_static_analyzer[97543869c1cb854]::qt_types::load_default_builtin_db
[INFO] [stdout]   12:     0x5eb8d2790e2c - stage3_checker[29b699e2fc0653f9]::check
[INFO] [stdout]   13:     0x5eb8d2792915 - <stage3_checker[29b699e2fc0653f9]::test_simple_ref_type_mismatch_still_detected::{closure#0} as core[a373ad73a504971]::ops::function::FnOnce<()>>::call_once
[INFO] [stdout]   14:     0x5eb8d2796a0b - test[aada8e7e76ba119b]::__rust_begin_short_backtrace::<core[a373ad73a504971]::result::Result<(), alloc[2e1b2a31b91974c5]::string::String>, fn() -> core[a373ad73a504971]::result::Result<(), alloc[2e1b2a31b91974c5]::string::String>>
[INFO] [stdout]   15:     0x5eb8d27a3be5 - test[aada8e7e76ba119b]::run_test::{closure#0}
[INFO] [stdout]   16:     0x5eb8d279d4d4 - std[617be2ca0a6fd877]::sys::backtrace::__rust_begin_short_backtrace::<test[aada8e7e76ba119b]::run_test::{closure#1}, ()>
[INFO] [stdout]   17:     0x5eb8d27a6c72 - <std[617be2ca0a6fd877]::thread::lifecycle::spawn_unchecked<test[aada8e7e76ba119b]::run_test::{closure#1}, ()>::{closure#1} as core[a373ad73a504971]::ops::function::FnOnce<()>>::call_once::{shim:vtable#0}
[INFO] [stdout]   18:     0x5eb8d284750f - <std[617be2ca0a6fd877]::sys::thread::unix::Thread>::new::thread_start
[INFO] [stdout]   19:     0x7560161e6dfa - <unknown>
[INFO] [stdout]   20:     0x75601627a3d4 - clone
[INFO] [stdout]   21:                0x0 - <unknown>
[INFO] [stdout] 
[INFO] [stdout] ---- test_sub_qml_signal_handler_scenario stdout ----
[INFO] [stdout] 
[INFO] [stdout] thread 'test_sub_qml_signal_handler_scenario' (735) panicked at src/qt_types.rs:114:9:
[INFO] [stdout] No Qt types compiled in. Re-build with INCLUDED_QT_TYPES=path/to/qt_types_X.Y.Z.json, or pass --qt-types-json at runtime.
[INFO] [stdout] stack backtrace:
[INFO] [stdout]    0:     0x5eb8d2848011 - <<std[617be2ca0a6fd877]::sys::backtrace::BacktraceLock>::print::DisplayBacktrace as core[a373ad73a504971]::fmt::Display>::fmt
[INFO] [stdout]    1:     0x5eb8d285d03a - core[a373ad73a504971]::fmt::write
[INFO] [stdout]    2:     0x5eb8d284c22c - <alloc[2e1b2a31b91974c5]::vec::Vec<u8> as core[a373ad73a504971]::io::write::Write>::write_fmt
[INFO] [stdout]    3:     0x5eb8d2824116 - std[617be2ca0a6fd877]::panicking::default_hook::{closure#0}
[INFO] [stdout]    4:     0x5eb8d2840349 - std[617be2ca0a6fd877]::panicking::default_hook
[INFO] [stdout]    5:     0x5eb8d27a35c0 - test[aada8e7e76ba119b]::test_main_inner::{closure#0}
[INFO] [stdout]    6:     0x5eb8d2840502 - std[617be2ca0a6fd877]::panicking::panic_with_hook
[INFO] [stdout]    7:     0x5eb8d28241f4 - std[617be2ca0a6fd877]::panicking::panic_handler::{closure#0}
[INFO] [stdout]    8:     0x5eb8d281cd49 - std[617be2ca0a6fd877]::sys::backtrace::__rust_end_short_backtrace::<std[617be2ca0a6fd877]::panicking::panic_handler::{closure#0}, !>
[INFO] [stdout]    9:     0x5eb8d2824dcd - __rustc[ea4f61d10b84890b]::rust_begin_unwind
[INFO] [stdout]   10:     0x5eb8d285d76c - core[a373ad73a504971]::panicking::panic_fmt
[INFO] [stdout]   11:     0x5eb8d27fc7fa - qml_static_analyzer[97543869c1cb854]::qt_types::load_default_builtin_db
[INFO] [stdout]   12:     0x5eb8d2790e2c - stage3_checker[29b699e2fc0653f9]::check
[INFO] [stdout]   13:     0x5eb8d2791b65 - <stage3_checker[29b699e2fc0653f9]::test_sub_qml_signal_handler_scenario::{closure#0} as core[a373ad73a504971]::ops::function::FnOnce<()>>::call_once
[INFO] [stdout]   14:     0x5eb8d2796a0b - test[aada8e7e76ba119b]::__rust_begin_short_backtrace::<core[a373ad73a504971]::result::Result<(), alloc[2e1b2a31b91974c5]::string::String>, fn() -> core[a373ad73a504971]::result::Result<(), alloc[2e1b2a31b91974c5]::string::String>>
[INFO] [stdout]   15:     0x5eb8d27a3be5 - test[aada8e7e76ba119b]::run_test::{closure#0}
[INFO] [stdout]   16:     0x5eb8d279d4d4 - std[617be2ca0a6fd877]::sys::backtrace::__rust_begin_short_backtrace::<test[aada8e7e76ba119b]::run_test::{closure#1}, ()>
[INFO] [stdout]   17:     0x5eb8d27a6c72 - <std[617be2ca0a6fd877]::thread::lifecycle::spawn_unchecked<test[aada8e7e76ba119b]::run_test::{closure#1}, ()>::{closure#1} as core[a373ad73a504971]::ops::function::FnOnce<()>>::call_once::{shim:vtable#0}
[INFO] [stdout]   18:     0x5eb8d284750f - <std[617be2ca0a6fd877]::sys::thread::unix::Thread>::new::thread_start
[INFO] [stdout]   19:     0x7560161e6dfa - <unknown>
[INFO] [stdout]   20:     0x75601627a3d4 - clone
[INFO] [stdout]   21:                0x0 - <unknown>
[INFO] [stdout] 
[INFO] [stdout] ---- test_property_expr_call_chain_not_flagged stdout ----
[INFO] [stdout] 
[INFO] [stdout] thread 'test_property_expr_call_chain_not_flagged' (733) panicked at src/qt_types.rs:114:9:
[INFO] [stdout] No Qt types compiled in. Re-build with INCLUDED_QT_TYPES=path/to/qt_types_X.Y.Z.json, or pass --qt-types-json at runtime.
[INFO] [stdout] stack backtrace:
[INFO] [stdout]    0:     0x5eb8d2848011 - <<std[617be2ca0a6fd877]::sys::backtrace::BacktraceLock>::print::DisplayBacktrace as core[a373ad73a504971]::fmt::Display>::fmt
[INFO] [stdout]    1:     0x5eb8d285d03a - core[a373ad73a504971]::fmt::write
[INFO] [stdout]    2:     0x5eb8d284c22c - <alloc[2e1b2a31b91974c5]::vec::Vec<u8> as core[a373ad73a504971]::io::write::Write>::write_fmt
[INFO] [stdout]    3:     0x5eb8d2824116 - std[617be2ca0a6fd877]::panicking::default_hook::{closure#0}
[INFO] [stdout]    4:     0x5eb8d2840349 - std[617be2ca0a6fd877]::panicking::default_hook
[INFO] [stdout]    5:     0x5eb8d27a35c0 - test[aada8e7e76ba119b]::test_main_inner::{closure#0}
[INFO] [stdout]    6:     0x5eb8d2840502 - std[617be2ca0a6fd877]::panicking::panic_with_hook
[INFO] [stdout]    7:     0x5eb8d28241f4 - std[617be2ca0a6fd877]::panicking::panic_handler::{closure#0}
[INFO] [stdout]    8:     0x5eb8d281cd49 - std[617be2ca0a6fd877]::sys::backtrace::__rust_end_short_backtrace::<std[617be2ca0a6fd877]::panicking::panic_handler::{closure#0}, !>
[INFO] [stdout]    9:     0x5eb8d2824dcd - __rustc[ea4f61d10b84890b]::rust_begin_unwind
[INFO] [stdout]   10:     0x5eb8d285d76c - core[a373ad73a504971]::panicking::panic_fmt
[INFO] [stdout]   11:     0x5eb8d27fc7fa - qml_static_analyzer[97543869c1cb854]::qt_types::load_default_builtin_db
[INFO] [stdout]   12:     0x5eb8d2790e2c - stage3_checker[29b699e2fc0653f9]::check
[INFO] [stdout]   13:     0x5eb8d2792415 - <stage3_checker[29b699e2fc0653f9]::test_property_expr_call_chain_not_flagged::{closure#0} as core[a373ad73a504971]::ops::function::FnOnce<()>>::call_once
[INFO] [stdout]   14:     0x5eb8d2796a0b - test[aada8e7e76ba119b]::__rust_begin_short_backtrace::<core[a373ad73a504971]::result::Result<(), alloc[2e1b2a31b91974c5]::string::String>, fn() -> core[a373ad73a504971]::result::Result<(), alloc[2e1b2a31b91974c5]::string::String>>
[INFO] [stdout]   15:     0x5eb8d27a3be5 - test[aada8e7e76ba119b]::run_test::{closure#0}
[INFO] [stdout]   16:     0x5eb8d279d4d4 - std[617be2ca0a6fd877]::sys::backtrace::__rust_begin_short_backtrace::<test[aada8e7e76ba119b]::run_test::{closure#1}, ()>
[INFO] [stdout]   17:     0x5eb8d27a6c72 - <std[617be2ca0a6fd877]::thread::lifecycle::spawn_unchecked<test[aada8e7e76ba119b]::run_test::{closure#1}, ()>::{closure#1} as core[a373ad73a504971]::ops::function::FnOnce<()>>::call_once::{shim:vtable#0}
[INFO] [stdout]   18:     0x5eb8d284750f - <std[617be2ca0a6fd877]::sys::thread::unix::Thread>::new::thread_start
[INFO] [stdout]   19:     0x7560161e6dfa - <unknown>
[INFO] [stdout]   20:     0x75601627a3d4 - clone
[INFO] [stdout]   21:                0x0 - <unknown>
[INFO] [stdout] 
[INFO] [stdout] ---- test_on_width_changed_is_valid_signal_handler stdout ----
[INFO] [stdout] 
[INFO] [stdout] thread 'test_on_width_changed_is_valid_signal_handler' (732) panicked at src/qt_types.rs:114:9:
[INFO] [stdout] No Qt types compiled in. Re-build with INCLUDED_QT_TYPES=path/to/qt_types_X.Y.Z.json, or pass --qt-types-json at runtime.
[INFO] [stdout] stack backtrace:
[INFO] [stdout]    0:     0x5eb8d2848011 - <<std[617be2ca0a6fd877]::sys::backtrace::BacktraceLock>::print::DisplayBacktrace as core[a373ad73a504971]::fmt::Display>::fmt
[INFO] [stdout]    1:     0x5eb8d285d03a - core[a373ad73a504971]::fmt::write
[INFO] [stdout]    2:     0x5eb8d284c22c - <alloc[2e1b2a31b91974c5]::vec::Vec<u8> as core[a373ad73a504971]::io::write::Write>::write_fmt
[INFO] [stdout]    3:     0x5eb8d2824116 - std[617be2ca0a6fd877]::panicking::default_hook::{closure#0}
[INFO] [stdout]    4:     0x5eb8d2840349 - std[617be2ca0a6fd877]::panicking::default_hook
[INFO] [stdout]    5:     0x5eb8d27a35c0 - test[aada8e7e76ba119b]::test_main_inner::{closure#0}
[INFO] [stdout]    6:     0x5eb8d2840502 - std[617be2ca0a6fd877]::panicking::panic_with_hook
[INFO] [stdout]    7:     0x5eb8d28241f4 - std[617be2ca0a6fd877]::panicking::panic_handler::{closure#0}
[INFO] [stdout]    8:     0x5eb8d281cd49 - std[617be2ca0a6fd877]::sys::backtrace::__rust_end_short_backtrace::<std[617be2ca0a6fd877]::panicking::panic_handler::{closure#0}, !>
[INFO] [stdout]    9:     0x5eb8d2824dcd - __rustc[ea4f61d10b84890b]::rust_begin_unwind
[INFO] [stdout]   10:     0x5eb8d285d76c - core[a373ad73a504971]::panicking::panic_fmt
[INFO] [stdout]   11:     0x5eb8d27fc7fa - qml_static_analyzer[97543869c1cb854]::qt_types::load_default_builtin_db
[INFO] [stdout]   12:     0x5eb8d2790e2c - stage3_checker[29b699e2fc0653f9]::check
[INFO] [stdout]   13:     0x5eb8d2793105 - <stage3_checker[29b699e2fc0653f9]::test_on_width_changed_is_valid_signal_handler::{closure#0} as core[a373ad73a504971]::ops::function::FnOnce<()>>::call_once
[INFO] [stdout]   14:     0x5eb8d2796a0b - test[aada8e7e76ba119b]::__rust_begin_short_backtrace::<core[a373ad73a504971]::result::Result<(), alloc[2e1b2a31b91974c5]::string::String>, fn() -> core[a373ad73a504971]::result::Result<(), alloc[2e1b2a31b91974c5]::string::String>>
[INFO] [stdout]   15:     0x5eb8d27a3be5 - test[aada8e7e76ba119b]::run_test::{closure#0}
[INFO] [stdout]   16:     0x5eb8d279d4d4 - std[617be2ca0a6fd877]::sys::backtrace::__rust_begin_short_backtrace::<test[aada8e7e76ba119b]::run_test::{closure#1}, ()>
[INFO] [stdout]   17:     0x5eb8d27a6c72 - <std[617be2ca0a6fd877]::thread::lifecycle::spawn_unchecked<test[aada8e7e76ba119b]::run_test::{closure#1}, ()>::{closure#1} as core[a373ad73a504971]::ops::function::FnOnce<()>>::call_once::{shim:vtable#0}
[INFO] [stdout]   18:     0x5eb8d284750f - <std[617be2ca0a6fd877]::sys::thread::unix::Thread>::new::thread_start
[INFO] [stdout]   19:     0x7560161e6dfa - <unknown>
[INFO] [stdout]   20:     0x75601627a3d4 - clone
[INFO] [stdout]   21:                0x0 - <unknown>
[INFO] [stdout] 
[INFO] [stdout] ---- test_template_literal_plain_text_not_flagged stdout ----
[INFO] [stdout] 
[INFO] [stdout] thread 'test_template_literal_plain_text_not_flagged' (737) panicked at src/qt_types.rs:114:9:
[INFO] [stdout] No Qt types compiled in. Re-build with INCLUDED_QT_TYPES=path/to/qt_types_X.Y.Z.json, or pass --qt-types-json at runtime.
[INFO] [stdout] stack backtrace:
[INFO] [stdout]    0:     0x5eb8d2848011 - <<std[617be2ca0a6fd877]::sys::backtrace::BacktraceLock>::print::DisplayBacktrace as core[a373ad73a504971]::fmt::Display>::fmt
[INFO] [stdout]    1:     0x5eb8d285d03a - core[a373ad73a504971]::fmt::write
[INFO] [stdout]    2:     0x5eb8d284c22c - <alloc[2e1b2a31b91974c5]::vec::Vec<u8> as core[a373ad73a504971]::io::write::Write>::write_fmt
[INFO] [stdout]    3:     0x5eb8d2824116 - std[617be2ca0a6fd877]::panicking::default_hook::{closure#0}
[INFO] [stdout]    4:     0x5eb8d2840349 - std[617be2ca0a6fd877]::panicking::default_hook
[INFO] [stdout]    5:     0x5eb8d27a35c0 - test[aada8e7e76ba119b]::test_main_inner::{closure#0}
[INFO] [stdout]    6:     0x5eb8d2840502 - std[617be2ca0a6fd877]::panicking::panic_with_hook
[INFO] [stdout]    7:     0x5eb8d28241f4 - std[617be2ca0a6fd877]::panicking::panic_handler::{closure#0}
[INFO] [stdout]    8:     0x5eb8d281cd49 - std[617be2ca0a6fd877]::sys::backtrace::__rust_end_short_backtrace::<std[617be2ca0a6fd877]::panicking::panic_handler::{closure#0}, !>
[INFO] [stdout]    9:     0x5eb8d2824dcd - __rustc[ea4f61d10b84890b]::rust_begin_unwind
[INFO] [stdout]   10:     0x5eb8d285d76c - core[a373ad73a504971]::panicking::panic_fmt
[INFO] [stdout]   11:     0x5eb8d27fc7fa - qml_static_analyzer[97543869c1cb854]::qt_types::load_default_builtin_db
[INFO] [stdout]   12:     0x5eb8d2790e2c - stage3_checker[29b699e2fc0653f9]::check
[INFO] [stdout]   13:     0x5eb8d2792a55 - <stage3_checker[29b699e2fc0653f9]::test_template_literal_plain_text_not_flagged::{closure#0} as core[a373ad73a504971]::ops::function::FnOnce<()>>::call_once
[INFO] [stdout]   14:     0x5eb8d2796a0b - test[aada8e7e76ba119b]::__rust_begin_short_backtrace::<core[a373ad73a504971]::result::Result<(), alloc[2e1b2a31b91974c5]::string::String>, fn() -> core[a373ad73a504971]::result::Result<(), alloc[2e1b2a31b91974c5]::string::String>>
[INFO] [stdout]   15:     0x5eb8d27a3be5 - test[aada8e7e76ba119b]::run_test::{closure#0}
[INFO] [stdout]   16:     0x5eb8d279d4d4 - std[617be2ca0a6fd877]::sys::backtrace::__rust_begin_short_backtrace::<test[aada8e7e76ba119b]::run_test::{closure#1}, ()>
[INFO] [stdout]   17:     0x5eb8d27a6c72 - <std[617be2ca0a6fd877]::thread::lifecycle::spawn_unchecked<test[aada8e7e76ba119b]::run_test::{closure#1}, ()>::{closure#1} as core[a373ad73a504971]::ops::function::FnOnce<()>>::call_once::{shim:vtable#0}
[INFO] [stdout]   18:     0x5eb8d284750f - <std[617be2ca0a6fd877]::sys::thread::unix::Thread>::new::thread_start
[INFO] [stdout]   19:     0x7560161e6dfa - <unknown>
[INFO] [stdout]   20:     0x75601627a3d4 - clone
[INFO] [stdout]   21:                0x0 - <unknown>
[INFO] [stdout] 
[INFO] [stdout] ---- test_undeclared_name_in_property_expression_flagged stdout ----
[INFO] [stdout] 
[INFO] [stdout] thread 'test_undeclared_name_in_property_expression_flagged' (738) panicked at src/qt_types.rs:114:9:
[INFO] [stdout] No Qt types compiled in. Re-build with INCLUDED_QT_TYPES=path/to/qt_types_X.Y.Z.json, or pass --qt-types-json at runtime.
[INFO] [stdout] stack backtrace:
[INFO] [stdout]    0:     0x5eb8d2848011 - <<std[617be2ca0a6fd877]::sys::backtrace::BacktraceLock>::print::DisplayBacktrace as core[a373ad73a504971]::fmt::Display>::fmt
[INFO] [stdout]    1:     0x5eb8d285d03a - core[a373ad73a504971]::fmt::write
[INFO] [stdout]    2:     0x5eb8d284c22c - <alloc[2e1b2a31b91974c5]::vec::Vec<u8> as core[a373ad73a504971]::io::write::Write>::write_fmt
[INFO] [stdout]    3:     0x5eb8d2824116 - std[617be2ca0a6fd877]::panicking::default_hook::{closure#0}
[INFO] [stdout]    4:     0x5eb8d2840349 - std[617be2ca0a6fd877]::panicking::default_hook
[INFO] [stdout]    5:     0x5eb8d27a35c0 - test[aada8e7e76ba119b]::test_main_inner::{closure#0}
[INFO] [stdout]    6:     0x5eb8d2840502 - std[617be2ca0a6fd877]::panicking::panic_with_hook
[INFO] [stdout]    7:     0x5eb8d28241f4 - std[617be2ca0a6fd877]::panicking::panic_handler::{closure#0}
[INFO] [stdout]    8:     0x5eb8d281cd49 - std[617be2ca0a6fd877]::sys::backtrace::__rust_end_short_backtrace::<std[617be2ca0a6fd877]::panicking::panic_handler::{closure#0}, !>
[INFO] [stdout]    9:     0x5eb8d2824dcd - __rustc[ea4f61d10b84890b]::rust_begin_unwind
[INFO] [stdout]   10:     0x5eb8d285d76c - core[a373ad73a504971]::panicking::panic_fmt
[INFO] [stdout]   11:     0x5eb8d27fc7fa - qml_static_analyzer[97543869c1cb854]::qt_types::load_default_builtin_db
[INFO] [stdout]   12:     0x5eb8d2790e2c - stage3_checker[29b699e2fc0653f9]::check
[INFO] [stdout]   13:     0x5eb8d2793e15 - <stage3_checker[29b699e2fc0653f9]::test_undeclared_name_in_property_expression_flagged::{closure#0} as core[a373ad73a504971]::ops::function::FnOnce<()>>::call_once
[INFO] [stdout]   14:     0x5eb8d2796a0b - test[aada8e7e76ba119b]::__rust_begin_short_backtrace::<core[a373ad73a504971]::result::Result<(), alloc[2e1b2a31b91974c5]::string::String>, fn() -> core[a373ad73a504971]::result::Result<(), alloc[2e1b2a31b91974c5]::string::String>>
[INFO] [stdout]   15:     0x5eb8d27a3be5 - test[aada8e7e76ba119b]::run_test::{closure#0}
[INFO] [stdout]   16:     0x5eb8d279d4d4 - std[617be2ca0a6fd877]::sys::backtrace::__rust_begin_short_backtrace::<test[aada8e7e76ba119b]::run_test::{closure#1}, ()>
[INFO] [stdout]   17:     0x5eb8d27a6c72 - <std[617be2ca0a6fd877]::thread::lifecycle::spawn_unchecked<test[aada8e7e76ba119b]::run_test::{closure#1}, ()>::{closure#1} as core[a373ad73a504971]::ops::function::FnOnce<()>>::call_once::{shim:vtable#0}
[INFO] [stdout]   18:     0x5eb8d284750f - <std[617be2ca0a6fd877]::sys::thread::unix::Thread>::new::thread_start
[INFO] [stdout]   19:     0x7560161e6dfa - <unknown>
[INFO] [stdout]   20:     0x75601627a3d4 - clone
[INFO] [stdout]   21:                0x0 - <unknown>
[INFO] [stdout] 
[INFO] [stdout] ---- test_on_status_with_typo_is_unknown_signal_handler stdout ----
[INFO] [stdout] 
[INFO] [stdout] thread 'test_on_status_with_typo_is_unknown_signal_handler' (731) panicked at src/qt_types.rs:114:9:
[INFO] [stdout] No Qt types compiled in. Re-build with INCLUDED_QT_TYPES=path/to/qt_types_X.Y.Z.json, or pass --qt-types-json at runtime.
[INFO] [stdout] stack backtrace:
[INFO] [stdout]    0:     0x5eb8d2848011 - <<std[617be2ca0a6fd877]::sys::backtrace::BacktraceLock>::print::DisplayBacktrace as core[a373ad73a504971]::fmt::Display>::fmt
[INFO] [stdout]    1:     0x5eb8d285d03a - core[a373ad73a504971]::fmt::write
[INFO] [stdout]    2:     0x5eb8d284c22c - <alloc[2e1b2a31b91974c5]::vec::Vec<u8> as core[a373ad73a504971]::io::write::Write>::write_fmt
[INFO] [stdout]    3:     0x5eb8d2824116 - std[617be2ca0a6fd877]::panicking::default_hook::{closure#0}
[INFO] [stdout]    4:     0x5eb8d2840349 - std[617be2ca0a6fd877]::panicking::default_hook
[INFO] [stdout]    5:     0x5eb8d27a35c0 - test[aada8e7e76ba119b]::test_main_inner::{closure#0}
[INFO] [stdout]    6:     0x5eb8d2840502 - std[617be2ca0a6fd877]::panicking::panic_with_hook
[INFO] [stdout]    7:     0x5eb8d28241f4 - std[617be2ca0a6fd877]::panicking::panic_handler::{closure#0}
[INFO] [stdout]    8:     0x5eb8d281cd49 - std[617be2ca0a6fd877]::sys::backtrace::__rust_end_short_backtrace::<std[617be2ca0a6fd877]::panicking::panic_handler::{closure#0}, !>
[INFO] [stdout]    9:     0x5eb8d2824dcd - __rustc[ea4f61d10b84890b]::rust_begin_unwind
[INFO] [stdout]   10:     0x5eb8d285d76c - core[a373ad73a504971]::panicking::panic_fmt
[INFO] [stdout]   11:     0x5eb8d27fc7fa - qml_static_analyzer[97543869c1cb854]::qt_types::load_default_builtin_db
[INFO] [stdout]   12:     0x5eb8d2790e2c - stage3_checker[29b699e2fc0653f9]::check
[INFO] [stdout]   13:     0x5eb8d2793cc5 - <stage3_checker[29b699e2fc0653f9]::test_on_status_with_typo_is_unknown_signal_handler::{closure#0} as core[a373ad73a504971]::ops::function::FnOnce<()>>::call_once
[INFO] [stdout]   14:     0x5eb8d2796a0b - test[aada8e7e76ba119b]::__rust_begin_short_backtrace::<core[a373ad73a504971]::result::Result<(), alloc[2e1b2a31b91974c5]::string::String>, fn() -> core[a373ad73a504971]::result::Result<(), alloc[2e1b2a31b91974c5]::string::String>>
[INFO] [stdout]   15:     0x5eb8d27a3be5 - test[aada8e7e76ba119b]::run_test::{closure#0}
[INFO] [stdout]   16:     0x5eb8d279d4d4 - std[617be2ca0a6fd877]::sys::backtrace::__rust_begin_short_backtrace::<test[aada8e7e76ba119b]::run_test::{closure#1}, ()>
[INFO] [stdout]   17:     0x5eb8d27a6c72 - <std[617be2ca0a6fd877]::thread::lifecycle::spawn_unchecked<test[aada8e7e76ba119b]::run_test::{closure#1}, ()>::{closure#1} as core[a373ad73a504971]::ops::function::FnOnce<()>>::call_once::{shim:vtable#0}
[INFO] [stdout]   18:     0x5eb8d284750f - <std[617be2ca0a6fd877]::sys::thread::unix::Thread>::new::thread_start
[INFO] [stdout]   19:     0x7560161e6dfa - <unknown>
[INFO] [stdout]   20:     0x75601627a3d4 - clone
[INFO] [stdout]   21:                0x0 - <unknown>
[INFO] [stdout] 
[INFO] [stdout] ---- test_not_operator_bool_conversion_no_type_error stdout ----
[INFO] [stdout] 
[INFO] [stdout] thread 'test_not_operator_bool_conversion_no_type_error' (727) panicked at src/qt_types.rs:114:9:
[INFO] [stdout] No Qt types compiled in. Re-build with INCLUDED_QT_TYPES=path/to/qt_types_X.Y.Z.json, or pass --qt-types-json at runtime.
[INFO] [stdout] stack backtrace:
[INFO] [stdout]    0:     0x5eb8d2848011 - <<std[617be2ca0a6fd877]::sys::backtrace::BacktraceLock>::print::DisplayBacktrace as core[a373ad73a504971]::fmt::Display>::fmt
[INFO] [stdout]    1:     0x5eb8d285d03a - core[a373ad73a504971]::fmt::write
[INFO] [stdout]    2:     0x5eb8d284c22c - <alloc[2e1b2a31b91974c5]::vec::Vec<u8> as core[a373ad73a504971]::io::write::Write>::write_fmt
[INFO] [stdout]    3:     0x5eb8d2824116 - std[617be2ca0a6fd877]::panicking::default_hook::{closure#0}
[INFO] [stdout]    4:     0x5eb8d2840349 - std[617be2ca0a6fd877]::panicking::default_hook
[INFO] [stdout]    5:     0x5eb8d27a35c0 - test[aada8e7e76ba119b]::test_main_inner::{closure#0}
[INFO] [stdout]    6:     0x5eb8d2840502 - std[617be2ca0a6fd877]::panicking::panic_with_hook
[INFO] [stdout]    7:     0x5eb8d28241f4 - std[617be2ca0a6fd877]::panicking::panic_handler::{closure#0}
[INFO] [stdout]    8:     0x5eb8d281cd49 - std[617be2ca0a6fd877]::sys::backtrace::__rust_end_short_backtrace::<std[617be2ca0a6fd877]::panicking::panic_handler::{closure#0}, !>
[INFO] [stdout]    9:     0x5eb8d2824dcd - __rustc[ea4f61d10b84890b]::rust_begin_unwind
[INFO] [stdout]   10:     0x5eb8d285d76c - core[a373ad73a504971]::panicking::panic_fmt
[INFO] [stdout]   11:     0x5eb8d27fc7fa - qml_static_analyzer[97543869c1cb854]::qt_types::load_default_builtin_db
[INFO] [stdout]   12:     0x5eb8d2790e2c - stage3_checker[29b699e2fc0653f9]::check
[INFO] [stdout]   13:     0x5eb8d2793405 - <stage3_checker[29b699e2fc0653f9]::test_not_operator_bool_conversion_no_type_error::{closure#0} as core[a373ad73a504971]::ops::function::FnOnce<()>>::call_once
[INFO] [stdout]   14:     0x5eb8d2796a0b - test[aada8e7e76ba119b]::__rust_begin_short_backtrace::<core[a373ad73a504971]::result::Result<(), alloc[2e1b2a31b91974c5]::string::String>, fn() -> core[a373ad73a504971]::result::Result<(), alloc[2e1b2a31b91974c5]::string::String>>
[INFO] [stdout]   15:     0x5eb8d27a3be5 - test[aada8e7e76ba119b]::run_test::{closure#0}
[INFO] [stdout]   16:     0x5eb8d279d4d4 - std[617be2ca0a6fd877]::sys::backtrace::__rust_begin_short_backtrace::<test[aada8e7e76ba119b]::run_test::{closure#1}, ()>
[INFO] [stdout]   17:     0x5eb8d27a6c72 - <std[617be2ca0a6fd877]::thread::lifecycle::spawn_unchecked<test[aada8e7e76ba119b]::run_test::{closure#1}, ()>::{closure#1} as core[a373ad73a504971]::ops::function::FnOnce<()>>::call_once::{shim:vtable#0}
[INFO] [stdout]   18:     0x5eb8d284750f - <std[617be2ca0a6fd877]::sys::thread::unix::Thread>::new::thread_start
[INFO] [stdout]   19:     0x7560161e6dfa - <unknown>
[INFO] [stdout]   20:     0x75601627a3d4 - clone
[INFO] [stdout]   21:                0x0 - <unknown>
[INFO] [stdout] 
[INFO] [stdout] ---- test_unknown_type_flagged_when_context_known stdout ----
[INFO] [stdout] 
[INFO] [stdout] thread 'test_unknown_type_flagged_when_context_known' (739) panicked at src/qt_types.rs:114:9:
[INFO] [stdout] No Qt types compiled in. Re-build with INCLUDED_QT_TYPES=path/to/qt_types_X.Y.Z.json, or pass --qt-types-json at runtime.
[INFO] [stdout] stack backtrace:
[INFO] [stdout]    0:     0x5eb8d2848011 - <<std[617be2ca0a6fd877]::sys::backtrace::BacktraceLock>::print::DisplayBacktrace as core[a373ad73a504971]::fmt::Display>::fmt
[INFO] [stdout]    1:     0x5eb8d285d03a - core[a373ad73a504971]::fmt::write
[INFO] [stdout]    2:     0x5eb8d284c22c - <alloc[2e1b2a31b91974c5]::vec::Vec<u8> as core[a373ad73a504971]::io::write::Write>::write_fmt
[INFO] [stdout]    3:     0x5eb8d2824116 - std[617be2ca0a6fd877]::panicking::default_hook::{closure#0}
[INFO] [stdout]    4:     0x5eb8d2840349 - std[617be2ca0a6fd877]::panicking::default_hook
[INFO] [stdout]    5:     0x5eb8d27a35c0 - test[aada8e7e76ba119b]::test_main_inner::{closure#0}
[INFO] [stdout]    6:     0x5eb8d2840502 - std[617be2ca0a6fd877]::panicking::panic_with_hook
[INFO] [stdout]    7:     0x5eb8d28241f4 - std[617be2ca0a6fd877]::panicking::panic_handler::{closure#0}
[INFO] [stdout]    8:     0x5eb8d281cd49 - std[617be2ca0a6fd877]::sys::backtrace::__rust_end_short_backtrace::<std[617be2ca0a6fd877]::panicking::panic_handler::{closure#0}, !>
[INFO] [stdout]    9:     0x5eb8d2824dcd - __rustc[ea4f61d10b84890b]::rust_begin_unwind
[INFO] [stdout]   10:     0x5eb8d285d76c - core[a373ad73a504971]::panicking::panic_fmt
[INFO] [stdout]   11:     0x5eb8d27fc7fa - qml_static_analyzer[97543869c1cb854]::qt_types::load_default_builtin_db
[INFO] [stdout]   12:     0x5eb8d2792bf9 - <stage3_checker[29b699e2fc0653f9]::test_unknown_type_flagged_when_context_known::{closure#0} as core[a373ad73a504971]::ops::function::FnOnce<()>>::call_once
[INFO] [stdout]   13:     0x5eb8d2796a0b - test[aada8e7e76ba119b]::__rust_begin_short_backtrace::<core[a373ad73a504971]::result::Result<(), alloc[2e1b2a31b91974c5]::string::String>, fn() -> core[a373ad73a504971]::result::Result<(), alloc[2e1b2a31b91974c5]::string::String>>
[INFO] [stdout]   14:     0x5eb8d27a3be5 - test[aada8e7e76ba119b]::run_test::{closure#0}
[INFO] [stdout]   15:     0x5eb8d279d4d4 - std[617be2ca0a6fd877]::sys::backtrace::__rust_begin_short_backtrace::<test[aada8e7e76ba119b]::run_test::{closure#1}, ()>
[INFO] [stdout]   16:     0x5eb8d27a6c72 - <std[617be2ca0a6fd877]::thread::lifecycle::spawn_unchecked<test[aada8e7e76ba119b]::run_test::{closure#1}, ()>::{closure#1} as core[a373ad73a504971]::ops::function::FnOnce<()>>::call_once::{shim:vtable#0}
[INFO] [stdout]   17:     0x5eb8d284750f - <std[617be2ca0a6fd877]::sys::thread::unix::Thread>::new::thread_start
[INFO] [stdout]   18:     0x7560161e6dfa - <unknown>
[INFO] [stdout]   19:     0x75601627a3d4 - clone
[INFO] [stdout]   20:                0x0 - <unknown>
[INFO] [stdout] 
[INFO] [stdout] 
[INFO] [stdout] failures:
[INFO] [stdout]     test_arrow_param_in_iterator_not_undefined
[INFO] [stdout]     test_arrow_param_in_signal_handler_not_undefined
[INFO] [stdout]     test_arrow_param_inside_map_in_property_expr_not_flagged
[INFO] [stdout]     test_arrow_params_in_nested_callback_not_undefined
[INFO] [stdout]     test_catch_param_not_undefined
[INFO] [stdout]     test_catch_underscore_not_undefined
[INFO] [stdout]     test_chained_member_access_only_base_checked_in_function
[INFO] [stdout]     test_child_id_is_in_scope_for_parent_functions
[INFO] [stdout]     test_component_on_completed_body_scanned
[INFO] [stdout]     test_component_on_completed_valid_access_not_flagged
[INFO] [stdout]     test_connections_block_ignored
[INFO] [stdout]     test_declared_property_in_expression_not_flagged
[INFO] [stdout]     test_for_loop_var_not_undefined
[INFO] [stdout]     test_inline_handler_with_paren_suffix_valid
[INFO] [stdout]     test_inline_object_literal_keys_not_flagged
[INFO] [stdout]     test_instanceof_in_property_value_not_flagged
[INFO] [stdout]     test_instanceof_type_not_flagged_as_undefined
[INFO] [stdout]     test_multiple_arrow_params_in_show_dialog_not_undefined
[INFO] [stdout]     test_not_operator_bool_conversion_no_type_error
[INFO] [stdout]     test_object_literal_key_not_flagged_as_undefined
[INFO] [stdout]     test_on_height_changed_is_valid_signal_handler
[INFO] [stdout]     test_on_invalid_changed_is_unknown_signal_handler
[INFO] [stdout]     test_on_status_with_typo_is_unknown_signal_handler
[INFO] [stdout]     test_on_width_changed_is_valid_signal_handler
[INFO] [stdout]     test_property_expr_call_chain_not_flagged
[INFO] [stdout]     test_simple_ref_type_mismatch_still_detected
[INFO] [stdout]     test_sub_qml_signal_handler_scenario
[INFO] [stdout]     test_template_literal_interpolation_is_scope_checked
[INFO] [stdout]     test_template_literal_plain_text_not_flagged
[INFO] [stdout]     test_undeclared_name_in_property_expression_flagged
[INFO] [stdout]     test_unknown_type_flagged_when_context_known
[INFO] [stdout] 
[INFO] [stdout] test result: FAILED. 5 passed; 31 failed; 0 ignored; 0 measured; 0 filtered out; finished in 0.02s
[INFO] [stdout] 
[INFO] running `Command { std: "docker" "inspect" "0a346e88ebe3a8b0273658f2f1b95d4828f79d08eecff0bf1470af3a64de5ba2", kill_on_drop: false }`
[INFO] running `Command { std: "docker" "rm" "-f" "0a346e88ebe3a8b0273658f2f1b95d4828f79d08eecff0bf1470af3a64de5ba2", kill_on_drop: false }`
[INFO] [stdout] 0a346e88ebe3a8b0273658f2f1b95d4828f79d08eecff0bf1470af3a64de5ba2
